This is the mail archive of the gcc-testresults@gcc.gnu.org mailing list for the GCC project.


Index Nav: [Date Index] [Subject Index] [Author Index] [Thread Index]
Message Nav: [Date Prev] [Date Next] [Thread Prev] [Thread Next]
Other format: [Raw text]

Results for 4.5.2 20100819 (prerelease) (GCC) testsuite on ia64-hp-hpux11.23


Native configuration is ia64-hp-hpux11.23

		=== g++ tests ===


Running target unix/-milp32

		=== g++ Summary for unix/-milp32 ===

# of expected passes		21344
# of expected failures		157
# of unsupported tests		226

Running target unix/-mlp64

		=== g++ Summary for unix/-mlp64 ===

# of expected passes		21305
# of expected failures		157
# of unsupported tests		227

		=== g++ Summary ===

# of expected passes		42649
# of expected failures		314
# of unsupported tests		453
/proj/opensrc_nobackup/nightly2/build-ia64-hp-hpux11.23-gcc-4_5-branch/obj_gcc/gcc/testsuite/g++/../../g++  version 4.5.2 20100819 (prerelease) (GCC) 

		=== gcc tests ===


Running target unix/-milp32
FAIL: gcc.c-torture/compile/limits-structnest.c  -O2  (test for excess errors)
FAIL: gcc.c-torture/compile/limits-structnest.c  -O3 -fomit-frame-pointer  (test for excess errors)
FAIL: gcc.c-torture/compile/limits-structnest.c  -O3 -g  (test for excess errors)
FAIL: gcc.c-torture/compile/limits-structnest.c  -Os  (test for excess errors)
FAIL: gcc.c-torture/compile/limits-structnest.c  -O2 -flto  (test for excess errors)
FAIL: gcc.c-torture/compile/limits-structnest.c  -O2 -fwhopr  (test for excess errors)
FAIL: gcc.c-torture/execute/vector-2.c execution,  -O2 -flto 
FAIL: gcc.c-torture/execute/vector-2.c execution,  -O2 -fwhopr 
FAIL: gcc.dg/cpp/_Pragma3.c (test for excess errors)
FAIL: gcc.dg/builtin-apply4.c execution test
FAIL: gcc.dg/pr43058.c (test for excess errors)
FAIL: gcc.dg/torture/pr44806.c  -O0  (test for excess errors)
WARNING: gcc.dg/torture/pr44806.c  -O0  compilation failed to produce executable
FAIL: gcc.dg/torture/pr44806.c  -O1  (test for excess errors)
WARNING: gcc.dg/torture/pr44806.c  -O1  compilation failed to produce executable
FAIL: gcc.dg/torture/pr44806.c  -O2  (test for excess errors)
WARNING: gcc.dg/torture/pr44806.c  -O2  compilation failed to produce executable
FAIL: gcc.dg/torture/pr44806.c  -O3 -fomit-frame-pointer  (test for excess errors)
WARNING: gcc.dg/torture/pr44806.c  -O3 -fomit-frame-pointer  compilation failed to produce executable
FAIL: gcc.dg/torture/pr44806.c  -O3 -g  (test for excess errors)
WARNING: gcc.dg/torture/pr44806.c  -O3 -g  compilation failed to produce executable
FAIL: gcc.dg/torture/pr44806.c  -Os  (test for excess errors)
WARNING: gcc.dg/torture/pr44806.c  -Os  compilation failed to produce executable
FAIL: gcc.dg/torture/pr44806.c  -O2 -flto  (test for excess errors)
WARNING: gcc.dg/torture/pr44806.c  -O2 -flto  compilation failed to produce executable
FAIL: gcc.dg/torture/pr44806.c  -O2 -fwhopr  (test for excess errors)
WARNING: gcc.dg/torture/pr44806.c  -O2 -fwhopr  compilation failed to produce executable

		=== gcc Summary for unix/-milp32 ===

# of expected passes		63633
# of unexpected failures	19
# of expected failures		220
# of unsupported tests		767

Running target unix/-mlp64
FAIL: gcc.c-torture/compile/limits-structnest.c  -O2  (test for excess errors)
FAIL: gcc.c-torture/compile/limits-structnest.c  -O3 -fomit-frame-pointer  (test for excess errors)
FAIL: gcc.c-torture/compile/limits-structnest.c  -O3 -g  (test for excess errors)
FAIL: gcc.c-torture/compile/limits-structnest.c  -Os  (test for excess errors)
FAIL: gcc.c-torture/compile/limits-structnest.c  -O2 -flto  (test for excess errors)
FAIL: gcc.c-torture/compile/limits-structnest.c  -O2 -fwhopr  (test for excess errors)
FAIL: gcc.c-torture/execute/vector-2.c execution,  -O2 -flto 
FAIL: gcc.c-torture/execute/vector-2.c execution,  -O2 -fwhopr 
FAIL: gcc.dg/cpp/_Pragma3.c (test for excess errors)
FAIL: gcc.dg/builtin-apply4.c execution test
FAIL: gcc.dg/pr43058.c (test for excess errors)
FAIL: gcc.dg/torture/pr44806.c  -O0  (test for excess errors)
WARNING: gcc.dg/torture/pr44806.c  -O0  compilation failed to produce executable
FAIL: gcc.dg/torture/pr44806.c  -O1  (test for excess errors)
WARNING: gcc.dg/torture/pr44806.c  -O1  compilation failed to produce executable
FAIL: gcc.dg/torture/pr44806.c  -O2  (test for excess errors)
WARNING: gcc.dg/torture/pr44806.c  -O2  compilation failed to produce executable
FAIL: gcc.dg/torture/pr44806.c  -O3 -fomit-frame-pointer  (test for excess errors)
WARNING: gcc.dg/torture/pr44806.c  -O3 -fomit-frame-pointer  compilation failed to produce executable
FAIL: gcc.dg/torture/pr44806.c  -O3 -g  (test for excess errors)
WARNING: gcc.dg/torture/pr44806.c  -O3 -g  compilation failed to produce executable
FAIL: gcc.dg/torture/pr44806.c  -Os  (test for excess errors)
WARNING: gcc.dg/torture/pr44806.c  -Os  compilation failed to produce executable
FAIL: gcc.dg/torture/pr44806.c  -O2 -flto  (test for excess errors)
WARNING: gcc.dg/torture/pr44806.c  -O2 -flto  compilation failed to produce executable
FAIL: gcc.dg/torture/pr44806.c  -O2 -fwhopr  (test for excess errors)
WARNING: gcc.dg/torture/pr44806.c  -O2 -fwhopr  compilation failed to produce executable

		=== gcc Summary for unix/-mlp64 ===

# of expected passes		63651
# of unexpected failures	19
# of expected failures		221
# of unsupported tests		755

		=== gcc Summary ===

# of expected passes		127284
# of unexpected failures	38
# of expected failures		441
# of unsupported tests		1522
/proj/opensrc_nobackup/nightly2/build-ia64-hp-hpux11.23-gcc-4_5-branch/obj_gcc/gcc/xgcc  version 4.5.2 20100819 (prerelease) (GCC) 

		=== libstdc++ tests ===


Running target unix/-milp32
XPASS: 22_locale/collate/hash/char/1.cc (test for excess errors)
XPASS: 22_locale/collate/requirements/base_classes.cc (test for excess errors)
XPASS: 22_locale/collate/transform/wchar_t/28277.cc (test for excess errors)
XPASS: 22_locale/collate_byname/requirements/base_classes.cc (test for excess errors)
FAIL: 27_io/objects/wchar_t/7.cc execution test
FAIL: 27_io/objects/wchar_t/9661-1.cc execution test
FAIL: ext/codecvt/wchar_t.cc execution test
WARNING: program timed out.
WARNING: program timed out.

		=== libstdc++ Summary for unix/-milp32 ===

# of expected passes		6289
# of unexpected failures	3
# of unexpected successes	4
# of expected failures		88
# of unsupported tests		642

Running target unix/-mlp64
XPASS: 22_locale/collate/hash/char/1.cc (test for excess errors)
XPASS: 22_locale/collate/requirements/base_classes.cc (test for excess errors)
XPASS: 22_locale/collate/transform/wchar_t/28277.cc (test for excess errors)
XPASS: 22_locale/collate_byname/requirements/base_classes.cc (test for excess errors)
FAIL: 27_io/objects/wchar_t/7.cc execution test
FAIL: 27_io/objects/wchar_t/9661-1.cc execution test
FAIL: ext/codecvt/wchar_t.cc execution test
WARNING: program timed out.
WARNING: program timed out.

		=== libstdc++ Summary for unix/-mlp64 ===

# of expected passes		6289
# of unexpected failures	3
# of unexpected successes	4
# of expected failures		88
# of unsupported tests		642

		=== libstdc++ Summary ===

# of expected passes		12578
# of unexpected failures	6
# of unexpected successes	8
# of expected failures		176
# of unsupported tests		1284

		=== libstdc++ Summary ===


Compiler version: 4.5.2 20100819 (prerelease) (GCC) 
Platform: ia64-hp-hpux11.23
configure flags: --host=ia64-hp-hpux11.23 --build=ia64-hp-hpux11.23 --prefix=/proj/opensrc_nobackup/nightly2/gcc-ia64-hp-hpux11.23-gcc-4_5-branch --with-local-prefix=/proj/opensrc_nobackup/nightly2/gcc-ia64-hp-hpux11.23-gcc-4_5-branch --disable-nls --with-gmp=/proj/opensrc/be/ia64-hp-hpux11.23 --with-mpfr=/proj/opensrc/be/ia64-hp-hpux11.23 --with-mpc=/proj/opensrc/be/ia64-hp-hpux11.23 --with-libelf=/proj/opensrc/be/ia64-hp-hpux11.23 --disable-libmudflap --enable-libunwind-exceptions SED=/usr/bin/sed --enable-languages=c,c++ --disable-libgomp


Index Nav: [Date Index] [Subject Index] [Author Index] [Thread Index]
Message Nav: [Date Prev] [Date Next] [Thread Prev] [Thread Next]