This is the mail archive of the gcc-testresults@gcc.gnu.org mailing list for the GCC project.


Index Nav: [Date Index] [Subject Index] [Author Index] [Thread Index]
Message Nav: [Date Prev] [Date Next] [Thread Prev] [Thread Next]
Other format: [Raw text]

Results for 4.5.2 20100818 (prerelease) [gcc-4_5-branch revision 163340] (GCC) testsuite on hppa64-hp-hpux11.11


Native configuration is hppa64-hp-hpux11.11

		=== g++ tests ===


Running target unix

		=== g++ Summary ===

# of expected passes		20390
# of expected failures		151
# of unsupported tests		246
/mnt/gnu/gcc/objdir-test/gcc/testsuite/g++/../../g++  version 4.5.2 20100818 (prerelease) [gcc-4_5-branch revision 163340] (GCC) 

		=== gcc tests ===


Running target unix
WARNING: program timed out.
FAIL: gcc.c-torture/compile/limits-fnargs.c  -O3 -g  (test for excess errors)
XPASS: gcc.dg/funcorder.c scan-assembler-not link_error,%r
WARNING: program timed out.

		=== gcc Summary ===

# of expected passes		52402
# of unexpected failures	1
# of unexpected successes	1
# of expected failures		89
# of unsupported tests		694
/mnt/gnu/gcc/objdir-test/gcc/xgcc  version 4.5.2 20100818 (prerelease) [gcc-4_5-branch revision 163340] (GCC) 

		=== gfortran tests ===


Running target unix
FAIL: gfortran.dg/gomp/appendix-a/a.35.4.f90  -O   (test for warnings, line 11)
FAIL: gfortran.dg/gomp/appendix-a/a.35.4.f90  -O  (test for excess errors)
FAIL: gfortran.dg/gomp/appendix-a/a.35.6.f90  -O   (test for warnings, line 9)
FAIL: gfortran.dg/gomp/appendix-a/a.35.6.f90  -O  (test for excess errors)

		=== gfortran Summary ===

# of expected passes		32972
# of unexpected failures	4
# of expected failures		20
# of unsupported tests		286
/mnt/gnu/gcc/objdir-test/gcc/testsuite/gfortran/../../gfortran  version 4.5.2 20100818 (prerelease) [gcc-4_5-branch revision 163340] (GCC) 

		=== obj-c++ tests ===


Running target unix
WARNING: obj-c++.dg/lookup-2.mm -fgnu-runtime compilation failed to produce executable
WARNING: obj-c++.dg/try-catch-2.mm -fgnu-runtime compilation failed to produce executable
WARNING: obj-c++.dg/try-catch-9.mm -fgnu-runtime compilation failed to produce executable

		=== obj-c++ Summary ===

# of expected passes		432
# of expected failures		11
# of unsupported tests		14
/mnt/gnu/gcc/objdir-test/gcc/testsuite/obj-c++/../../g++  version 4.5.2 20100818 (prerelease) [gcc-4_5-branch revision 163340] (GCC) 

		=== objc tests ===


Running target unix

		=== objc Summary ===

# of expected passes		1872
# of expected failures		15
# of unsupported tests		21
/mnt/gnu/gcc/objdir-test/gcc/xgcc  version 4.5.2 20100818 (prerelease) [gcc-4_5-branch revision 163340] (GCC) 

		=== libgomp tests ===


Running target unix
FAIL: libgomp.fortran/vla4.f90  -O0   (test for warnings, line 97)
FAIL: libgomp.fortran/vla4.f90  -O0  (test for excess errors)
FAIL: libgomp.fortran/vla4.f90  -O1   (test for warnings, line 97)
FAIL: libgomp.fortran/vla4.f90  -O1  (test for excess errors)
FAIL: libgomp.fortran/vla4.f90  -O2   (test for warnings, line 97)
FAIL: libgomp.fortran/vla4.f90  -O2  (test for excess errors)
FAIL: libgomp.fortran/vla4.f90  -O3 -fomit-frame-pointer   (test for warnings, line 97)
FAIL: libgomp.fortran/vla4.f90  -O3 -fomit-frame-pointer  (test for excess errors)
FAIL: libgomp.fortran/vla4.f90  -O3 -fomit-frame-pointer -funroll-loops   (test for warnings, line 97)
FAIL: libgomp.fortran/vla4.f90  -O3 -fomit-frame-pointer -funroll-loops  (test for excess errors)
FAIL: libgomp.fortran/vla4.f90  -O3 -fomit-frame-pointer -funroll-all-loops -finline-functions   (test for warnings, line 97)
FAIL: libgomp.fortran/vla4.f90  -O3 -fomit-frame-pointer -funroll-all-loops -finline-functions  (test for excess errors)
FAIL: libgomp.fortran/vla4.f90  -O3 -g   (test for warnings, line 97)
FAIL: libgomp.fortran/vla4.f90  -O3 -g  (test for excess errors)
FAIL: libgomp.fortran/vla4.f90  -Os   (test for warnings, line 97)
FAIL: libgomp.fortran/vla4.f90  -Os  (test for excess errors)
FAIL: libgomp.fortran/vla5.f90  -O0   (test for warnings, line 69)
FAIL: libgomp.fortran/vla5.f90  -O0  (test for excess errors)
FAIL: libgomp.fortran/vla5.f90  -O1   (test for warnings, line 69)
FAIL: libgomp.fortran/vla5.f90  -O1  (test for excess errors)
FAIL: libgomp.fortran/vla5.f90  -O2   (test for warnings, line 69)
FAIL: libgomp.fortran/vla5.f90  -O2  (test for excess errors)
FAIL: libgomp.fortran/vla5.f90  -O3 -fomit-frame-pointer   (test for warnings, line 69)
FAIL: libgomp.fortran/vla5.f90  -O3 -fomit-frame-pointer  (test for excess errors)
FAIL: libgomp.fortran/vla5.f90  -O3 -fomit-frame-pointer -funroll-loops   (test for warnings, line 69)
FAIL: libgomp.fortran/vla5.f90  -O3 -fomit-frame-pointer -funroll-loops  (test for excess errors)
FAIL: libgomp.fortran/vla5.f90  -O3 -fomit-frame-pointer -funroll-all-loops -finline-functions   (test for warnings, line 69)
FAIL: libgomp.fortran/vla5.f90  -O3 -fomit-frame-pointer -funroll-all-loops -finline-functions  (test for excess errors)
FAIL: libgomp.fortran/vla5.f90  -O3 -g   (test for warnings, line 69)
FAIL: libgomp.fortran/vla5.f90  -O3 -g  (test for excess errors)
FAIL: libgomp.fortran/vla5.f90  -Os   (test for warnings, line 69)
FAIL: libgomp.fortran/vla5.f90  -Os  (test for excess errors)

		=== libgomp Summary ===

# of expected passes		2444
# of unexpected failures	32
# of unsupported tests		9
		=== libstdc++ tests ===


Running target unix

		=== libstdc++ Summary ===

# of expected passes		6334
# of expected failures		89
# of unsupported tests		616

Compiler version: 4.5.2 20100818 (prerelease) [gcc-4_5-branch revision 163340] (GCC) 
Platform: hppa64-hp-hpux11.11
configure flags:Test Run By dave on Wed Aug 18 21:00:37 2010


Index Nav: [Date Index] [Subject Index] [Author Index] [Thread Index]
Message Nav: [Date Prev] [Date Next] [Thread Prev] [Thread Next]