This is the mail archive of the gcc-testresults@gcc.gnu.org mailing list for the GCC project.


Index Nav: [Date Index] [Subject Index] [Author Index] [Thread Index]
Message Nav: [Date Prev] [Date Next] [Thread Prev] [Thread Next]
Other format: [Raw text]

Results for 4.6.0 20100815 (experimental) [trunk revision 163270] (GCC) gcc testsuite on sparc-unknown-elf


Debian 5 on x86_64
cross tool versions:
GNU assembler (GNU Binutils) 2.18.50.20080419
GNU gdb 6.8.50.20080419-cvs
GNU ld (GNU Binutils) 2.18.50.20080419

GNU Make 3.81
expect version 5.43.0
host gcc version: gcc (GCC) 4.6.0 20100815 (experimental) [trunk revision 163270]
LAST_UPDATED: Sun Aug 15 22:06:27 UTC 2010 (revision 163270)

Target is sparc-unknown-elf
Host   is x86_64-unknown-linux-gnu

		=== gcc tests ===


Running target sparc-sim
FAIL: gcc.c-torture/execute/921208-2.c execution,  -O0 
FAIL: gcc.c-torture/execute/930106-1.c execution,  -O0 
WARNING: program timed out.
FAIL: gcc.c-torture/execute/960521-1.c execution,  -O0 
FAIL: gcc.c-torture/execute/memcpy-1.c execution,  -O0 
FAIL: gcc.c-torture/execute/memcpy-1.c execution,  -O1 
FAIL: gcc.c-torture/execute/memcpy-1.c execution,  -O2 
FAIL: gcc.c-torture/execute/memcpy-1.c execution,  -O3 -fomit-frame-pointer 
FAIL: gcc.c-torture/execute/memcpy-1.c execution,  -O3 -fomit-frame-pointer -funroll-loops 
FAIL: gcc.c-torture/execute/memcpy-1.c execution,  -O3 -fomit-frame-pointer -funroll-all-loops -finline-functions 
FAIL: gcc.c-torture/execute/memcpy-1.c execution,  -O3 -g 
FAIL: gcc.c-torture/execute/memcpy-1.c execution,  -Os 
FAIL: gcc.c-torture/execute/memcpy-1.c execution,  -O2 -flto 
FAIL: gcc.c-torture/execute/memcpy-1.c execution,  -O2 -fwhopr 
FAIL: gcc.c-torture/execute/pr23135.c execution,  -O0 
FAIL: gcc.c-torture/execute/pr23135.c execution,  -O1 
FAIL: gcc.c-torture/execute/pr28982b.c execution,  -O0 
FAIL: gcc.c-torture/execute/pr28982b.c execution,  -O1 
FAIL: gcc.c-torture/execute/pr28982b.c execution,  -O2 
FAIL: gcc.c-torture/execute/pr28982b.c execution,  -O3 -fomit-frame-pointer 
FAIL: gcc.c-torture/execute/pr28982b.c execution,  -O3 -fomit-frame-pointer -funroll-loops 
FAIL: gcc.c-torture/execute/pr28982b.c execution,  -O3 -fomit-frame-pointer -funroll-all-loops -finline-functions 
FAIL: gcc.c-torture/execute/pr28982b.c execution,  -O3 -g 
FAIL: gcc.c-torture/execute/pr28982b.c execution,  -Os 
FAIL: gcc.c-torture/execute/pr28982b.c execution,  -O2 -flto 
FAIL: gcc.c-torture/execute/pr28982b.c execution,  -O2 -fwhopr 
FAIL: gcc.c-torture/execute/ieee/compare-fp-4.c execution,  -O0 
FAIL: gcc.c-torture/execute/ieee/fp-cmp-1.c execution,  -O0 
FAIL: gcc.c-torture/execute/ieee/fp-cmp-1.c execution,  -O1 
FAIL: gcc.c-torture/execute/ieee/fp-cmp-1.c execution,  -O2 
FAIL: gcc.c-torture/execute/ieee/fp-cmp-1.c execution,  -O3 -fomit-frame-pointer 
FAIL: gcc.c-torture/execute/ieee/fp-cmp-1.c execution,  -O3 -fomit-frame-pointer -funroll-loops 
FAIL: gcc.c-torture/execute/ieee/fp-cmp-1.c execution,  -O3 -fomit-frame-pointer -funroll-all-loops -finline-functions 
FAIL: gcc.c-torture/execute/ieee/fp-cmp-1.c execution,  -O3 -g 
FAIL: gcc.c-torture/execute/ieee/fp-cmp-1.c execution,  -Os 
FAIL: gcc.c-torture/execute/ieee/fp-cmp-1.c execution,  -O2 -flto 
FAIL: gcc.c-torture/execute/ieee/fp-cmp-1.c execution,  -O2 -fwhopr 
FAIL: gcc.c-torture/execute/ieee/fp-cmp-2.c execution,  -O0 
FAIL: gcc.c-torture/execute/ieee/fp-cmp-2.c execution,  -O1 
FAIL: gcc.c-torture/execute/ieee/fp-cmp-2.c execution,  -O2 
FAIL: gcc.c-torture/execute/ieee/fp-cmp-2.c execution,  -O3 -fomit-frame-pointer 
FAIL: gcc.c-torture/execute/ieee/fp-cmp-2.c execution,  -O3 -fomit-frame-pointer -funroll-loops 
FAIL: gcc.c-torture/execute/ieee/fp-cmp-2.c execution,  -O3 -fomit-frame-pointer -funroll-all-loops -finline-functions 
FAIL: gcc.c-torture/execute/ieee/fp-cmp-2.c execution,  -O3 -g 
FAIL: gcc.c-torture/execute/ieee/fp-cmp-2.c execution,  -Os 
FAIL: gcc.c-torture/execute/ieee/fp-cmp-2.c execution,  -O2 -flto 
FAIL: gcc.c-torture/execute/ieee/fp-cmp-2.c execution,  -O2 -fwhopr 
FAIL: gcc.c-torture/execute/ieee/fp-cmp-3.c execution,  -O0 
FAIL: gcc.c-torture/execute/ieee/fp-cmp-3.c execution,  -O1 
FAIL: gcc.c-torture/execute/ieee/fp-cmp-3.c execution,  -O2 
FAIL: gcc.c-torture/execute/ieee/fp-cmp-3.c execution,  -O3 -fomit-frame-pointer 
FAIL: gcc.c-torture/execute/ieee/fp-cmp-3.c execution,  -O3 -fomit-frame-pointer -funroll-loops 
FAIL: gcc.c-torture/execute/ieee/fp-cmp-3.c execution,  -O3 -fomit-frame-pointer -funroll-all-loops -finline-functions 
FAIL: gcc.c-torture/execute/ieee/fp-cmp-3.c execution,  -O3 -g 
FAIL: gcc.c-torture/execute/ieee/fp-cmp-3.c execution,  -Os 
FAIL: gcc.c-torture/execute/ieee/fp-cmp-3.c execution,  -O2 -flto 
FAIL: gcc.c-torture/execute/ieee/fp-cmp-3.c execution,  -O2 -fwhopr 
FAIL: gcc.c-torture/execute/ieee/fp-cmp-6.c execution,  -O0 
FAIL: gcc.dg/compat/struct-by-value-11 c_compat_x_tst.o-c_compat_y_tst.o execute 
FAIL: gcc.dg/compat/struct-by-value-15 c_compat_x_tst.o-c_compat_y_tst.o execute 
WARNING: program timed out.
FAIL: tmpdir-gcc.dg-struct-layout-1/t001 c_compat_x_tst.o-c_compat_y_tst.o execute 
FAIL: tmpdir-gcc.dg-struct-layout-1/t002 c_compat_x_tst.o-c_compat_y_tst.o execute 
FAIL: tmpdir-gcc.dg-struct-layout-1/t003 c_compat_x_tst.o-c_compat_y_tst.o execute 
WARNING: program timed out.
FAIL: tmpdir-gcc.dg-struct-layout-1/t004 c_compat_x_tst.o-c_compat_y_tst.o execute 
FAIL: tmpdir-gcc.dg-struct-layout-1/t005 c_compat_x_tst.o-c_compat_y_tst.o execute 
FAIL: tmpdir-gcc.dg-struct-layout-1/t006 c_compat_x_tst.o-c_compat_y_tst.o execute 
FAIL: tmpdir-gcc.dg-struct-layout-1/t007 c_compat_x_tst.o-c_compat_y_tst.o execute 
WARNING: program timed out.
FAIL: tmpdir-gcc.dg-struct-layout-1/t008 c_compat_x_tst.o-c_compat_y_tst.o execute 
FAIL: tmpdir-gcc.dg-struct-layout-1/t009 c_compat_x_tst.o-c_compat_y_tst.o execute 
WARNING: program timed out.
FAIL: tmpdir-gcc.dg-struct-layout-1/t010 c_compat_x_tst.o-c_compat_y_tst.o execute 
FAIL: tmpdir-gcc.dg-struct-layout-1/t011 c_compat_x_tst.o-c_compat_y_tst.o execute 
FAIL: tmpdir-gcc.dg-struct-layout-1/t012 c_compat_x_tst.o-c_compat_y_tst.o execute 
FAIL: tmpdir-gcc.dg-struct-layout-1/t013 c_compat_x_tst.o-c_compat_y_tst.o execute 
FAIL: tmpdir-gcc.dg-struct-layout-1/t014 c_compat_x_tst.o-c_compat_y_tst.o execute 
FAIL: tmpdir-gcc.dg-struct-layout-1/t015 c_compat_x_tst.o-c_compat_y_tst.o execute 
FAIL: tmpdir-gcc.dg-struct-layout-1/t016 c_compat_x_tst.o-c_compat_y_tst.o execute 
FAIL: tmpdir-gcc.dg-struct-layout-1/t017 c_compat_x_tst.o-c_compat_y_tst.o execute 
WARNING: program timed out.
FAIL: tmpdir-gcc.dg-struct-layout-1/t018 c_compat_x_tst.o-c_compat_y_tst.o execute 
FAIL: tmpdir-gcc.dg-struct-layout-1/t019 c_compat_x_tst.o-c_compat_y_tst.o execute 
FAIL: tmpdir-gcc.dg-struct-layout-1/t020 c_compat_x_tst.o-c_compat_y_tst.o execute 
FAIL: tmpdir-gcc.dg-struct-layout-1/t021 c_compat_x_tst.o-c_compat_y_tst.o execute 
FAIL: tmpdir-gcc.dg-struct-layout-1/t022 c_compat_x_tst.o-c_compat_y_tst.o execute 
WARNING: program timed out.
FAIL: tmpdir-gcc.dg-struct-layout-1/t023 c_compat_x_tst.o-c_compat_y_tst.o execute 
FAIL: tmpdir-gcc.dg-struct-layout-1/t024 c_compat_x_tst.o-c_compat_y_tst.o execute 
FAIL: tmpdir-gcc.dg-struct-layout-1/t025 c_compat_x_tst.o-c_compat_y_tst.o execute 
FAIL: tmpdir-gcc.dg-struct-layout-1/t026 c_compat_x_tst.o-c_compat_y_tst.o execute 
FAIL: tmpdir-gcc.dg-struct-layout-1/t027 c_compat_x_tst.o-c_compat_y_tst.o execute 
FAIL: tmpdir-gcc.dg-struct-layout-1/t028 c_compat_x_tst.o-c_compat_y_tst.o execute 
FAIL: gcc.dg/cpp/_Pragma6.c (test for excess errors)
FAIL: gcc.dg/20001012-1.c (test for excess errors)
UNRESOLVED: gcc.dg/20001012-1.c compilation failed to produce executable
FAIL: gcc.dg/20001012-2.c (test for excess errors)
UNRESOLVED: gcc.dg/20001012-2.c compilation failed to produce executable
FAIL: gcc.dg/20010912-1.c (test for excess errors)
UNRESOLVED: gcc.dg/20010912-1.c compilation failed to produce executable
FAIL: gcc.dg/20021014-1.c (test for excess errors)
UNRESOLVED: gcc.dg/20021014-1.c compilation failed to produce executable
FAIL: gcc.dg/20021018-1.c (test for excess errors)
UNRESOLVED: gcc.dg/20021018-1.c compilation failed to produce executable
FAIL: gcc.dg/20030213-1.c (test for excess errors)
FAIL: gcc.dg/20030225-1.c (test for excess errors)
UNRESOLVED: gcc.dg/20030225-1.c compilation failed to produce executable
FAIL: gcc.dg/20030708-1.c (test for excess errors)
FAIL: gcc.dg/20050321-2.c (test for excess errors)
FAIL: gcc.dg/20070507-1.c (test for excess errors)
UNRESOLVED: gcc.dg/20070507-1.c compilation failed to produce executable
FAIL: gcc.dg/980523-1.c (test for excess errors)
UNRESOLVED: gcc.dg/980523-1.c compilation failed to produce executable
FAIL: gcc.dg/c99-stdint-7.c (test for excess errors)
FAIL: gcc.dg/cleanup-12.c execution test
FAIL: gcc.dg/cleanup-13.c execution test
FAIL: gcc.dg/cleanup-5.c execution test
FAIL: gcc.dg/initpri1.c (test for excess errors)
UNRESOLVED: gcc.dg/initpri1.c compilation failed to produce executable
FAIL: gcc.dg/nest.c (test for excess errors)
UNRESOLVED: gcc.dg/nest.c compilation failed to produce executable
FAIL: gcc.dg/nested-func-4.c (test for excess errors)
UNRESOLVED: gcc.dg/nested-func-4.c compilation failed to produce executable
FAIL: gcc.dg/pr27758.c (test for excess errors)
UNRESOLVED: gcc.dg/pr27758.c compilation failed to produce executable
FAIL: gcc.dg/pr28796-2.c execution test
FAIL: gcc.dg/pr32450.c (test for excess errors)
UNRESOLVED: gcc.dg/pr32450.c compilation failed to produce executable
FAIL: gcc.dg/pr38616.c (test for excess errors)
UNRESOLVED: gcc.dg/pr38616.c compilation failed to produce executable
FAIL: gcc.dg/pr38902.c (test for excess errors)
UNRESOLVED: gcc.dg/pr38902.c compilation failed to produce executable
FAIL: gcc.dg/pr43643.c (test for excess errors)
UNRESOLVED: gcc.dg/pr43643.c compilation failed to produce executable
FAIL: gcc.dg/profile-generate-3.c (test for excess errors)
FAIL: gcc.dg/lto/20090210 c_lto_20090210_0.o-c_lto_20090210_1.o link, -O0 -fwhopr
UNRESOLVED: gcc.dg/lto/20090210 c_lto_20090210_0.o-c_lto_20090210_1.o execute -O0 -fwhopr
FAIL: gcc.dg/lto/20090210 c_lto_20090210_0.o-c_lto_20090210_1.o link, -O2 -fwhopr
UNRESOLVED: gcc.dg/lto/20090210 c_lto_20090210_0.o-c_lto_20090210_1.o execute -O2 -fwhopr
FAIL: gcc.dg/lto/20090210 c_lto_20090210_0.o-c_lto_20090210_1.o link, -O0 -flto
UNRESOLVED: gcc.dg/lto/20090210 c_lto_20090210_0.o-c_lto_20090210_1.o execute -O0 -flto
FAIL: gcc.dg/lto/20090210 c_lto_20090210_0.o-c_lto_20090210_1.o link, -O2 -flto
UNRESOLVED: gcc.dg/lto/20090210 c_lto_20090210_0.o-c_lto_20090210_1.o execute -O2 -flto
FAIL: gcc.dg/matrix/transpose-1.c compilation,  -fprofile-generate -O3
UNRESOLVED: gcc.dg/matrix/transpose-1.c execution,    -fprofile-generate -O3
UNRESOLVED: gcc.dg/matrix/transpose-1.c compilation,  -fprofile-use -fipa-matrix-reorg -fdump-ipa-matrix-reorg -O3 -fwhole-program -combine
UNRESOLVED: gcc.dg/matrix/transpose-1.c execution,    -fprofile-use -fipa-matrix-reorg -fdump-ipa-matrix-reorg -O3 -fwhole-program -combine
FAIL: gcc.dg/matrix/transpose-2.c compilation,  -fprofile-generate -O3
UNRESOLVED: gcc.dg/matrix/transpose-2.c execution,    -fprofile-generate -O3
UNRESOLVED: gcc.dg/matrix/transpose-2.c compilation,  -fprofile-use -fipa-matrix-reorg -fdump-ipa-matrix-reorg -O3 -fwhole-program -combine
UNRESOLVED: gcc.dg/matrix/transpose-2.c execution,    -fprofile-use -fipa-matrix-reorg -fdump-ipa-matrix-reorg -O3 -fwhole-program -combine
FAIL: gcc.dg/matrix/transpose-3.c compilation,  -fprofile-generate -O3
UNRESOLVED: gcc.dg/matrix/transpose-3.c execution,    -fprofile-generate -O3
UNRESOLVED: gcc.dg/matrix/transpose-3.c compilation,  -fprofile-use -fipa-matrix-reorg -fdump-ipa-matrix-reorg -O3 -fwhole-program -combine
UNRESOLVED: gcc.dg/matrix/transpose-3.c execution,    -fprofile-use -fipa-matrix-reorg -fdump-ipa-matrix-reorg -O3 -fwhole-program -combine
FAIL: gcc.dg/matrix/transpose-4.c compilation,  -fprofile-generate -O3
UNRESOLVED: gcc.dg/matrix/transpose-4.c execution,    -fprofile-generate -O3
UNRESOLVED: gcc.dg/matrix/transpose-4.c compilation,  -fprofile-use -fipa-matrix-reorg -fdump-ipa-matrix-reorg -O3 -fwhole-program -combine
UNRESOLVED: gcc.dg/matrix/transpose-4.c execution,    -fprofile-use -fipa-matrix-reorg -fdump-ipa-matrix-reorg -O3 -fwhole-program -combine
FAIL: gcc.dg/matrix/transpose-5.c compilation,  -fprofile-generate -O3
UNRESOLVED: gcc.dg/matrix/transpose-5.c execution,    -fprofile-generate -O3
UNRESOLVED: gcc.dg/matrix/transpose-5.c compilation,  -fprofile-use -fipa-matrix-reorg -fdump-ipa-matrix-reorg -O3 -fwhole-program -combine
UNRESOLVED: gcc.dg/matrix/transpose-5.c execution,    -fprofile-use -fipa-matrix-reorg -fdump-ipa-matrix-reorg -O3 -fwhole-program -combine
FAIL: gcc.dg/matrix/transpose-6.c compilation,  -fprofile-generate -O3
UNRESOLVED: gcc.dg/matrix/transpose-6.c execution,    -fprofile-generate -O3
UNRESOLVED: gcc.dg/matrix/transpose-6.c compilation,  -fprofile-use -fipa-matrix-reorg -fdump-ipa-matrix-reorg -O3 -fwhole-program -combine
UNRESOLVED: gcc.dg/matrix/transpose-6.c execution,    -fprofile-use -fipa-matrix-reorg -fdump-ipa-matrix-reorg -O3 -fwhole-program -combine
FAIL: gcc.dg/struct/w_prof_global_array.c compilation,  -O3 -fwhole-program -combine -fprofile-generate
UNRESOLVED: gcc.dg/struct/w_prof_global_array.c execution,    -O3 -fwhole-program -combine -fprofile-generate
UNRESOLVED: gcc.dg/struct/w_prof_global_array.c compilation,  -O3 -fwhole-program -combine -fprofile-use -fipa-struct-reorg -fdump-ipa-all
UNRESOLVED: gcc.dg/struct/w_prof_global_array.c execution,    -O3 -fwhole-program -combine -fprofile-use -fipa-struct-reorg -fdump-ipa-all
FAIL: gcc.dg/struct/w_prof_global_var.c compilation,  -O3 -fwhole-program -combine -fprofile-generate
UNRESOLVED: gcc.dg/struct/w_prof_global_var.c execution,    -O3 -fwhole-program -combine -fprofile-generate
UNRESOLVED: gcc.dg/struct/w_prof_global_var.c compilation,  -O3 -fwhole-program -combine -fprofile-use -fipa-struct-reorg -fdump-ipa-all
UNRESOLVED: gcc.dg/struct/w_prof_global_var.c execution,    -O3 -fwhole-program -combine -fprofile-use -fipa-struct-reorg -fdump-ipa-all
FAIL: gcc.dg/struct/w_prof_local_array.c compilation,  -O3 -fwhole-program -combine -fprofile-generate
UNRESOLVED: gcc.dg/struct/w_prof_local_array.c execution,    -O3 -fwhole-program -combine -fprofile-generate
UNRESOLVED: gcc.dg/struct/w_prof_local_array.c compilation,  -O3 -fwhole-program -combine -fprofile-use -fipa-struct-reorg -fdump-ipa-all
UNRESOLVED: gcc.dg/struct/w_prof_local_array.c execution,    -O3 -fwhole-program -combine -fprofile-use -fipa-struct-reorg -fdump-ipa-all
FAIL: gcc.dg/struct/w_prof_local_var.c compilation,  -O3 -fwhole-program -combine -fprofile-generate
UNRESOLVED: gcc.dg/struct/w_prof_local_var.c execution,    -O3 -fwhole-program -combine -fprofile-generate
UNRESOLVED: gcc.dg/struct/w_prof_local_var.c compilation,  -O3 -fwhole-program -combine -fprofile-use -fipa-struct-reorg -fdump-ipa-all
UNRESOLVED: gcc.dg/struct/w_prof_local_var.c execution,    -O3 -fwhole-program -combine -fprofile-use -fipa-struct-reorg -fdump-ipa-all
FAIL: gcc.dg/struct/w_prof_single_str_global.c compilation,  -O3 -fwhole-program -combine -fprofile-generate
UNRESOLVED: gcc.dg/struct/w_prof_single_str_global.c execution,    -O3 -fwhole-program -combine -fprofile-generate
UNRESOLVED: gcc.dg/struct/w_prof_single_str_global.c compilation,  -O3 -fwhole-program -combine -fprofile-use -fipa-struct-reorg -fdump-ipa-all
UNRESOLVED: gcc.dg/struct/w_prof_single_str_global.c execution,    -O3 -fwhole-program -combine -fprofile-use -fipa-struct-reorg -fdump-ipa-all
FAIL: gcc.dg/struct/w_prof_two_strs.c compilation,  -O3 -fwhole-program -combine -fprofile-generate
UNRESOLVED: gcc.dg/struct/w_prof_two_strs.c execution,    -O3 -fwhole-program -combine -fprofile-generate
UNRESOLVED: gcc.dg/struct/w_prof_two_strs.c compilation,  -O3 -fwhole-program -combine -fprofile-use -fipa-struct-reorg -fdump-ipa-all
UNRESOLVED: gcc.dg/struct/w_prof_two_strs.c execution,    -O3 -fwhole-program -combine -fprofile-use -fipa-struct-reorg -fdump-ipa-all
FAIL: gcc.dg/struct/w_ratio_cold_str.c compilation,  -O3 -fwhole-program -combine -fprofile-generate
UNRESOLVED: gcc.dg/struct/w_ratio_cold_str.c execution,    -O3 -fwhole-program -combine -fprofile-generate
UNRESOLVED: gcc.dg/struct/w_ratio_cold_str.c compilation,  -O3 -fwhole-program -combine -fprofile-use -fipa-struct-reorg -fdump-ipa-all --param struct-reorg-cold-struct-ratio=30
UNRESOLVED: gcc.dg/struct/w_ratio_cold_str.c execution,    -O3 -fwhole-program -combine -fprofile-use -fipa-struct-reorg -fdump-ipa-all --param struct-reorg-cold-struct-ratio=30
FAIL: gcc.dg/tls/thr-init-2.c (test for excess errors)
UNRESOLVED: gcc.dg/tls/thr-init-2.c compilation failed to produce executable
FAIL: gcc.dg/torture/builtin-math-7.c  -O0  execution test
FAIL: gcc.dg/torture/builtin-math-7.c  -O1  execution test
FAIL: gcc.dg/torture/builtin-math-7.c  -O2  execution test
FAIL: gcc.dg/torture/builtin-math-7.c  -O3 -fomit-frame-pointer  execution test
FAIL: gcc.dg/torture/builtin-math-7.c  -O3 -fomit-frame-pointer -funroll-loops  execution test
FAIL: gcc.dg/torture/builtin-math-7.c  -O3 -fomit-frame-pointer -funroll-all-loops -finline-functions  execution test
FAIL: gcc.dg/torture/builtin-math-7.c  -O3 -g  execution test
FAIL: gcc.dg/torture/builtin-math-7.c  -Os  execution test
FAIL: gcc.dg/torture/builtin-math-7.c  -O2 -flto  execution test
FAIL: gcc.dg/torture/builtin-math-7.c  -O2 -fwhopr  execution test
FAIL: gcc.dg/torture/tls/thr-init-1.c  -O0  (test for excess errors)
UNRESOLVED: gcc.dg/torture/tls/thr-init-1.c  -O0  compilation failed to produce executable
FAIL: gcc.dg/torture/tls/thr-init-1.c  -O1  (test for excess errors)
UNRESOLVED: gcc.dg/torture/tls/thr-init-1.c  -O1  compilation failed to produce executable
FAIL: gcc.dg/torture/tls/thr-init-1.c  -O2  (test for excess errors)
UNRESOLVED: gcc.dg/torture/tls/thr-init-1.c  -O2  compilation failed to produce executable
FAIL: gcc.dg/torture/tls/thr-init-1.c  -O3 -fomit-frame-pointer  (test for excess errors)
UNRESOLVED: gcc.dg/torture/tls/thr-init-1.c  -O3 -fomit-frame-pointer  compilation failed to produce executable
FAIL: gcc.dg/torture/tls/thr-init-1.c  -O3 -g  (test for excess errors)
UNRESOLVED: gcc.dg/torture/tls/thr-init-1.c  -O3 -g  compilation failed to produce executable
FAIL: gcc.dg/torture/tls/thr-init-1.c  -Os  (test for excess errors)
UNRESOLVED: gcc.dg/torture/tls/thr-init-1.c  -Os  compilation failed to produce executable
FAIL: gcc.dg/torture/tls/thr-init-1.c  -O2 -flto  (test for excess errors)
UNRESOLVED: gcc.dg/torture/tls/thr-init-1.c  -O2 -flto  compilation failed to produce executable
FAIL: gcc.dg/torture/tls/thr-init-1.c  -O2 -fwhopr  (test for excess errors)
UNRESOLVED: gcc.dg/torture/tls/thr-init-1.c  -O2 -fwhopr  compilation failed to produce executable
FAIL: gcc.dg/torture/tls/thr-init-2.c  -O0  (test for excess errors)
UNRESOLVED: gcc.dg/torture/tls/thr-init-2.c  -O0  compilation failed to produce executable
FAIL: gcc.dg/torture/tls/thr-init-2.c  -O1  (test for excess errors)
UNRESOLVED: gcc.dg/torture/tls/thr-init-2.c  -O1  compilation failed to produce executable
FAIL: gcc.dg/torture/tls/thr-init-2.c  -O2  (test for excess errors)
UNRESOLVED: gcc.dg/torture/tls/thr-init-2.c  -O2  compilation failed to produce executable
FAIL: gcc.dg/torture/tls/thr-init-2.c  -O3 -fomit-frame-pointer  (test for excess errors)
UNRESOLVED: gcc.dg/torture/tls/thr-init-2.c  -O3 -fomit-frame-pointer  compilation failed to produce executable
FAIL: gcc.dg/torture/tls/thr-init-2.c  -O3 -g  (test for excess errors)
UNRESOLVED: gcc.dg/torture/tls/thr-init-2.c  -O3 -g  compilation failed to produce executable
FAIL: gcc.dg/torture/tls/thr-init-2.c  -Os  (test for excess errors)
UNRESOLVED: gcc.dg/torture/tls/thr-init-2.c  -Os  compilation failed to produce executable
FAIL: gcc.dg/torture/tls/thr-init-2.c  -O2 -flto  (test for excess errors)
UNRESOLVED: gcc.dg/torture/tls/thr-init-2.c  -O2 -flto  compilation failed to produce executable
FAIL: gcc.dg/torture/tls/thr-init-2.c  -O2 -fwhopr  (test for excess errors)
UNRESOLVED: gcc.dg/torture/tls/thr-init-2.c  -O2 -fwhopr  compilation failed to produce executable
FAIL: gcc.dg/tree-prof/bb-reorg.c compilation,  -fprofile-generate -D_PROFILE_GENERATE
UNRESOLVED: gcc.dg/tree-prof/bb-reorg.c execution,    -fprofile-generate -D_PROFILE_GENERATE
UNRESOLVED: gcc.dg/tree-prof/bb-reorg.c compilation,  -fprofile-use -D_PROFILE_USE
UNRESOLVED: gcc.dg/tree-prof/bb-reorg.c execution,    -fprofile-use -D_PROFILE_USE
FAIL: gcc.dg/tree-prof/ic-misattribution-1.c compilation,  -fprofile-generate -D_PROFILE_GENERATE
UNRESOLVED: gcc.dg/tree-prof/ic-misattribution-1.c execution,    -fprofile-generate -D_PROFILE_GENERATE
UNRESOLVED: gcc.dg/tree-prof/ic-misattribution-1.c compilation,  -fprofile-use -D_PROFILE_USE
UNRESOLVED: gcc.dg/tree-prof/ic-misattribution-1.c execution,    -fprofile-use -D_PROFILE_USE
FAIL: gcc.dg/tree-prof/ic-misattribution-1a.c compilation,  -fprofile-generate -D_PROFILE_GENERATE
UNRESOLVED: gcc.dg/tree-prof/ic-misattribution-1a.c execution,    -fprofile-generate -D_PROFILE_GENERATE
UNRESOLVED: gcc.dg/tree-prof/ic-misattribution-1a.c compilation,  -fprofile-use -D_PROFILE_USE
UNRESOLVED: gcc.dg/tree-prof/ic-misattribution-1a.c execution,    -fprofile-use -D_PROFILE_USE
FAIL: gcc.dg/tree-prof/indir-call-prof.c compilation,  -fprofile-generate -D_PROFILE_GENERATE
UNRESOLVED: gcc.dg/tree-prof/indir-call-prof.c execution,    -fprofile-generate -D_PROFILE_GENERATE
UNRESOLVED: gcc.dg/tree-prof/indir-call-prof.c compilation,  -fprofile-use -D_PROFILE_USE
UNRESOLVED: gcc.dg/tree-prof/indir-call-prof.c execution,    -fprofile-use -D_PROFILE_USE
FAIL: gcc.dg/tree-prof/inliner-1.c compilation,  -fprofile-generate -D_PROFILE_GENERATE
UNRESOLVED: gcc.dg/tree-prof/inliner-1.c execution,    -fprofile-generate -D_PROFILE_GENERATE
UNRESOLVED: gcc.dg/tree-prof/inliner-1.c compilation,  -fprofile-use -D_PROFILE_USE
UNRESOLVED: gcc.dg/tree-prof/inliner-1.c execution,    -fprofile-use -D_PROFILE_USE
FAIL: gcc.dg/tree-prof/pr34999.c compilation,  -fprofile-generate -D_PROFILE_GENERATE
UNRESOLVED: gcc.dg/tree-prof/pr34999.c execution,    -fprofile-generate -D_PROFILE_GENERATE
UNRESOLVED: gcc.dg/tree-prof/pr34999.c compilation,  -fprofile-use -D_PROFILE_USE
UNRESOLVED: gcc.dg/tree-prof/pr34999.c execution,    -fprofile-use -D_PROFILE_USE
FAIL: gcc.dg/tree-prof/stringop-1.c compilation,  -fprofile-generate -D_PROFILE_GENERATE
UNRESOLVED: gcc.dg/tree-prof/stringop-1.c execution,    -fprofile-generate -D_PROFILE_GENERATE
UNRESOLVED: gcc.dg/tree-prof/stringop-1.c compilation,  -fprofile-use -D_PROFILE_USE
UNRESOLVED: gcc.dg/tree-prof/stringop-1.c execution,    -fprofile-use -D_PROFILE_USE
FAIL: gcc.dg/tree-prof/stringop-2.c compilation,  -fprofile-generate -D_PROFILE_GENERATE
UNRESOLVED: gcc.dg/tree-prof/stringop-2.c execution,    -fprofile-generate -D_PROFILE_GENERATE
UNRESOLVED: gcc.dg/tree-prof/stringop-2.c compilation,  -fprofile-use -D_PROFILE_USE
UNRESOLVED: gcc.dg/tree-prof/stringop-2.c execution,    -fprofile-use -D_PROFILE_USE
FAIL: gcc.dg/tree-prof/tracer-1.c compilation,  -fprofile-generate -D_PROFILE_GENERATE
UNRESOLVED: gcc.dg/tree-prof/tracer-1.c execution,    -fprofile-generate -D_PROFILE_GENERATE
UNRESOLVED: gcc.dg/tree-prof/tracer-1.c compilation,  -fprofile-use -D_PROFILE_USE
UNRESOLVED: gcc.dg/tree-prof/tracer-1.c execution,    -fprofile-use -D_PROFILE_USE
FAIL: gcc.dg/tree-prof/update-cunroll-2.c compilation,  -fprofile-generate -D_PROFILE_GENERATE
UNRESOLVED: gcc.dg/tree-prof/update-cunroll-2.c execution,    -fprofile-generate -D_PROFILE_GENERATE
UNRESOLVED: gcc.dg/tree-prof/update-cunroll-2.c compilation,  -fprofile-use -D_PROFILE_USE
UNRESOLVED: gcc.dg/tree-prof/update-cunroll-2.c execution,    -fprofile-use -D_PROFILE_USE
FAIL: gcc.dg/tree-prof/update-loopch.c compilation,  -fprofile-generate -D_PROFILE_GENERATE
UNRESOLVED: gcc.dg/tree-prof/update-loopch.c execution,    -fprofile-generate -D_PROFILE_GENERATE
UNRESOLVED: gcc.dg/tree-prof/update-loopch.c compilation,  -fprofile-use -D_PROFILE_USE
UNRESOLVED: gcc.dg/tree-prof/update-loopch.c execution,    -fprofile-use -D_PROFILE_USE
FAIL: gcc.dg/tree-prof/update-tailcall.c compilation,  -fprofile-generate -D_PROFILE_GENERATE
UNRESOLVED: gcc.dg/tree-prof/update-tailcall.c execution,    -fprofile-generate -D_PROFILE_GENERATE
UNRESOLVED: gcc.dg/tree-prof/update-tailcall.c compilation,  -fprofile-use -D_PROFILE_USE
UNRESOLVED: gcc.dg/tree-prof/update-tailcall.c execution,    -fprofile-use -D_PROFILE_USE
FAIL: gcc.dg/tree-prof/val-prof-1.c compilation,  -fprofile-generate -D_PROFILE_GENERATE
UNRESOLVED: gcc.dg/tree-prof/val-prof-1.c execution,    -fprofile-generate -D_PROFILE_GENERATE
UNRESOLVED: gcc.dg/tree-prof/val-prof-1.c compilation,  -fprofile-use -D_PROFILE_USE
UNRESOLVED: gcc.dg/tree-prof/val-prof-1.c execution,    -fprofile-use -D_PROFILE_USE
FAIL: gcc.dg/tree-prof/val-prof-2.c compilation,  -fprofile-generate -D_PROFILE_GENERATE
UNRESOLVED: gcc.dg/tree-prof/val-prof-2.c execution,    -fprofile-generate -D_PROFILE_GENERATE
UNRESOLVED: gcc.dg/tree-prof/val-prof-2.c compilation,  -fprofile-use -D_PROFILE_USE
UNRESOLVED: gcc.dg/tree-prof/val-prof-2.c execution,    -fprofile-use -D_PROFILE_USE
FAIL: gcc.dg/tree-prof/val-prof-3.c compilation,  -fprofile-generate -D_PROFILE_GENERATE
UNRESOLVED: gcc.dg/tree-prof/val-prof-3.c execution,    -fprofile-generate -D_PROFILE_GENERATE
UNRESOLVED: gcc.dg/tree-prof/val-prof-3.c compilation,  -fprofile-use -D_PROFILE_USE
UNRESOLVED: gcc.dg/tree-prof/val-prof-3.c execution,    -fprofile-use -D_PROFILE_USE
FAIL: gcc.dg/tree-prof/val-prof-4.c compilation,  -fprofile-generate -D_PROFILE_GENERATE
UNRESOLVED: gcc.dg/tree-prof/val-prof-4.c execution,    -fprofile-generate -D_PROFILE_GENERATE
UNRESOLVED: gcc.dg/tree-prof/val-prof-4.c compilation,  -fprofile-use -D_PROFILE_USE
UNRESOLVED: gcc.dg/tree-prof/val-prof-4.c execution,    -fprofile-use -D_PROFILE_USE
FAIL: gcc.dg/tree-prof/val-prof-5.c compilation,  -fprofile-generate -D_PROFILE_GENERATE
UNRESOLVED: gcc.dg/tree-prof/val-prof-5.c execution,    -fprofile-generate -D_PROFILE_GENERATE
UNRESOLVED: gcc.dg/tree-prof/val-prof-5.c compilation,  -fprofile-use -D_PROFILE_USE
UNRESOLVED: gcc.dg/tree-prof/val-prof-5.c execution,    -fprofile-use -D_PROFILE_USE
FAIL: gcc.dg/tree-prof/val-prof-6.c compilation,  -fprofile-generate -D_PROFILE_GENERATE
UNRESOLVED: gcc.dg/tree-prof/val-prof-6.c execution,    -fprofile-generate -D_PROFILE_GENERATE
UNRESOLVED: gcc.dg/tree-prof/val-prof-6.c compilation,  -fprofile-use -D_PROFILE_USE
UNRESOLVED: gcc.dg/tree-prof/val-prof-6.c execution,    -fprofile-use -D_PROFILE_USE
FAIL: gcc.dg/tree-prof/wcoverage-mismatch.c compilation,  -fprofile-generate -D_PROFILE_GENERATE
UNRESOLVED: gcc.dg/tree-prof/wcoverage-mismatch.c execution,    -fprofile-generate -D_PROFILE_GENERATE
UNRESOLVED: gcc.dg/tree-prof/wcoverage-mismatch.c compilation,  -fprofile-use -D_PROFILE_USE
UNRESOLVED: gcc.dg/tree-prof/wcoverage-mismatch.c execution,    -fprofile-use -D_PROFILE_USE
XPASS: gcc.dg/tree-ssa/20031106-3.c scan-tree-dump-times optimized "link_error" 0
XPASS: gcc.dg/tree-ssa/20040204-1.c scan-tree-dump-times optimized "link_error" 0
XPASS: gcc.dg/tree-ssa/fre-vce-1.c scan-tree-dump-times fre "sv.i" 2
FAIL: gcc.dg/vect/pr43430-1.c scan-tree-dump-times vect "vectorized 1 loops" 1
XPASS: gcc.dg/vect/vect-peel-1.c scan-tree-dump-times vect "vectorized 1 loops" 2
XPASS: gcc.dg/vect/vect-peel-1.c scan-tree-dump-times vect "Alignment of access forced using peeling" 1
XPASS: gcc.dg/vect/vect-peel-2.c scan-tree-dump-times vect "vectorized 1 loops" 2
FAIL: gcc.dg/vect/vect-peel-3.c scan-tree-dump-times vect "vectorized 1 loops" 2
FAIL: gcc.dg/vect/vect-peel-3.c scan-tree-dump-times vect "Vectorizing an unaligned access" 1
FAIL: gcc.dg/vect/vect-peel-4.c scan-tree-dump-times vect "Vectorizing an unaligned access" 1
XPASS: gcc.dg/vect/vect-vfa-slp.c scan-tree-dump-times vect "vectorized 1 loops" 1
XPASS: gcc.dg/vect/slp-23.c scan-tree-dump-times vect "vectorizing stmts using SLP" 1
XPASS: gcc.dg/vect/slp-35.c scan-tree-dump-times vect "vectorized 1 loops" 1
XPASS: gcc.dg/vect/slp-35.c scan-tree-dump-times vect "vectorizing stmts using SLP" 1
FAIL: gcc.dg/vect/slp-reduc-3.c scan-tree-dump-times vect "vectorizing stmts using SLP" 1
FAIL: gcc.dg/vect/slp-reduc-6.c scan-tree-dump-times vect "vectorized 1 loops" 2
XPASS: gcc.dg/vect/no-tree-pre-slp-29.c scan-tree-dump-times vect "vectorized 1 loops" 2
XPASS: gcc.dg/vect/no-tree-pre-slp-29.c scan-tree-dump-times vect "vectorizing stmts using SLP" 2
FAIL: gcc.misc-tests/bprob-1.c compilation,  -fprofile-arcs
UNRESOLVED: gcc.misc-tests/bprob-1.c execution,    -fprofile-arcs
UNRESOLVED: gcc.misc-tests/bprob-1.c compilation,  -fprofile-use
UNRESOLVED: gcc.misc-tests/bprob-1.c execution,    -fprofile-use
FAIL: gcc.misc-tests/bprob-2.c compilation,  -fprofile-arcs
UNRESOLVED: gcc.misc-tests/bprob-2.c execution,    -fprofile-arcs
UNRESOLVED: gcc.misc-tests/bprob-2.c compilation,  -fprofile-use
UNRESOLVED: gcc.misc-tests/bprob-2.c execution,    -fprofile-use

		=== gcc Summary ===

# of expected passes		64577
# of unexpected failures	184
# of unexpected successes	12
# of expected failures		208
# of unresolved testcases	139
# of unsupported tests		995
/home/mstein/sim/trunk/sparc-elf/build/gcc/xgcc  version 4.6.0 20100815 (experimental) [trunk revision 163270] (GCC) 


Compiler version: 4.6.0 20100815 (experimental) [trunk revision 163270] (GCC) gcc 
Platform: sparc-unknown-elf
configure flags: --target=sparc-elf --prefix=/home/mstein/cross-local/sparc-elf --enable-languages=c --disable-nls --disable-build-warnings --with-sysroot=/home/mstein/cross-local/sparc-elf --with-build-sysroot=/home/mstein/cross-local/sparc-elf --with-ld=/home/mstein/cross-local/sparc-elf/usr/bin/ld --with-as=/home/mstein/cross-local/sparc-elf/usr/bin/as --disable-libssp --with-mpfr=/opt/cfarm/mpfr-2.4.1 --with-gmp=/opt/cfarm/gmp-4.2.4 --with-libelf=/opt/cfarm/libelf-0.8.12 --with-mpc=/opt/cfarm/mpc-0.8


Index Nav: [Date Index] [Subject Index] [Author Index] [Thread Index]
Message Nav: [Date Prev] [Date Next] [Thread Prev] [Thread Next]