This is the mail archive of the gcc-testresults@gcc.gnu.org mailing list for the GCC project.


Index Nav: [Date Index] [Subject Index] [Author Index] [Thread Index]
Message Nav: [Date Prev] [Date Next] [Thread Prev] [Thread Next]
Other format: [Raw text]

Results for 4.3.6 20100811 (prerelease) [gcc-4_3-branch revision 163176] (GCC) gcc testsuite on sh-unknown-elf


Debian 5 on x86_64
cross tool versions:
GNU assembler (GNU Binutils) 2.18.50.20080419
GNU gdb 6.8.50.20080419-cvs
GNU ld (GNU Binutils) 2.18.50.20080419

GNU Make 3.81
expect version 5.43.0
host gcc version: gcc (GCC) 4.6.0 20100811 (experimental) [trunk revision 163174]
LAST_UPDATED: Wed Aug 11 22:38:08 UTC 2010 (revision 163176)

Target is sh-unknown-elf
Host   is x86_64-unknown-linux-gnu

		=== gcc tests ===


Running target sh-sim
FAIL: gcc.dg/builtin-apply4.c execution test
FAIL: gcc.dg/memcpy-1.c scan-tree-dump-times optimized "nasty_local" 0
FAIL: gcc.dg/unsigned-long-compare.c (internal compiler error)
FAIL: gcc.dg/unsigned-long-compare.c (test for excess errors)
UNRESOLVED: gcc.dg/unsigned-long-compare.c compilation failed to produce executable
FAIL: gcc.dg/struct/wo_prof_malloc_size_var.c execution test
FAIL: gcc.dg/tls/opt-12.c (test for excess errors)
UNRESOLVED: gcc.dg/tls/opt-12.c compilation failed to produce executable
FAIL: gcc.dg/torture/pr37868.c  -O0  execution test
FAIL: gcc.dg/torture/pr37868.c  -O1  execution test
FAIL: gcc.dg/torture/pr37868.c  -O2  execution test
FAIL: gcc.dg/torture/pr37868.c  -O3 -fomit-frame-pointer  execution test
FAIL: gcc.dg/torture/pr37868.c  -O3 -g  execution test
FAIL: gcc.dg/torture/pr37868.c  -Os  execution test

		=== gcc Summary ===

# of expected passes		46295
# of unexpected failures	12
# of expected failures		87
# of unresolved testcases	2
# of untested testcases		35
# of unsupported tests		425
/home/mstein/sim/gcc-4_3-branch/sh-elf/build/gcc/xgcc  version 4.3.6 20100811 (prerelease) [gcc-4_3-branch revision 163176] (GCC) 


Compiler version: 4.3.6 20100811 (prerelease) [gcc-4_3-branch revision 163176] (GCC) gcc 
Platform: sh-unknown-elf
configure flags: --target=sh-elf --prefix=/home/mstein/cross-local/sh-elf --enable-languages=c --disable-nls --disable-build-warnings --with-sysroot=/home/mstein/cross-local/sh-elf --with-build-sysroot=/home/mstein/cross-local/sh-elf --with-ld=/home/mstein/cross-local/sh-elf/usr/bin/ld --with-as=/home/mstein/cross-local/sh-elf/usr/bin/as --disable-libssp --with-mpfr=/opt/cfarm/mpfr-2.3.2


Index Nav: [Date Index] [Subject Index] [Author Index] [Thread Index]
Message Nav: [Date Prev] [Date Next] [Thread Prev] [Thread Next]