This is the mail archive of the gcc-testresults@gcc.gnu.org mailing list for the GCC project.


Index Nav: [Date Index] [Subject Index] [Author Index] [Thread Index]
Message Nav: [Date Prev] [Date Next] [Thread Prev] [Thread Next]
Other format: [Raw text]

Results for 4.5.2 20100810 (prerelease) [gcc-4_5-branch revision 163080] (GCC) gcc testsuite on arm-unknown-elf


Debian 5 on x86_64
cross tool versions:
GNU assembler (GNU Binutils) 2.18.50.20080405
GNU gdb 6.8.50.20080405-cvs
GNU ld (GNU Binutils) 2.18.50.20080405

GNU Make 3.81
expect version 5.43.0
host gcc version: gcc (GCC) 4.6.0 20100810 (experimental) [trunk revision 163080]
LAST_UPDATED: Tue Aug 10 22:11:40 UTC 2010 (revision 163080)

Target is arm-unknown-elf
Host   is x86_64-unknown-linux-gnu

		=== gcc tests ===


Running target arm-sim
FAIL: gcc.c-torture/compile/limits-fnargs.c  -O2  (test for excess errors)
FAIL: gcc.c-torture/compile/limits-fnargs.c  -O3 -fomit-frame-pointer  (test for excess errors)
FAIL: gcc.c-torture/compile/limits-fnargs.c  -O3 -g  (test for excess errors)
FAIL: gcc.c-torture/compile/limits-fnargs.c  -O2 -flto  (test for excess errors)
FAIL: gcc.c-torture/compile/limits-fnargs.c  -O2 -fwhopr  (test for excess errors)
FAIL: gcc.c-torture/execute/builtins/abs-1.c execution,  -O2 -fwhopr 
FAIL: gcc.dg/bitfld-17.c (test for excess errors)
FAIL: gcc.dg/bitfld-18.c (test for excess errors)
FAIL: gcc.dg/c99-stdint-7.c (test for excess errors)
FAIL: gcc.dg/intmax_t-1.c  (test for errors, line )
FAIL: gcc.dg/pr43058.c (test for excess errors)
FAIL: gcc.dg/lto/20081112 c_lto_20081112_0.o-c_lto_20081112_1.o execute -O2 -fwhopr
FAIL: gcc.dg/lto/20090210 c_lto_20090210_0.o-c_lto_20090210_1.o link
UNRESOLVED: gcc.dg/lto/20090210 c_lto_20090210_0.o-c_lto_20090210_1.o execute -O0 -fwhopr
FAIL: gcc.dg/lto/20090210 c_lto_20090210_0.o-c_lto_20090210_1.o link
UNRESOLVED: gcc.dg/lto/20090210 c_lto_20090210_0.o-c_lto_20090210_1.o execute -O2 -fwhopr
FAIL: gcc.dg/lto/20090210 c_lto_20090210_0.o-c_lto_20090210_1.o link
UNRESOLVED: gcc.dg/lto/20090210 c_lto_20090210_0.o-c_lto_20090210_1.o execute -O0 -flto
FAIL: gcc.dg/lto/20090210 c_lto_20090210_0.o-c_lto_20090210_1.o link
UNRESOLVED: gcc.dg/lto/20090210 c_lto_20090210_0.o-c_lto_20090210_1.o execute -O2 -flto
FAIL: gcc.dg/torture/arm-fp16-compile-assign.c scan-assembler-not __truncsfhf
FAIL: gcc.dg/torture/arm-fp16-compile-assign.c scan-assembler-not __extendhfsf
FAIL: gcc.dg/torture/arm-fp16-compile-assign.c scan-assembler-not __truncsfhf
FAIL: gcc.dg/torture/arm-fp16-compile-assign.c scan-assembler-not __extendhfsf
FAIL: gcc.dg/torture/arm-fp16-compile-assign.c scan-assembler-not __truncsfhf
FAIL: gcc.dg/torture/arm-fp16-compile-assign.c scan-assembler-not __extendhfsf
FAIL: gcc.dg/torture/arm-fp16-compile-assign.c scan-assembler-not __truncsfhf
FAIL: gcc.dg/torture/arm-fp16-compile-assign.c scan-assembler-not __extendhfsf
FAIL: gcc.dg/torture/arm-fp16-compile-assign.c scan-assembler-not __truncsfhf
FAIL: gcc.dg/torture/arm-fp16-compile-assign.c scan-assembler-not __extendhfsf
FAIL: gcc.dg/torture/arm-fp16-compile-assign.c scan-assembler-not __truncsfhf
FAIL: gcc.dg/torture/arm-fp16-compile-assign.c scan-assembler-not __extendhfsf
FAIL: gcc.dg/torture/arm-fp16-compile-assign.c scan-assembler-not __truncsfhf
FAIL: gcc.dg/torture/arm-fp16-compile-assign.c scan-assembler-not __extendhfsf
FAIL: gcc.dg/torture/arm-fp16-compile-assign.c scan-assembler-not __truncsfhf
FAIL: gcc.dg/torture/arm-fp16-compile-assign.c scan-assembler-not __extendhfsf
FAIL: gcc.dg/torture/arm-fp16-compile-convert.c scan-assembler-not __trunc.fhf
FAIL: gcc.dg/torture/arm-fp16-compile-convert.c scan-assembler-not __extendhf.f
FAIL: gcc.dg/torture/arm-fp16-compile-convert.c scan-assembler-not __trunc.fhf
FAIL: gcc.dg/torture/arm-fp16-compile-convert.c scan-assembler-not __extendhf.f
FAIL: gcc.dg/torture/arm-fp16-compile-convert.c scan-assembler-not __trunc.fhf
FAIL: gcc.dg/torture/arm-fp16-compile-convert.c scan-assembler-not __extendhf.f
FAIL: gcc.dg/torture/arm-fp16-compile-convert.c scan-assembler-not __trunc.fhf
FAIL: gcc.dg/torture/arm-fp16-compile-convert.c scan-assembler-not __extendhf.f
FAIL: gcc.dg/torture/arm-fp16-compile-convert.c scan-assembler-not __trunc.fhf
FAIL: gcc.dg/torture/arm-fp16-compile-convert.c scan-assembler-not __extendhf.f
FAIL: gcc.dg/torture/arm-fp16-compile-convert.c scan-assembler-not __trunc.fhf
FAIL: gcc.dg/torture/arm-fp16-compile-convert.c scan-assembler-not __extendhf.f
FAIL: gcc.dg/torture/arm-fp16-compile-convert.c scan-assembler-not __trunc.fhf
FAIL: gcc.dg/torture/arm-fp16-compile-convert.c scan-assembler-not __extendhf.f
FAIL: gcc.dg/torture/arm-fp16-compile-convert.c scan-assembler-not __trunc.fhf
FAIL: gcc.dg/torture/arm-fp16-compile-convert.c scan-assembler-not __extendhf.f
FAIL: gcc.dg/torture/arm-fp16-ops-1.c  -O0  (test for excess errors)
UNRESOLVED: gcc.dg/torture/arm-fp16-ops-1.c  -O0  compilation failed to produce executable
FAIL: gcc.dg/torture/arm-fp16-ops-1.c  -O1  (test for excess errors)
UNRESOLVED: gcc.dg/torture/arm-fp16-ops-1.c  -O1  compilation failed to produce executable
FAIL: gcc.dg/torture/arm-fp16-ops-1.c  -O2  (test for excess errors)
UNRESOLVED: gcc.dg/torture/arm-fp16-ops-1.c  -O2  compilation failed to produce executable
FAIL: gcc.dg/torture/arm-fp16-ops-1.c  -O3 -fomit-frame-pointer  (test for excess errors)
UNRESOLVED: gcc.dg/torture/arm-fp16-ops-1.c  -O3 -fomit-frame-pointer  compilation failed to produce executable
FAIL: gcc.dg/torture/arm-fp16-ops-1.c  -O3 -g  (test for excess errors)
UNRESOLVED: gcc.dg/torture/arm-fp16-ops-1.c  -O3 -g  compilation failed to produce executable
FAIL: gcc.dg/torture/arm-fp16-ops-1.c  -Os  (test for excess errors)
UNRESOLVED: gcc.dg/torture/arm-fp16-ops-1.c  -Os  compilation failed to produce executable
FAIL: gcc.dg/torture/arm-fp16-ops-1.c  -O2 -flto  (test for excess errors)
UNRESOLVED: gcc.dg/torture/arm-fp16-ops-1.c  -O2 -flto  compilation failed to produce executable
FAIL: gcc.dg/torture/arm-fp16-ops-1.c  -O2 -fwhopr  (test for excess errors)
UNRESOLVED: gcc.dg/torture/arm-fp16-ops-1.c  -O2 -fwhopr  compilation failed to produce executable
FAIL: gcc.dg/torture/arm-fp16-ops-2.c  -O0  (test for excess errors)
UNRESOLVED: gcc.dg/torture/arm-fp16-ops-2.c  -O0  compilation failed to produce executable
FAIL: gcc.dg/torture/arm-fp16-ops-2.c  -O1  (test for excess errors)
UNRESOLVED: gcc.dg/torture/arm-fp16-ops-2.c  -O1  compilation failed to produce executable
FAIL: gcc.dg/torture/arm-fp16-ops-2.c  -O2  (test for excess errors)
UNRESOLVED: gcc.dg/torture/arm-fp16-ops-2.c  -O2  compilation failed to produce executable
FAIL: gcc.dg/torture/arm-fp16-ops-2.c  -O3 -fomit-frame-pointer  (test for excess errors)
UNRESOLVED: gcc.dg/torture/arm-fp16-ops-2.c  -O3 -fomit-frame-pointer  compilation failed to produce executable
FAIL: gcc.dg/torture/arm-fp16-ops-2.c  -O3 -g  (test for excess errors)
UNRESOLVED: gcc.dg/torture/arm-fp16-ops-2.c  -O3 -g  compilation failed to produce executable
FAIL: gcc.dg/torture/arm-fp16-ops-2.c  -Os  (test for excess errors)
UNRESOLVED: gcc.dg/torture/arm-fp16-ops-2.c  -Os  compilation failed to produce executable
FAIL: gcc.dg/torture/arm-fp16-ops-2.c  -O2 -flto  (test for excess errors)
UNRESOLVED: gcc.dg/torture/arm-fp16-ops-2.c  -O2 -flto  compilation failed to produce executable
FAIL: gcc.dg/torture/arm-fp16-ops-2.c  -O2 -fwhopr  (test for excess errors)
UNRESOLVED: gcc.dg/torture/arm-fp16-ops-2.c  -O2 -fwhopr  compilation failed to produce executable
FAIL: gcc.dg/torture/arm-fp16-ops-3.c  -O0  (test for excess errors)
UNRESOLVED: gcc.dg/torture/arm-fp16-ops-3.c  -O0  compilation failed to produce executable
FAIL: gcc.dg/torture/arm-fp16-ops-3.c  -O1  (test for excess errors)
UNRESOLVED: gcc.dg/torture/arm-fp16-ops-3.c  -O1  compilation failed to produce executable
FAIL: gcc.dg/torture/arm-fp16-ops-3.c  -O2  (test for excess errors)
UNRESOLVED: gcc.dg/torture/arm-fp16-ops-3.c  -O2  compilation failed to produce executable
FAIL: gcc.dg/torture/arm-fp16-ops-3.c  -O3 -fomit-frame-pointer  (test for excess errors)
UNRESOLVED: gcc.dg/torture/arm-fp16-ops-3.c  -O3 -fomit-frame-pointer  compilation failed to produce executable
FAIL: gcc.dg/torture/arm-fp16-ops-3.c  -O3 -g  (test for excess errors)
UNRESOLVED: gcc.dg/torture/arm-fp16-ops-3.c  -O3 -g  compilation failed to produce executable
FAIL: gcc.dg/torture/arm-fp16-ops-3.c  -Os  (test for excess errors)
UNRESOLVED: gcc.dg/torture/arm-fp16-ops-3.c  -Os  compilation failed to produce executable
FAIL: gcc.dg/torture/arm-fp16-ops-3.c  -O2 -flto  (test for excess errors)
UNRESOLVED: gcc.dg/torture/arm-fp16-ops-3.c  -O2 -flto  compilation failed to produce executable
FAIL: gcc.dg/torture/arm-fp16-ops-3.c  -O2 -fwhopr  (test for excess errors)
UNRESOLVED: gcc.dg/torture/arm-fp16-ops-3.c  -O2 -fwhopr  compilation failed to produce executable
FAIL: gcc.dg/torture/arm-fp16-ops-4.c  -O0  (test for excess errors)
UNRESOLVED: gcc.dg/torture/arm-fp16-ops-4.c  -O0  compilation failed to produce executable
FAIL: gcc.dg/torture/arm-fp16-ops-4.c  -O1  (test for excess errors)
UNRESOLVED: gcc.dg/torture/arm-fp16-ops-4.c  -O1  compilation failed to produce executable
FAIL: gcc.dg/torture/arm-fp16-ops-4.c  -O2  (test for excess errors)
UNRESOLVED: gcc.dg/torture/arm-fp16-ops-4.c  -O2  compilation failed to produce executable
FAIL: gcc.dg/torture/arm-fp16-ops-4.c  -O3 -fomit-frame-pointer  (test for excess errors)
UNRESOLVED: gcc.dg/torture/arm-fp16-ops-4.c  -O3 -fomit-frame-pointer  compilation failed to produce executable
FAIL: gcc.dg/torture/arm-fp16-ops-4.c  -O3 -g  (test for excess errors)
UNRESOLVED: gcc.dg/torture/arm-fp16-ops-4.c  -O3 -g  compilation failed to produce executable
FAIL: gcc.dg/torture/arm-fp16-ops-4.c  -Os  (test for excess errors)
UNRESOLVED: gcc.dg/torture/arm-fp16-ops-4.c  -Os  compilation failed to produce executable
FAIL: gcc.dg/torture/arm-fp16-ops-4.c  -O2 -flto  (test for excess errors)
UNRESOLVED: gcc.dg/torture/arm-fp16-ops-4.c  -O2 -flto  compilation failed to produce executable
FAIL: gcc.dg/torture/arm-fp16-ops-4.c  -O2 -fwhopr  (test for excess errors)
UNRESOLVED: gcc.dg/torture/arm-fp16-ops-4.c  -O2 -fwhopr  compilation failed to produce executable
FAIL: gcc.dg/torture/arm-fp16-ops-7.c scan-assembler-not \\tbl\\t__.*hf2
FAIL: gcc.dg/torture/arm-fp16-ops-7.c scan-assembler-not \\tbl\\t__.*hf2
FAIL: gcc.dg/torture/arm-fp16-ops-7.c scan-assembler-not \\tbl\\t__.*hf2
FAIL: gcc.dg/torture/arm-fp16-ops-7.c scan-assembler-not \\tbl\\t__.*hf2
FAIL: gcc.dg/torture/arm-fp16-ops-7.c scan-assembler-not \\tbl\\t__.*hf2
FAIL: gcc.dg/torture/arm-fp16-ops-7.c scan-assembler-not \\tbl\\t__.*hf2
FAIL: gcc.dg/torture/arm-fp16-ops-7.c scan-assembler-not \\tbl\\t__.*hf2
FAIL: gcc.dg/torture/arm-fp16-ops-7.c scan-assembler-not \\tbl\\t__.*hf2
FAIL: gcc.dg/torture/arm-fp16-ops-8.c scan-assembler-not \\tbl\\t__.*hf2
FAIL: gcc.dg/torture/arm-fp16-ops-8.c scan-assembler-not \\tbl\\t__.*hf2
FAIL: gcc.dg/torture/arm-fp16-ops-8.c scan-assembler-not \\tbl\\t__.*hf2
FAIL: gcc.dg/torture/arm-fp16-ops-8.c scan-assembler-not \\tbl\\t__.*hf2
FAIL: gcc.dg/torture/arm-fp16-ops-8.c scan-assembler-not \\tbl\\t__.*hf2
FAIL: gcc.dg/torture/arm-fp16-ops-8.c scan-assembler-not \\tbl\\t__.*hf2
FAIL: gcc.dg/torture/arm-fp16-ops-8.c scan-assembler-not \\tbl\\t__.*hf2
FAIL: gcc.dg/torture/arm-fp16-ops-8.c scan-assembler-not \\tbl\\t__.*hf2
FAIL: gcc.dg/tree-ssa/pr42585.c scan-tree-dump-times optimized "struct _fat_ptr _ans" 0
FAIL: gcc.dg/tree-ssa/pr42585.c scan-tree-dump-times optimized "struct _fat_ptr _T2" 0
FAIL: gcc.dg/tree-ssa/pr44258.c scan-tree-dump-times esra "Created a replacement" 0
FAIL: gcc.dg/vect/pr20122.c scan-tree-dump-times vect "Alignment of access forced using versioning" 2
FAIL: gcc.dg/vect/pr43430-1.c scan-tree-dump-times vect "vectorized 1 loops" 1
FAIL: gcc.dg/vect/vect-1.c scan-tree-dump-times vect "vectorized 3 loops" 1
FAIL: gcc.dg/vect/vect-35.c scan-tree-dump-times vect "vectorized 2 loops" 1
FAIL: gcc.dg/vect/vect-42.c scan-tree-dump-times vect "Alignment of access forced using versioning" 3
FAIL: gcc.dg/vect/vect-48.c scan-tree-dump-times vect "Alignment of access forced using versioning." 2
FAIL: gcc.dg/vect/vect-52.c scan-tree-dump-times vect "Alignment of access forced using versioning." 2
FAIL: gcc.dg/vect/vect-54.c scan-tree-dump-times vect "vectorized 1 loops" 1
FAIL: gcc.dg/vect/vect-54.c scan-tree-dump-times vect "Alignment of access forced using peeling" 1
FAIL: gcc.dg/vect/vect-75.c scan-tree-dump-times vect "Alignment of access forced using versioning" 1
FAIL: gcc.dg/vect/vect-77-alignchecks.c scan-tree-dump-times vect "Alignment of access forced using versioning." 1
FAIL: gcc.dg/vect/vect-78-alignchecks.c scan-tree-dump-times vect "Alignment of access forced using versioning." 1
XPASS: gcc.dg/vect/vect-93.c scan-tree-dump-times vect "Alignment of access forced using peeling" 3
FAIL: gcc.dg/vect/vect-93.c scan-tree-dump-times vect "vectorized 0 loops" 1
FAIL: gcc.dg/vect/vect-96.c scan-tree-dump-times vect "Alignment of access forced using versioning." 1
FAIL: gcc.dg/vect/vect-complex-1.c scan-tree-dump-times vect "vectorized 1 loops" 1
FAIL: gcc.dg/vect/vect-complex-1.c scan-tree-dump-times vect "vectorizing stmts using SLP" 1
FAIL: gcc.dg/vect/vect-complex-4.c scan-tree-dump-times vect "vectorized 1 loops" 1
FAIL: gcc.dg/vect/vect-complex-4.c scan-tree-dump-times vect "vectorizing stmts using SLP" 1
FAIL: gcc.dg/vect/vect-multitypes-3.c scan-tree-dump-times vect "Alignment of access forced using versioning" 3
FAIL: gcc.dg/vect/vect-multitypes-6.c scan-tree-dump-times vect "vectorized 1 loops" 1
FAIL: gcc.dg/vect/vect-multitypes-6.c scan-tree-dump-times vect "Alignment of access forced using versioning" 6
FAIL: gcc.dg/vect/vect-outer-5.c scan-tree-dump-times vect "OUTER LOOP VECTORIZED" 1
FAIL: gcc.dg/vect/slp-10.c scan-tree-dump-times vect "vectorized 2 loops" 1
FAIL: gcc.dg/vect/slp-10.c scan-tree-dump-times vect "vectorizing stmts using SLP" 2
FAIL: gcc.dg/vect/slp-12a.c scan-tree-dump-times vect "vectorized 1 loops" 1
FAIL: gcc.dg/vect/slp-12a.c scan-tree-dump-times vect "vectorizing stmts using SLP" 1
FAIL: gcc.dg/vect/slp-13.c scan-tree-dump-times vect "vectorizing stmts using SLP" 1
FAIL: gcc.dg/vect/slp-19.c scan-tree-dump-times vect "vectorized 1 loops" 1
FAIL: gcc.dg/vect/slp-19.c scan-tree-dump-times vect "vectorizing stmts using SLP" 1
FAIL: gcc.dg/vect/slp-33.c scan-tree-dump-times vect "vectorized 2 loops" 1
FAIL: gcc.dg/vect/slp-33.c scan-tree-dump-times vect "vectorizing stmts using SLP" 2
FAIL: gcc.dg/vect/slp-4.c scan-tree-dump-times vect "vectorized 3 loops" 1
FAIL: gcc.dg/vect/slp-4.c scan-tree-dump-times vect "vectorizing stmts using SLP" 3
FAIL: gcc.dg/vect/slp-5.c scan-tree-dump-times vect "vectorized 3 loops" 1
FAIL: gcc.dg/vect/slp-5.c scan-tree-dump-times vect "vectorizing stmts using SLP" 3
FAIL: gcc.dg/vect/no-vfa-vect-43.c scan-tree-dump-times vect "Alignment of access forced using versioning" 6
XPASS: gcc.dg/vect/no-vfa-vect-57.c scan-tree-dump-times vect "vectorized 1 loops" 1
XPASS: gcc.dg/vect/no-vfa-vect-61.c scan-tree-dump-times vect "vectorized 1 loops" 1
FAIL: gcc.target/arm/fp16-builtins-1.c (test for excess errors)
UNRESOLVED: gcc.target/arm/fp16-builtins-1.c compilation failed to produce executable
FAIL: gcc.target/arm/fp16-compile-alt-1.c scan-assembler \\t.eabi_attribute 38, 2
FAIL: gcc.target/arm/fp16-compile-alt-12.c scan-assembler \\t.eabi_attribute 38, 2
FAIL: gcc.target/arm/fp16-compile-ieee-1.c scan-assembler \\t.eabi_attribute 38, 1
FAIL: gcc.target/arm/fp16-compile-ieee-12.c scan-assembler \\t.eabi_attribute 38, 1
FAIL: gcc.target/arm/fp16-rounding-alt-1.c (test for excess errors)
UNRESOLVED: gcc.target/arm/fp16-rounding-alt-1.c compilation failed to produce executable
FAIL: gcc.target/arm/fp16-rounding-ieee-1.c (test for excess errors)
UNRESOLVED: gcc.target/arm/fp16-rounding-ieee-1.c compilation failed to produce executable
FAIL: gcc.target/arm/fp16-unprototyped-1.c (test for excess errors)
UNRESOLVED: gcc.target/arm/fp16-unprototyped-1.c compilation failed to produce executable
FAIL: gcc.target/arm/fp16-variadic-1.c (test for excess errors)
UNRESOLVED: gcc.target/arm/fp16-variadic-1.c compilation failed to produce executable
FAIL: gcc.target/arm/interrupt-1.c scan-assembler stmfd\\tsp!, {r0, r1, r2, r3, r4, fp, ip, lr}
FAIL: gcc.target/arm/interrupt-1.c scan-assembler ldmfd\\tsp!, {r0, r1, r2, r3, r4, fp, ip, pc}\\\\^
FAIL: gcc.target/arm/interrupt-2.c scan-assembler stmfd\\tsp!, {r0, r1, r2, r3, r4, r5, ip, lr}
FAIL: gcc.target/arm/interrupt-2.c scan-assembler ldmfd\\tsp!, {r0, r1, r2, r3, r4, r5, ip, pc}\\\\^
ERROR: gcc.target/arm/neon-modes-1.c: Unrecognized option type: arm_neon for " dg-add-options 4 arm_neon "
UNRESOLVED: gcc.target/arm/neon-modes-1.c: Unrecognized option type: arm_neon for " dg-add-options 4 arm_neon "
FAIL: gcc.target/arm/neon-thumb2-move.c (internal compiler error)
FAIL: gcc.target/arm/neon-thumb2-move.c (test for excess errors)
FAIL: gcc.target/arm/pr43698.c (test for excess errors)
UNRESOLVED: gcc.target/arm/pr43698.c compilation failed to produce executable
FAIL: gcc.target/arm/neon/vdupQ_np16.c (internal compiler error)
FAIL: gcc.target/arm/neon/vdupQ_np16.c (test for excess errors)
FAIL: gcc.target/arm/neon/vdupQ_np16.c scan-assembler vdup.16[ \\t]+[qQ][0-9]+, ([rR][0-9]+|[dD][0-9]+\\\\[[0-9]+\\\\])!?([ \\t]+@[a-zA-Z0-9 ]+)?\\n
FAIL: gcc.target/arm/neon/vdupQ_np8.c (internal compiler error)
FAIL: gcc.target/arm/neon/vdupQ_np8.c (test for excess errors)
FAIL: gcc.target/arm/neon/vdupQ_np8.c scan-assembler vdup.8[ \\t]+[qQ][0-9]+, ([rR][0-9]+|[dD][0-9]+\\\\[[0-9]+\\\\])!?([ \\t]+@[a-zA-Z0-9 ]+)?\\n
FAIL: gcc.target/arm/neon/vdupQ_ns16.c (internal compiler error)
FAIL: gcc.target/arm/neon/vdupQ_ns16.c (test for excess errors)
FAIL: gcc.target/arm/neon/vdupQ_ns16.c scan-assembler vdup.16[ \\t]+[qQ][0-9]+, ([rR][0-9]+|[dD][0-9]+\\\\[[0-9]+\\\\])!?([ \\t]+@[a-zA-Z0-9 ]+)?\\n
FAIL: gcc.target/arm/neon/vdupQ_ns8.c (internal compiler error)
FAIL: gcc.target/arm/neon/vdupQ_ns8.c (test for excess errors)
FAIL: gcc.target/arm/neon/vdupQ_ns8.c scan-assembler vdup.8[ \\t]+[qQ][0-9]+, ([rR][0-9]+|[dD][0-9]+\\\\[[0-9]+\\\\])!?([ \\t]+@[a-zA-Z0-9 ]+)?\\n
FAIL: gcc.target/arm/neon/vdupQ_nu16.c (internal compiler error)
FAIL: gcc.target/arm/neon/vdupQ_nu16.c (test for excess errors)
FAIL: gcc.target/arm/neon/vdupQ_nu16.c scan-assembler vdup.16[ \\t]+[qQ][0-9]+, ([rR][0-9]+|[dD][0-9]+\\\\[[0-9]+\\\\])!?([ \\t]+@[a-zA-Z0-9 ]+)?\\n
FAIL: gcc.target/arm/neon/vdupQ_nu8.c (internal compiler error)
FAIL: gcc.target/arm/neon/vdupQ_nu8.c (test for excess errors)
FAIL: gcc.target/arm/neon/vdupQ_nu8.c scan-assembler vdup.8[ \\t]+[qQ][0-9]+, ([rR][0-9]+|[dD][0-9]+\\\\[[0-9]+\\\\])!?([ \\t]+@[a-zA-Z0-9 ]+)?\\n
FAIL: gcc.target/arm/neon/vdup_np16.c (internal compiler error)
FAIL: gcc.target/arm/neon/vdup_np16.c (test for excess errors)
FAIL: gcc.target/arm/neon/vdup_np16.c scan-assembler vdup.16[ \\t]+[dD][0-9]+, ([rR][0-9]+|[dD][0-9]+\\\\[[0-9]+\\\\])!?([ \\t]+@[a-zA-Z0-9 ]+)?\\n
FAIL: gcc.target/arm/neon/vdup_np8.c (internal compiler error)
FAIL: gcc.target/arm/neon/vdup_np8.c (test for excess errors)
FAIL: gcc.target/arm/neon/vdup_np8.c scan-assembler vdup.8[ \\t]+[dD][0-9]+, ([rR][0-9]+|[dD][0-9]+\\\\[[0-9]+\\\\])!?([ \\t]+@[a-zA-Z0-9 ]+)?\\n
FAIL: gcc.target/arm/neon/vdup_ns16.c (internal compiler error)
FAIL: gcc.target/arm/neon/vdup_ns16.c (test for excess errors)
FAIL: gcc.target/arm/neon/vdup_ns16.c scan-assembler vdup.16[ \\t]+[dD][0-9]+, ([rR][0-9]+|[dD][0-9]+\\\\[[0-9]+\\\\])!?([ \\t]+@[a-zA-Z0-9 ]+)?\\n
FAIL: gcc.target/arm/neon/vdup_ns8.c (internal compiler error)
FAIL: gcc.target/arm/neon/vdup_ns8.c (test for excess errors)
FAIL: gcc.target/arm/neon/vdup_ns8.c scan-assembler vdup.8[ \\t]+[dD][0-9]+, ([rR][0-9]+|[dD][0-9]+\\\\[[0-9]+\\\\])!?([ \\t]+@[a-zA-Z0-9 ]+)?\\n
FAIL: gcc.target/arm/neon/vdup_nu16.c (internal compiler error)
FAIL: gcc.target/arm/neon/vdup_nu16.c (test for excess errors)
FAIL: gcc.target/arm/neon/vdup_nu16.c scan-assembler vdup.16[ \\t]+[dD][0-9]+, ([rR][0-9]+|[dD][0-9]+\\\\[[0-9]+\\\\])!?([ \\t]+@[a-zA-Z0-9 ]+)?\\n
FAIL: gcc.target/arm/neon/vdup_nu8.c (internal compiler error)
FAIL: gcc.target/arm/neon/vdup_nu8.c (test for excess errors)
FAIL: gcc.target/arm/neon/vdup_nu8.c scan-assembler vdup.8[ \\t]+[dD][0-9]+, ([rR][0-9]+|[dD][0-9]+\\\\[[0-9]+\\\\])!?([ \\t]+@[a-zA-Z0-9 ]+)?\\n
FAIL: gcc.target/arm/neon/vmlaQ_ns16.c (internal compiler error)
FAIL: gcc.target/arm/neon/vmlaQ_ns16.c (test for excess errors)
FAIL: gcc.target/arm/neon/vmlaQ_ns16.c scan-assembler vmla.i16[ \\t]+[qQ][0-9]+, [qQ][0-9]+, [dD][0-9]+\\\\[[0-9]+\\\\]!?([ \\t]+@[a-zA-Z0-9 ]+)?\\n
FAIL: gcc.target/arm/neon/vmlaQ_nu16.c (internal compiler error)
FAIL: gcc.target/arm/neon/vmlaQ_nu16.c (test for excess errors)
FAIL: gcc.target/arm/neon/vmlaQ_nu16.c scan-assembler vmla.i16[ \\t]+[qQ][0-9]+, [qQ][0-9]+, [dD][0-9]+\\\\[[0-9]+\\\\]!?([ \\t]+@[a-zA-Z0-9 ]+)?\\n
FAIL: gcc.target/arm/neon/vmla_ns16.c (internal compiler error)
FAIL: gcc.target/arm/neon/vmla_ns16.c (test for excess errors)
FAIL: gcc.target/arm/neon/vmla_ns16.c scan-assembler vmla.i16[ \\t]+[dD][0-9]+, [dD][0-9]+, [dD][0-9]+\\\\[[0-9]+\\\\]!?([ \\t]+@[a-zA-Z0-9 ]+)?\\n
FAIL: gcc.target/arm/neon/vmla_nu16.c (internal compiler error)
FAIL: gcc.target/arm/neon/vmla_nu16.c (test for excess errors)
FAIL: gcc.target/arm/neon/vmla_nu16.c scan-assembler vmla.i16[ \\t]+[dD][0-9]+, [dD][0-9]+, [dD][0-9]+\\\\[[0-9]+\\\\]!?([ \\t]+@[a-zA-Z0-9 ]+)?\\n
FAIL: gcc.target/arm/neon/vmlal_ns16.c (internal compiler error)
FAIL: gcc.target/arm/neon/vmlal_ns16.c (test for excess errors)
FAIL: gcc.target/arm/neon/vmlal_ns16.c scan-assembler vmlal.s16[ \\t]+[qQ][0-9]+, [dD][0-9]+, [dD][0-9]+\\\\[[0-9]+\\\\]!?([ \\t]+@[a-zA-Z0-9 ]+)?\\n
FAIL: gcc.target/arm/neon/vmlal_nu16.c (internal compiler error)
FAIL: gcc.target/arm/neon/vmlal_nu16.c (test for excess errors)
FAIL: gcc.target/arm/neon/vmlal_nu16.c scan-assembler vmlal.u16[ \\t]+[qQ][0-9]+, [dD][0-9]+, [dD][0-9]+\\\\[[0-9]+\\\\]!?([ \\t]+@[a-zA-Z0-9 ]+)?\\n
FAIL: gcc.target/arm/neon/vmlsQ_ns16.c (internal compiler error)
FAIL: gcc.target/arm/neon/vmlsQ_ns16.c (test for excess errors)
FAIL: gcc.target/arm/neon/vmlsQ_ns16.c scan-assembler vmls.i16[ \\t]+[qQ][0-9]+, [qQ][0-9]+, [dD][0-9]+\\\\[[0-9]+\\\\]!?([ \\t]+@[a-zA-Z0-9 ]+)?\\n
FAIL: gcc.target/arm/neon/vmlsQ_nu16.c (internal compiler error)
FAIL: gcc.target/arm/neon/vmlsQ_nu16.c (test for excess errors)
FAIL: gcc.target/arm/neon/vmlsQ_nu16.c scan-assembler vmls.i16[ \\t]+[qQ][0-9]+, [qQ][0-9]+, [dD][0-9]+\\\\[[0-9]+\\\\]!?([ \\t]+@[a-zA-Z0-9 ]+)?\\n
FAIL: gcc.target/arm/neon/vmls_ns16.c (internal compiler error)
FAIL: gcc.target/arm/neon/vmls_ns16.c (test for excess errors)
FAIL: gcc.target/arm/neon/vmls_ns16.c scan-assembler vmls.i16[ \\t]+[dD][0-9]+, [dD][0-9]+, [dD][0-9]+\\\\[[0-9]+\\\\]!?([ \\t]+@[a-zA-Z0-9 ]+)?\\n
FAIL: gcc.target/arm/neon/vmls_nu16.c (internal compiler error)
FAIL: gcc.target/arm/neon/vmls_nu16.c (test for excess errors)
FAIL: gcc.target/arm/neon/vmls_nu16.c scan-assembler vmls.i16[ \\t]+[dD][0-9]+, [dD][0-9]+, [dD][0-9]+\\\\[[0-9]+\\\\]!?([ \\t]+@[a-zA-Z0-9 ]+)?\\n
FAIL: gcc.target/arm/neon/vmlsl_ns16.c (internal compiler error)
FAIL: gcc.target/arm/neon/vmlsl_ns16.c (test for excess errors)
FAIL: gcc.target/arm/neon/vmlsl_ns16.c scan-assembler vmlsl.s16[ \\t]+[qQ][0-9]+, [dD][0-9]+, [dD][0-9]+\\\\[[0-9]+\\\\]!?([ \\t]+@[a-zA-Z0-9 ]+)?\\n
FAIL: gcc.target/arm/neon/vmlsl_nu16.c (internal compiler error)
FAIL: gcc.target/arm/neon/vmlsl_nu16.c (test for excess errors)
FAIL: gcc.target/arm/neon/vmlsl_nu16.c scan-assembler vmlsl.u16[ \\t]+[qQ][0-9]+, [dD][0-9]+, [dD][0-9]+\\\\[[0-9]+\\\\]!?([ \\t]+@[a-zA-Z0-9 ]+)?\\n
FAIL: gcc.target/arm/neon/vmovQ_np16.c (internal compiler error)
FAIL: gcc.target/arm/neon/vmovQ_np16.c (test for excess errors)
FAIL: gcc.target/arm/neon/vmovQ_np16.c scan-assembler vdup.16[ \\t]+[qQ][0-9]+, ([rR][0-9]+|[dD][0-9]+\\\\[[0-9]+\\\\])!?([ \\t]+@[a-zA-Z0-9 ]+)?\\n
FAIL: gcc.target/arm/neon/vmovQ_np8.c (internal compiler error)
FAIL: gcc.target/arm/neon/vmovQ_np8.c (test for excess errors)
FAIL: gcc.target/arm/neon/vmovQ_np8.c scan-assembler vdup.8[ \\t]+[qQ][0-9]+, ([rR][0-9]+|[dD][0-9]+\\\\[[0-9]+\\\\])!?([ \\t]+@[a-zA-Z0-9 ]+)?\\n
FAIL: gcc.target/arm/neon/vmovQ_ns16.c (internal compiler error)
FAIL: gcc.target/arm/neon/vmovQ_ns16.c (test for excess errors)
FAIL: gcc.target/arm/neon/vmovQ_ns16.c scan-assembler vdup.16[ \\t]+[qQ][0-9]+, ([rR][0-9]+|[dD][0-9]+\\\\[[0-9]+\\\\])!?([ \\t]+@[a-zA-Z0-9 ]+)?\\n
FAIL: gcc.target/arm/neon/vmovQ_ns8.c (internal compiler error)
FAIL: gcc.target/arm/neon/vmovQ_ns8.c (test for excess errors)
FAIL: gcc.target/arm/neon/vmovQ_ns8.c scan-assembler vdup.8[ \\t]+[qQ][0-9]+, ([rR][0-9]+|[dD][0-9]+\\\\[[0-9]+\\\\])!?([ \\t]+@[a-zA-Z0-9 ]+)?\\n
FAIL: gcc.target/arm/neon/vmovQ_nu16.c (internal compiler error)
FAIL: gcc.target/arm/neon/vmovQ_nu16.c (test for excess errors)
FAIL: gcc.target/arm/neon/vmovQ_nu16.c scan-assembler vdup.16[ \\t]+[qQ][0-9]+, ([rR][0-9]+|[dD][0-9]+\\\\[[0-9]+\\\\])!?([ \\t]+@[a-zA-Z0-9 ]+)?\\n
FAIL: gcc.target/arm/neon/vmovQ_nu8.c (internal compiler error)
FAIL: gcc.target/arm/neon/vmovQ_nu8.c (test for excess errors)
FAIL: gcc.target/arm/neon/vmovQ_nu8.c scan-assembler vdup.8[ \\t]+[qQ][0-9]+, ([rR][0-9]+|[dD][0-9]+\\\\[[0-9]+\\\\])!?([ \\t]+@[a-zA-Z0-9 ]+)?\\n
FAIL: gcc.target/arm/neon/vmov_np16.c (internal compiler error)
FAIL: gcc.target/arm/neon/vmov_np16.c (test for excess errors)
FAIL: gcc.target/arm/neon/vmov_np16.c scan-assembler vdup.16[ \\t]+[dD][0-9]+, ([rR][0-9]+|[dD][0-9]+\\\\[[0-9]+\\\\])!?([ \\t]+@[a-zA-Z0-9 ]+)?\\n
FAIL: gcc.target/arm/neon/vmov_np8.c (internal compiler error)
FAIL: gcc.target/arm/neon/vmov_np8.c (test for excess errors)
FAIL: gcc.target/arm/neon/vmov_np8.c scan-assembler vdup.8[ \\t]+[dD][0-9]+, ([rR][0-9]+|[dD][0-9]+\\\\[[0-9]+\\\\])!?([ \\t]+@[a-zA-Z0-9 ]+)?\\n
FAIL: gcc.target/arm/neon/vmov_ns16.c (internal compiler error)
FAIL: gcc.target/arm/neon/vmov_ns16.c (test for excess errors)
FAIL: gcc.target/arm/neon/vmov_ns16.c scan-assembler vdup.16[ \\t]+[dD][0-9]+, ([rR][0-9]+|[dD][0-9]+\\\\[[0-9]+\\\\])!?([ \\t]+@[a-zA-Z0-9 ]+)?\\n
FAIL: gcc.target/arm/neon/vmov_ns8.c (internal compiler error)
FAIL: gcc.target/arm/neon/vmov_ns8.c (test for excess errors)
FAIL: gcc.target/arm/neon/vmov_ns8.c scan-assembler vdup.8[ \\t]+[dD][0-9]+, ([rR][0-9]+|[dD][0-9]+\\\\[[0-9]+\\\\])!?([ \\t]+@[a-zA-Z0-9 ]+)?\\n
FAIL: gcc.target/arm/neon/vmov_nu16.c (internal compiler error)
FAIL: gcc.target/arm/neon/vmov_nu16.c (test for excess errors)
FAIL: gcc.target/arm/neon/vmov_nu16.c scan-assembler vdup.16[ \\t]+[dD][0-9]+, ([rR][0-9]+|[dD][0-9]+\\\\[[0-9]+\\\\])!?([ \\t]+@[a-zA-Z0-9 ]+)?\\n
FAIL: gcc.target/arm/neon/vmov_nu8.c (internal compiler error)
FAIL: gcc.target/arm/neon/vmov_nu8.c (test for excess errors)
FAIL: gcc.target/arm/neon/vmov_nu8.c scan-assembler vdup.8[ \\t]+[dD][0-9]+, ([rR][0-9]+|[dD][0-9]+\\\\[[0-9]+\\\\])!?([ \\t]+@[a-zA-Z0-9 ]+)?\\n
FAIL: gcc.target/arm/neon/vmulQ_ns16.c (internal compiler error)
FAIL: gcc.target/arm/neon/vmulQ_ns16.c (test for excess errors)
FAIL: gcc.target/arm/neon/vmulQ_ns16.c scan-assembler vmul.i16[ \\t]+[qQ][0-9]+, [qQ][0-9]+, [dD][0-9]+\\\\[[0-9]+\\\\]!?([ \\t]+@[a-zA-Z0-9 ]+)?\\n
FAIL: gcc.target/arm/neon/vmulQ_nu16.c (internal compiler error)
FAIL: gcc.target/arm/neon/vmulQ_nu16.c (test for excess errors)
FAIL: gcc.target/arm/neon/vmulQ_nu16.c scan-assembler vmul.i16[ \\t]+[qQ][0-9]+, [qQ][0-9]+, [dD][0-9]+\\\\[[0-9]+\\\\]!?([ \\t]+@[a-zA-Z0-9 ]+)?\\n
FAIL: gcc.target/arm/neon/vmul_ns16.c (internal compiler error)
FAIL: gcc.target/arm/neon/vmul_ns16.c (test for excess errors)
FAIL: gcc.target/arm/neon/vmul_ns16.c scan-assembler vmul.i16[ \\t]+[dD][0-9]+, [dD][0-9]+, [dD][0-9]+\\\\[[0-9]+\\\\]!?([ \\t]+@[a-zA-Z0-9 ]+)?\\n
FAIL: gcc.target/arm/neon/vmul_nu16.c (internal compiler error)
FAIL: gcc.target/arm/neon/vmul_nu16.c (test for excess errors)
FAIL: gcc.target/arm/neon/vmul_nu16.c scan-assembler vmul.i16[ \\t]+[dD][0-9]+, [dD][0-9]+, [dD][0-9]+\\\\[[0-9]+\\\\]!?([ \\t]+@[a-zA-Z0-9 ]+)?\\n
FAIL: gcc.target/arm/neon/vmull_ns16.c (internal compiler error)
FAIL: gcc.target/arm/neon/vmull_ns16.c (test for excess errors)
FAIL: gcc.target/arm/neon/vmull_ns16.c scan-assembler vmull.s16[ \\t]+[qQ][0-9]+, [dD][0-9]+, [dD][0-9]+\\\\[[0-9]+\\\\]!?([ \\t]+@[a-zA-Z0-9 ]+)?\\n
FAIL: gcc.target/arm/neon/vmull_nu16.c (internal compiler error)
FAIL: gcc.target/arm/neon/vmull_nu16.c (test for excess errors)
FAIL: gcc.target/arm/neon/vmull_nu16.c scan-assembler vmull.u16[ \\t]+[qQ][0-9]+, [dD][0-9]+, [dD][0-9]+\\\\[[0-9]+\\\\]!?([ \\t]+@[a-zA-Z0-9 ]+)?\\n
FAIL: gcc.target/arm/neon/vqRdmulhQ_ns16.c (internal compiler error)
FAIL: gcc.target/arm/neon/vqRdmulhQ_ns16.c (test for excess errors)
FAIL: gcc.target/arm/neon/vqRdmulhQ_ns16.c scan-assembler vqrdmulh.s16[ \\t]+[qQ][0-9]+, [qQ][0-9]+, [dD][0-9]+\\\\[[0-9]+\\\\]!?([ \\t]+@[a-zA-Z0-9 ]+)?\\n
FAIL: gcc.target/arm/neon/vqRdmulh_ns16.c (internal compiler error)
FAIL: gcc.target/arm/neon/vqRdmulh_ns16.c (test for excess errors)
FAIL: gcc.target/arm/neon/vqRdmulh_ns16.c scan-assembler vqrdmulh.s16[ \\t]+[dD][0-9]+, [dD][0-9]+, [dD][0-9]+\\\\[[0-9]+\\\\]!?([ \\t]+@[a-zA-Z0-9 ]+)?\\n
FAIL: gcc.target/arm/neon/vqdmlal_ns16.c (internal compiler error)
FAIL: gcc.target/arm/neon/vqdmlal_ns16.c (test for excess errors)
FAIL: gcc.target/arm/neon/vqdmlal_ns16.c scan-assembler vqdmlal.s16[ \\t]+[qQ][0-9]+, [dD][0-9]+, [dD][0-9]+\\\\[[0-9]+\\\\]!?([ \\t]+@[a-zA-Z0-9 ]+)?\\n
FAIL: gcc.target/arm/neon/vqdmlsl_ns16.c (internal compiler error)
FAIL: gcc.target/arm/neon/vqdmlsl_ns16.c (test for excess errors)
FAIL: gcc.target/arm/neon/vqdmlsl_ns16.c scan-assembler vqdmlsl.s16[ \\t]+[qQ][0-9]+, [dD][0-9]+, [dD][0-9]+\\\\[[0-9]+\\\\]!?([ \\t]+@[a-zA-Z0-9 ]+)?\\n
FAIL: gcc.target/arm/neon/vqdmulhQ_ns16.c (internal compiler error)
FAIL: gcc.target/arm/neon/vqdmulhQ_ns16.c (test for excess errors)
FAIL: gcc.target/arm/neon/vqdmulhQ_ns16.c scan-assembler vqdmulh.s16[ \\t]+[qQ][0-9]+, [qQ][0-9]+, [dD][0-9]+\\\\[[0-9]+\\\\]!?([ \\t]+@[a-zA-Z0-9 ]+)?\\n
FAIL: gcc.target/arm/neon/vqdmulh_ns16.c (internal compiler error)
FAIL: gcc.target/arm/neon/vqdmulh_ns16.c (test for excess errors)
FAIL: gcc.target/arm/neon/vqdmulh_ns16.c scan-assembler vqdmulh.s16[ \\t]+[dD][0-9]+, [dD][0-9]+, [dD][0-9]+\\\\[[0-9]+\\\\]!?([ \\t]+@[a-zA-Z0-9 ]+)?\\n
FAIL: gcc.target/arm/neon/vqdmull_ns16.c (internal compiler error)
FAIL: gcc.target/arm/neon/vqdmull_ns16.c (test for excess errors)
FAIL: gcc.target/arm/neon/vqdmull_ns16.c scan-assembler vqdmull.s16[ \\t]+[qQ][0-9]+, [dD][0-9]+, [dD][0-9]+\\\\[[0-9]+\\\\]!?([ \\t]+@[a-zA-Z0-9 ]+)?\\n
FAIL: gcc.target/arm/neon/vsetQ_lanep16.c (internal compiler error)
FAIL: gcc.target/arm/neon/vsetQ_lanep16.c (test for excess errors)
FAIL: gcc.target/arm/neon/vsetQ_lanep16.c scan-assembler vmov.16[ \\t]+[dD][0-9]+\\\\[[0-9]+\\\\], [rR][0-9]+!?([ \\t]+@[a-zA-Z0-9 ]+)?\\n
FAIL: gcc.target/arm/neon/vsetQ_lanep8.c (internal compiler error)
FAIL: gcc.target/arm/neon/vsetQ_lanep8.c (test for excess errors)
FAIL: gcc.target/arm/neon/vsetQ_lanep8.c scan-assembler vmov.8[ \\t]+[dD][0-9]+\\\\[[0-9]+\\\\], [rR][0-9]+!?([ \\t]+@[a-zA-Z0-9 ]+)?\\n
FAIL: gcc.target/arm/neon/vsetQ_lanes16.c (internal compiler error)
FAIL: gcc.target/arm/neon/vsetQ_lanes16.c (test for excess errors)
FAIL: gcc.target/arm/neon/vsetQ_lanes16.c scan-assembler vmov.16[ \\t]+[dD][0-9]+\\\\[[0-9]+\\\\], [rR][0-9]+!?([ \\t]+@[a-zA-Z0-9 ]+)?\\n
FAIL: gcc.target/arm/neon/vsetQ_lanes8.c (internal compiler error)
FAIL: gcc.target/arm/neon/vsetQ_lanes8.c (test for excess errors)
FAIL: gcc.target/arm/neon/vsetQ_lanes8.c scan-assembler vmov.8[ \\t]+[dD][0-9]+\\\\[[0-9]+\\\\], [rR][0-9]+!?([ \\t]+@[a-zA-Z0-9 ]+)?\\n
FAIL: gcc.target/arm/neon/vsetQ_laneu16.c (internal compiler error)
FAIL: gcc.target/arm/neon/vsetQ_laneu16.c (test for excess errors)
FAIL: gcc.target/arm/neon/vsetQ_laneu16.c scan-assembler vmov.16[ \\t]+[dD][0-9]+\\\\[[0-9]+\\\\], [rR][0-9]+!?([ \\t]+@[a-zA-Z0-9 ]+)?\\n
FAIL: gcc.target/arm/neon/vsetQ_laneu8.c (internal compiler error)
FAIL: gcc.target/arm/neon/vsetQ_laneu8.c (test for excess errors)
FAIL: gcc.target/arm/neon/vsetQ_laneu8.c scan-assembler vmov.8[ \\t]+[dD][0-9]+\\\\[[0-9]+\\\\], [rR][0-9]+!?([ \\t]+@[a-zA-Z0-9 ]+)?\\n
FAIL: gcc.target/arm/neon/vset_lanep16.c (internal compiler error)
FAIL: gcc.target/arm/neon/vset_lanep16.c (test for excess errors)
FAIL: gcc.target/arm/neon/vset_lanep16.c scan-assembler vmov.16[ \\t]+[dD][0-9]+\\\\[[0-9]+\\\\], [rR][0-9]+!?([ \\t]+@[a-zA-Z0-9 ]+)?\\n
FAIL: gcc.target/arm/neon/vset_lanep8.c (internal compiler error)
FAIL: gcc.target/arm/neon/vset_lanep8.c (test for excess errors)
FAIL: gcc.target/arm/neon/vset_lanep8.c scan-assembler vmov.8[ \\t]+[dD][0-9]+\\\\[[0-9]+\\\\], [rR][0-9]+!?([ \\t]+@[a-zA-Z0-9 ]+)?\\n
FAIL: gcc.target/arm/neon/vset_lanes16.c (internal compiler error)
FAIL: gcc.target/arm/neon/vset_lanes16.c (test for excess errors)
FAIL: gcc.target/arm/neon/vset_lanes16.c scan-assembler vmov.16[ \\t]+[dD][0-9]+\\\\[[0-9]+\\\\], [rR][0-9]+!?([ \\t]+@[a-zA-Z0-9 ]+)?\\n
FAIL: gcc.target/arm/neon/vset_lanes8.c (internal compiler error)
FAIL: gcc.target/arm/neon/vset_lanes8.c (test for excess errors)
FAIL: gcc.target/arm/neon/vset_lanes8.c scan-assembler vmov.8[ \\t]+[dD][0-9]+\\\\[[0-9]+\\\\], [rR][0-9]+!?([ \\t]+@[a-zA-Z0-9 ]+)?\\n
FAIL: gcc.target/arm/neon/vset_laneu16.c (internal compiler error)
FAIL: gcc.target/arm/neon/vset_laneu16.c (test for excess errors)
FAIL: gcc.target/arm/neon/vset_laneu16.c scan-assembler vmov.16[ \\t]+[dD][0-9]+\\\\[[0-9]+\\\\], [rR][0-9]+!?([ \\t]+@[a-zA-Z0-9 ]+)?\\n
FAIL: gcc.target/arm/neon/vset_laneu8.c (internal compiler error)
FAIL: gcc.target/arm/neon/vset_laneu8.c (test for excess errors)
FAIL: gcc.target/arm/neon/vset_laneu8.c scan-assembler vmov.8[ \\t]+[dD][0-9]+\\\\[[0-9]+\\\\], [rR][0-9]+!?([ \\t]+@[a-zA-Z0-9 ]+)?\\n

		=== gcc Summary ===

# of expected passes		67481
# of unexpected failures	334
# of unexpected successes	3
# of expected failures		203
# of unresolved testcases	43
# of unsupported tests		799
/home/mstein/sim/gcc-4_5-branch/arm-elf/build/gcc/xgcc  version 4.5.2 20100810 (prerelease) [gcc-4_5-branch revision 163080] (GCC) 


Compiler version: 4.5.2 20100810 (prerelease) [gcc-4_5-branch revision 163080] (GCC) gcc 
Platform: arm-unknown-elf
configure flags: --target=arm-elf --prefix=/home/mstein/cross-local/arm-elf --enable-languages=c --disable-nls --disable-build-warnings --with-sysroot=/home/mstein/cross-local/arm-elf --with-build-sysroot=/home/mstein/cross-local/arm-elf --with-ld=/home/mstein/cross-local/arm-elf/usr/bin/ld --with-as=/home/mstein/cross-local/arm-elf/usr/bin/as --disable-libssp --with-mpfr=/opt/cfarm/mpfr-2.4.1 --with-gmp=/opt/cfarm/gmp-4.2.4 --with-libelf=/opt/cfarm/libelf-0.8.12 --with-mpc=/opt/cfarm/mpc-0.8


Index Nav: [Date Index] [Subject Index] [Author Index] [Thread Index]
Message Nav: [Date Prev] [Date Next] [Thread Prev] [Thread Next]