This is the mail archive of the
gcc-testresults@gcc.gnu.org
mailing list for the GCC project.
Results for 4.6.0 20100809 (experimental) [trunk revision 163038] (GCC) testsuite on hppa2.0w-hp-hpux11.11
- From: John David Anglin <dave at hiauly3 dot hia dot nrc dot ca>
- To: dave at hiauly3 dot hia dot nrc dot ca, gcc-testresults at gcc dot gnu dot org
- Date: Tue, 10 Aug 2010 19:07:53 -0400 (EDT)
- Subject: Results for 4.6.0 20100809 (experimental) [trunk revision 163038] (GCC) testsuite on hppa2.0w-hp-hpux11.11
=== acats tests ===
=== acats Summary ===
# of expected passes 2321
# of unexpected failures 0
Native configuration is hppa2.0w-hp-hpux11.11
=== g++ tests ===
Running target unix
WARNING: g++.dg/ext/label13.C compilation failed to produce executable
WARNING: program timed out.
=== g++ Summary ===
# of expected passes 21465
# of expected failures 150
# of unsupported tests 290
/test/gnu/gcc/objdir/gcc/testsuite/g++/../../g++ version 4.6.0 20100809 (experimental) [trunk revision 163038] (GCC)
=== gcc tests ===
Running target unix
FAIL: gcc.c-torture/compile/pr45085.c -O0 (test for excess errors)
FAIL: gcc.c-torture/compile/pr45085.c -O1 (test for excess errors)
FAIL: gcc.c-torture/compile/pr45085.c -O2 (test for excess errors)
FAIL: gcc.c-torture/compile/pr45085.c -O3 -fomit-frame-pointer (test for excess errors)
FAIL: gcc.c-torture/compile/pr45085.c -O3 -fomit-frame-pointer -funroll-loops (test for excess errors)
FAIL: gcc.c-torture/compile/pr45085.c -O3 -fomit-frame-pointer -funroll-all-loops -finline-functions (test for excess errors)
FAIL: gcc.c-torture/compile/pr45085.c -O3 -g (test for excess errors)
FAIL: gcc.c-torture/compile/pr45085.c -Os (test for excess errors)
FAIL: c-c++-common/Wunused-var-12.c -Wc++-compat (test for excess errors)
WARNING: program timed out.
XPASS: gcc.dg/tree-ssa/20031106-3.c scan-tree-dump-times optimized "link_error" 0
XPASS: gcc.dg/tree-ssa/20040204-1.c scan-tree-dump-times optimized "link_error" 0
XPASS: gcc.dg/tree-ssa/fre-vce-1.c scan-tree-dump-times fre "sv.i" 2
=== gcc Summary ===
# of expected passes 53502
# of unexpected failures 9
# of unexpected successes 3
# of expected failures 113
# of unsupported tests 783
/test/gnu/gcc/objdir/gcc/xgcc version 4.6.0 20100809 (experimental) [trunk revision 163038] (GCC)
=== gfortran tests ===
Running target unix
FAIL: gfortran.dg/pr41928.f90 -O (internal compiler error)
FAIL: gfortran.dg/pr41928.f90 -O (test for excess errors)
=== gfortran Summary ===
# of expected passes 34359
# of unexpected failures 2
# of expected failures 38
# of unsupported tests 292
/test/gnu/gcc/objdir/gcc/testsuite/gfortran/../../gfortran version 4.6.0 20100809 (experimental) [trunk revision 163038] (GCC)
=== gnat tests ===
Running target unix
=== gnat Summary ===
# of expected passes 816
# of expected failures 10
# of unsupported tests 4
=== obj-c++ tests ===
Running target unix
WARNING: obj-c++.dg/lookup-2.mm -fgnu-runtime compilation failed to produce executable
WARNING: obj-c++.dg/try-catch-2.mm -fgnu-runtime compilation failed to produce executable
WARNING: obj-c++.dg/try-catch-9.mm -fgnu-runtime compilation failed to produce executable
=== obj-c++ Summary ===
# of expected passes 532
# of expected failures 3
# of unsupported tests 16
/test/gnu/gcc/objdir/gcc/testsuite/obj-c++/../../g++ version 4.6.0 20100809 (experimental) [trunk revision 163038] (GCC)
=== objc tests ===
Running target unix
=== objc Summary ===
# of expected passes 1961
# of expected failures 15
# of unsupported tests 23
/test/gnu/gcc/objdir/gcc/xgcc version 4.6.0 20100809 (experimental) [trunk revision 163038] (GCC)
=== libffi tests ===
Running target unix
=== libffi Summary ===
# of expected passes 1624
# of expected failures 10
# of unsupported tests 15
=== libgomp tests ===
Running target unix
=== libgomp Summary ===
# of expected passes 2476
# of unsupported tests 9
=== libjava tests ===
Running target unix
FAIL: LargeFile execution - source compiled test
FAIL: LargeFile -findirect-dispatch execution - source compiled test
FAIL: LargeFile -O3 execution - source compiled test
FAIL: LargeFile -O3 -findirect-dispatch execution - source compiled test
=== libjava Summary ===
# of expected passes 2566
# of unexpected failures 4
# of untested testcases 4
=== libstdc++ tests ===
Running target unix
=== libstdc++ Summary ===
# of expected passes 6515
# of expected failures 57
# of unsupported tests 621
Compiler version: 4.6.0 20100809 (experimental) [trunk revision 163038] (GCC)
Platform: hppa2.0w-hp-hpux11.11
configure flags:Test Run By dave on Tue Aug 10 04:29:51 EDT 2010