This is the mail archive of the gcc-testresults@gcc.gnu.org mailing list for the GCC project.


Index Nav: [Date Index] [Subject Index] [Author Index] [Thread Index]
Message Nav: [Date Prev] [Date Next] [Thread Prev] [Thread Next]
Other format: [Raw text]

Results for 4.6.0 20100808 (experimental) [trunk revision 162992] (GCC) testsuite on sparc64-unknown-linux-gnu


LAST_UPDATED: Sun Aug  8 06:40:08 UTC 2010 (revision 162992)

		=== acats tests ===
FAIL:	c52102b
FAIL:	c52102d

		=== acats Summary ===
# of expected passes		2319
# of unexpected failures	2
Native configuration is sparc64-unknown-linux-gnu

		=== gcc tests ===


Running target unix/-m32
FAIL: gcc.dg/20061124-1.c (test for excess errors)
UNRESOLVED: gcc.dg/20061124-1.c compilation failed to produce executable
FAIL: gcc.dg/cproj-fails-with-broken-glibc.c execution test
XPASS: gcc.dg/guality/example.c  -O0  execution test
XPASS: gcc.dg/guality/example.c  -O1  execution test
XPASS: gcc.dg/guality/example.c  -Os  execution test
XPASS: gcc.dg/guality/guality.c  -O0  execution test
XPASS: gcc.dg/guality/guality.c  -O1  execution test
XPASS: gcc.dg/guality/guality.c  -O2  execution test
XPASS: gcc.dg/guality/guality.c  -O3 -fomit-frame-pointer  execution test
XPASS: gcc.dg/guality/guality.c  -O3 -g  execution test
XPASS: gcc.dg/guality/guality.c  -Os  execution test
FAIL: gcc.dg/guality/inline-params.c  -O0  execution test
FAIL: gcc.dg/guality/inline-params.c  -O1  execution test
XPASS: gcc.dg/guality/pr41353-1.c  -O0  line 28 j == 28 + 37
FAIL: gcc.dg/guality/pr41353-1.c  -O1  line 28 i == 37
FAIL: gcc.dg/guality/pr41353-1.c  -O2  line 28 i == 37
FAIL: gcc.dg/guality/pr41353-1.c  -O3 -fomit-frame-pointer  line 28 i == 37
FAIL: gcc.dg/guality/pr41353-1.c  -O3 -g  line 28 i == 37
FAIL: gcc.dg/guality/pr41353-1.c  -Os  line 28 i == 37
XPASS: gcc.dg/guality/pr41447-1.c  -O0  execution test
XPASS: gcc.dg/guality/pr41447-1.c  -O1  execution test
XPASS: gcc.dg/guality/pr41447-1.c  -O2  execution test
XPASS: gcc.dg/guality/pr41447-1.c  -O3 -fomit-frame-pointer  execution test
XPASS: gcc.dg/guality/pr41447-1.c  -O3 -g  execution test
XPASS: gcc.dg/guality/pr41447-1.c  -Os  execution test
XPASS: gcc.dg/guality/pr41616-1.c  -O0  execution test
FAIL: gcc.dg/guality/vla-1.c  -O0  line 17 sizeof (a) == 6
FAIL: gcc.dg/guality/vla-1.c  -O0  line 24 sizeof (a) == 17 * sizeof (short)
FAIL: gcc.dg/guality/vla-1.c  -O1  line 17 sizeof (a) == 6
FAIL: gcc.dg/guality/vla-1.c  -O1  line 24 sizeof (a) == 17 * sizeof (short)
FAIL: gcc.dg/guality/vla-1.c  -O2  line 17 sizeof (a) == 6
FAIL: gcc.dg/guality/vla-1.c  -O2  line 24 i == 5
FAIL: gcc.dg/guality/vla-1.c  -O2  line 24 sizeof (a) == 17 * sizeof (short)
FAIL: gcc.dg/guality/vla-1.c  -O3 -fomit-frame-pointer  line 17 sizeof (a) == 6
FAIL: gcc.dg/guality/vla-1.c  -O3 -fomit-frame-pointer  line 24 i == 5
FAIL: gcc.dg/guality/vla-1.c  -O3 -fomit-frame-pointer  line 24 sizeof (a) == 17 * sizeof (short)
FAIL: gcc.dg/guality/vla-1.c  -O3 -g  line 17 sizeof (a) == 6
FAIL: gcc.dg/guality/vla-1.c  -O3 -g  line 24 i == 5
FAIL: gcc.dg/guality/vla-1.c  -O3 -g  line 24 sizeof (a) == 17 * sizeof (short)
FAIL: gcc.dg/guality/vla-1.c  -Os  line 17 sizeof (a) == 6
FAIL: gcc.dg/guality/vla-1.c  -Os  line 24 i == 5
FAIL: gcc.dg/guality/vla-1.c  -Os  line 24 sizeof (a) == 17 * sizeof (short)
FAIL: gcc.dg/guality/vla-2.c  -O0  line 16 sizeof (a) == 5 * sizeof (int)
FAIL: gcc.dg/guality/vla-2.c  -O0  line 25 sizeof (a) == 6 * sizeof (int)
FAIL: gcc.dg/guality/vla-2.c  -O1  line 16 sizeof (a) == 5 * sizeof (int)
FAIL: gcc.dg/guality/vla-2.c  -O2  line 16 sizeof (a) == 5 * sizeof (int)
FAIL: gcc.dg/guality/vla-2.c  -O3 -fomit-frame-pointer  line 16 sizeof (a) == 5 * sizeof (int)
FAIL: gcc.dg/guality/vla-2.c  -O3 -g  line 16 sizeof (a) == 5 * sizeof (int)
FAIL: gcc.dg/guality/vla-2.c  -Os  line 16 sizeof (a) == 5 * sizeof (int)
XPASS: gcc.dg/tree-ssa/20031106-3.c scan-tree-dump-times optimized "link_error" 0
XPASS: gcc.dg/tree-ssa/20040204-1.c scan-tree-dump-times optimized "link_error" 0
XPASS: gcc.dg/tree-ssa/fre-vce-1.c scan-tree-dump-times fre "sv.i" 2
FAIL: gcc.dg/vect/pr43430-1.c scan-tree-dump-times vect "vectorized 1 loops" 1
XPASS: gcc.dg/vect/vect-peel-1.c scan-tree-dump-times vect "vectorized 1 loops" 2
XPASS: gcc.dg/vect/vect-peel-1.c scan-tree-dump-times vect "Alignment of access forced using peeling" 1
XPASS: gcc.dg/vect/vect-peel-2.c scan-tree-dump-times vect "vectorized 1 loops" 2
FAIL: gcc.dg/vect/vect-peel-3.c scan-tree-dump-times vect "vectorized 1 loops" 2
FAIL: gcc.dg/vect/vect-peel-3.c scan-tree-dump-times vect "Vectorizing an unaligned access" 1
FAIL: gcc.dg/vect/vect-peel-4.c scan-tree-dump-times vect "Vectorizing an unaligned access" 1
XPASS: gcc.dg/vect/vect-vfa-slp.c scan-tree-dump-times vect "vectorized 1 loops" 1
XPASS: gcc.dg/vect/slp-23.c scan-tree-dump-times vect "vectorizing stmts using SLP" 1
XPASS: gcc.dg/vect/slp-35.c scan-tree-dump-times vect "vectorized 1 loops" 1
XPASS: gcc.dg/vect/slp-35.c scan-tree-dump-times vect "vectorizing stmts using SLP" 1
FAIL: gcc.dg/vect/slp-reduc-3.c scan-tree-dump-times vect "vectorizing stmts using SLP" 1
FAIL: gcc.dg/vect/slp-reduc-6.c scan-tree-dump-times vect "vectorized 1 loops" 2
FAIL: gcc.dg/vect/fast-math-vect-reduc-8.c scan-tree-dump-times vect "vectorized 1 loops" 1
XPASS: gcc.dg/vect/no-tree-pre-slp-29.c scan-tree-dump-times vect "vectorized 1 loops" 2
XPASS: gcc.dg/vect/no-tree-pre-slp-29.c scan-tree-dump-times vect "vectorizing stmts using SLP" 2

		=== gcc Summary for unix/-m32 ===

# of expected passes		56610
# of unexpected failures	39
# of unexpected successes	29
# of expected failures		234
# of unresolved testcases	1
# of unsupported tests		1011

Running target unix/-m64
WARNING: program timed out.
FAIL: gcc.c-torture/compile/limits-fnargs.c  -O2  (test for excess errors)
WARNING: program timed out.
FAIL: gcc.c-torture/compile/limits-fnargs.c  -O3 -fomit-frame-pointer  (test for excess errors)
WARNING: program timed out.
FAIL: gcc.c-torture/compile/limits-fnargs.c  -O3 -g  (test for excess errors)
FAIL: gcc.dg/cproj-fails-with-broken-glibc.c execution test
XPASS: gcc.dg/tree-ssa/20031106-3.c scan-tree-dump-times optimized "link_error" 0
XPASS: gcc.dg/tree-ssa/20040204-1.c scan-tree-dump-times optimized "link_error" 0
XPASS: gcc.dg/tree-ssa/fre-vce-1.c scan-tree-dump-times fre "sv.i" 2
XPASS: gcc.dg/vect/pr33804.c scan-tree-dump-times vect "vectorized 1 loops" 1
XPASS: gcc.dg/vect/pr33804.c scan-tree-dump-times vect "vectorizing stmts using SLP" 1
FAIL: gcc.dg/vect/pr43430-1.c scan-tree-dump-times vect "vectorized 1 loops" 1
XPASS: gcc.dg/vect/vect-peel-1.c scan-tree-dump-times vect "vectorized 1 loops" 2
XPASS: gcc.dg/vect/vect-peel-1.c scan-tree-dump-times vect "Alignment of access forced using peeling" 1
XPASS: gcc.dg/vect/vect-peel-2.c scan-tree-dump-times vect "vectorized 1 loops" 2
FAIL: gcc.dg/vect/vect-peel-3.c scan-tree-dump-times vect "vectorized 1 loops" 2
FAIL: gcc.dg/vect/vect-peel-3.c scan-tree-dump-times vect "Vectorizing an unaligned access" 1
FAIL: gcc.dg/vect/vect-peel-4.c scan-tree-dump-times vect "Vectorizing an unaligned access" 1
XPASS: gcc.dg/vect/vect-vfa-slp.c scan-tree-dump-times vect "vectorized 1 loops" 1
XPASS: gcc.dg/vect/slp-23.c scan-tree-dump-times vect "vectorizing stmts using SLP" 1
XPASS: gcc.dg/vect/slp-24.c scan-tree-dump-times vect "vectorized 1 loops" 1
XPASS: gcc.dg/vect/slp-24.c scan-tree-dump-times vect "vectorizing stmts using SLP" 2
XPASS: gcc.dg/vect/slp-35.c scan-tree-dump-times vect "vectorized 1 loops" 1
XPASS: gcc.dg/vect/slp-35.c scan-tree-dump-times vect "vectorizing stmts using SLP" 1
FAIL: gcc.dg/vect/slp-reduc-3.c scan-tree-dump-times vect "vectorizing stmts using SLP" 1
FAIL: gcc.dg/vect/slp-reduc-6.c scan-tree-dump-times vect "vectorized 1 loops" 2
FAIL: gcc.dg/vect/fast-math-vect-reduc-8.c scan-tree-dump-times vect "vectorized 1 loops" 1
XPASS: gcc.dg/vect/no-tree-pre-slp-29.c scan-tree-dump-times vect "vectorized 1 loops" 2
XPASS: gcc.dg/vect/no-tree-pre-slp-29.c scan-tree-dump-times vect "vectorizing stmts using SLP" 2
FAIL: gcc.misc-tests/linkage.c link

		=== gcc Summary for unix/-m64 ===

# of expected passes		56647
# of unexpected failures	12
# of unexpected successes	16
# of expected failures		207
# of unsupported tests		787

		=== gcc Summary ===

# of expected passes		113257
# of unexpected failures	51
# of unexpected successes	45
# of expected failures		441
# of unresolved testcases	1
# of unsupported tests		1798
/home/guerby/build/gcc/xgcc  version 4.6.0 20100808 (experimental) [trunk revision 162992] (GCC) 

		=== gnat tests ===


Running target unix/-m32

		=== gnat Summary for unix/-m32 ===

# of expected passes		816
# of expected failures		10
# of unsupported tests		4

Running target unix/-m64

		=== gnat Summary for unix/-m64 ===

# of expected passes		816
# of expected failures		10
# of unsupported tests		4

		=== gnat Summary ===

# of expected passes		1632
# of expected failures		20
# of unsupported tests		8
		=== libgomp tests ===


Running target unix/-m32

		=== libgomp Summary for unix/-m32 ===

# of expected passes		266

Running target unix/-m64

		=== libgomp Summary for unix/-m64 ===

# of expected passes		266

		=== libgomp Summary ===

# of expected passes		532
		=== libmudflap tests ===


Running target unix/-m32
FAIL: libmudflap.c/pass49-frag.c execution test
FAIL: libmudflap.c/pass49-frag.c output pattern test
FAIL: libmudflap.c/pass49-frag.c execution test
FAIL: libmudflap.c/pass49-frag.c output pattern test
FAIL: libmudflap.c/pass49-frag.c (-static) execution test
FAIL: libmudflap.c/pass49-frag.c (-static) output pattern test
FAIL: libmudflap.c/pass49-frag.c (-static) execution test
FAIL: libmudflap.c/pass49-frag.c (-static) output pattern test
FAIL: libmudflap.c/pass49-frag.c (-O2) execution test
FAIL: libmudflap.c/pass49-frag.c (-O2) output pattern test
FAIL: libmudflap.c/pass49-frag.c (-O2) execution test
FAIL: libmudflap.c/pass49-frag.c (-O2) output pattern test
FAIL: libmudflap.c/pass49-frag.c (-O3) execution test
FAIL: libmudflap.c/pass49-frag.c (-O3) output pattern test
FAIL: libmudflap.c/pass49-frag.c (-O3) execution test
FAIL: libmudflap.c/pass49-frag.c (-O3) output pattern test

		=== libmudflap Summary for unix/-m32 ===

# of expected passes		1724
# of unexpected failures	16
# of unsupported tests		2

Running target unix/-m64
FAIL: libmudflap.c/pass49-frag.c execution test
FAIL: libmudflap.c/pass49-frag.c output pattern test
FAIL: libmudflap.c/pass49-frag.c execution test
FAIL: libmudflap.c/pass49-frag.c output pattern test
FAIL: libmudflap.c/pass49-frag.c (-static) execution test
FAIL: libmudflap.c/pass49-frag.c (-static) output pattern test
FAIL: libmudflap.c/pass49-frag.c (-static) execution test
FAIL: libmudflap.c/pass49-frag.c (-static) output pattern test
FAIL: libmudflap.c/pass49-frag.c (-O2) execution test
FAIL: libmudflap.c/pass49-frag.c (-O2) output pattern test
FAIL: libmudflap.c/pass49-frag.c (-O2) execution test
FAIL: libmudflap.c/pass49-frag.c (-O2) output pattern test
FAIL: libmudflap.c/pass49-frag.c (-O3) execution test
FAIL: libmudflap.c/pass49-frag.c (-O3) output pattern test
FAIL: libmudflap.c/pass49-frag.c (-O3) execution test
FAIL: libmudflap.c/pass49-frag.c (-O3) output pattern test

		=== libmudflap Summary for unix/-m64 ===

# of expected passes		1724
# of unexpected failures	16
# of unsupported tests		2

		=== libmudflap Summary ===

# of expected passes		3448
# of unexpected failures	32
# of unsupported tests		4

Compiler version: 4.6.0 20100808 (experimental) [trunk revision 162992] (GCC) 
Platform: sparc64-unknown-linux-gnu
configure flags: --prefix=/n/62/guerby/install-trunk-64 --disable-werror --enable-languages=c,ada --enable-__cxa_atexit --disable-nls --enable-threads=posix --with-mpfr=/opt/cfarm/mpfr-2.4.1-64 --with-gmp=/opt/cfarm/gmp-4.2.4-64 --with-mpc=/opt/cfarm/mpc-0.8-64


Index Nav: [Date Index] [Subject Index] [Author Index] [Thread Index]
Message Nav: [Date Prev] [Date Next] [Thread Prev] [Thread Next]