This is the mail archive of the
gcc-testresults@gcc.gnu.org
mailing list for the GCC project.
Results for 4.5.1 (Blastwave.org Inc. Fri Aug 6 13:26:39 GMT 2010) testsuite on sparc-sun-solaris2.8
- From: Dennis Clarke <dclarke at blastwave dot org>
- To: gcc-testresults at gcc dot gnu dot org
- Date: Sun, 08 Aug 2010 12:11:34 -0400 (EDT)
- Subject: Results for 4.5.1 (Blastwave.org Inc. Fri Aug 6 13:26:39 GMT 2010) testsuite on sparc-sun-solaris2.8
- Reply-to: dclarke at blastwave dot org
[mimas]date
Sun Aug 8 16:07:22 GMT 2010
[mimas]uname -a
SunOS mimas 5.8 Generic_127721-03 sun4u sparc SUNW,UltraAX-i2
[mimas]cat /etc/release
Solaris 8 2/04 s28s_hw4wos_05a SPARC
Copyright 2004 Sun Microsystems, Inc. All Rights Reserved.
Assembled 08 January 2004
[mimas]psrinfo -v
Status of virtual processor 0 as of: 08/08/10 16:07:33
on-line since 07/06/10 12:03:37.
The sparcv9 processor operates at 500 MHz,
and has a sparcv9 floating point processor.
[mimas]
[mimas]which as
/usr/local/bin/as
[mimas]
[mimas]as --version
GNU assembler (GNU Binutils) 2.20.1.20100303
Copyright 2009 Free Software Foundation, Inc.
This program is free software; you may redistribute it under the terms of
the GNU General Public License version 3 or later.
This program has absolutely no warranty.
This assembler was configured for a target of `sparc-sun-solaris2.8'.
[mimas]
[mimas]which gcc
/usr/local/gcc4/bin/gcc
[mimas]
[mimas]gcc --version
gcc (Blastwave.org Inc. Mon May 3 21:10:08 GMT 2010) 4.4.4
Copyright (C) 2010 Free Software Foundation, Inc.
This is free software; see the source for copying conditions. There is NO
warranty; not even for MERCHANTABILITY or FITNESS FOR A PARTICULAR PURPOSE.
[mimas]
[mimas]gcc -v
Using built-in specs.
Target: sparc-sun-solaris2.8
Configured with: ../gcc-4.4.4/configure --build=sparc-sun-solaris2.8
--with-gnu-as --with-as=/usr/local/bin/as --without-gnu-ld
--with-ld=/usr/ccs/bin/ld --with-cpu=v7 --enable-stage1-languages=c
--enable-nls --with-libiconv-prefix=/usr/local --enable-threads=posix
--prefix=/usr/local/gcc4 --with-local-prefix=/usr/local --enable-shared
--enable-multilib --with-system-zlib --with-pkgversion='Blastwave.org Inc.
Mon May 3 21:10:08 GMT 2010'
--with-bugurl=http://www.blastwave.org/support
--enable-languages=c,c++,objc,fortran,ada --enable-bootstrap
Thread model: posix
gcc version 4.4.4 (Blastwave.org Inc. Mon May 3 21:10:08 GMT 2010)
[mimas]
[mimas]../gcc-4.5.1/contrib/test_summary
cat <<'EOF' |
LAST_UPDATED: Obtained from SVN: tags/gcc_4_5_1_release revision 162774
=== acats tests ===
=== acats Summary ===
# of expected passes 2321
# of unexpected failures 0
Native configuration is sparc-sun-solaris2.8
=== g++ tests ===
Running target unix
FAIL: g++.dg/warn/miss-format-1.C (test for errors, line 25)
FAIL: g++.dg/warn/miss-format-1.C (test for excess errors)
FAIL: g++.dg/lto/20090303 cp_lto_20090303_0.o-cp_lto_20090303_0.o execute
-fwhopr
=== g++ Summary ===
# of expected passes 21886
# of unexpected failures 3
# of expected failures 153
# of unsupported tests 305
/opt/csw/src/gcc-4.5.1-001/gcc/testsuite/g++/../../g++ version 4.5.1
(Blastwave.org Inc. Fri Aug 6 13:26:39 GMT 2010)
=== gcc tests ===
Running target unix
WARNING: program timed out.
FAIL: gcc.dg/pr28796-2.c execution test
WARNING: program timed out.
FAIL: gcc.dg/pr43058.c (test for excess errors)
FAIL: gcc.dg/lto/20090210 c_lto_20090210_0.o-c_lto_20090210_1.o execute
-O0 -fwhopr
FAIL: gcc.dg/lto/20090210 c_lto_20090210_0.o-c_lto_20090210_1.o execute
-O2 -fwhopr
FAIL: gcc.dg/lto/20090210 c_lto_20090210_0.o-c_lto_20090210_1.o execute
-O0 -flto
FAIL: gcc.dg/lto/20090210 c_lto_20090210_0.o-c_lto_20090210_1.o execute
-O2 -flto
FAIL: gcc.dg/vect/pr43430-1.c scan-tree-dump-times vect "vectorized 1
loops" 1
FAIL: gcc.dg/vect/slp-multitypes-2.c execution test
=== gcc Summary ===
# of expected passes 64318
# of unexpected failures 8
# of expected failures 193
# of unsupported tests 946
/opt/csw/src/gcc-4.5.1-001/gcc/xgcc version 4.5.1 (Blastwave.org Inc. Fri
Aug 6 13:26:39 GMT 2010)
=== gfortran tests ===
Running target unix
FAIL: gfortran.fortran-torture/execute/forall_7.f90 execution, -O2
-fomit-frame-pointer -finline-functions -funroll-loops
=== gfortran Summary ===
# of expected passes 33640
# of unexpected failures 1
# of expected failures 23
# of unsupported tests 323
/opt/csw/src/gcc-4.5.1-001/gcc/testsuite/gfortran/../../gfortran version
4.5.1 (Blastwave.org Inc. Fri Aug 6 13:26:39 GMT 2010)
=== gnat tests ===
Running target unix
=== gnat Summary ===
# of expected passes 757
# of expected failures 7
# of unsupported tests 3
=== objc tests ===
Running target unix
=== objc Summary ===
# of expected passes 1874
# of expected failures 15
# of unsupported tests 20
/opt/csw/src/gcc-4.5.1-001/gcc/xgcc version 4.5.1 (Blastwave.org Inc. Fri
Aug 6 13:26:39 GMT 2010)
=== libgomp tests ===
Running target unix
=== libgomp Summary ===
# of expected passes 2476
# of unsupported tests 9
=== libstdc++ tests ===
Running target unix
=== libstdc++ Summary ===
# of expected passes 6314
# of expected failures 90
# of unsupported tests 632
Compiler version: 4.5.1 (Blastwave.org Inc. Fri Aug 6 13:26:39 GMT 2010)
Platform: sparc-sun-solaris2.8
configure flags: --host=sparc-sun-solaris2.8 --build=sparc-sun-solaris2.8
--with-gnu-as --with-as=/usr/local/bin/as --without-gnu-ld
--with-ld=/usr/ccs/bin/ld --with-cpu=v7 --enable-stage1-languages=c
--enable-nls --enable-threads=posix --prefix=/opt/csw/gcc4
--with-local-prefix=/opt/csw --enable-shared --enable-multilib
--with-pkgversion='Blastwave.org Inc. Fri Aug 6 13:26:39 GMT 2010'
--with-bugurl=http://www.blastwave.org/support
--enable-languages=c,c++,objc,fortran,ada --enable-bootstrap
EOF
--
Dennis Clarke
dclarke@opensolaris.ca <- Email related to the open source Solaris
dclarke@blastwave.org <- Email related to open source for Solaris