This is the mail archive of the
gcc-testresults@gcc.gnu.org
mailing list for the GCC project.
Results for 4.6.0 20100803 (experimental) [trunk revision 162841] (GCC) testsuite on hppa2.0w-hp-hpux11.11
- From: John David Anglin <dave at hiauly3 dot hia dot nrc dot ca>
- To: dave at hiauly3 dot hia dot nrc dot ca, gcc-testresults at gcc dot gnu dot org
- Date: Sun, 8 Aug 2010 08:57:07 -0400 (EDT)
- Subject: Results for 4.6.0 20100803 (experimental) [trunk revision 162841] (GCC) testsuite on hppa2.0w-hp-hpux11.11
Native configuration is hppa2.0w-hp-hpux11.11
=== g++ tests ===
Running target unix
WARNING: g++.dg/ext/label13.C compilation failed to produce executable
WARNING: program timed out.
=== g++ Summary ===
# of expected passes 21439
# of expected failures 150
# of unsupported tests 290
/test/gnu/gcc/objdir/gcc/testsuite/g++/../../g++ version 4.6.0 20100803 (experimental) [trunk revision 162841] (GCC)
=== gcc tests ===
Running target unix
FAIL: c-c++-common/Wunused-var-12.c -Wc++-compat (test for excess errors)
WARNING: program timed out.
XPASS: gcc.dg/tree-ssa/20031106-3.c scan-tree-dump-times optimized "link_error" 0
XPASS: gcc.dg/tree-ssa/20040204-1.c scan-tree-dump-times optimized "link_error" 0
XPASS: gcc.dg/tree-ssa/fre-vce-1.c scan-tree-dump-times fre "sv.i" 2
=== gcc Summary ===
# of expected passes 53470
# of unexpected failures 1
# of unexpected successes 3
# of expected failures 112
# of unsupported tests 783
/test/gnu/gcc/objdir/gcc/xgcc version 4.6.0 20100803 (experimental) [trunk revision 162841] (GCC)
=== libffi tests ===
Running target unix
=== libffi Summary ===
# of expected passes 1624
# of expected failures 10
# of unsupported tests 15
=== libgomp tests ===
Running target unix
=== libgomp Summary ===
# of expected passes 1011
# of unsupported tests 9
=== libjava tests ===
Running target unix
FAIL: LargeFile execution - source compiled test
FAIL: LargeFile -findirect-dispatch execution - source compiled test
FAIL: LargeFile -O3 execution - source compiled test
FAIL: LargeFile -O3 -findirect-dispatch execution - source compiled test
=== libjava Summary ===
# of expected passes 2566
# of unexpected failures 4
# of untested testcases 4
=== libstdc++ tests ===
Running target unix
=== libstdc++ Summary ===
# of expected passes 6519
# of expected failures 57
# of unsupported tests 621
Compiler version: 4.6.0 20100803 (experimental) [trunk revision 162841] (GCC)
Platform: hppa2.0w-hp-hpux11.11
configure flags:Test Run By dave on Sun Aug 8 02:04:07 2010