This is the mail archive of the gcc-testresults@gcc.gnu.org mailing list for the GCC project.


Index Nav: [Date Index] [Subject Index] [Author Index] [Thread Index]
Message Nav: [Date Prev] [Date Next] [Thread Prev] [Thread Next]
Other format: [Raw text]

Results for 4.5.1 (Debian 4.5.1-1) testsuite on arm-unknown-linux-gnueabi


LAST_UPDATED: Obtained from SVN: tags/gcc_4_5_1_release revision 162774

Native configuration is arm-unknown-linux-gnueabi

		=== libgomp tests ===


Running target unix
FAIL: libgomp.c/lock-1.c execution test
WARNING: program timed out.
FAIL: libgomp.fortran/strassen.f90  -O  execution test

		=== libgomp Summary ===

# of expected passes		2524
# of unexpected failures	2
# of unsupported tests		7
		=== libmudflap tests ===


Running target unix
FAIL: libmudflap.c/pass46-frag.c (-O2) (test for excess errors)
FAIL: libmudflap.c/pass46-frag.c (-O2) (test for excess errors)
FAIL: libmudflap.c/fail31-frag.c (-O3) crash test
FAIL: libmudflap.c/fail31-frag.c (-O3) output pattern test
FAIL: libmudflap.c/pass45-frag.c (-O3) execution test
FAIL: libmudflap.c/pass45-frag.c (-O3) output pattern test
FAIL: libmudflap.c/pass45-frag.c (-O3) execution test
FAIL: libmudflap.c/pass45-frag.c (-O3) output pattern test
FAIL: libmudflap.c/pass46-frag.c (-O3) (test for excess errors)
FAIL: libmudflap.c/pass46-frag.c (-O3) (test for excess errors)
FAIL: libmudflap.c++/pass41-frag.cxx execution test
FAIL: libmudflap.c++/pass41-frag.cxx (-static) execution test
FAIL: libmudflap.c++/pass41-frag.cxx ( -O) execution test
FAIL: libmudflap.c++/pass41-frag.cxx (-O2) execution test
FAIL: libmudflap.c++/pass41-frag.cxx (-O3) execution test

		=== libmudflap Summary ===

# of expected passes		1879
# of unexpected failures	15
Target: arm-linux-gnueabi
gcc version 4.5.1 (Debian 4.5.1-1) 

		=== g++ tests ===


Running target unix
FAIL: g++.dg/abi/local1.C execution test
FAIL: g++.dg/abi/packed1.C (test for excess errors)
FAIL: g++.dg/opt/pr30965.C scan-tree-dump-times optimized "variable_..D. = v_..D." 2
XPASS: g++.dg/other/packed1.C execution test
FAIL: g++.dg/template/cond5.C (internal compiler error)
FAIL: g++.dg/template/cond5.C (test for excess errors)
FAIL: g++.dg/tree-ssa/new1.C scan-tree-dump-not forwprop1 "= .* \\+ -"
FAIL: 23:is 1:should be 2
FAIL: g++.dg/gcov/gcov-2.C gcov: 1 failures in line counts, 0 in branch percentages, 0 in return percentages
UNRESOLVED: attribute_plugin.c compilation, -I. -I/build/buildd-gcc-4.5_4.5.1-1-armel-YHqzCn/gcc-4.5-4.5.1/src/gcc/testsuite -I/build/buildd-gcc-4.5_4.5.1-1-armel-YHqzCn/gcc-4.5-4.5.1/src/gcc/testsuite/../../gcc -I/build/buildd-gcc-4.5_4.5.1-1-armel-YHqzCn/gcc-4.5-4.5.1/build/gcc/testsuite/g++/../../../gcc  -I/build/buildd-gcc-4.5_4.5.1-1-armel-YHqzCn/gcc-4.5-4.5.1/src/gcc/testsuite/../../include -I/build/buildd-gcc-4.5_4.5.1-1-armel-YHqzCn/gcc-4.5-4.5.1/src/gcc/testsuite/../../libcpp/include    -DIN_GCC -fPIC -shared
UNRESOLVED: pragma_plugin.c compilation, -I. -I/build/buildd-gcc-4.5_4.5.1-1-armel-YHqzCn/gcc-4.5-4.5.1/src/gcc/testsuite -I/build/buildd-gcc-4.5_4.5.1-1-armel-YHqzCn/gcc-4.5-4.5.1/src/gcc/testsuite/../../gcc -I/build/buildd-gcc-4.5_4.5.1-1-armel-YHqzCn/gcc-4.5-4.5.1/build/gcc/testsuite/g++/../../../gcc  -I/build/buildd-gcc-4.5_4.5.1-1-armel-YHqzCn/gcc-4.5-4.5.1/src/gcc/testsuite/../../include -I/build/buildd-gcc-4.5_4.5.1-1-armel-YHqzCn/gcc-4.5-4.5.1/src/gcc/testsuite/../../libcpp/include    -DIN_GCC -fPIC -shared
UNRESOLVED: selfassign.c compilation, -I. -I/build/buildd-gcc-4.5_4.5.1-1-armel-YHqzCn/gcc-4.5-4.5.1/src/gcc/testsuite -I/build/buildd-gcc-4.5_4.5.1-1-armel-YHqzCn/gcc-4.5-4.5.1/src/gcc/testsuite/../../gcc -I/build/buildd-gcc-4.5_4.5.1-1-armel-YHqzCn/gcc-4.5-4.5.1/build/gcc/testsuite/g++/../../../gcc  -I/build/buildd-gcc-4.5_4.5.1-1-armel-YHqzCn/gcc-4.5-4.5.1/src/gcc/testsuite/../../include -I/build/buildd-gcc-4.5_4.5.1-1-armel-YHqzCn/gcc-4.5-4.5.1/src/gcc/testsuite/../../libcpp/include   -O -DIN_GCC -fPIC -shared
UNRESOLVED: dumb_plugin.c compilation, -I. -I/build/buildd-gcc-4.5_4.5.1-1-armel-YHqzCn/gcc-4.5-4.5.1/src/gcc/testsuite -I/build/buildd-gcc-4.5_4.5.1-1-armel-YHqzCn/gcc-4.5-4.5.1/src/gcc/testsuite/../../gcc -I/build/buildd-gcc-4.5_4.5.1-1-armel-YHqzCn/gcc-4.5-4.5.1/build/gcc/testsuite/g++/../../../gcc  -I/build/buildd-gcc-4.5_4.5.1-1-armel-YHqzCn/gcc-4.5-4.5.1/src/gcc/testsuite/../../include -I/build/buildd-gcc-4.5_4.5.1-1-armel-YHqzCn/gcc-4.5-4.5.1/src/gcc/testsuite/../../libcpp/include    -DIN_GCC -fPIC -shared
UNRESOLVED: header_plugin.c compilation, -I. -I/build/buildd-gcc-4.5_4.5.1-1-armel-YHqzCn/gcc-4.5-4.5.1/src/gcc/testsuite -I/build/buildd-gcc-4.5_4.5.1-1-armel-YHqzCn/gcc-4.5-4.5.1/src/gcc/testsuite/../../gcc -I/build/buildd-gcc-4.5_4.5.1-1-armel-YHqzCn/gcc-4.5-4.5.1/build/gcc/testsuite/g++/../../../gcc  -I/build/buildd-gcc-4.5_4.5.1-1-armel-YHqzCn/gcc-4.5-4.5.1/src/gcc/testsuite/../../include -I/build/buildd-gcc-4.5_4.5.1-1-armel-YHqzCn/gcc-4.5-4.5.1/src/gcc/testsuite/../../libcpp/include    -DIN_GCC -fPIC -shared

		=== g++ Summary ===

# of expected passes		22205
# of unexpected failures	8
# of unexpected successes	1
# of expected failures		151
# of unresolved testcases	5
# of unsupported tests		180
/build/buildd-gcc-4.5_4.5.1-1-armel-YHqzCn/gcc-4.5-4.5.1/build/gcc/testsuite/g++/../../g++  version 4.5.1 (Debian 4.5.1-1) 

		=== gcc tests ===


Running target unix
FAIL: gcc.c-torture/compile/limits-fnargs.c  -O2  (test for excess errors)
FAIL: gcc.c-torture/compile/limits-fnargs.c  -O3 -fomit-frame-pointer  (test for excess errors)
FAIL: gcc.c-torture/compile/limits-fnargs.c  -O3 -g  (test for excess errors)
FAIL: gcc.c-torture/compile/limits-fnargs.c  -O2 -flto  (test for excess errors)
FAIL: gcc.c-torture/compile/limits-fnargs.c  -O2 -fwhopr  (test for excess errors)
FAIL: gcc.c-torture/execute/builtins/abs-1.c execution,  -O2 -fwhopr 
FAIL: gcc.dg/c99-stdint-1.c (test for excess errors)
FAIL: gcc.dg/c99-stdint-7.c (test for excess errors)
FAIL: gcc.dg/pr34668-1.c (internal compiler error)
FAIL: gcc.dg/pr34668-1.c (test for excess errors)
WARNING: program timed out.
FAIL: gcc.dg/pr43058.c (test for excess errors)
FAIL: gcc.dg/uninit-13.c unconditional (test for warnings, line 8)
FAIL: gcc.dg/uninit-13.c (test for excess errors)
FAIL: gcc.dg/lto/20081112 c_lto_20081112_0.o-c_lto_20081112_1.o execute -O2 -fwhopr
UNRESOLVED: selfassign.c compilation, -I. -I/build/buildd-gcc-4.5_4.5.1-1-armel-YHqzCn/gcc-4.5-4.5.1/src/gcc/testsuite -I/build/buildd-gcc-4.5_4.5.1-1-armel-YHqzCn/gcc-4.5-4.5.1/src/gcc/testsuite/../../gcc -I/build/buildd-gcc-4.5_4.5.1-1-armel-YHqzCn/gcc-4.5-4.5.1/build/gcc/testsuite/gcc/../../../gcc  -I/build/buildd-gcc-4.5_4.5.1-1-armel-YHqzCn/gcc-4.5-4.5.1/src/gcc/testsuite/../../include -I/build/buildd-gcc-4.5_4.5.1-1-armel-YHqzCn/gcc-4.5-4.5.1/src/gcc/testsuite/../../libcpp/include   -O -DIN_GCC -fPIC -shared
UNRESOLVED: ggcplug.c compilation, -I. -I/build/buildd-gcc-4.5_4.5.1-1-armel-YHqzCn/gcc-4.5-4.5.1/src/gcc/testsuite -I/build/buildd-gcc-4.5_4.5.1-1-armel-YHqzCn/gcc-4.5-4.5.1/src/gcc/testsuite/../../gcc -I/build/buildd-gcc-4.5_4.5.1-1-armel-YHqzCn/gcc-4.5-4.5.1/build/gcc/testsuite/gcc/../../../gcc  -I/build/buildd-gcc-4.5_4.5.1-1-armel-YHqzCn/gcc-4.5-4.5.1/src/gcc/testsuite/../../include -I/build/buildd-gcc-4.5_4.5.1-1-armel-YHqzCn/gcc-4.5-4.5.1/src/gcc/testsuite/../../libcpp/include   -O -DIN_GCC -fPIC -shared
UNRESOLVED: one_time_plugin.c compilation, -I. -I/build/buildd-gcc-4.5_4.5.1-1-armel-YHqzCn/gcc-4.5-4.5.1/src/gcc/testsuite -I/build/buildd-gcc-4.5_4.5.1-1-armel-YHqzCn/gcc-4.5-4.5.1/src/gcc/testsuite/../../gcc -I/build/buildd-gcc-4.5_4.5.1-1-armel-YHqzCn/gcc-4.5-4.5.1/build/gcc/testsuite/gcc/../../../gcc  -I/build/buildd-gcc-4.5_4.5.1-1-armel-YHqzCn/gcc-4.5-4.5.1/src/gcc/testsuite/../../include -I/build/buildd-gcc-4.5_4.5.1-1-armel-YHqzCn/gcc-4.5-4.5.1/src/gcc/testsuite/../../libcpp/include    -DIN_GCC -fPIC -shared
UNRESOLVED: start_unit_plugin.c compilation, -I. -I/build/buildd-gcc-4.5_4.5.1-1-armel-YHqzCn/gcc-4.5-4.5.1/src/gcc/testsuite -I/build/buildd-gcc-4.5_4.5.1-1-armel-YHqzCn/gcc-4.5-4.5.1/src/gcc/testsuite/../../gcc -I/build/buildd-gcc-4.5_4.5.1-1-armel-YHqzCn/gcc-4.5-4.5.1/build/gcc/testsuite/gcc/../../../gcc  -I/build/buildd-gcc-4.5_4.5.1-1-armel-YHqzCn/gcc-4.5-4.5.1/src/gcc/testsuite/../../include -I/build/buildd-gcc-4.5_4.5.1-1-armel-YHqzCn/gcc-4.5-4.5.1/src/gcc/testsuite/../../libcpp/include    -DIN_GCC -fPIC -shared
UNRESOLVED: finish_unit_plugin.c compilation, -I. -I/build/buildd-gcc-4.5_4.5.1-1-armel-YHqzCn/gcc-4.5-4.5.1/src/gcc/testsuite -I/build/buildd-gcc-4.5_4.5.1-1-armel-YHqzCn/gcc-4.5-4.5.1/src/gcc/testsuite/../../gcc -I/build/buildd-gcc-4.5_4.5.1-1-armel-YHqzCn/gcc-4.5-4.5.1/build/gcc/testsuite/gcc/../../../gcc  -I/build/buildd-gcc-4.5_4.5.1-1-armel-YHqzCn/gcc-4.5-4.5.1/src/gcc/testsuite/../../include -I/build/buildd-gcc-4.5_4.5.1-1-armel-YHqzCn/gcc-4.5-4.5.1/src/gcc/testsuite/../../libcpp/include    -DIN_GCC -fPIC -shared
FAIL: gcc.dg/tree-ssa/pr42585.c scan-tree-dump-times optimized "struct _fat_ptr _ans" 0
FAIL: gcc.dg/tree-ssa/pr42585.c scan-tree-dump-times optimized "struct _fat_ptr _T2" 0
FAIL: gcc.dg/vect/pr43430-1.c scan-tree-dump-times vect "vectorized 1 loops" 1
FAIL: gcc.dg/vect/vect-35.c scan-tree-dump-times vect "vectorized 2 loops" 1
ERROR: gcc.target/arm/neon-modes-1.c: Unrecognized option type: arm_neon for " dg-add-options 4 arm_neon "
UNRESOLVED: gcc.target/arm/neon-modes-1.c: Unrecognized option type: arm_neon for " dg-add-options 4 arm_neon "

		=== gcc Summary ===

# of expected passes		68843
# of unexpected failures	18
# of expected failures		225
# of unresolved testcases	6
# of unsupported tests		710
/build/buildd-gcc-4.5_4.5.1-1-armel-YHqzCn/gcc-4.5-4.5.1/build/gcc/xgcc  version 4.5.1 (Debian 4.5.1-1) 

		=== gfortran tests ===


Running target unix
FAIL: gfortran.dg/vect/fast-math-pr38968.f90 scan-tree-dump vect "vectorized 1 loops"

		=== gfortran Summary ===

# of expected passes		33275
# of unexpected failures	1
# of expected failures		39
# of unsupported tests		302
/build/buildd-gcc-4.5_4.5.1-1-armel-YHqzCn/gcc-4.5-4.5.1/build/gcc/testsuite/gfortran/../../gfortran  version 4.5.1 (Debian 4.5.1-1) 

		=== obj-c++ tests ===


Running target unix
UNRESOLVED: obj-c++.dg/lookup-2.mm -fgnu-runtime compilation failed to produce executable
UNRESOLVED: obj-c++.dg/try-catch-2.mm -fgnu-runtime compilation failed to produce executable
UNRESOLVED: obj-c++.dg/try-catch-9.mm -fgnu-runtime compilation failed to produce executable

		=== obj-c++ Summary ===

# of expected passes		440
# of expected failures		3
# of unresolved testcases	3
# of unsupported tests		14
/build/buildd-gcc-4.5_4.5.1-1-armel-YHqzCn/gcc-4.5-4.5.1/build/gcc/testsuite/obj-c++/../../g++  version 4.5.1 (Debian 4.5.1-1) 

		=== objc tests ===


Running target unix

		=== objc Summary ===

# of expected passes		1874
# of expected failures		15
# of unsupported tests		20
/build/buildd-gcc-4.5_4.5.1-1-armel-YHqzCn/gcc-4.5-4.5.1/build/gcc/xgcc  version 4.5.1 (Debian 4.5.1-1) 


Compiler version: 4.5.1 (Debian 4.5.1-1) 
Platform: arm-unknown-linux-gnueabi
configure flags: -v --with-pkgversion='Debian 4.5.1-1' --with-bugurl=file:///usr/share/doc/gcc-4.5/README.Bugs --enable-languages=c,c++,fortran,objc,obj-c++ --prefix=/usr --enable-shared --enable-multiarch --enable-linker-build-id --with-system-zlib --libexecdir=/usr/lib --without-included-gettext --enable-threads=posix --with-gxx-include-dir=/usr/include/c++/4.5 --program-suffix=-4.5 --enable-nls --enable-clocale=gnu --enable-libstdcxx-debug --enable-libstdcxx-time=yes --enable-plugin --enable-objc-gc --disable-sjlj-exceptions --enable-checking=yes --build=arm-linux-gnueabi --host=arm-linux-gnueabi --target=arm-linux-gnueabi
BOOT_CFLAGS=


Build Dependencies:
Desired=Unknown/Install/Remove/Purge/Hold
| Status=Not/Inst/Conf-files/Unpacked/halF-conf/Half-inst/trig-aWait/Trig-pend
|/ Err?=(none)/Reinst-required (Status,Err: uppercase=bad)
||/ Name                               Version                Description
+++-==================================-======================-=======================================================================
ii  binutils                           2.20.51.20100710-2     The GNU assembler, linker and binary utilities
ii  g++-4.4                            4.4.4-8                The GNU C++ compiler
ii  libc6                              2.11.2-2               Embedded GNU C Library: Shared libraries
ii  libcloog-ppl-dev                   0.15.9-1               the Chunky Loop Generator (development files)
ii  libgmp3-dev                        2:4.3.2+dfsg-1         Multiprecision arithmetic library developers tools
ii  libmpc-dev                         0.8.2-1                multiple precision complex floating-point library development package
ii  libmpfr-dev                        3.0.0-2                multiple precision floating-point computation developers tools
ii  libppl0.10-dev                     0.10.2-6               Parma Polyhedra Library (development)


svn-updates:
  updates from the 4.5 branch upto 20100731 (r162781).

gcc-textdomain:
  Set gettext's domain and textdomain to the versioned package name.

gcc-driver-extra-langs:
  Add options and specs for languages that are not built from a source
  (but built from separate sources).

gcc-hash-style-both:
  Link using --hash-style=both (alpha, amd64, armel, ia64, i386, powerpc, ppc64, s390, sparc)

libstdc++-pic:
  Build and install libstdc++_pic.a library.

libstdc++-doclink:
  adjust hrefs to point to the local documentation

libstdc++-man-3cxx:
  Install libstdc++ man pages with suffix .3cxx instead of .3

libstdc++-test-installed:
  Add support to run the libstdc++-v3 testsuite using the
  installed shared libraries.

libjava-stacktrace:
  libgcj: Lookup source file name and line number in separated
  debug files found in /usr/lib/debug

libjava-subdir:
  - Set the libjava sublibdir to /usr/lib/gcj-4.5
  - Set the default libgcj database dir to /var/lib/gcj-4.5

libjava-jnipath:
  - Add /usr/lib/jni to java.library.path.
  - When running the i386 binaries on amd64, look in
  - /usr/lib32/gcj-x.y and /usr/lib32/jni instead.

libjava-sjlj:
  Don't try to use _Unwind_Backtrace on SJLJ targets.
  See bug #387875, #388505, GCC PR 29206.

libjava-disable-plugin:
  Don't build the gcjwebplugin, even when configured with --enable-plugin

libjava-josm-fixes:
  Backport two fixes to let josm run with gcj.

alpha-no-ev4-directive:
  never emit .ev4 directive.

boehm-gc-getnprocs:
  boehm-gc/pthread_support.c (GC_get_nprocs): Use sysconf as fallback.

note-gnu-stack:
  Add .note.GNU-stack sections for gcc's crt files, libffi and boehm-gc
  Taken from FC.

m68k-allow-gnu99:
  patch to allow gnu99 mode on m68k

libgomp-omp_h-multilib:
  Fix up omp.h for multilibs.

sparc-force-cpu:
  On sparc default to ultrasparc (v9a) in 32bit mode

pr41848:
  Fix PR objc/41848 - workaround ObjC and -fsection-anchors.

gcc-plugindir:
  Search for plugins in a default plugin dir, backport from the trunk.

pr43847:
  Proposed patch for PR bootstrap/43847

gcc-arm-implicit-it:
  Pass -mimplicit-it=thumb if -mthumb to as on ARM.

pr45079:
  Proposed fix for PR c/45079

pr45112:
  Proposed fix for PR c++/45112

libjava-armel-unwind:
  On armel, apply kludge to fix unwinder infinitely looping 'til it runs out
  of memory (http://gcc.gnu.org/ml/java/2008-06/msg00010.html).

armel-hilo-union-class:
  ARM EABI (armel) gfortran.dg/vector_subscript_1.f90 for -Os -mthumb reload ICE

gcc-ice-hack:
  Retry the build on an ice, save the calling options and preprocessed
  source when the ice is reproducible.

gcc-ice-apport:
  Report an ICE to apport (if apport is available
  and the environment variable GCC_NOAPPORT is not set)

libjava-disable-static:
  Disable building the static libjava.

libjava-fixed-symlinks:
  Remove unneed '..' elements from symlinks in JAVA_HOME

libstdc++-arm-wno-abi:
  Temporary work around:
  On arm-linux-gnueabi run the libstdc++v3 testsuite with -Wno-abi

libstdc++-no-testsuite:
  Don't run the libstdc++ testsuite on arm and ia64 (timeouts on the buildds)

ada-mips:
  Improve support for mips.

arm-unbreak-eabi-armv4t:
  Fix armv4t build on ARM

gcc-multiarch:
  Add multiarch support to GCC.
  
  Convert the multilib option to a target triplet,
  add multiarch include directories and libraries path:
  	/usr/local/include/<arch>-linux-gnu
  	/usr/include/<arch>-linux-gnu
  	/usr/lib/<arch>-linux-gnu
  to the system paths.

mips-triarch:
  Build a tri-arch compiler on mips-linux-gnu.
  http://gcc.gnu.org/ml/gcc-patches/2009-03/msg01047.html

libjava-nobiarch-check:
  For biarch builds, disable the testsuite for the non-default architecture
  for runtime libraries, which are not built by default (libjava).

config-ml:
  disable some biarch libraries for biarch builds

s390-biarch:
  Build a bi-arch compiler on s390-linux-gnu.
  http://gcc.gnu.org/ml/gcc-patches/2009-03/msg01044.html

gcc-powerpc-nof:
  Don't build nof multlib on powerpc.

gcc-no-add-needed:
  On linux targets pass --no-add-needed to the linker.

mips-fix-loongson2f-nop:
  On mips, pass -mfix-loongson2f-nop to as, if -mno-fix-loongson2f-nop
  is not passed.

pr40521-sequel:
  Sequel to PR40521 -- -g causes GCC to generate .eh_frame

Counting all warnings,
there are 0 warnings in stage3 of this bootstrap.

Number of warnings per file:

Number of warning types:


Index Nav: [Date Index] [Subject Index] [Author Index] [Thread Index]
Message Nav: [Date Prev] [Date Next] [Thread Prev] [Thread Next]