This is the mail archive of the gcc-testresults@gcc.gnu.org mailing list for the GCC project.


Index Nav: [Date Index] [Subject Index] [Author Index] [Thread Index]
Message Nav: [Date Prev] [Date Next] [Thread Prev] [Thread Next]
Other format: [Raw text]

Results for 4.6.0 20100807 (experimental) [trunk revision 162974] (GCC) testsuite on x86_64-unknown-linux-gnu


LAST_UPDATED: Sat Aug  7 01:31:23 UTC 2010 (revision 162974)

		=== acats tests ===
FAIL:	c38202a
FAIL:	c390001
FAIL:	c52102b
FAIL:	c52102d
FAIL:	cd5003a
FAIL:	cd5003b
FAIL:	cd5003c
FAIL:	cd5003d

		=== acats Summary ===
# of expected passes		2313
# of unexpected failures	8
Native configuration is x86_64-unknown-linux-gnu

		=== gcc tests ===


Running target unix/-m32
ERROR: tcl error sourcing /home/guerby/trunk/gcc/testsuite/gcc.dg/compat/compat.exp.
ERROR: couldn't execute "rm": argument list too long
FAIL: gcc.dg/cpp/assembl2.S (test for excess errors)
FAIL: gcc.dg/cpp/assembler.S  (test for errors, line 15)
FAIL: gcc.dg/cpp/assembler.S (test for excess errors)
FAIL: gcc.dg/cpp/assert1.c (test for excess errors)
FAIL: gcc.dg/cpp/assert2.c assert w/o predicate (test for errors, line 5)
FAIL: gcc.dg/cpp/assert2.c assert punctuation (test for errors, line 6)
FAIL: gcc.dg/cpp/assert2.c assert number (test for errors, line 7)
FAIL: gcc.dg/cpp/assert2.c assert w/o answer (test for errors, line 8)
FAIL: gcc.dg/cpp/assert2.c test w/o predicate (test for errors, line 10)
FAIL: gcc.dg/cpp/assert2.c test punctuation (test for errors, line 13)
FAIL: gcc.dg/cpp/assert2.c test number (test for errors, line 16)
FAIL: gcc.dg/cpp/assert2.c test with malformed answer (test for errors, line 23)
FAIL: gcc.dg/cpp/assert2.c (test for excess errors)
FAIL: gcc.dg/cpp/c89-pedantic.c  (test for warnings, line 9)
FAIL: gcc.dg/cpp/c89-pedantic.c (test for excess errors)
FAIL: gcc.dg/cpp/c89.c (test for excess errors)
FAIL: gcc.dg/cpp/c90-empty-macro-args.c  (test for warnings, line 15)
FAIL: gcc.dg/cpp/c90-empty-macro-args.c  (test for warnings, line 16)
FAIL: gcc.dg/cpp/c90-empty-macro-args.c  (test for warnings, line 17)
FAIL: gcc.dg/cpp/c90-empty-macro-args.c (test for excess errors)
FAIL: gcc.dg/cpp/c90-if-comma-1.c evaluated comma (test for errors, line 7)
FAIL: gcc.dg/cpp/c90-if-comma-1.c unevaluated comma (test for errors, line 10)
FAIL: gcc.dg/cpp/c90-if-comma-1.c (test for excess errors)
FAIL: gcc.dg/cpp/c90-pedantic.c  (test for warnings, line 9)
FAIL: gcc.dg/cpp/c90-pedantic.c (test for excess errors)
FAIL: gcc.dg/cpp/c90.c (test for excess errors)
FAIL: gcc.dg/cpp/c94.c (test for excess errors)
FAIL: gcc.dg/cpp/c99-empty-macro-args.c (test for excess errors)
FAIL: gcc.dg/cpp/c99-hexfloat-3.c (test for excess errors)
FAIL: gcc.dg/cpp/c99-if-comma-1.c evaluated comma (test for errors, line 7)
FAIL: gcc.dg/cpp/c99-if-comma-1.c (test for excess errors)
FAIL: gcc.dg/cpp/c99-pedantic.c (test for excess errors)
FAIL: gcc.dg/cproj-fails-with-broken-glibc.c execution test
XPASS: gcc.dg/guality/example.c  -O0  execution test
XPASS: gcc.dg/guality/example.c  -O1  execution test
XPASS: gcc.dg/guality/guality.c  -O0  execution test
XPASS: gcc.dg/guality/guality.c  -O1  execution test
XPASS: gcc.dg/guality/guality.c  -O2  execution test
XPASS: gcc.dg/guality/guality.c  -O3 -fomit-frame-pointer  execution test
XPASS: gcc.dg/guality/guality.c  -O3 -g  execution test
XPASS: gcc.dg/guality/guality.c  -Os  execution test
FAIL: gcc.dg/guality/inline-params.c  -O0  execution test
FAIL: gcc.dg/guality/inline-params.c  -O1  execution test
XPASS: gcc.dg/guality/pr41353-1.c  -O0  line 28 j == 28 + 37
XPASS: gcc.dg/guality/pr41447-1.c  -O0  execution test
XPASS: gcc.dg/guality/pr41447-1.c  -O1  execution test
XPASS: gcc.dg/guality/pr41447-1.c  -O2  execution test
XPASS: gcc.dg/guality/pr41447-1.c  -O3 -g  execution test
XPASS: gcc.dg/guality/pr41447-1.c  -Os  execution test
XPASS: gcc.dg/guality/pr41616-1.c  -O0  execution test
FAIL: gcc.dg/guality/vla-1.c  -O0  line 17 sizeof (a) == 6
FAIL: gcc.dg/guality/vla-1.c  -O0  line 24 sizeof (a) == 17 * sizeof (short)
FAIL: gcc.dg/guality/vla-1.c  -O1  line 24 sizeof (a) == 17 * sizeof (short)
FAIL: gcc.dg/guality/vla-1.c  -O2  line 24 sizeof (a) == 17 * sizeof (short)
FAIL: gcc.dg/guality/vla-1.c  -O3 -fomit-frame-pointer  line 24 sizeof (a) == 17 * sizeof (short)
FAIL: gcc.dg/guality/vla-1.c  -O3 -g  line 24 sizeof (a) == 17 * sizeof (short)
FAIL: gcc.dg/guality/vla-1.c  -Os  line 24 sizeof (a) == 17 * sizeof (short)
XPASS: gcc.dg/tree-ssa/20031106-3.c scan-tree-dump-times optimized "link_error" 0
XPASS: gcc.dg/tree-ssa/20040204-1.c scan-tree-dump-times optimized "link_error" 0
XPASS: gcc.dg/tree-ssa/fre-vce-1.c scan-tree-dump-times fre "sv.i" 2

		=== gcc Summary for unix/-m32 ===

# of expected passes		62446
# of unexpected failures	42
# of unexpected successes	18
# of expected failures		212
# of unsupported tests		1238

Running target unix/-m64
FAIL: gcc.dg/cproj-fails-with-broken-glibc.c execution test
XPASS: gcc.dg/guality/example.c  -O0  execution test
XPASS: gcc.dg/guality/example.c  -O1  execution test
XPASS: gcc.dg/guality/example.c  -O2  execution test
XPASS: gcc.dg/guality/example.c  -Os  execution test
XPASS: gcc.dg/guality/guality.c  -O0  execution test
XPASS: gcc.dg/guality/guality.c  -O1  execution test
XPASS: gcc.dg/guality/guality.c  -O2  execution test
XPASS: gcc.dg/guality/guality.c  -O3 -fomit-frame-pointer  execution test
XPASS: gcc.dg/guality/guality.c  -O3 -g  execution test
XPASS: gcc.dg/guality/guality.c  -Os  execution test
FAIL: gcc.dg/guality/inline-params.c  -O0  execution test
FAIL: gcc.dg/guality/inline-params.c  -O1  execution test
XPASS: gcc.dg/guality/pr41353-1.c  -O0  line 28 j == 28 + 37
XPASS: gcc.dg/guality/pr41447-1.c  -O0  execution test
XPASS: gcc.dg/guality/pr41447-1.c  -O1  execution test
XPASS: gcc.dg/guality/pr41447-1.c  -O2  execution test
XPASS: gcc.dg/guality/pr41447-1.c  -O3 -fomit-frame-pointer  execution test
XPASS: gcc.dg/guality/pr41447-1.c  -O3 -g  execution test
XPASS: gcc.dg/guality/pr41447-1.c  -Os  execution test
XPASS: gcc.dg/guality/pr41616-1.c  -O0  execution test
FAIL: gcc.dg/guality/vla-1.c  -O0  line 17 sizeof (a) == 6
FAIL: gcc.dg/guality/vla-1.c  -O0  line 24 sizeof (a) == 17 * sizeof (short)
FAIL: gcc.dg/guality/vla-1.c  -O1  line 17 sizeof (a) == 6
FAIL: gcc.dg/guality/vla-1.c  -O1  line 24 sizeof (a) == 17 * sizeof (short)
FAIL: gcc.dg/guality/vla-1.c  -O2  line 17 sizeof (a) == 6
FAIL: gcc.dg/guality/vla-1.c  -O2  line 24 sizeof (a) == 17 * sizeof (short)
FAIL: gcc.dg/guality/vla-1.c  -O3 -fomit-frame-pointer  line 17 sizeof (a) == 6
FAIL: gcc.dg/guality/vla-1.c  -O3 -fomit-frame-pointer  line 24 sizeof (a) == 17 * sizeof (short)
FAIL: gcc.dg/guality/vla-1.c  -O3 -g  line 17 sizeof (a) == 6
FAIL: gcc.dg/guality/vla-1.c  -O3 -g  line 24 sizeof (a) == 17 * sizeof (short)
FAIL: gcc.dg/guality/vla-1.c  -Os  line 17 sizeof (a) == 6
FAIL: gcc.dg/guality/vla-1.c  -Os  line 24 sizeof (a) == 17 * sizeof (short)
FAIL: gcc.dg/guality/vla-2.c  -O0  line 16 sizeof (a) == 5 * sizeof (int)
FAIL: gcc.dg/guality/vla-2.c  -O0  line 25 sizeof (a) == 6 * sizeof (int)
FAIL: gcc.dg/guality/vla-2.c  -O1  line 16 sizeof (a) == 5 * sizeof (int)
FAIL: gcc.dg/guality/vla-2.c  -O2  line 16 sizeof (a) == 5 * sizeof (int)
FAIL: gcc.dg/guality/vla-2.c  -O3 -fomit-frame-pointer  line 16 sizeof (a) == 5 * sizeof (int)
FAIL: gcc.dg/guality/vla-2.c  -O3 -g  line 16 sizeof (a) == 5 * sizeof (int)
FAIL: gcc.dg/guality/vla-2.c  -Os  line 16 sizeof (a) == 5 * sizeof (int)
XPASS: gcc.dg/tree-ssa/20031106-3.c scan-tree-dump-times optimized "link_error" 0
XPASS: gcc.dg/tree-ssa/20040204-1.c scan-tree-dump-times optimized "link_error" 0
XPASS: gcc.dg/tree-ssa/fre-vce-1.c scan-tree-dump-times fre "sv.i" 2

		=== gcc Summary for unix/-m64 ===

# of expected passes		62843
# of unexpected failures	22
# of unexpected successes	21
# of expected failures		208
# of unsupported tests		1566

		=== gcc Summary ===

# of expected passes		125289
# of unexpected failures	64
# of unexpected successes	39
# of expected failures		420
# of unsupported tests		2804
/home/guerby/build/gcc/xgcc  version 4.6.0 20100807 (experimental) [trunk revision 162974] (GCC) 

		=== gnat tests ===


Running target unix/-m32

		=== gnat Summary for unix/-m32 ===

# of expected passes		815
# of expected failures		10
# of unsupported tests		4

Running target unix/-m64

		=== gnat Summary for unix/-m64 ===

# of expected passes		815
# of expected failures		10
# of unsupported tests		4

		=== gnat Summary ===

# of expected passes		1630
# of expected failures		20
# of unsupported tests		8
		=== libgomp tests ===


Running target unix/-m32

		=== libgomp Summary for unix/-m32 ===

# of expected passes		266

Running target unix/-m64

		=== libgomp Summary for unix/-m64 ===

# of expected passes		266

		=== libgomp Summary ===

# of expected passes		532
		=== libmudflap tests ===


Running target unix/-m32
FAIL: libmudflap.c/pass49-frag.c execution test
FAIL: libmudflap.c/pass49-frag.c output pattern test
FAIL: libmudflap.c/pass49-frag.c execution test
FAIL: libmudflap.c/pass49-frag.c output pattern test
FAIL: libmudflap.c/pass49-frag.c (-static) execution test
FAIL: libmudflap.c/pass49-frag.c (-static) output pattern test
FAIL: libmudflap.c/pass49-frag.c (-static) execution test
FAIL: libmudflap.c/pass49-frag.c (-static) output pattern test
FAIL: libmudflap.c/pass49-frag.c (-O2) execution test
FAIL: libmudflap.c/pass49-frag.c (-O2) output pattern test
FAIL: libmudflap.c/pass49-frag.c (-O2) execution test
FAIL: libmudflap.c/pass49-frag.c (-O2) output pattern test
FAIL: libmudflap.c/pass49-frag.c (-O3) execution test
FAIL: libmudflap.c/pass49-frag.c (-O3) output pattern test
FAIL: libmudflap.c/pass49-frag.c (-O3) execution test
FAIL: libmudflap.c/pass49-frag.c (-O3) output pattern test

		=== libmudflap Summary for unix/-m32 ===

# of expected passes		1724
# of unexpected failures	16
# of unsupported tests		2

Running target unix/-m64
FAIL: libmudflap.c/pass49-frag.c execution test
FAIL: libmudflap.c/pass49-frag.c output pattern test
FAIL: libmudflap.c/pass49-frag.c execution test
FAIL: libmudflap.c/pass49-frag.c output pattern test
FAIL: libmudflap.c/pass49-frag.c (-static) execution test
FAIL: libmudflap.c/pass49-frag.c (-static) output pattern test
FAIL: libmudflap.c/pass49-frag.c (-static) execution test
FAIL: libmudflap.c/pass49-frag.c (-static) output pattern test
FAIL: libmudflap.c/pass49-frag.c (-O2) execution test
FAIL: libmudflap.c/pass49-frag.c (-O2) output pattern test
FAIL: libmudflap.c/pass49-frag.c (-O2) execution test
FAIL: libmudflap.c/pass49-frag.c (-O2) output pattern test
FAIL: libmudflap.c/pass49-frag.c (-O3) execution test
FAIL: libmudflap.c/pass49-frag.c (-O3) output pattern test
FAIL: libmudflap.c/pass49-frag.c (-O3) execution test
FAIL: libmudflap.c/pass49-frag.c (-O3) output pattern test

		=== libmudflap Summary for unix/-m64 ===

# of expected passes		1724
# of unexpected failures	16
# of unsupported tests		2

		=== libmudflap Summary ===

# of expected passes		3448
# of unexpected failures	32
# of unsupported tests		4

Compiler version: 4.6.0 20100807 (experimental) [trunk revision 162974] (GCC) 
Platform: x86_64-unknown-linux-gnu
configure flags: --disable-nls --enable-__cxa_atexit --enable-threads=posix --with-mpfr=/opt/cfarm/mpfr-2.4.1 --enable-languages=c,ada --prefix=/n/17/guerby/install-trunk --with-gmp=/opt/cfarm/gmp-4.2.4 --with-mpc=/opt/cfarm/mpc-0.8


Index Nav: [Date Index] [Subject Index] [Author Index] [Thread Index]
Message Nav: [Date Prev] [Date Next] [Thread Prev] [Thread Next]