This is the mail archive of the gcc-testresults@gcc.gnu.org mailing list for the GCC project.


Index Nav: [Date Index] [Subject Index] [Author Index] [Thread Index]
Message Nav: [Date Prev] [Date Next] [Thread Prev] [Thread Next]
Other format: [Raw text]

Results for 4.4.5 20100805 (prerelease) [gcc-4_4-branch revision 162922] (GCC) gcc testsuite on m32c-unknown-elf


Debian 5 on x86_64
cross tool versions:
GNU assembler (GNU Binutils) 2.18.50.20080419
GNU gdb 6.8.50.20080419-cvs
GNU ld (GNU Binutils) 2.18.50.20080419

GNU Make 3.81
expect version 5.43.0
host gcc version: gcc (GCC) 4.6.0 20100805 (experimental) [trunk revision 162922]
LAST_UPDATED: Thu Aug  5 22:15:53 UTC 2010 (revision 162922)

Target is m32c-unknown-elf
Host   is x86_64-unknown-linux-gnu

		=== gcc tests ===


Running target m32c-sim
FAIL: gcc.c-torture/compile/pr35318.c  -O0  (test for excess errors)
FAIL: gcc.c-torture/compile/pr35318.c  -O1  (test for excess errors)
FAIL: gcc.c-torture/compile/pr35318.c  -O2  (test for excess errors)
FAIL: gcc.c-torture/compile/pr35318.c  -O3 -fomit-frame-pointer  (test for excess errors)
FAIL: gcc.c-torture/compile/pr35318.c  -O3 -g  (test for excess errors)
FAIL: gcc.c-torture/compile/pr35318.c  -Os  (test for excess errors)
FAIL: gcc.c-torture/compile/pr40204.c  -O0  (test for excess errors)
FAIL: gcc.c-torture/compile/pr40204.c  -O1  (test for excess errors)
FAIL: gcc.c-torture/compile/pr40204.c  -O2  (test for excess errors)
FAIL: gcc.c-torture/compile/pr40204.c  -O3 -fomit-frame-pointer  (test for excess errors)
FAIL: gcc.c-torture/compile/pr40204.c  -O3 -g  (test for excess errors)
FAIL: gcc.c-torture/compile/pr40204.c  -Os  (test for excess errors)
FAIL: gcc.c-torture/compile/pr41181.c  -O0  (test for excess errors)
FAIL: gcc.c-torture/compile/pr41181.c  -O1  (test for excess errors)
FAIL: gcc.c-torture/compile/pr41181.c  -O2  (test for excess errors)
FAIL: gcc.c-torture/compile/pr41181.c  -O3 -fomit-frame-pointer  (test for excess errors)
FAIL: gcc.c-torture/compile/pr41181.c  -O3 -g  (test for excess errors)
FAIL: gcc.c-torture/compile/pr41181.c  -Os  (test for excess errors)
FAIL: gcc.c-torture/compile/pr43191.c  -O0  (test for excess errors)
FAIL: gcc.c-torture/compile/pr43191.c  -O1  (test for excess errors)
FAIL: gcc.c-torture/compile/pr43191.c  -O2  (test for excess errors)
FAIL: gcc.c-torture/compile/pr43191.c  -O3 -fomit-frame-pointer  (test for excess errors)
FAIL: gcc.c-torture/compile/pr43191.c  -O3 -g  (test for excess errors)
FAIL: gcc.c-torture/compile/pr43191.c  -Os  (test for excess errors)
FAIL: gcc.c-torture/execute/builtins/strcat-chk.c execution,  -O3 -fomit-frame-pointer -funroll-all-loops -finline-functions 
FAIL: gcc.c-torture/execute/builtins/strncat-chk.c execution,  -O3 -fomit-frame-pointer -funroll-all-loops -finline-functions 
FAIL: gcc.c-torture/execute/bitfld-3.c execution,  -O1 
FAIL: gcc.c-torture/execute/builtin-bitops-1.c compilation,  -O0 
UNRESOLVED: gcc.c-torture/execute/builtin-bitops-1.c execution,  -O0 
FAIL: gcc.c-torture/execute/builtin-bitops-1.c compilation,  -O1 
UNRESOLVED: gcc.c-torture/execute/builtin-bitops-1.c execution,  -O1 
FAIL: gcc.c-torture/execute/builtin-bitops-1.c compilation,  -O2 
UNRESOLVED: gcc.c-torture/execute/builtin-bitops-1.c execution,  -O2 
FAIL: gcc.c-torture/execute/builtin-bitops-1.c compilation,  -O3 -fomit-frame-pointer 
UNRESOLVED: gcc.c-torture/execute/builtin-bitops-1.c execution,  -O3 -fomit-frame-pointer 
FAIL: gcc.c-torture/execute/builtin-bitops-1.c compilation,  -O3 -fomit-frame-pointer -funroll-loops 
UNRESOLVED: gcc.c-torture/execute/builtin-bitops-1.c execution,  -O3 -fomit-frame-pointer -funroll-loops 
FAIL: gcc.c-torture/execute/builtin-bitops-1.c compilation,  -O3 -fomit-frame-pointer -funroll-all-loops -finline-functions 
UNRESOLVED: gcc.c-torture/execute/builtin-bitops-1.c execution,  -O3 -fomit-frame-pointer -funroll-all-loops -finline-functions 
FAIL: gcc.c-torture/execute/builtin-bitops-1.c compilation,  -O3 -g 
UNRESOLVED: gcc.c-torture/execute/builtin-bitops-1.c execution,  -O3 -g 
FAIL: gcc.c-torture/execute/builtin-bitops-1.c compilation,  -Os 
UNRESOLVED: gcc.c-torture/execute/builtin-bitops-1.c execution,  -Os 
FAIL: gcc.c-torture/execute/ffs-1.c compilation,  -O0 
UNRESOLVED: gcc.c-torture/execute/ffs-1.c execution,  -O0 
FAIL: gcc.c-torture/execute/ffs-1.c compilation,  -O1 
UNRESOLVED: gcc.c-torture/execute/ffs-1.c execution,  -O1 
FAIL: gcc.c-torture/execute/ffs-1.c compilation,  -O2 
UNRESOLVED: gcc.c-torture/execute/ffs-1.c execution,  -O2 
FAIL: gcc.c-torture/execute/ffs-1.c compilation,  -O3 -fomit-frame-pointer 
UNRESOLVED: gcc.c-torture/execute/ffs-1.c execution,  -O3 -fomit-frame-pointer 
FAIL: gcc.c-torture/execute/ffs-1.c compilation,  -O3 -g 
UNRESOLVED: gcc.c-torture/execute/ffs-1.c execution,  -O3 -g 
FAIL: gcc.c-torture/execute/ffs-1.c compilation,  -Os 
UNRESOLVED: gcc.c-torture/execute/ffs-1.c execution,  -Os 
FAIL: gcc.c-torture/execute/ffs-2.c compilation,  -O0 
UNRESOLVED: gcc.c-torture/execute/ffs-2.c execution,  -O0 
FAIL: gcc.c-torture/execute/ffs-2.c compilation,  -O1 
UNRESOLVED: gcc.c-torture/execute/ffs-2.c execution,  -O1 
FAIL: gcc.c-torture/execute/ffs-2.c compilation,  -O2 
UNRESOLVED: gcc.c-torture/execute/ffs-2.c execution,  -O2 
FAIL: gcc.c-torture/execute/ffs-2.c compilation,  -O3 -fomit-frame-pointer 
UNRESOLVED: gcc.c-torture/execute/ffs-2.c execution,  -O3 -fomit-frame-pointer 
FAIL: gcc.c-torture/execute/ffs-2.c compilation,  -O3 -fomit-frame-pointer -funroll-loops 
UNRESOLVED: gcc.c-torture/execute/ffs-2.c execution,  -O3 -fomit-frame-pointer -funroll-loops 
FAIL: gcc.c-torture/execute/ffs-2.c compilation,  -O3 -fomit-frame-pointer -funroll-all-loops -finline-functions 
UNRESOLVED: gcc.c-torture/execute/ffs-2.c execution,  -O3 -fomit-frame-pointer -funroll-all-loops -finline-functions 
FAIL: gcc.c-torture/execute/ffs-2.c compilation,  -O3 -g 
UNRESOLVED: gcc.c-torture/execute/ffs-2.c execution,  -O3 -g 
FAIL: gcc.c-torture/execute/ffs-2.c compilation,  -Os 
UNRESOLVED: gcc.c-torture/execute/ffs-2.c execution,  -Os 
FAIL: gcc.c-torture/execute/mode-dependent-address.c execution,  -O3 -fomit-frame-pointer -funroll-loops 
FAIL: gcc.c-torture/execute/mode-dependent-address.c execution,  -O3 -fomit-frame-pointer -funroll-all-loops -finline-functions 
FAIL: gcc.c-torture/execute/pr40404.c compilation,  -O0 
UNRESOLVED: gcc.c-torture/execute/pr40404.c execution,  -O0 
FAIL: gcc.c-torture/execute/pr40404.c compilation,  -O1 
UNRESOLVED: gcc.c-torture/execute/pr40404.c execution,  -O1 
FAIL: gcc.c-torture/execute/pr40404.c compilation,  -O2 
UNRESOLVED: gcc.c-torture/execute/pr40404.c execution,  -O2 
FAIL: gcc.c-torture/execute/pr40404.c compilation,  -O3 -fomit-frame-pointer 
UNRESOLVED: gcc.c-torture/execute/pr40404.c execution,  -O3 -fomit-frame-pointer 
FAIL: gcc.c-torture/execute/pr40404.c compilation,  -O3 -g 
UNRESOLVED: gcc.c-torture/execute/pr40404.c execution,  -O3 -g 
FAIL: gcc.c-torture/execute/pr40404.c compilation,  -Os 
UNRESOLVED: gcc.c-torture/execute/pr40404.c execution,  -Os 
FAIL: gcc.c-torture/execute/pr40668.c execution,  -O0 
FAIL: gcc.c-torture/execute/pr40668.c execution,  -O1 
FAIL: gcc.c-torture/execute/pr40668.c execution,  -O2 
FAIL: gcc.c-torture/execute/pr40668.c execution,  -O3 -fomit-frame-pointer 
FAIL: gcc.c-torture/execute/pr40668.c execution,  -O3 -g 
FAIL: gcc.c-torture/execute/pr40668.c execution,  -Os 
WARNING: program timed out.
FAIL: gcc.c-torture/execute/pr43220.c execution,  -O0 
FAIL: gcc.c-torture/execute/pr43220.c execution,  -O3 -fomit-frame-pointer 
WARNING: Could not compile gcc.dg/compat/struct-layout-1 generator
FAIL: gcc.dg/Wstrict-aliasing-bogus-ref-all.c (test for excess errors)
FAIL: gcc.dg/Wstrict-aliasing-converted-assigned.c (test for excess errors)
FAIL: gcc.dg/asm-4.c (internal compiler error)
FAIL: gcc.dg/asm-4.c (test for excess errors)
FAIL: gcc.dg/cleanup-12.c execution test
FAIL: gcc.dg/cleanup-13.c execution test
FAIL: gcc.dg/cleanup-5.c execution test
FAIL: gcc.dg/ftrapv-1.c (test for excess errors)
UNRESOLVED: gcc.dg/ftrapv-1.c compilation failed to produce executable
FAIL: gcc.dg/ftrapv-2.c (test for excess errors)
UNRESOLVED: gcc.dg/ftrapv-2.c compilation failed to produce executable
FAIL: gcc.dg/initpri1.c execution test
FAIL: gcc.dg/pr34225.c (test for excess errors)
FAIL: gcc.dg/pr39226.c (test for excess errors)
FAIL: gcc.dg/pr40971.c (test for excess errors)
FAIL: gcc.dg/pr43402.c (test for excess errors)
FAIL: gcc.dg/pr43419.c execution test
FAIL: gcc.dg/sibcall-3.c execution test
FAIL: gcc.dg/sibcall-4.c execution test
FAIL: gcc.dg/sms-6.c execution test
FAIL: gcc.dg/sms-7.c execution test
FAIL: gcc.dg/utf-cvt.c  (test for warnings, line 47)
FAIL: gcc.dg/utf-cvt.c  (test for warnings, line 48)
FAIL: gcc.dg/utf-cvt.c  (test for warnings, line 49)
FAIL: gcc.dg/utf-cvt.c (test for excess errors)
FAIL: gcc.dg/special/gcsec-1.c (test for excess errors)
FAIL: gcc.dg/torture/pr37868.c  -O0  (test for excess errors)
UNRESOLVED: gcc.dg/torture/pr37868.c  -O0  compilation failed to produce executable
FAIL: gcc.dg/torture/pr37868.c  -O1  (test for excess errors)
UNRESOLVED: gcc.dg/torture/pr37868.c  -O1  compilation failed to produce executable
FAIL: gcc.dg/torture/pr37868.c  -O2  (test for excess errors)
UNRESOLVED: gcc.dg/torture/pr37868.c  -O2  compilation failed to produce executable
FAIL: gcc.dg/torture/pr37868.c  -O3 -fomit-frame-pointer  (test for excess errors)
UNRESOLVED: gcc.dg/torture/pr37868.c  -O3 -fomit-frame-pointer  compilation failed to produce executable
FAIL: gcc.dg/torture/pr37868.c  -O3 -g  (test for excess errors)
UNRESOLVED: gcc.dg/torture/pr37868.c  -O3 -g  compilation failed to produce executable
FAIL: gcc.dg/torture/pr37868.c  -Os  (test for excess errors)
UNRESOLVED: gcc.dg/torture/pr37868.c  -Os  compilation failed to produce executable
FAIL: gcc.dg/torture/pr43165.c  -O0  (test for excess errors)
FAIL: gcc.dg/torture/pr43165.c  -O1  (test for excess errors)
FAIL: gcc.dg/torture/pr43165.c  -O2  (test for excess errors)
FAIL: gcc.dg/torture/pr43165.c  -O3 -fomit-frame-pointer  (test for excess errors)
FAIL: gcc.dg/torture/pr43165.c  -O3 -fomit-frame-pointer -funroll-loops  (test for excess errors)
FAIL: gcc.dg/torture/pr43165.c  -O3 -fomit-frame-pointer -funroll-all-loops -finline-functions  (test for excess errors)
FAIL: gcc.dg/torture/pr43165.c  -O3 -g  (test for excess errors)
FAIL: gcc.dg/torture/pr43165.c  -Os  (test for excess errors)
XPASS: gcc.dg/tree-ssa/20040204-1.c scan-tree-dump-times optimized "link_error" 0
FAIL: gcc.dg/tree-ssa/gen-vect-11.c scan-tree-dump-times vect "vectorized 1 loops" 1
FAIL: gcc.dg/tree-ssa/gen-vect-25.c scan-tree-dump-times vect "vectorized 2 loops" 1
FAIL: gcc.dg/tree-ssa/loop-35.c scan-tree-dump-times lim "Executing store motion of" 8
FAIL: gcc.dg/tree-ssa/pr23455.c scan-tree-dump-times pre "Eliminated: 3" 1
FAIL: gcc.dg/tree-ssa/pr33920.c  (test for warnings, line 33)
FAIL: gcc.dg/tree-ssa/pr42585.c scan-tree-dump-times optimized "struct _fat_ptr _ans" 0
FAIL: gcc.dg/tree-ssa/pr42585.c scan-tree-dump-times optimized "struct _fat_ptr _T2" 0
FAIL: gcc.dg/tree-ssa/vrp47.c scan-tree-dump-times vrp1 "[xy][^ ]* !=" 0
FAIL: gcc.dg/tree-ssa/vrp47.c scan-tree-dump-times dom1 "x[^ ]* & y" 1
FAIL: gcc.dg/tree-ssa/vrp47.c scan-tree-dump-times vrp1 "x[^ ]* [|] y" 1

		=== gcc Summary ===

# of expected passes		48967
# of unexpected failures	113
# of unexpected successes	1
# of expected failures		116
# of unresolved testcases	36
# of unsupported tests		769
/home/mstein/sim/gcc-4_4-branch/m32c-elf/build/gcc/xgcc  version 4.4.5 20100805 (prerelease) [gcc-4_4-branch revision 162922] (GCC) 


Compiler version: 4.4.5 20100805 (prerelease) [gcc-4_4-branch revision 162922] (GCC) gcc 
Platform: m32c-unknown-elf
configure flags: --target=m32c-elf --prefix=/home/mstein/cross-local/m32c-elf --enable-languages=c --disable-nls --disable-build-warnings --with-sysroot=/home/mstein/cross-local/m32c-elf --with-build-sysroot=/home/mstein/cross-local/m32c-elf --with-ld=/home/mstein/cross-local/m32c-elf/usr/bin/ld --with-as=/home/mstein/cross-local/m32c-elf/usr/bin/as --disable-libssp --with-mpfr=/opt/cfarm/mpfr-2.3.2


Index Nav: [Date Index] [Subject Index] [Author Index] [Thread Index]
Message Nav: [Date Prev] [Date Next] [Thread Prev] [Thread Next]