This is the mail archive of the
gcc-testresults@gcc.gnu.org
mailing list for the GCC project.
Results for 4.5.1 (Blastwave.org Inc. Tue Aug 4 04:55:44 GMT 2010) testsuite on sparc-sun-solaris2.10
- From: Dennis Clarke <dclarke at blastwave dot org>
- To: gcc-testresults at gcc dot gnu dot org
- Date: Wed, 04 Aug 2010 23:33:01 -0400 (EDT)
- Subject: Results for 4.5.1 (Blastwave.org Inc. Tue Aug 4 04:55:44 GMT 2010) testsuite on sparc-sun-solaris2.10
- Reply-to: dclarke at blastwave dot org
uname -a
SunOS neptune 5.10 Generic_142900-14 sun4u sparc SUNW,Sun-Blade-2500
[neptune] /opt/bw/bin/gas --version
GNU assembler (GNU Binutils) 2.20.1.20100303
Copyright 2009 Free Software Foundation, Inc.
This program is free software; you may redistribute it under the terms of
the GNU General Public License version 3 or later.
This program has absolutely no warranty.
This assembler was configured for a target of `sparc-sun-solaris2.10'.
[neptune]
[neptune] which gcc
/opt/csw/gcc4/bin/gcc
[neptune] /opt/csw/gcc4/bin/gcc --version
gcc (GCC) 4.3.4
Copyright (C) 2008 Free Software Foundation, Inc.
This is free software; see the source for copying conditions. There is NO
warranty; not even for MERCHANTABILITY or FITNESS FOR A PARTICULAR PURPOSE.
[neptune] /opt/csw/gcc4/bin/gcc -v
Using built-in specs.
Target: sparc-sun-solaris2.8
Configured with: ../gcc-4.3.4/configure --with-gnu-as
--with-as=/opt/csw/bin/gas --without-gnu-ld --with-ld=/usr/ccs/bin/ld
--with-cpu=v7 --enable-threads=posix --enable-nls --prefix=/opt/csw/gcc4
--with-local-prefix=/opt/csw --enable-shared --enable-multilib
--with-included-gettext --with-libiconv-prefix=/opt/csw --with-system-zlib
--with-gmp=/opt/csw --with-mpfr=/opt/csw
--enable-languages=c,c++,fortran,java,objc,ada --enable-bootstrap
Thread model: posix
gcc version 4.3.4 (GCC)
[neptune] psrinfo
0 on-line since 07/18/2010 03:21:32
1 on-line since 07/18/2010 03:21:31
[neptune]
[neptune] ../../gcc-4.5.1/contrib/test_summary
cat <<'EOF' |
LAST_UPDATED: Obtained from SVN: tags/gcc_4_5_1_release revision 162774
=== acats tests ===
FAIL: c52103x
FAIL: c52104x
FAIL: c52104y
FAIL: cb1010a
FAIL: cb1010c
FAIL: cb1010d
=== acats Summary ===
# of expected passes 2315
# of unexpected failures 6
Native configuration is sparc-sun-solaris2.10
=== g++ tests ===
Running target unix
FAIL: g++.dg/ext/visibility/fvisibility-inlines-hidden-2.C scan-not-hidden
FAIL: g++.dg/ext/visibility/fvisibility-inlines-hidden-3.C scan-not-hidden
FAIL: g++.dg/ext/visibility/fvisibility-inlines-hidden-3.C scan-not-hidden
FAIL: g++.dg/ext/visibility/fvisibility-override1.C scan-not-hidden
FAIL: g++.dg/ext/visibility/fvisibility-override2.C scan-not-hidden
FAIL: g++.dg/ext/visibility/guard1.C scan-not-hidden
FAIL: g++.dg/ext/visibility/ms-compat-1.C scan-not-hidden
FAIL: g++.dg/ext/visibility/ms-compat-1.C scan-not-hidden
FAIL: g++.dg/ext/visibility/ms-compat-1.C scan-not-hidden
FAIL: g++.dg/ext/visibility/namespace1.C scan-not-hidden
FAIL: g++.dg/ext/visibility/new1.C scan-not-hidden
FAIL: g++.dg/ext/visibility/template1.C scan-not-hidden
FAIL: g++.dg/ext/visibility/template1.C scan-not-hidden
FAIL: g++.dg/ext/visibility/template2.C scan-not-hidden
FAIL: g++.dg/ext/visibility/template2.C scan-not-hidden
FAIL: g++.dg/ext/visibility/template3.C scan-not-hidden
FAIL: g++.dg/ext/visibility/template3.C scan-not-hidden
FAIL: g++.dg/ext/visibility/template4.C scan-not-hidden
FAIL: g++.dg/ext/visibility/template4.C scan-not-hidden
FAIL: g++.dg/ext/visibility/template4.C scan-not-hidden
FAIL: g++.dg/ext/visibility/template4.C scan-not-hidden
FAIL: g++.dg/ext/visibility/template6.C scan-not-hidden
FAIL: g++.dg/ext/visibility/typeinfo1.C scan-not-hidden
FAIL: g++.dg/ext/visibility/typeinfo1.C scan-not-hidden
FAIL: g++.dg/ext/visibility/typeinfo2.C scan-not-hidden
FAIL: g++.dg/ext/visibility/typeinfo3.C scan-not-hidden
FAIL: g++.dg/ext/visibility/typeinfo3.C scan-not-hidden
FAIL: g++.dg/ext/visibility/warn3.C scan-not-hidden
FAIL: g++.dg/lto/20090303 cp_lto_20090303_0.o-cp_lto_20090303_0.o execute
-fwhopr
FAIL: g++.old-deja/g++.mike/visibility-1.C scan-not-hidden
=== g++ Summary ===
# of expected passes 22106
# of unexpected failures 30
# of expected failures 152
# of unsupported tests 226
/opt/bw/src/build/GCC/sparc/gcc-4.5.1/gcc/testsuite/g++/../../g++ version
4.5.1 (Blastwave.org Inc. Tue Aug 4 04:55:44 GMT 2010)
=== gcc tests ===
Running target unix
FAIL: gcc.c-torture/compile/limits-exprparen.c -O0 (test for excess errors)
FAIL: gcc.c-torture/compile/limits-exprparen.c -O1 (test for excess errors)
FAIL: gcc.c-torture/compile/limits-exprparen.c -O2 (test for excess errors)
FAIL: gcc.c-torture/compile/limits-exprparen.c -O3 -fomit-frame-pointer
(test for excess errors)
FAIL: gcc.c-torture/compile/limits-exprparen.c -O3 -g (test for excess
errors)
FAIL: gcc.c-torture/compile/limits-exprparen.c -Os (test for excess errors)
FAIL: gcc.c-torture/compile/limits-exprparen.c -O2 -flto (test for
excess errors)
FAIL: gcc.c-torture/compile/limits-exprparen.c -O2 -fwhopr (test for
excess errors)
FAIL: gcc.dg/visibility-d.c scan-not-hidden
FAIL: gcc.dg/visibility-d.c scan-not-hidden
FAIL: gcc.dg/visibility-d.c scan-not-hidden
FAIL: gcc.dg/visibility-d.c scan-not-hidden
FAIL: gcc.dg/visibility-d.c scan-not-hidden
FAIL: gcc.dg/visibility-d.c scan-not-hidden
FAIL: gcc.dg/visibility-d.c scan-not-hidden
FAIL: gcc.dg/visibility-d.c scan-not-hidden
FAIL: gcc.dg/visibility-d.c scan-not-hidden
FAIL: gcc.dg/visibility-d.c scan-not-hidden
FAIL: gcc.dg/visibility-d.c scan-not-hidden
FAIL: gcc.dg/visibility-d.c scan-not-hidden
FAIL: gcc.dg/visibility-d.c scan-not-hidden
FAIL: gcc.dg/visibility-d.c scan-not-hidden
FAIL: gcc.dg/visibility-d.c scan-not-hidden
FAIL: gcc.dg/visibility-d.c scan-not-hidden
FAIL: gcc.dg/visibility-d.c scan-not-hidden
FAIL: gcc.dg/visibility-d.c scan-not-hidden
FAIL: gcc.dg/visibility-d.c scan-not-hidden
FAIL: gcc.dg/visibility-d.c scan-not-hidden
FAIL: gcc.dg/visibility-d.c scan-not-hidden
FAIL: gcc.dg/visibility-d.c scan-not-hidden
FAIL: gcc.dg/visibility-d.c scan-not-hidden
FAIL: gcc.dg/visibility-d.c scan-not-hidden
FAIL: gcc.dg/visibility-d.c scan-not-hidden
FAIL: gcc.dg/visibility-d.c scan-not-hidden
FAIL: gcc.dg/visibility-d.c scan-not-hidden
FAIL: gcc.dg/visibility-d.c scan-not-hidden
FAIL: gcc.dg/visibility-d.c scan-not-hidden
FAIL: gcc.dg/visibility-d.c scan-not-hidden
FAIL: gcc.dg/vect/pr43430-1.c scan-tree-dump-times vect "vectorized 1
loops" 1
FAIL: gcc.dg/vect/slp-multitypes-2.c execution test
=== gcc Summary ===
# of expected passes 64502
# of unexpected failures 40
# of expected failures 194
# of unsupported tests 890
/opt/bw/src/build/GCC/sparc/gcc-4.5.1/gcc/xgcc version 4.5.1
(Blastwave.org Inc. Tue Aug 4 04:55:44 GMT 2010)
=== gfortran tests ===
Running target unix
FAIL: gfortran.fortran-torture/execute/forall_7.f90 execution, -O2
-fomit-frame-pointer -finline-functions -funroll-loops
=== gfortran Summary ===
# of expected passes 33979
# of unexpected failures 1
# of expected failures 23
# of unsupported tests 179
/opt/bw/src/build/GCC/sparc/gcc-4.5.1/gcc/testsuite/gfortran/../../gfortran
version 4.5.1 (Blastwave.org Inc. Tue Aug 4 04:55:44 GMT 2010)
=== gnat tests ===
Running target unix
FAIL: gnat.dg/null_pointer_deref1.adb execution test
FAIL: gnat.dg/null_pointer_deref2.adb execution test
FAIL: gnat.dg/stack_check1.adb execution test
FAIL: gnat.dg/stack_check2.adb execution test
=== gnat Summary ===
# of expected passes 753
# of unexpected failures 4
# of expected failures 7
# of unsupported tests 3
=== objc tests ===
Running target unix
=== objc Summary ===
# of expected passes 1874
# of expected failures 15
# of unsupported tests 20
/opt/bw/src/build/GCC/sparc/gcc-4.5.1/gcc/xgcc version 4.5.1
(Blastwave.org Inc. Tue Aug 4 04:55:44 GMT 2010)
=== libgomp tests ===
Running target unix
=== libgomp Summary ===
# of expected passes 2476
# of unsupported tests 9
=== libstdc++ tests ===
Running target unix
XPASS: 27_io/basic_istream/extractors_arithmetic/char/12.cc execution test
XPASS: 27_io/basic_istream/extractors_arithmetic/wchar_t/12.cc execution test
=== libstdc++ Summary ===
# of expected passes 6550
# of unexpected successes 2
# of expected failures 90
# of unsupported tests 510
Compiler version: 4.5.1 (Blastwave.org Inc. Tue Aug 4 04:55:44 GMT 2010)
Platform: sparc-sun-solaris2.10
configure flags: --host=sparc-sun-solaris2.10
--build=sparc-sun-solaris2.10 --with-gnu-as --with-as=/opt/bw/bin/gas
--without-gnu-ld --with-ld=/usr/ccs/bin/ld --with-cpu=v7
--enable-stage1-languages=c --enable-nls --enable-threads=posix
--prefix=/opt/bw/gcc4 --with-local-prefix=/opt/bw --enable-shared
--enable-multilib --with-mpc-include=/opt/bw/include
--with-mpc-lib=/opt/bw/lib/sparcv8 --with-mpfr-include=/opt/bw/include
--with-mpfr-lib=/opt/bw/lib/sparcv8 --with-gmp-include=/opt/bw/include
--with-gmp-lib=/opt/bw/lib/sparcv8 --with-pkgversion='Blastwave.org Inc.
Tue Aug 4 04:55:44 GMT 2010'
--with-bugurl=http://www.blastwave.org/support
--enable-languages=c,c++,objc,fortran,ada --enable-bootstrap
EOF
--
Dennis Clarke
dclarke@opensolaris.ca <- Email related to the open source Solaris
dclarke@blastwave.org <- Email related to open source for Solaris