This is the mail archive of the
gcc-testresults@gcc.gnu.org
mailing list for the GCC project.
Results for 4.6.0 20100801 (experimental) [trunk revision 162805] (GCC) testsuite on hppa-unknown-linux-gnu
- From: dave at gsyprf11 dot external dot hp dot com (John David Anglin)
- To: dave dot anglin at nrc-cnrc dot gc dot ca, gcc-testresults at gcc dot gnu dot org
- Date: Tue, 3 Aug 2010 15:38:44 -0700 (PDT)
- Subject: Results for 4.6.0 20100801 (experimental) [trunk revision 162805] (GCC) testsuite on hppa-unknown-linux-gnu
LAST_UPDATED: Sun Aug 1 21:19:32 UTC 2010 (revision 162805)
=== acats tests ===
=== acats Summary ===
# of expected passes 2321
# of unexpected failures 0
Native configuration is hppa-unknown-linux-gnu
=== g++ tests ===
Running target unix
FAIL: g++.dg/debug/dwarf2/lineno-simple1.C scan-assembler _ZN1CC[12]Ev:[^\\\\t]*(\\\\t.file[^\\\\t]*)?\\\\t[^:]+:4\\\\n
FAIL: g++.dg/debug/dwarf2/lineno-simple1.C scan-assembler _ZN1C3fooEv:[^\\\\t]*(\\\\t.file[^\\\\t]*)?\\\\t[^:]+:6\\\\n
FAIL: g++.dg/debug/dwarf2/lineno-simple1.C scan-assembler main:[^\\\\t]*(\\\\t.file[^\\\\t]*)?\\\\t[^:]+:12\\\\n
FAIL: g++.dg/debug/dwarf2/nested-2.C scan-assembler [^\\n\\r]*\\\\(DIE[^\\n\\r]*DW_TAG_structure_type\\\\)[\\n\\r]+[^\\n\\r]*"S\\\\\\\\0"[ \\t]+(#|//)[ \\t]+DW_AT_name[\\n\\r]+(.*)?\\\\(DIE[^\\n\\r]*DW_TAG_structure_type\\\\)[\\n\\r]+[^\\n\\r]*"T<int>\\\\\\\\0"[ \\t]+(.*)?\\\\(DIE[^\\n\\r]*DW_TAG_template_type_param\\\\)[\\n\\r]+[^\\n\\r]*[\\n\\r]+[^\\n\\r]*[\\n\\r]+[^\\n\\r]*(#|//)[ \\t]+end of children of DIE[^\\n\\r]*[\\n\\r]+[^\\n\\r]*end of children of DIE[^\\n\\r]*
FAIL: g++.dg/debug/dwarf2/pr44641.C scan-assembler _ZN12MisplacedDbgI4FullEC[12]Ev:[^\\\\t]*(\\\\t.file[^\\\\t]*)?\\\\t[^:]+:21\\\\n
FAIL: g++.dg/debug/dwarf2/pr44641.C scan-assembler _ZN12MisplacedDbgI4FullED0Ev:[^\\\\t]*(\\\\t.file[^\\\\t]*)?\\\\t[^:]+:21\\\\n
FAIL: g++.dg/debug/dwarf2/pr44641.C scan-assembler _ZN12MisplacedDbgIP3ArgEC[12]Ev:[^\\\\t]*(\\\\t.file[^\\\\t]*)?\\\\t[^:]+:28\\\\n
FAIL: g++.dg/debug/dwarf2/pr44641.C scan-assembler _ZN12MisplacedDbgIP3ArgED0Ev:[^\\\\t]*(\\\\t.file[^\\\\t]*)?\\\\t[^:]+:28\\\\n
FAIL: g++.dg/debug/dwarf2/pr44641.C scan-assembler _ZN12MisplacedDbgI3ArgEC[12]Ev:[^\\\\t]*(\\\\t.file[^\\\\t]*)?\\\\t[^:]+:34\\\\n
FAIL: g++.dg/debug/dwarf2/pr44641.C scan-assembler _ZN12MisplacedDbgI3ArgED0Ev:[^\\\\t]*(\\\\t.file[^\\\\t]*)?\\\\t[^:]+:34\\\\n
FAIL: g++.dg/lto/20081109 cp_lto_20081109_0.o-cp_lto_20081109_1.o execute -O2 -fwhopr
=== g++ Summary ===
# of expected passes 23558
# of unexpected failures 11
# of expected failures 149
# of unsupported tests 208
/home2/dave/gcc-4.6/objdir/gcc/testsuite/g++/../../g++ version 4.6.0 20100801 (experimental) [trunk revision 162805] (GCC)
=== gcc tests ===
Running target unix
FAIL: gcc.dg/cproj-fails-with-broken-glibc.c execution test
FAIL: gcc.dg/torture/builtin-cproj-1.c -O1 (test for excess errors)
XPASS: gcc.dg/tree-ssa/20031106-3.c scan-tree-dump-times optimized "link_error" 0
XPASS: gcc.dg/tree-ssa/20040204-1.c scan-tree-dump-times optimized "link_error" 0
XPASS: gcc.dg/tree-ssa/fre-vce-1.c scan-tree-dump-times fre "sv.i" 2
XPASS: gcc.dg/tree-ssa/loop-1.c scan-assembler-times foo 5
=== gcc Summary ===
# of expected passes 64769
# of unexpected failures 2
# of unexpected successes 4
# of expected failures 111
# of unsupported tests 754
/home2/dave/gcc-4.6/objdir/gcc/xgcc version 4.6.0 20100801 (experimental) [trunk revision 162805] (GCC)
=== gfortran tests ===
Running target unix
FAIL: gfortran.dg/abstract_type_6.f03 -O (internal compiler error)
FAIL: gfortran.dg/abstract_type_6.f03 -O (test for excess errors)
FAIL: gfortran.dg/bind_c_dts_3.f03 -O (internal compiler error)
FAIL: gfortran.dg/bind_c_dts_3.f03 -O (test for excess errors)
FAIL: gfortran.dg/c_assoc_2.f03 -O (internal compiler error)
FAIL: gfortran.dg/c_assoc_2.f03 -O (test for excess errors)
FAIL: gfortran.dg/c_ptr_tests_5.f03 -O (internal compiler error)
FAIL: gfortran.dg/c_ptr_tests_5.f03 -O (test for excess errors)
FAIL: gfortran.dg/finalize_3.f03 -O (internal compiler error)
FAIL: gfortran.dg/finalize_3.f03 -O (test for excess errors)
FAIL: gfortran.dg/function_kinds_5.f90 -O (internal compiler error)
FAIL: gfortran.dg/function_kinds_5.f90 -O (test for excess errors)
FAIL: gfortran.dg/pr41928.f90 -O (internal compiler error)
FAIL: gfortran.dg/pr41928.f90 -O (test for excess errors)
FAIL: gfortran.dg/proc_decl_3.f90 -O (internal compiler error)
FAIL: gfortran.dg/proc_decl_3.f90 -O (test for excess errors)
FAIL: gfortran.dg/proc_ptr_comp_pass_4.f90 -O (internal compiler error)
FAIL: gfortran.dg/proc_ptr_comp_pass_4.f90 -O (test for excess errors)
FAIL: gfortran.dg/proc_ptr_result_2.f90 -O (internal compiler error)
FAIL: gfortran.dg/proc_ptr_result_2.f90 -O (test for excess errors)
FAIL: gfortran.dg/typebound_call_15.f03 -O (internal compiler error)
FAIL: gfortran.dg/typebound_call_15.f03 -O (test for excess errors)
FAIL: gfortran.dg/typebound_call_4.f03 -O (internal compiler error)
FAIL: gfortran.dg/typebound_call_4.f03 -O (test for excess errors)
FAIL: gfortran.dg/typebound_operator_2.f03 -O (internal compiler error)
FAIL: gfortran.dg/typebound_operator_2.f03 -O (test for excess errors)
FAIL: gfortran.dg/typebound_proc_13.f03 -O (internal compiler error)
FAIL: gfortran.dg/typebound_proc_13.f03 -O (test for excess errors)
FAIL: gfortran.dg/typebound_proc_15.f03 -O (internal compiler error)
FAIL: gfortran.dg/typebound_proc_15.f03 -O (test for excess errors)
FAIL: gfortran.dg/typebound_proc_5.f03 -O (internal compiler error)
FAIL: gfortran.dg/typebound_proc_5.f03 -O (test for errors, line 109)
FAIL: gfortran.dg/typebound_proc_5.f03 -O (test for excess errors)
FAIL: gfortran.dg/typebound_proc_6.f03 -O (internal compiler error)
FAIL: gfortran.dg/typebound_proc_6.f03 -O (test for excess errors)
=== gfortran Summary ===
# of expected passes 34400
# of unexpected failures 35
# of expected failures 38
# of unsupported tests 288
/home2/dave/gcc-4.6/objdir/gcc/testsuite/gfortran/../../gfortran version 4.6.0 20100801 (experimental) [trunk revision 162805] (GCC)
=== gnat tests ===
Running target unix
FAIL: gnat.dg/lto1.adb (internal compiler error)
FAIL: gnat.dg/lto1.adb (test for excess errors)
UNRESOLVED: gnat.dg/lto1.adb compilation failed to produce executable
=== gnat Summary ===
# of expected passes 814
# of unexpected failures 2
# of expected failures 10
# of unresolved testcases 1
# of unsupported tests 4
=== obj-c++ tests ===
Running target unix
UNRESOLVED: obj-c++.dg/lookup-2.mm -fgnu-runtime compilation failed to produce executable
UNRESOLVED: obj-c++.dg/try-catch-2.mm -fgnu-runtime compilation failed to produce executable
UNRESOLVED: obj-c++.dg/try-catch-9.mm -fgnu-runtime compilation failed to produce executable
=== obj-c++ Summary ===
# of expected passes 566
# of expected failures 3
# of unresolved testcases 3
# of unsupported tests 15
/home2/dave/gcc-4.6/objdir/gcc/testsuite/obj-c++/../../g++ version 4.6.0 20100801 (experimental) [trunk revision 162805] (GCC)
=== objc tests ===
Running target unix
=== objc Summary ===
# of expected passes 1999
# of expected failures 15
# of unsupported tests 20
/home2/dave/gcc-4.6/objdir/gcc/xgcc version 4.6.0 20100801 (experimental) [trunk revision 162805] (GCC)
=== libffi tests ===
Running target unix
=== libffi Summary ===
# of expected passes 1624
# of expected failures 10
# of unsupported tests 15
=== libgomp tests ===
Running target unix
=== libgomp Summary ===
# of expected passes 2480
# of unsupported tests 7
=== libjava tests ===
Running target unix
FAIL: events output
=== libjava Summary ===
# of expected passes 2573
# of unexpected failures 1
=== libmudflap tests ===
Running target unix
FAIL: libmudflap.c/pass49-frag.c execution test
FAIL: libmudflap.c/pass49-frag.c output pattern test
FAIL: libmudflap.c/pass49-frag.c execution test
FAIL: libmudflap.c/pass49-frag.c output pattern test
FAIL: libmudflap.c/pass49-frag.c (-static) execution test
FAIL: libmudflap.c/pass49-frag.c (-static) output pattern test
FAIL: libmudflap.c/pass49-frag.c (-static) execution test
FAIL: libmudflap.c/pass49-frag.c (-static) output pattern test
FAIL: libmudflap.c/pass49-frag.c (-O2) execution test
FAIL: libmudflap.c/pass49-frag.c (-O2) output pattern test
FAIL: libmudflap.c/pass49-frag.c (-O2) execution test
FAIL: libmudflap.c/pass49-frag.c (-O2) output pattern test
FAIL: libmudflap.c/pass49-frag.c (-O3) execution test
FAIL: libmudflap.c/pass49-frag.c (-O3) output pattern test
FAIL: libmudflap.c/pass49-frag.c (-O3) execution test
FAIL: libmudflap.c/pass49-frag.c (-O3) output pattern test
FAIL: libmudflap.c++/pass41-frag.cxx execution test
FAIL: libmudflap.c++/pass41-frag.cxx (-static) execution test
FAIL: libmudflap.c++/pass41-frag.cxx (-O2) execution test
FAIL: libmudflap.c++/pass41-frag.cxx (-O3) execution test
=== libmudflap Summary ===
# of expected passes 1874
# of unexpected failures 20
=== libstdc++ tests ===
Running target unix
FAIL: tr1/5_numerical_facilities/special_functions/01_assoc_laguerre/check_nan.cc (test for excess errors)
UNRESOLVED: tr1/5_numerical_facilities/special_functions/01_assoc_laguerre/check_nan.cc compilation failed to produce executable
FAIL: tr1/5_numerical_facilities/special_functions/01_assoc_laguerre/compile.cc (test for excess errors)
FAIL: tr1/5_numerical_facilities/special_functions/01_assoc_laguerre/compile_2.cc (test for excess errors)
FAIL: tr1/5_numerical_facilities/special_functions/18_laguerre/check_nan.cc (test for excess errors)
UNRESOLVED: tr1/5_numerical_facilities/special_functions/18_laguerre/check_nan.cc compilation failed to produce executable
FAIL: tr1/5_numerical_facilities/special_functions/18_laguerre/compile.cc (test for excess errors)
FAIL: tr1/5_numerical_facilities/special_functions/18_laguerre/compile_2.cc (test for excess errors)
=== libstdc++ Summary ===
# of expected passes 7019
# of unexpected failures 6
# of expected failures 60
# of unresolved testcases 2
# of unsupported tests 355
Compiler version: 4.6.0 20100801 (experimental) [trunk revision 162805] (GCC)
Platform: hppa-unknown-linux-gnu
configure flags: --with-gnu-as --with-gnu-ld --enable-shared --enable-nls --prefix=/home2/dave/opt/gnu/gcc/gcc-4.6.0 --with-local-prefix=/home2/dave/opt/gnu --enable-threads=posix --enable-__cxa_atexit --build=hppa-linux --enable-clocale=gnu --enable-java-gc=boehm --enable-java-awt=xlib --enable-languages=c,c++,objc,fortran,obj-c++,java,ada