This is the mail archive of the gcc-testresults@gcc.gnu.org mailing list for the GCC project.


Index Nav: [Date Index] [Subject Index] [Author Index] [Thread Index]
Message Nav: [Date Prev] [Date Next] [Thread Prev] [Thread Next]
Other format: [Raw text]

Results for 4.5.1 (Debian 4.5.1-1) testsuite on i486-pc-kfreebsd-gnu


LAST_UPDATED: Obtained from SVN: tags/gcc_4_5_1_release revision 162774

Target: i486-kfreebsd-gnu
gcc version 4.5.1 (Debian 4.5.1-1) 
Native configuration is i486-pc-kfreebsd-gnu

		=== g++ tests ===


Running target unix

		=== g++ Summary for unix ===

# of expected passes		22999
# of expected failures		151
# of unsupported tests		137

Running target unix/-fstack-protector

		=== g++ Summary for unix/-fstack-protector ===

# of expected passes		22999
# of expected failures		151
# of unsupported tests		137

		=== g++ Summary ===

# of expected passes		45998
# of expected failures		302
# of unsupported tests		274
/build/buildd-gcc-4.5_4.5.1-1-kfreebsd-i386-TFkFTC/gcc-4.5-4.5.1/build/gcc/testsuite/g++/../../g++  version 4.5.1 (Debian 4.5.1-1) 

		=== gcc tests ===


Running target unix
FAIL: gcc.dg/pr34668-1.c (internal compiler error)
FAIL: gcc.dg/pr34668-1.c (test for excess errors)
FAIL: largefile.c  -O0 -g -I. (test for excess errors)
FAIL: gcc.dg/pch/largefile.c  -O0 -g assembly comparison
FAIL: largefile.c   -O0  -I. (test for excess errors)
FAIL: gcc.dg/pch/largefile.c   -O0  assembly comparison
FAIL: largefile.c   -O1  -I. (test for excess errors)
FAIL: gcc.dg/pch/largefile.c   -O1  assembly comparison
FAIL: largefile.c   -O2  -I. (test for excess errors)
FAIL: gcc.dg/pch/largefile.c   -O2  assembly comparison
FAIL: largefile.c   -O3 -fomit-frame-pointer  -I. (test for excess errors)
FAIL: gcc.dg/pch/largefile.c   -O3 -fomit-frame-pointer  assembly comparison
FAIL: largefile.c   -O3 -g  -I. (test for excess errors)
FAIL: gcc.dg/pch/largefile.c   -O3 -g  assembly comparison
FAIL: largefile.c   -Os  -I. (test for excess errors)
FAIL: gcc.dg/pch/largefile.c   -Os  assembly comparison

		=== gcc Summary for unix ===

# of expected passes		71168
# of unexpected failures	16
# of expected failures		178
# of unsupported tests		681

Running target unix/-fstack-protector
FAIL: gcc.dg/pr34668-1.c (internal compiler error)
FAIL: gcc.dg/pr34668-1.c (test for excess errors)
FAIL: largefile.c  -O0 -g -I. (test for excess errors)
FAIL: gcc.dg/pch/largefile.c  -O0 -g assembly comparison
FAIL: largefile.c   -O0  -I. (test for excess errors)
FAIL: gcc.dg/pch/largefile.c   -O0  assembly comparison
FAIL: largefile.c   -O1  -I. (test for excess errors)
FAIL: gcc.dg/pch/largefile.c   -O1  assembly comparison
FAIL: largefile.c   -O2  -I. (test for excess errors)
FAIL: gcc.dg/pch/largefile.c   -O2  assembly comparison
FAIL: largefile.c   -O3 -fomit-frame-pointer  -I. (test for excess errors)
FAIL: gcc.dg/pch/largefile.c   -O3 -fomit-frame-pointer  assembly comparison
FAIL: largefile.c   -O3 -g  -I. (test for excess errors)
FAIL: gcc.dg/pch/largefile.c   -O3 -g  assembly comparison
FAIL: largefile.c   -Os  -I. (test for excess errors)
FAIL: gcc.dg/pch/largefile.c   -Os  assembly comparison

		=== gcc Summary for unix/-fstack-protector ===

# of expected passes		71168
# of unexpected failures	16
# of expected failures		178
# of unsupported tests		681

		=== gcc Summary ===

# of expected passes		142336
# of unexpected failures	32
# of expected failures		356
# of unsupported tests		1362
/build/buildd-gcc-4.5_4.5.1-1-kfreebsd-i386-TFkFTC/gcc-4.5-4.5.1/build/gcc/xgcc  version 4.5.1 (Debian 4.5.1-1) 

		=== gfortran tests ===


Running target unix
FAIL: gfortran.dg/allocatable_function_1.f90  -O0  scan-tree-dump-times original "free" 10
FAIL: gfortran.dg/allocatable_function_1.f90  -O1  scan-tree-dump-times original "free" 10
FAIL: gfortran.dg/allocatable_function_1.f90  -O2  scan-tree-dump-times original "free" 10
FAIL: gfortran.dg/allocatable_function_1.f90  -O3 -fomit-frame-pointer  scan-tree-dump-times original "free" 10
FAIL: gfortran.dg/allocatable_function_1.f90  -O3 -fomit-frame-pointer -funroll-loops  scan-tree-dump-times original "free" 10
FAIL: gfortran.dg/allocatable_function_1.f90  -O3 -fomit-frame-pointer -funroll-all-loops -finline-functions  scan-tree-dump-times original "free" 10
FAIL: gfortran.dg/allocatable_function_1.f90  -O3 -g  scan-tree-dump-times original "free" 10
FAIL: gfortran.dg/allocatable_function_1.f90  -Os  scan-tree-dump-times original "free" 10

		=== gfortran Summary for unix ===

# of expected passes		34107
# of unexpected failures	8
# of expected failures		31
# of unsupported tests		145

Running target unix/-fstack-protector
FAIL: gfortran.dg/allocatable_function_1.f90  -O0  scan-tree-dump-times original "free" 10
FAIL: gfortran.dg/allocatable_function_1.f90  -O1  scan-tree-dump-times original "free" 10
FAIL: gfortran.dg/allocatable_function_1.f90  -O2  scan-tree-dump-times original "free" 10
FAIL: gfortran.dg/allocatable_function_1.f90  -O3 -fomit-frame-pointer  scan-tree-dump-times original "free" 10
FAIL: gfortran.dg/allocatable_function_1.f90  -O3 -fomit-frame-pointer -funroll-loops  scan-tree-dump-times original "free" 10
FAIL: gfortran.dg/allocatable_function_1.f90  -O3 -fomit-frame-pointer -funroll-all-loops -finline-functions  scan-tree-dump-times original "free" 10
FAIL: gfortran.dg/allocatable_function_1.f90  -O3 -g  scan-tree-dump-times original "free" 10
FAIL: gfortran.dg/allocatable_function_1.f90  -Os  scan-tree-dump-times original "free" 10

		=== gfortran Summary for unix/-fstack-protector ===

# of expected passes		34107
# of unexpected failures	8
# of expected failures		31
# of unsupported tests		145

		=== gfortran Summary ===

# of expected passes		68214
# of unexpected failures	16
# of expected failures		62
# of unsupported tests		290
/build/buildd-gcc-4.5_4.5.1-1-kfreebsd-i386-TFkFTC/gcc-4.5-4.5.1/build/gcc/testsuite/gfortran/../../gfortran  version 4.5.1 (Debian 4.5.1-1) 

		=== obj-c++ tests ===


Running target unix
UNRESOLVED: obj-c++.dg/lookup-2.mm -fgnu-runtime compilation failed to produce executable
UNRESOLVED: obj-c++.dg/try-catch-2.mm -fgnu-runtime compilation failed to produce executable
UNRESOLVED: obj-c++.dg/try-catch-9.mm -fgnu-runtime compilation failed to produce executable

		=== obj-c++ Summary for unix ===

# of expected passes		440
# of expected failures		3
# of unresolved testcases	3
# of unsupported tests		14

Running target unix/-fstack-protector
UNRESOLVED: obj-c++.dg/lookup-2.mm -fgnu-runtime compilation failed to produce executable
UNRESOLVED: obj-c++.dg/try-catch-2.mm -fgnu-runtime compilation failed to produce executable
UNRESOLVED: obj-c++.dg/try-catch-9.mm -fgnu-runtime compilation failed to produce executable

		=== obj-c++ Summary for unix/-fstack-protector ===

# of expected passes		440
# of expected failures		3
# of unresolved testcases	3
# of unsupported tests		14

		=== obj-c++ Summary ===

# of expected passes		880
# of expected failures		6
# of unresolved testcases	6
# of unsupported tests		28
/build/buildd-gcc-4.5_4.5.1-1-kfreebsd-i386-TFkFTC/gcc-4.5-4.5.1/build/gcc/testsuite/obj-c++/../../g++  version 4.5.1 (Debian 4.5.1-1) 

		=== objc tests ===


Running target unix

		=== objc Summary for unix ===

# of expected passes		1882
# of expected failures		7
# of unsupported tests		20

Running target unix/-fstack-protector

		=== objc Summary for unix/-fstack-protector ===

# of expected passes		1882
# of expected failures		7
# of unsupported tests		20

		=== objc Summary ===

# of expected passes		3764
# of expected failures		14
# of unsupported tests		40
/build/buildd-gcc-4.5_4.5.1-1-kfreebsd-i386-TFkFTC/gcc-4.5-4.5.1/build/gcc/xgcc  version 4.5.1 (Debian 4.5.1-1) 

		=== libgomp tests ===


Running target unix
FAIL: libgomp.c/lock-1.c execution test

		=== libgomp Summary for unix ===

# of expected passes		2535
# of unexpected failures	1
# of unsupported tests		2

Running target unix/-fstack-protector
FAIL: libgomp.c/lib-1.c execution test
FAIL: libgomp.c/lock-1.c execution test
FAIL: libgomp.c/lock-2.c execution test

		=== libgomp Summary for unix/-fstack-protector ===

# of expected passes		2533
# of unexpected failures	3
# of unsupported tests		2

		=== libgomp Summary ===

# of expected passes		5068
# of unexpected failures	4
# of unsupported tests		4
		=== libmudflap tests ===


Running target unix
FAIL: libmudflap.c/pass46-frag.c (-O2) (test for excess errors)
FAIL: libmudflap.c/pass46-frag.c (-O2) (test for excess errors)
FAIL: libmudflap.c/fail31-frag.c (-O3) output pattern test
FAIL: libmudflap.c/pass45-frag.c (-O3) execution test
FAIL: libmudflap.c/pass45-frag.c (-O3) output pattern test
FAIL: libmudflap.c/pass45-frag.c (-O3) execution test
FAIL: libmudflap.c/pass45-frag.c (-O3) output pattern test
FAIL: libmudflap.c/pass46-frag.c (-O3) (test for excess errors)
FAIL: libmudflap.c/pass46-frag.c (-O3) (test for excess errors)
FAIL: libmudflap.c++/pass41-frag.cxx execution test
FAIL: libmudflap.c++/pass41-frag.cxx (-static) execution test
FAIL: libmudflap.c++/pass41-frag.cxx ( -O) execution test
FAIL: libmudflap.c++/pass41-frag.cxx (-O2) execution test
FAIL: libmudflap.c++/pass41-frag.cxx (-O3) execution test

		=== libmudflap Summary for unix ===

# of expected passes		1880
# of unexpected failures	14

Running target unix/-fstack-protector
FAIL: libmudflap.c/pass46-frag.c (-O2) (test for excess errors)
FAIL: libmudflap.c/pass46-frag.c (-O2) (test for excess errors)
FAIL: libmudflap.c/fail31-frag.c (-O3) crash test
FAIL: libmudflap.c/fail31-frag.c (-O3) output pattern test
FAIL: libmudflap.c/pass45-frag.c (-O3) execution test
FAIL: libmudflap.c/pass45-frag.c (-O3) output pattern test
FAIL: libmudflap.c/pass45-frag.c (-O3) execution test
FAIL: libmudflap.c/pass45-frag.c (-O3) output pattern test
FAIL: libmudflap.c/pass46-frag.c (-O3) (test for excess errors)
FAIL: libmudflap.c/pass46-frag.c (-O3) (test for excess errors)
FAIL: libmudflap.c++/pass41-frag.cxx execution test
FAIL: libmudflap.c++/pass41-frag.cxx (-static) execution test
FAIL: libmudflap.c++/pass41-frag.cxx ( -O) execution test
FAIL: libmudflap.c++/pass41-frag.cxx (-O2) execution test
FAIL: libmudflap.c++/pass41-frag.cxx (-O3) execution test

		=== libmudflap Summary for unix/-fstack-protector ===

# of expected passes		1879
# of unexpected failures	15

		=== libmudflap Summary ===

# of expected passes		3759
# of unexpected failures	29
		=== libstdc++ tests ===


Running target unix
FAIL: 26_numerics/headers/cmath/c99_classification_macros_c.cc (test for excess errors)

		=== libstdc++ Summary for unix ===

# of expected passes		6553
# of unexpected failures	1
# of expected failures		90
# of unsupported tests		504

Running target unix/-fstack-protector
FAIL: 26_numerics/headers/cmath/c99_classification_macros_c.cc (test for excess errors)

		=== libstdc++ Summary for unix/-fstack-protector ===

# of expected passes		6553
# of unexpected failures	1
# of expected failures		90
# of unsupported tests		504

		=== libstdc++ Summary ===

# of expected passes		13106
# of unexpected failures	2
# of expected failures		180
# of unsupported tests		1008

		=== libstdc++ Summary ===


Compiler version: 4.5.1 (Debian 4.5.1-1) 
Platform: i486-pc-kfreebsd-gnu
configure flags: -v --with-pkgversion='Debian 4.5.1-1' --with-bugurl=file:///usr/share/doc/gcc-4.5/README.Bugs --enable-languages=c,c++,fortran,objc,obj-c++ --prefix=/usr --enable-shared --enable-multiarch --enable-linker-build-id --with-system-zlib --libexecdir=/usr/lib --without-included-gettext --enable-threads=posix --with-gxx-include-dir=/usr/include/c++/4.5 --program-suffix=-4.5 --enable-nls --enable-clocale=gnu --enable-libstdcxx-debug --enable-libstdcxx-time=yes --enable-plugin --enable-objc-gc --with-arch-32=i586 --with-tune=generic --enable-checking=yes --build=i486-kfreebsd-gnu --host=i486-kfreebsd-gnu --target=i486-kfreebsd-gnu
BOOT_CFLAGS=


Build Dependencies:
Desired=Unknown/Install/Remove/Purge/Hold
| Status=Not/Inst/Conf-files/Unpacked/halF-conf/Half-inst/trig-aWait/Trig-pend
|/ Err?=(none)/Reinst-required (Status,Err: uppercase=bad)
||/ Name                                                        Version                Description
+++-===========================================================-======================-==============================================
ii  binutils                                                    2.20.51.20100418-1     The GNU assembler, linker and binary utilities
ii  g++-4.4                                                     4.4.4-7                The GNU C++ compiler
ii  libc0.1                                                     2.11.2-2               Embedded GNU C Library: Shared libraries
ii  libcloog-ppl-dev                                            0.15.9-1               the Chunky Loop Generator (development files)
ii  libgmp3-dev                                                 2:4.3.2+dfsg-1         Multiprecision arithmetic library developers t
ii  libmpc-dev                                                  0.8.2-1                multiple precision complex floating-point libr
ii  libmpfr-dev                                                 3.0.0-2                multiple precision floating-point computation 
ii  libppl0.10-dev                                              0.10.2-6               Parma Polyhedra Library (development)


svn-updates:
  updates from the 4.5 branch upto 20100731 (r162781).

gcc-textdomain:
  Set gettext's domain and textdomain to the versioned package name.

gcc-driver-extra-langs:
  Add options and specs for languages that are not built from a source
  (but built from separate sources).

gcc-hash-style-both:
  Link using --hash-style=both (alpha, amd64, armel, ia64, i386, powerpc, ppc64, s390, sparc)

libstdc++-pic:
  Build and install libstdc++_pic.a library.

libstdc++-doclink:
  adjust hrefs to point to the local documentation

libstdc++-man-3cxx:
  Install libstdc++ man pages with suffix .3cxx instead of .3

libstdc++-test-installed:
  Add support to run the libstdc++-v3 testsuite using the
  installed shared libraries.

libjava-stacktrace:
  libgcj: Lookup source file name and line number in separated
  debug files found in /usr/lib/debug

libjava-subdir:
  - Set the libjava sublibdir to /usr/lib/gcj-4.5
  - Set the default libgcj database dir to /var/lib/gcj-4.5

libjava-jnipath:
  - Add /usr/lib/jni to java.library.path.
  - When running the i386 binaries on amd64, look in
  - /usr/lib32/gcj-x.y and /usr/lib32/jni instead.

libjava-sjlj:
  Don't try to use _Unwind_Backtrace on SJLJ targets.
  See bug #387875, #388505, GCC PR 29206.

libjava-disable-plugin:
  Don't build the gcjwebplugin, even when configured with --enable-plugin

libjava-josm-fixes:
  Backport two fixes to let josm run with gcj.

alpha-no-ev4-directive:
  never emit .ev4 directive.

boehm-gc-getnprocs:
  boehm-gc/pthread_support.c (GC_get_nprocs): Use sysconf as fallback.

note-gnu-stack:
  Add .note.GNU-stack sections for gcc's crt files, libffi and boehm-gc
  Taken from FC.

m68k-allow-gnu99:
  patch to allow gnu99 mode on m68k

libgomp-omp_h-multilib:
  Fix up omp.h for multilibs.

sparc-force-cpu:
  On sparc default to ultrasparc (v9a) in 32bit mode

pr41848:
  Fix PR objc/41848 - workaround ObjC and -fsection-anchors.

gcc-plugindir:
  Search for plugins in a default plugin dir, backport from the trunk.

pr43847:
  Proposed patch for PR bootstrap/43847

gcc-arm-implicit-it:
  Pass -mimplicit-it=thumb if -mthumb to as on ARM.

pr45079:
  Proposed fix for PR c/45079

pr45112:
  Proposed fix for PR c++/45112

kbsd-gnu:
  GNU/k*BSD support

gcc-ice-hack:
  Retry the build on an ice, save the calling options and preprocessed
  source when the ice is reproducible.

gcc-ice-apport:
  Report an ICE to apport (if apport is available
  and the environment variable GCC_NOAPPORT is not set)

libjava-disable-static:
  Disable building the static libjava.

libjava-fixed-symlinks:
  Remove unneed '..' elements from symlinks in JAVA_HOME

libstdc++-arm-wno-abi:
  Temporary work around:
  On arm-linux-gnueabi run the libstdc++v3 testsuite with -Wno-abi

ada-mips:
  Improve support for mips.

arm-unbreak-eabi-armv4t:
  Fix armv4t build on ARM

gcc-multiarch:
  Add multiarch support to GCC.
  
  Convert the multilib option to a target triplet,
  add multiarch include directories and libraries path:
  	/usr/local/include/<arch>-linux-gnu
  	/usr/include/<arch>-linux-gnu
  	/usr/lib/<arch>-linux-gnu
  to the system paths.

mips-triarch:
  Build a tri-arch compiler on mips-linux-gnu.
  http://gcc.gnu.org/ml/gcc-patches/2009-03/msg01047.html

libjava-nobiarch-check:
  For biarch builds, disable the testsuite for the non-default architecture
  for runtime libraries, which are not built by default (libjava).

config-ml:
  disable some biarch libraries for biarch builds

s390-biarch:
  Build a bi-arch compiler on s390-linux-gnu.
  http://gcc.gnu.org/ml/gcc-patches/2009-03/msg01044.html

gcc-powerpc-nof:
  Don't build nof multlib on powerpc.

gcc-no-add-needed:
  On linux targets pass --no-add-needed to the linker.

mips-fix-loongson2f-nop:
  On mips, pass -mfix-loongson2f-nop to as, if -mno-fix-loongson2f-nop
  is not passed.

pr40521-sequel:
  Sequel to PR40521 -- -g causes GCC to generate .eh_frame


Index Nav: [Date Index] [Subject Index] [Author Index] [Thread Index]
Message Nav: [Date Prev] [Date Next] [Thread Prev] [Thread Next]