This is the mail archive of the
gcc-testresults@gcc.gnu.org
mailing list for the GCC project.
Results for 4.6.0 20100728 (experimental) (GCC) testsuite on i686-pc-linux-gnu
- From: GCC regression tester <regress at geoffk dot org>
- To: gcc-testresults at gcc dot gnu dot org
- Date: Wed, 28 Jul 2010 09:55:55 -0700
- Subject: Results for 4.6.0 20100728 (experimental) (GCC) testsuite on i686-pc-linux-gnu
This build run by an automatic regression tester.
See <http://glutton.geoffk.org/HEAD/> for more information.
Date: 2010-07-28T15:33:05Z
Revision: 162636
URL: svn://gcc.gnu.org/svn/gcc/trunk
Status: regress-2
Prev-Endtime: 2010-07-28T15:32:14Z
Native configuration is i686-pc-linux-gnu
=== g++ tests ===
Running target unix
FAIL: g++.dg/cpp0x/auto3.C (test for errors, line 13)
FAIL: g++.dg/cpp0x/auto3.C (test for excess errors)
FAIL: g++.dg/guality/redeclaration1.C -O0 line 16 i == 24
FAIL: g++.dg/guality/redeclaration1.C -O1 line 16 i == 24
FAIL: g++.dg/guality/redeclaration1.C -O2 line 16 i == 24
FAIL: g++.dg/guality/redeclaration1.C -O3 -fomit-frame-pointer line 16 i == 24
FAIL: g++.dg/guality/redeclaration1.C -O3 -g line 16 i == 24
FAIL: g++.dg/guality/redeclaration1.C -Os line 16 i == 24
FAIL: g++.dg/guality/redeclaration1.C -O2 -flto line 16 i == 24
FAIL: g++.dg/guality/redeclaration1.C -O2 -fwhopr line 16 i == 24
FAIL: g++.dg/lto/20081109 cp_lto_20081109_0.o-cp_lto_20081109_1.o execute -O2 -fwhopr
=== g++ Summary ===
# of expected passes 24718
# of unexpected failures 11
# of expected failures 149
# of unsupported tests 127
/home/regress/tbox/native/build/gcc/testsuite/g++/../../g++ version 4.6.0 20100728 (experimental) (GCC)
=== gcc tests ===
Running target unix
FAIL: gcc.c-torture/compile/limits-exprparen.c -O0 (internal compiler error)
FAIL: gcc.c-torture/compile/limits-exprparen.c -O0 (test for excess errors)
FAIL: gcc.c-torture/compile/limits-exprparen.c -O1 (internal compiler error)
FAIL: gcc.c-torture/compile/limits-exprparen.c -O1 (test for excess errors)
FAIL: gcc.c-torture/compile/limits-exprparen.c -O2 (internal compiler error)
FAIL: gcc.c-torture/compile/limits-exprparen.c -O2 (test for excess errors)
FAIL: gcc.c-torture/compile/limits-exprparen.c -O3 -fomit-frame-pointer (internal compiler error)
FAIL: gcc.c-torture/compile/limits-exprparen.c -O3 -fomit-frame-pointer (test for excess errors)
FAIL: gcc.c-torture/compile/limits-exprparen.c -O3 -g (internal compiler error)
FAIL: gcc.c-torture/compile/limits-exprparen.c -O3 -g (test for excess errors)
FAIL: gcc.c-torture/compile/limits-exprparen.c -Os (internal compiler error)
FAIL: gcc.c-torture/compile/limits-exprparen.c -Os (test for excess errors)
FAIL: gcc.c-torture/compile/limits-exprparen.c -O2 -flto (internal compiler error)
FAIL: gcc.c-torture/compile/limits-exprparen.c -O2 -flto (test for excess errors)
FAIL: gcc.c-torture/compile/limits-exprparen.c -O2 -fwhopr (internal compiler error)
FAIL: gcc.c-torture/compile/limits-exprparen.c -O2 -fwhopr (test for excess errors)
FAIL: gcc.dg/cproj-fails-with-broken-glibc.c execution test
XPASS: gcc.dg/guality/example.c -O0 execution test
XPASS: gcc.dg/guality/example.c -O1 execution test
XPASS: gcc.dg/guality/guality.c -O0 execution test
XPASS: gcc.dg/guality/guality.c -O1 execution test
XPASS: gcc.dg/guality/guality.c -O2 execution test
XPASS: gcc.dg/guality/guality.c -O3 -fomit-frame-pointer execution test
XPASS: gcc.dg/guality/guality.c -O3 -g execution test
XPASS: gcc.dg/guality/guality.c -Os execution test
XPASS: gcc.dg/guality/guality.c -O2 -flto execution test
XPASS: gcc.dg/guality/guality.c -O2 -fwhopr execution test
FAIL: gcc.dg/guality/inline-params.c -O0 execution test
FAIL: gcc.dg/guality/inline-params.c -O1 execution test
XPASS: gcc.dg/guality/pr41353-1.c -O0 line 28 j == 28 + 37
FAIL: gcc.dg/guality/pr41353-1.c -O2 -flto line 28 i == 37
FAIL: gcc.dg/guality/pr41353-1.c -O2 -fwhopr line 28 i == 37
XPASS: gcc.dg/guality/pr41447-1.c -O0 execution test
XPASS: gcc.dg/guality/pr41447-1.c -O1 execution test
XPASS: gcc.dg/guality/pr41447-1.c -O2 execution test
XPASS: gcc.dg/guality/pr41447-1.c -O3 -g execution test
XPASS: gcc.dg/guality/pr41447-1.c -Os execution test
XPASS: gcc.dg/guality/pr41447-1.c -O2 -flto execution test
XPASS: gcc.dg/guality/pr41447-1.c -O2 -fwhopr execution test
XPASS: gcc.dg/guality/pr41616-1.c -O0 execution test
FAIL: gcc.dg/guality/pr43077-1.c -O2 -flto line 11 varb == 2
FAIL: gcc.dg/guality/pr43077-1.c -O2 -flto line 42 varb == 2
FAIL: gcc.dg/guality/pr43077-1.c -O2 -fwhopr line 11 varb == 2
FAIL: gcc.dg/guality/pr43077-1.c -O2 -fwhopr line 42 varb == 2
FAIL: gcc.dg/guality/sra-1.c -O2 -flto line 20 a.i == 4
FAIL: gcc.dg/guality/sra-1.c -O2 -flto line 20 a.j == 14
FAIL: gcc.dg/guality/sra-1.c -O2 -flto line 42 a.i == 4
FAIL: gcc.dg/guality/sra-1.c -O2 -flto line 42 a.j == 14
FAIL: gcc.dg/guality/sra-1.c -O2 -fwhopr line 20 a.i == 4
FAIL: gcc.dg/guality/sra-1.c -O2 -fwhopr line 20 a.j == 14
FAIL: gcc.dg/guality/sra-1.c -O2 -fwhopr line 42 a.i == 4
FAIL: gcc.dg/guality/sra-1.c -O2 -fwhopr line 42 a.j == 14
FAIL: gcc.dg/guality/vla-1.c -O0 line 17 sizeof (a) == 6
FAIL: gcc.dg/guality/vla-1.c -O0 line 24 sizeof (a) == 17 * sizeof (short)
FAIL: gcc.dg/guality/vla-1.c -O1 line 24 sizeof (a) == 17 * sizeof (short)
FAIL: gcc.dg/guality/vla-1.c -O2 line 24 sizeof (a) == 17 * sizeof (short)
FAIL: gcc.dg/guality/vla-1.c -O3 -fomit-frame-pointer line 24 sizeof (a) == 17 * sizeof (short)
FAIL: gcc.dg/guality/vla-1.c -O3 -g line 24 sizeof (a) == 17 * sizeof (short)
FAIL: gcc.dg/guality/vla-1.c -Os line 24 sizeof (a) == 17 * sizeof (short)
FAIL: gcc.dg/guality/vla-1.c -O2 -flto line 17 sizeof (a) == 6
FAIL: gcc.dg/guality/vla-1.c -O2 -flto line 24 sizeof (a) == 17 * sizeof (short)
FAIL: gcc.dg/guality/vla-1.c -O2 -fwhopr line 17 sizeof (a) == 6
FAIL: gcc.dg/guality/vla-1.c -O2 -fwhopr line 24 sizeof (a) == 17 * sizeof (short)
XPASS: gcc.dg/tree-ssa/20031106-3.c scan-tree-dump-times optimized "link_error" 0
XPASS: gcc.dg/tree-ssa/20040204-1.c scan-tree-dump-times optimized "link_error" 0
XPASS: gcc.dg/tree-ssa/fre-vce-1.c scan-tree-dump-times fre "sv.i" 2
=== gcc Summary ===
# of expected passes 73454
# of unexpected failures 44
# of unexpected successes 22
# of expected failures 217
# of unsupported tests 1371
/home/regress/tbox/native/build/gcc/xgcc version 4.6.0 20100728 (experimental) (GCC)
=== gfortran tests ===
Running target unix
=== gfortran Summary ===
# of expected passes 35250
# of expected failures 38
# of unsupported tests 129
/home/regress/tbox/native/build/gcc/testsuite/gfortran/../../gfortran version 4.6.0 20100728 (experimental) (GCC)
=== objc tests ===
Running target unix
=== objc Summary ===
# of expected passes 2007
# of expected failures 7
# of unsupported tests 20
/home/regress/tbox/native/build/gcc/xgcc version 4.6.0 20100728 (experimental) (GCC)
=== libffi tests ===
Running target unix
=== libffi Summary ===
# of expected passes 1624
# of expected failures 10
# of unsupported tests 15
=== libgomp tests ===
Running target unix
=== libgomp Summary ===
# of expected passes 2494
=== libjava tests ===
Running target unix
=== libjava Summary ===
# of expected passes 2574
=== libmudflap tests ===
Running target unix
FAIL: libmudflap.c/pass49-frag.c execution test
FAIL: libmudflap.c/pass49-frag.c output pattern test
FAIL: libmudflap.c/pass49-frag.c execution test
FAIL: libmudflap.c/pass49-frag.c output pattern test
FAIL: libmudflap.c/pass49-frag.c (-static) execution test
FAIL: libmudflap.c/pass49-frag.c (-static) output pattern test
FAIL: libmudflap.c/pass49-frag.c (-static) execution test
FAIL: libmudflap.c/pass49-frag.c (-static) output pattern test
FAIL: libmudflap.c/pass49-frag.c (-O2) execution test
FAIL: libmudflap.c/pass49-frag.c (-O2) output pattern test
FAIL: libmudflap.c/pass49-frag.c (-O2) execution test
FAIL: libmudflap.c/pass49-frag.c (-O2) output pattern test
FAIL: libmudflap.c/pass49-frag.c (-O3) execution test
FAIL: libmudflap.c/pass49-frag.c (-O3) output pattern test
FAIL: libmudflap.c/pass49-frag.c (-O3) execution test
FAIL: libmudflap.c/pass49-frag.c (-O3) output pattern test
FAIL: libmudflap.c++/pass41-frag.cxx execution test
FAIL: libmudflap.c++/pass41-frag.cxx (-static) execution test
FAIL: libmudflap.c++/pass41-frag.cxx (-O2) execution test
FAIL: libmudflap.c++/pass41-frag.cxx (-O3) execution test
FAIL: libmudflap.cth/pass39-frag.c (-O2) (rerun 10) execution test
FAIL: libmudflap.cth/pass39-frag.c (-O2) (rerun 10) output pattern test
=== libmudflap Summary ===
# of expected passes 1872
# of unexpected failures 22
=== libstdc++ tests ===
Running target unix
=== libstdc++ Summary ===
# of expected passes 7895
# of expected failures 62
# of unsupported tests 13
Compiler version: 4.6.0 20100728 (experimental) (GCC)
Platform: i686-pc-linux-gnu
configure flags: --prefix=/home/regress/tbox/objs --target=i686-pc-linux-gnu