This is the mail archive of the
gcc-testresults@gcc.gnu.org
mailing list for the GCC project.
Results for 4.6.0 20100722 (experimental) [trunk revision 162417] (GCC) testsuite on hppa-unknown-linux-gnu
- From: dave at gsyprf11 dot external dot hp dot com (John David Anglin)
- To: dave dot anglin at nrc-cnrc dot gc dot ca, gcc-testresults at gcc dot gnu dot org
- Date: Wed, 28 Jul 2010 07:10:15 -0700 (PDT)
- Subject: Results for 4.6.0 20100722 (experimental) [trunk revision 162417] (GCC) testsuite on hppa-unknown-linux-gnu
LAST_UPDATED: Mon Jul 26 22:44:15 UTC 2010 (revision 162417)
=== acats tests ===
=== acats Summary ===
# of expected passes 2321
# of unexpected failures 0
Native configuration is hppa-unknown-linux-gnu
=== g++ tests ===
Running target unix
FAIL: g++.dg/debug/dwarf2/lineno-simple1.C scan-assembler _ZN1CC[12]Ev:[^\\\\t]*(\\\\t.file[^\\\\t]*)?\\\\t[^:]+:4\\\\n
FAIL: g++.dg/debug/dwarf2/lineno-simple1.C scan-assembler _ZN1C3fooEv:[^\\\\t]*(\\\\t.file[^\\\\t]*)?\\\\t[^:]+:6\\\\n
FAIL: g++.dg/debug/dwarf2/lineno-simple1.C scan-assembler main:[^\\\\t]*(\\\\t.file[^\\\\t]*)?\\\\t[^:]+:12\\\\n
FAIL: g++.dg/debug/dwarf2/pr44641.C scan-assembler _ZN12MisplacedDbgI4FullEC[12]Ev:[^\\\\t]*(\\\\t.file[^\\\\t]*)?\\\\t[^:]+:21\\\\n
FAIL: g++.dg/debug/dwarf2/pr44641.C scan-assembler _ZN12MisplacedDbgI4FullED0Ev:[^\\\\t]*(\\\\t.file[^\\\\t]*)?\\\\t[^:]+:21\\\\n
FAIL: g++.dg/debug/dwarf2/pr44641.C scan-assembler _ZN12MisplacedDbgIP3ArgEC[12]Ev:[^\\\\t]*(\\\\t.file[^\\\\t]*)?\\\\t[^:]+:28\\\\n
FAIL: g++.dg/debug/dwarf2/pr44641.C scan-assembler _ZN12MisplacedDbgIP3ArgED0Ev:[^\\\\t]*(\\\\t.file[^\\\\t]*)?\\\\t[^:]+:28\\\\n
FAIL: g++.dg/debug/dwarf2/pr44641.C scan-assembler _ZN12MisplacedDbgI3ArgEC[12]Ev:[^\\\\t]*(\\\\t.file[^\\\\t]*)?\\\\t[^:]+:34\\\\n
FAIL: g++.dg/debug/dwarf2/pr44641.C scan-assembler _ZN12MisplacedDbgI3ArgED0Ev:[^\\\\t]*(\\\\t.file[^\\\\t]*)?\\\\t[^:]+:34\\\\n
FAIL: g++.dg/lto/20081109 cp_lto_20081109_0.o-cp_lto_20081109_1.o execute -O2 -fwhopr
=== g++ Summary ===
# of expected passes 23516
# of unexpected failures 10
# of expected failures 149
# of unsupported tests 208
/home2/dave/gcc-4.6/objdir/gcc/testsuite/g++/../../g++ version 4.6.0 20100722 (experimental) [trunk revision 162417] (GCC)
=== gcc tests ===
Running target unix
FAIL: gcc.c-torture/execute/pr45017.c execution, -O0
FAIL: gcc.c-torture/execute/pr45017.c execution, -O1
FAIL: gcc.c-torture/execute/pr45017.c execution, -O2
FAIL: gcc.c-torture/execute/pr45017.c execution, -O3 -fomit-frame-pointer
FAIL: gcc.c-torture/execute/pr45017.c execution, -O3 -g
FAIL: gcc.c-torture/execute/pr45017.c execution, -Os
FAIL: gcc.c-torture/execute/pr45017.c execution, -O2 -flto
FAIL: gcc.c-torture/execute/pr45017.c execution, -O2 -fwhopr
FAIL: gcc.dg/cproj-fails-with-broken-glibc.c execution test
WARNING: program timed out.
FAIL: gcc.dg/pr43058.c (test for excess errors)
FAIL: gcc.dg/torture/builtin-cproj-1.c -O1 (test for excess errors)
XPASS: gcc.dg/tree-ssa/20031106-3.c scan-tree-dump-times optimized "link_error" 0
XPASS: gcc.dg/tree-ssa/20040204-1.c scan-tree-dump-times optimized "link_error" 0
XPASS: gcc.dg/tree-ssa/fre-vce-1.c scan-tree-dump-times fre "sv.i" 2
XPASS: gcc.dg/tree-ssa/loop-1.c scan-assembler-times foo 5
=== gcc Summary ===
# of expected passes 64637
# of unexpected failures 11
# of unexpected successes 4
# of expected failures 111
# of unsupported tests 734
/home2/dave/gcc-4.6/objdir/gcc/xgcc version 4.6.0 20100722 (experimental) [trunk revision 162417] (GCC)
=== gfortran tests ===
Running target unix
FAIL: gfortran.dg/pr41928.f90 -O (internal compiler error)
FAIL: gfortran.dg/pr41928.f90 -O (test for excess errors)
=== gfortran Summary ===
# of expected passes 34193
# of unexpected failures 2
# of expected failures 22
# of unsupported tests 288
/home2/dave/gcc-4.6/objdir/gcc/testsuite/gfortran/../../gfortran version 4.6.0 20100722 (experimental) [trunk revision 162417] (GCC)
=== gnat tests ===
Running target unix
FAIL: gnat.dg/lto1.adb (internal compiler error)
FAIL: gnat.dg/lto1.adb (test for excess errors)
UNRESOLVED: gnat.dg/lto1.adb compilation failed to produce executable
FAIL: gnat.dg/unchecked_convert5.adb (test for excess errors)
UNRESOLVED: gnat.dg/unchecked_convert5.adb compilation failed to produce executable
=== gnat Summary ===
# of expected passes 807
# of unexpected failures 3
# of expected failures 10
# of unresolved testcases 2
# of unsupported tests 2
=== obj-c++ tests ===
Running target unix
UNRESOLVED: obj-c++.dg/lookup-2.mm -fgnu-runtime compilation failed to produce executable
UNRESOLVED: obj-c++.dg/try-catch-2.mm -fgnu-runtime compilation failed to produce executable
UNRESOLVED: obj-c++.dg/try-catch-9.mm -fgnu-runtime compilation failed to produce executable
=== obj-c++ Summary ===
# of expected passes 550
# of expected failures 3
# of unresolved testcases 3
# of unsupported tests 23
/home2/dave/gcc-4.6/objdir/gcc/testsuite/obj-c++/../../g++ version 4.6.0 20100722 (experimental) [trunk revision 162417] (GCC)
=== objc tests ===
Running target unix
=== objc Summary ===
# of expected passes 1983
# of expected failures 15
# of unsupported tests 28
/home2/dave/gcc-4.6/objdir/gcc/xgcc version 4.6.0 20100722 (experimental) [trunk revision 162417] (GCC)
=== libffi tests ===
Running target unix
=== libffi Summary ===
# of expected passes 1624
# of expected failures 10
# of unsupported tests 15
=== libgomp tests ===
Running target unix
=== libgomp Summary ===
# of expected passes 2480
# of unsupported tests 7
=== libjava tests ===
Running target unix
WARNING: program timed out.
FAIL: PR26858 -O3 compilation from source
=== libjava Summary ===
# of expected passes 2571
# of unexpected failures 1
# of untested testcases 2
=== libmudflap tests ===
Running target unix
FAIL: libmudflap.c/pass49-frag.c execution test
FAIL: libmudflap.c/pass49-frag.c output pattern test
FAIL: libmudflap.c/pass49-frag.c execution test
FAIL: libmudflap.c/pass49-frag.c output pattern test
FAIL: libmudflap.c/pass49-frag.c (-static) execution test
FAIL: libmudflap.c/pass49-frag.c (-static) output pattern test
FAIL: libmudflap.c/pass49-frag.c (-static) execution test
FAIL: libmudflap.c/pass49-frag.c (-static) output pattern test
FAIL: libmudflap.c/pass49-frag.c (-O2) execution test
FAIL: libmudflap.c/pass49-frag.c (-O2) output pattern test
FAIL: libmudflap.c/pass49-frag.c (-O2) execution test
FAIL: libmudflap.c/pass49-frag.c (-O2) output pattern test
FAIL: libmudflap.c/pass49-frag.c (-O3) execution test
FAIL: libmudflap.c/pass49-frag.c (-O3) output pattern test
FAIL: libmudflap.c/pass49-frag.c (-O3) execution test
FAIL: libmudflap.c/pass49-frag.c (-O3) output pattern test
FAIL: libmudflap.c++/pass41-frag.cxx execution test
FAIL: libmudflap.c++/pass41-frag.cxx (-static) execution test
FAIL: libmudflap.c++/pass41-frag.cxx (-O2) execution test
FAIL: libmudflap.c++/pass41-frag.cxx (-O3) execution test
=== libmudflap Summary ===
# of expected passes 1874
# of unexpected failures 20
=== libstdc++ tests ===
Running target unix
FAIL: tr1/5_numerical_facilities/special_functions/01_assoc_laguerre/check_nan.cc (test for excess errors)
UNRESOLVED: tr1/5_numerical_facilities/special_functions/01_assoc_laguerre/check_nan.cc compilation failed to produce executable
FAIL: tr1/5_numerical_facilities/special_functions/01_assoc_laguerre/compile_2.cc (test for excess errors)
FAIL: tr1/5_numerical_facilities/special_functions/18_laguerre/check_nan.cc (test for excess errors)
UNRESOLVED: tr1/5_numerical_facilities/special_functions/18_laguerre/check_nan.cc compilation failed to produce executable
FAIL: tr1/5_numerical_facilities/special_functions/18_laguerre/compile.cc (test for excess errors)
FAIL: tr1/5_numerical_facilities/special_functions/18_laguerre/compile_2.cc (test for excess errors)
=== libstdc++ Summary ===
# of expected passes 6998
# of unexpected failures 5
# of expected failures 60
# of unresolved testcases 2
# of unsupported tests 355
Compiler version: 4.6.0 20100722 (experimental) [trunk revision 162417] (GCC)
Platform: hppa-unknown-linux-gnu
configure flags: --with-gnu-as --with-gnu-ld --enable-shared --enable-nls --prefix=/home2/dave/opt/gnu/gcc/gcc-4.6.0 --with-local-prefix=/home2/dave/opt/gnu --enable-threads=posix --enable-__cxa_atexit --build=hppa-linux --enable-clocale=gnu --enable-java-gc=boehm --enable-java-awt=xlib --enable-languages=c,c++,objc,fortran,obj-c++,java,ada