This is the mail archive of the
gcc-testresults@gcc.gnu.org
mailing list for the GCC project.
Results for 4.6.0 20100722 (experimental) [trunk revision 162414] (GCC) testsuite on hppa64-hp-hpux11.11
- From: John David Anglin <dave at hiauly3 dot hia dot nrc dot ca>
- To: dave at hiauly3 dot hia dot nrc dot ca, gcc-testresults at gcc dot gnu dot org
- Date: Fri, 23 Jul 2010 09:02:48 -0400 (EDT)
- Subject: Results for 4.6.0 20100722 (experimental) [trunk revision 162414] (GCC) testsuite on hppa64-hp-hpux11.11
Native configuration is hppa64-hp-hpux11.11
=== gcc tests ===
Running target unix
WARNING: program timed out.
FAIL: gcc.c-torture/compile/limits-fnargs.c -O3 -g (test for excess errors)
FAIL: gcc.c-torture/execute/pr45017.c execution, -O0
FAIL: gcc.c-torture/execute/pr45017.c execution, -O1
FAIL: gcc.c-torture/execute/pr45017.c execution, -O2
FAIL: gcc.c-torture/execute/pr45017.c execution, -O3 -fomit-frame-pointer
FAIL: gcc.c-torture/execute/pr45017.c execution, -O3 -g
FAIL: gcc.c-torture/execute/pr45017.c execution, -Os
FAIL: gcc.c-torture/execute/pr45017.c execution, -O2 -flto
FAIL: gcc.c-torture/execute/pr45017.c execution, -O2 -fwhopr
XPASS: gcc.dg/funcorder.c scan-assembler-not link_error,%r
FAIL: gcc.dg/pr35258.c execution test
WARNING: program timed out.
FAIL: gcc.dg/lto/20090116 c_lto_20090116_0.o-c_lto_20090116_0.o link, -O1 -fwhopr -fPIC (internal compiler error)
UNRESOLVED: gcc.dg/lto/20090116 c_lto_20090116_0.o-c_lto_20090116_0.o execute -O1 -fwhopr -fPIC
ERROR: (DejaGnu) proc "dg-require-lto-plugin 2 {}" does not exist.
=== gcc Summary ===
# of expected passes 54077
# of unexpected failures 11
# of unexpected successes 1
# of expected failures 54
# of unresolved testcases 1
# of unsupported tests 411
/test/gnu/gcc/objdir/gcc/xgcc version 4.6.0 20100722 (experimental) [trunk revision 162414] (GCC)
=== libgomp tests ===
Running target unix
=== libgomp Summary ===
# of expected passes 248
# of unsupported tests 9
Compiler version: 4.6.0 20100722 (experimental) [trunk revision 162414] (GCC)
Platform: hppa64-hp-hpux11.11
configure flags:Test Run By dave on Thu Jul 22 17:49:46 2010