This is the mail archive of the
gcc-testresults@gcc.gnu.org
mailing list for the GCC project.
Results for 4.6.0 20100717 (experimental) (GCC) testsuite on powerpc64-unknown-linux-gnu
- From: Mikael Pettersson <mikpe at it dot uu dot se>
- To: gcc-testresults at gcc dot gnu dot org
- Date: Sun, 18 Jul 2010 20:05:45 +0200
- Subject: Results for 4.6.0 20100717 (experimental) (GCC) testsuite on powerpc64-unknown-linux-gnu
LAST_UPDATED: Obtained from SVN: trunk revision 162277
Native configuration is powerpc64-unknown-linux-gnu
=== g++ tests ===
Running target unix
WARNING: program timed out.
FAIL: g++.dg/bprob/g++-bprob-2.C execution, -Os -fprofile-use
FAIL: c-c++-common/uninit-17.c (test for warnings, line 14)
FAIL: c-c++-common/uninit-17.c (test for excess errors)
=== g++ Summary ===
# of expected passes 23053
# of unexpected failures 3
# of expected failures 147
# of unsupported tests 162
/mnt/archive/objdir46/gcc/testsuite/g++/../../g++ version 4.6.0 20100717 (experimental) (GCC)
=== gcc tests ===
Running target unix
FAIL: gcc.c-torture/compile/limits-exprparen.c -O0 (internal compiler error)
FAIL: gcc.c-torture/compile/limits-exprparen.c -O0 (test for excess errors)
FAIL: gcc.c-torture/compile/limits-exprparen.c -O1 (internal compiler error)
FAIL: gcc.c-torture/compile/limits-exprparen.c -O1 (test for excess errors)
FAIL: gcc.c-torture/compile/limits-exprparen.c -O2 (internal compiler error)
FAIL: gcc.c-torture/compile/limits-exprparen.c -O2 (test for excess errors)
FAIL: gcc.c-torture/compile/limits-exprparen.c -O3 -fomit-frame-pointer (internal compiler error)
FAIL: gcc.c-torture/compile/limits-exprparen.c -O3 -fomit-frame-pointer (test for excess errors)
FAIL: gcc.c-torture/compile/limits-exprparen.c -O3 -g (internal compiler error)
FAIL: gcc.c-torture/compile/limits-exprparen.c -O3 -g (test for excess errors)
FAIL: gcc.c-torture/compile/limits-exprparen.c -Os (internal compiler error)
FAIL: gcc.c-torture/compile/limits-exprparen.c -Os (test for excess errors)
FAIL: gcc.dg/and-1.c scan-assembler-not nand
FAIL: gcc.dg/cproj-fails-with-broken-glibc.c execution test
FAIL: gcc.dg/sms-2.c scan-rtl-dump-times sms "SMS succeeded" 1
FAIL: gcc.dg/sms-4.c scan-rtl-dump-times sms "SMS succeeded" 1
FAIL: gcc.dg/sms-6.c scan-rtl-dump-times sms "SMS succeeded" 3
FAIL: gcc.dg/sms-7.c scan-rtl-dump-times sms "SMS succeeded" 3
FAIL: gcc.dg/sms-8.c scan-rtl-dump-times sms "SMS succeeded" 1
FAIL: gcc.dg/uninit-pred-9_b.c bogus warning (test for bogus messages, line 24)
FAIL: c-c++-common/uninit-17.c -Wc++-compat (test for warnings, line 14)
FAIL: c-c++-common/uninit-17.c -Wc++-compat (test for excess errors)
XPASS: gcc.dg/tree-ssa/20031106-3.c scan-tree-dump-times optimized "link_error" 0
XPASS: gcc.dg/tree-ssa/fre-vce-1.c scan-tree-dump-times fre "sv.i" 2
FAIL: gcc.dg/tree-ssa/pr42585.c scan-tree-dump-times optimized "struct _fat_ptr _ans" 0
FAIL: gcc.dg/tree-ssa/pr42585.c scan-tree-dump-times optimized "struct _fat_ptr _T2" 0
FAIL: gcc.dg/tree-ssa/vrp47.c scan-tree-dump-times vrp1 "[xy][^ ]* !=" 0
FAIL: gcc.dg/tree-ssa/vrp47.c scan-tree-dump-times dom1 "x[^ ]* & y" 1
FAIL: gcc.dg/vect/slp-perm-1.c scan-tree-dump-times vect "vectorized 1 loops" 1
FAIL: gcc.dg/vect/slp-perm-2.c scan-tree-dump-times vect "vectorized 1 loops" 1
FAIL: gcc.dg/vect/slp-perm-3.c scan-tree-dump-times vect "vectorized 1 loops" 1
FAIL: gcc.target/powerpc/asm-es-2.c scan-assembler asm2u 16\\\\(3\\\\)
FAIL: gcc.target/powerpc/ppc-vector-memcpy.c scan-assembler lvx
FAIL: gcc.target/powerpc/ppc64-double-1.c scan-assembler-not stfd
=== gcc Summary ===
# of expected passes 59045
# of unexpected failures 32
# of unexpected successes 2
# of expected failures 176
# of unsupported tests 689
/mnt/archive/objdir46/gcc/xgcc version 4.6.0 20100717 (experimental) (GCC)
=== gfortran tests ===
Running target unix
FAIL: gfortran.dg/char4_iunit_1.f03 -O0 execution test
FAIL: gfortran.dg/char4_iunit_1.f03 -O1 execution test
FAIL: gfortran.dg/char4_iunit_1.f03 -O2 execution test
FAIL: gfortran.dg/char4_iunit_1.f03 -O3 -fomit-frame-pointer execution test
FAIL: gfortran.dg/char4_iunit_1.f03 -O3 -fomit-frame-pointer -funroll-loops execution test
FAIL: gfortran.dg/char4_iunit_1.f03 -O3 -fomit-frame-pointer -funroll-all-loops -finline-functions execution test
FAIL: gfortran.dg/char4_iunit_1.f03 -O3 -g execution test
FAIL: gfortran.dg/char4_iunit_1.f03 -Os execution test
FAIL: gfortran.dg/char4_iunit_2.f03 -O0 execution test
FAIL: gfortran.dg/char4_iunit_2.f03 -O1 execution test
FAIL: gfortran.dg/char4_iunit_2.f03 -O2 execution test
FAIL: gfortran.dg/char4_iunit_2.f03 -O3 -fomit-frame-pointer execution test
FAIL: gfortran.dg/char4_iunit_2.f03 -O3 -fomit-frame-pointer -funroll-loops execution test
FAIL: gfortran.dg/char4_iunit_2.f03 -O3 -fomit-frame-pointer -funroll-all-loops -finline-functions execution test
FAIL: gfortran.dg/char4_iunit_2.f03 -O3 -g execution test
FAIL: gfortran.dg/char4_iunit_2.f03 -Os execution test
XPASS: gfortran.dg/nint_2.f90 -O0 execution test
=== gfortran Summary ===
# of expected passes 34826
# of unexpected failures 16
# of unexpected successes 1
# of expected failures 46
# of unsupported tests 153
/mnt/archive/objdir46/gcc/testsuite/gfortran/../../gfortran version 4.6.0 20100717 (experimental) (GCC)
=== obj-c++ tests ===
Running target unix
WARNING: obj-c++.dg/lookup-2.mm -fgnu-runtime compilation failed to produce executable
WARNING: obj-c++.dg/try-catch-2.mm -fgnu-runtime compilation failed to produce executable
WARNING: obj-c++.dg/try-catch-9.mm -fgnu-runtime compilation failed to produce executable
=== obj-c++ Summary ===
# of expected passes 534
# of expected failures 3
# of unsupported tests 15
/mnt/archive/objdir46/gcc/testsuite/obj-c++/../../g++ version 4.6.0 20100717 (experimental) (GCC)
=== objc tests ===
Running target unix
=== objc Summary ===
# of expected passes 1967
# of expected failures 15
# of unsupported tests 20
/mnt/archive/objdir46/gcc/xgcc version 4.6.0 20100717 (experimental) (GCC)
=== libffi tests ===
Running target unix
=== libffi Summary ===
# of expected passes 1624
# of expected failures 10
# of unsupported tests 15
=== libgomp tests ===
Running target unix
=== libgomp Summary ===
# of expected passes 2494
=== libjava tests ===
Running target unix
=== libjava Summary ===
# of expected passes 2574
=== libstdc++ tests ===
Running target unix
FAIL: abi_check
=== libstdc++ Summary ===
# of expected passes 7884
# of unexpected failures 1
# of expected failures 62
# of unsupported tests 11
Compiler version: 4.6.0 20100717 (experimental) (GCC)
Platform: powerpc64-unknown-linux-gnu
configure flags: --with-gmp=/home/mikpe/pkgs/linux-ppc64/gmp-4.3.2 --with-mpfr=/home/mikpe/pkgs/linux-ppc64/mpfr-2.4.2 --with-mpc=/home/mikpe/pkgs/linux-ppc64/mpc-0.8.2 --disable-plugin --disable-lto --disable-nls --enable-multilib --enable-threads=posix --with-cpu=default32 --enable-checking=release --disable-libmudflap --enable-languages=c,c++,objc,obj-c++,java,fortran
BOOT_CFLAGS=-g -O2
** LOCAL PATCHES APPLIED **
gcc46-pr44335-joern.patch: fix java bootstrap on arm, Joern Rennecke's version
gcc46-revert-r162270.patch: revert bootstrap-breaking r162270