This is the mail archive of the
gcc-testresults@gcc.gnu.org
mailing list for the GCC project.
Results for 4.5.1 20100623 (prerelease) [gcc-4_5-branch revision 161289] (GCC) testsuite on hppa2.0w-hp-hpux11.11
- From: John David Anglin <dave at hiauly3 dot hia dot nrc dot ca>
- To: dave at hiauly3 dot hia dot nrc dot ca, gcc-testresults at gcc dot gnu dot org
- Date: Thu, 24 Jun 2010 21:06:32 -0400 (EDT)
- Subject: Results for 4.5.1 20100623 (prerelease) [gcc-4_5-branch revision 161289] (GCC) testsuite on hppa2.0w-hp-hpux11.11
=== acats tests ===
FAIL: c9a011b
=== acats Summary ===
# of expected passes 2320
# of unexpected failures 1
Native configuration is hppa2.0w-hp-hpux11.11
=== g++ tests ===
Running target unix
WARNING: g++.dg/ext/label13.C compilation failed to produce executable
=== g++ Summary ===
# of expected passes 20053
# of expected failures 152
# of unsupported tests 292
/mnt/gnu/gcc/objdir-test/gcc/testsuite/g++/../../g++ version 4.5.1 20100623 (prerelease) [gcc-4_5-branch revision 161289] (GCC)
=== gcc tests ===
Running target unix
FAIL: gcc.dg/pr42427.c (test for excess errors)
WARNING: program timed out.
=== gcc Summary ===
# of expected passes 52304
# of unexpected failures 1
# of expected failures 87
# of unsupported tests 762
/mnt/gnu/gcc/objdir-test/gcc/xgcc version 4.5.1 20100623 (prerelease) [gcc-4_5-branch revision 161289] (GCC)
=== gfortran tests ===
Running target unix
FAIL: gfortran.dg/pr41928.f90 -O (internal compiler error)
FAIL: gfortran.dg/pr41928.f90 -O (test for excess errors)
=== gfortran Summary ===
# of expected passes 32900
# of unexpected failures 2
# of expected failures 20
# of unsupported tests 306
/mnt/gnu/gcc/objdir-test/gcc/testsuite/gfortran/../../gfortran version 4.5.1 20100623 (prerelease) [gcc-4_5-branch revision 161289] (GCC)
=== gnat tests ===
Running target unix
=== gnat Summary ===
# of expected passes 760
# of expected failures 7
# of unsupported tests 1
=== obj-c++ tests ===
Running target unix
XPASS: obj-c++.dg/encode-2.mm scan-assembler {?={Vec<double>=ddi}{Vec<float>=ffi}fd{Vec<char>=cci}i}
XPASS: obj-c++.dg/encode-3.mm -fgnu-runtime execution test
WARNING: obj-c++.dg/lookup-2.mm -fgnu-runtime compilation failed to produce executable
WARNING: obj-c++.dg/try-catch-2.mm -fgnu-runtime compilation failed to produce executable
WARNING: obj-c++.dg/try-catch-9.mm -fgnu-runtime compilation failed to produce executable
=== obj-c++ Summary ===
# of expected passes 436
# of unexpected successes 2
# of expected failures 3
# of unsupported tests 15
/mnt/gnu/gcc/objdir-test/gcc/testsuite/obj-c++/../../g++ version 4.5.1 20100623 (prerelease) [gcc-4_5-branch revision 161289] (GCC)
=== objc tests ===
Running target unix
=== objc Summary ===
# of expected passes 1868
# of expected failures 15
# of unsupported tests 23
/mnt/gnu/gcc/objdir-test/gcc/xgcc version 4.5.1 20100623 (prerelease) [gcc-4_5-branch revision 161289] (GCC)
=== libffi tests ===
Running target unix
=== libffi Summary ===
# of expected passes 1624
# of expected failures 10
# of unsupported tests 15
=== libgomp tests ===
Running target unix
=== libgomp Summary ===
# of expected passes 2476
# of unsupported tests 9
=== libjava tests ===
Running target unix
FAIL: LargeFile execution - source compiled test
FAIL: LargeFile -findirect-dispatch execution - source compiled test
FAIL: LargeFile -O3 execution - source compiled test
FAIL: LargeFile -O3 -findirect-dispatch execution - source compiled test
=== libjava Summary ===
# of expected passes 2566
# of unexpected failures 4
# of untested testcases 4
=== libstdc++ tests ===
Running target unix
=== libstdc++ Summary ===
# of expected passes 6332
# of expected failures 89
# of unsupported tests 616
Compiler version: 4.5.1 20100623 (prerelease) [gcc-4_5-branch revision 161289] (GCC)
Platform: hppa2.0w-hp-hpux11.11
configure flags:Test Run By dave on Thu Jun 24 01:09:36 EDT 2010