This is the mail archive of the
gcc-testresults@gcc.gnu.org
mailing list for the GCC project.
Results for 4.6.0 20100620 (experimental) [trunk revision 161051] (GCC) testsuite on hppa-unknown-linux-gnu
- From: dave at gsyprf11 dot external dot hp dot com (John David Anglin)
- To: dave dot anglin at nrc-cnrc dot gc dot ca, gcc-testresults at gcc dot gnu dot org
- Date: Mon, 21 Jun 2010 18:30:56 -0700 (PDT)
- Subject: Results for 4.6.0 20100620 (experimental) [trunk revision 161051] (GCC) testsuite on hppa-unknown-linux-gnu
LAST_UPDATED: Sun Jun 20 20:42:56 UTC 2010 (revision 161051)
=== acats tests ===
FAIL: la14003
=== acats Summary ===
# of expected passes 2320
# of unexpected failures 1
Native configuration is hppa-unknown-linux-gnu
=== g++ tests ===
Running target unix
=== gcc tests ===
Running target unix
=== gfortran tests ===
Running target unix
=== gnat tests ===
Running target unix
FAIL: gnat.dg/lto1.adb (internal compiler error)
FAIL: gnat.dg/lto1.adb (test for excess errors)
UNRESOLVED: gnat.dg/lto1.adb compilation failed to produce executable
=== gnat Summary ===
# of expected passes 805
# of unexpected failures 2
# of expected failures 10
# of unresolved testcases 1
# of unsupported tests 1
=== obj-c++ tests ===
Running target unix
UNRESOLVED: obj-c++.dg/lookup-2.mm -fgnu-runtime compilation failed to produce executable
UNRESOLVED: obj-c++.dg/try-catch-2.mm -fgnu-runtime compilation failed to produce executable
UNRESOLVED: obj-c++.dg/try-catch-9.mm -fgnu-runtime compilation failed to produce executable
=== obj-c++ Summary ===
# of expected passes 538
# of expected failures 3
# of unresolved testcases 3
# of unsupported tests 23
/home2/dave/gcc-4.6/objdir/gcc/testsuite/obj-c++/../../g++ version 4.6.0 20100620 (experimental) [trunk revision 161051] (GCC)
=== objc tests ===
Running target unix
=== objc Summary ===
# of expected passes 1971
# of expected failures 15
# of unsupported tests 28
/home2/dave/gcc-4.6/objdir/gcc/xgcc version 4.6.0 20100620 (experimental) [trunk revision 161051] (GCC)
=== libffi tests ===
Running target unix
=== libgomp tests ===
Running target unix
=== libgomp Summary ===
# of expected passes 2480
# of unsupported tests 7
=== libjava tests ===
Running target unix
=== libmudflap tests ===
Running target unix
=== libstdc++ tests ===
Running target unix
Compiler version: 4.6.0 20100620 (experimental) [trunk revision 161051] (GCC)
Platform: hppa-unknown-linux-gnu
configure flags: --with-gnu-as --with-gnu-ld --enable-shared --enable-nls --prefix=/home2/dave/opt/gnu/gcc/gcc-4.6.0 --with-local-prefix=/home2/dave/opt/gnu --enable-threads=posix --enable-__cxa_atexit --build=hppa-linux --enable-clocale=gnu --enable-java-gc=boehm --enable-java-awt=xlib --enable-languages=c,c++,objc,fortran,obj-c++,java,ada