This is the mail archive of the
gcc-testresults@gcc.gnu.org
mailing list for the GCC project.
Results for 4.6.0 20100612 (GCC) testsuite on sparc64-sun-solaris2.10
- From: botcazou at eu dot adacore dot com (Eric Botcazou)
- To: gcc-testresults at gcc dot gnu dot org
- Date: Sat, 12 Jun 2010 23:13:41 +0200 (CEST)
- Subject: Results for 4.6.0 20100612 (GCC) testsuite on sparc64-sun-solaris2.10
=== acats tests ===
FAIL: c94007a
=== acats Summary ===
# of expected passes 2320
# of unexpected failures 1
Native configuration is sparc64-sun-solaris2.10
=== g++ tests ===
Running target unix
FAIL: g++.dg/lto/20081109 cp_lto_20081109_0.o-cp_lto_20081109_1.o execute -O2 -fwhopr
FAIL: g++.dg/lto/20090303 cp_lto_20090303_0.o-cp_lto_20090303_0.o link, -fwhopr
UNRESOLVED: g++.dg/lto/20090303 cp_lto_20090303_0.o-cp_lto_20090303_0.o execute -fwhopr
UNRESOLVED: pragma_plugin.c compilation, -I. -I/nile.build/botcazou/gcc-head/src/gcc/testsuite -I/nile.build/botcazou/gcc-head/src/gcc/testsuite/../../gcc -I/nfs/nile/nile.build/botcazou/gcc-head/spar64-sun-solaris2.10/gcc/testsuite/g++/../../../gcc -I/nile.build/botcazou/gcc-head/src/gcc/testsuite/../../include -I/nile.build/botcazou/gcc-head/src/gcc/testsuite/../../libcpp/include -I/nile.build/botcazou/support/sparc/include -I/nile.build/botcazou/support/sparc/include -I/nile.build/botcazou/support/sparc/include -DIN_GCC -fPIC -shared
UNRESOLVED: header_plugin.c compilation, -I. -I/nile.build/botcazou/gcc-head/src/gcc/testsuite -I/nile.build/botcazou/gcc-head/src/gcc/testsuite/../../gcc -I/nfs/nile/nile.build/botcazou/gcc-head/spar64-sun-solaris2.10/gcc/testsuite/g++/../../../gcc -I/nile.build/botcazou/gcc-head/src/gcc/testsuite/../../include -I/nile.build/botcazou/gcc-head/src/gcc/testsuite/../../libcpp/include -I/nile.build/botcazou/support/sparc/include -I/nile.build/botcazou/support/sparc/include -I/nile.build/botcazou/support/sparc/include -DIN_GCC -fPIC -shared
=== g++ Summary ===
# of expected passes 23347
# of unexpected failures 2
# of expected failures 149
# of unresolved testcases 3
# of unsupported tests 222
/nfs/nile/nile.build/botcazou/gcc-head/spar64-sun-solaris2.10/gcc/testsuite/g++/../../g++ version 4.6.0 20100612 for GNAT Pro 6.4.0w (20100611) (GCC)
=== gcc tests ===
Running target unix
FAIL: gcc.c-torture/compile/sync-3.c -O2 (test for excess errors)
FAIL: gcc.c-torture/compile/sync-3.c -O3 -fomit-frame-pointer (test for excess errors)
FAIL: gcc.c-torture/compile/sync-3.c -O3 -g (test for excess errors)
FAIL: gcc.c-torture/compile/sync-3.c -O2 -flto (test for excess errors)
FAIL: gcc.c-torture/compile/sync-3.c -O2 -fwhopr (test for excess errors)
FAIL: gcc.c-torture/execute/frame-address.c execution, -O2
FAIL: gcc.c-torture/execute/frame-address.c execution, -O3 -fomit-frame-pointer
FAIL: gcc.c-torture/execute/frame-address.c execution, -O3 -g
FAIL: gcc.c-torture/execute/frame-address.c execution, -Os
FAIL: gcc.c-torture/execute/frame-address.c execution, -O2 -flto
FAIL: gcc.c-torture/execute/frame-address.c execution, -O2 -fwhopr
FAIL: gcc.dg/cpp/trad/include.c (internal compiler error)
FAIL: gcc.dg/cpp/trad/include.c (test for excess errors)
FAIL: gcc.dg/20020425-1.c (internal compiler error)
FAIL: gcc.dg/20020425-1.c (test for excess errors)
FAIL: gcc.dg/pr34668-1.c (internal compiler error)
FAIL: gcc.dg/pr34668-1.c (test for excess errors)
FAIL: gcc.dg/lto/20090210 c_lto_20090210_0.o-c_lto_20090210_1.o link, -O0 -fwhopr
UNRESOLVED: gcc.dg/lto/20090210 c_lto_20090210_0.o-c_lto_20090210_1.o execute -O0 -fwhopr
FAIL: gcc.dg/lto/20090210 c_lto_20090210_0.o-c_lto_20090210_1.o link, -O2 -fwhopr
UNRESOLVED: gcc.dg/lto/20090210 c_lto_20090210_0.o-c_lto_20090210_1.o execute -O2 -fwhopr
FAIL: gcc.dg/lto/20090210 c_lto_20090210_0.o-c_lto_20090210_1.o link, -O0 -flto
UNRESOLVED: gcc.dg/lto/20090210 c_lto_20090210_0.o-c_lto_20090210_1.o execute -O0 -flto
FAIL: gcc.dg/lto/20090210 c_lto_20090210_0.o-c_lto_20090210_1.o link, -O2 -flto
UNRESOLVED: gcc.dg/lto/20090210 c_lto_20090210_0.o-c_lto_20090210_1.o execute -O2 -flto
FAIL: gcc.dg/lto/20100518 c_lto_20100518_0.o assemble, -O0 -fwhopr
UNRESOLVED: gcc.dg/lto/20100518 c_lto_20100518_0.o-c_lto_20100518_0.o link -O0 -fwhopr
UNRESOLVED: gcc.dg/lto/20100518 c_lto_20100518_0.o-c_lto_20100518_0.o execute -O0 -fwhopr
FAIL: gcc.dg/lto/20100518 c_lto_20100518_0.o assemble, -O2 -fwhopr
UNRESOLVED: gcc.dg/lto/20100518 c_lto_20100518_0.o-c_lto_20100518_0.o link -O2 -fwhopr
UNRESOLVED: gcc.dg/lto/20100518 c_lto_20100518_0.o-c_lto_20100518_0.o execute -O2 -fwhopr
FAIL: gcc.dg/lto/20100518 c_lto_20100518_0.o assemble, -O0 -flto
UNRESOLVED: gcc.dg/lto/20100518 c_lto_20100518_0.o-c_lto_20100518_0.o link -O0 -flto
UNRESOLVED: gcc.dg/lto/20100518 c_lto_20100518_0.o-c_lto_20100518_0.o execute -O0 -flto
FAIL: gcc.dg/lto/20100518 c_lto_20100518_0.o assemble, -O2 -flto
UNRESOLVED: gcc.dg/lto/20100518 c_lto_20100518_0.o-c_lto_20100518_0.o link -O2 -flto
UNRESOLVED: gcc.dg/lto/20100518 c_lto_20100518_0.o-c_lto_20100518_0.o execute -O2 -flto
FAIL: largefile.c -O0 -g -I. (internal compiler error)
FAIL: largefile.c -O0 -g -I. (test for excess errors)
FAIL: gcc.dg/pch/largefile.c -O0 -g assembly comparison
FAIL: largefile.c -O0 -I. (internal compiler error)
FAIL: largefile.c -O0 -I. (test for excess errors)
FAIL: gcc.dg/pch/largefile.c -O0 assembly comparison
FAIL: largefile.c -O1 -I. (internal compiler error)
FAIL: largefile.c -O1 -I. (test for excess errors)
FAIL: gcc.dg/pch/largefile.c -O1 assembly comparison
FAIL: largefile.c -O2 -I. (internal compiler error)
FAIL: largefile.c -O2 -I. (test for excess errors)
FAIL: gcc.dg/pch/largefile.c -O2 assembly comparison
FAIL: largefile.c -O3 -fomit-frame-pointer -I. (internal compiler error)
FAIL: largefile.c -O3 -fomit-frame-pointer -I. (test for excess errors)
FAIL: gcc.dg/pch/largefile.c -O3 -fomit-frame-pointer assembly comparison
FAIL: largefile.c -O3 -g -I. (internal compiler error)
FAIL: largefile.c -O3 -g -I. (test for excess errors)
FAIL: gcc.dg/pch/largefile.c -O3 -g assembly comparison
FAIL: largefile.c -Os -I. (internal compiler error)
FAIL: largefile.c -Os -I. (test for excess errors)
FAIL: gcc.dg/pch/largefile.c -Os assembly comparison
XPASS: gcc.dg/tree-ssa/20040204-1.c scan-tree-dump-times optimized "link_error" 0
FAIL: gcc.dg/vect/pr43430-1.c scan-tree-dump-times vect "vectorized 1 loops" 1
FAIL: gcc.dg/vect/vect-109.c scan-tree-dump-times vect "vectorized 1 loops" 2
FAIL: gcc.dg/vect/slp-reduc-3.c scan-tree-dump-times vect "vectorizing stmts using SLP" 1
FAIL: gcc.dg/vect/slp-reduc-6.c scan-tree-dump-times vect "vectorized 1 loops" 2
FAIL: gcc.dg/vect/fast-math-vect-reduc-8.c scan-tree-dump-times vect "vectorized 1 loops" 1
=== gcc Summary ===
# of expected passes 65706
# of unexpected failures 51
# of unexpected successes 1
# of expected failures 196
# of unresolved testcases 12
# of unsupported tests 885
/nfs/nile/nile.build/botcazou/gcc-head/spar64-sun-solaris2.10/gcc/xgcc version 4.6.0 20100612 for GNAT Pro 6.4.0w (20100611) (GCC)
=== gfortran tests ===
Running target unix
FAIL: gfortran.dg/array_constructor_11.f90 -O3 -g (internal compiler error)
FAIL: gfortran.dg/array_constructor_11.f90 -O3 -g (test for excess errors)
WARNING: gfortran.dg/array_constructor_11.f90 -O3 -g compilation failed to produce executable
=== gfortran Summary ===
# of expected passes 34719
# of unexpected failures 2
# of expected failures 26
# of unsupported tests 81
/nfs/nile/nile.build/botcazou/gcc-head/spar64-sun-solaris2.10/gcc/testsuite/gfortran/../../gfortran version 4.6.0 20100612 for GNAT Pro 6.4.0w (20100611) (GCC)
=== gnat tests ===
Running target unix
=== gnat Summary ===
# of expected passes 805
# of expected failures 11
# of unsupported tests 2
=== obj-c++ tests ===
Running target unix
WARNING: obj-c++.dg/lookup-2.mm -fgnu-runtime compilation failed to produce executable
WARNING: obj-c++.dg/try-catch-2.mm -fgnu-runtime compilation failed to produce executable
WARNING: obj-c++.dg/try-catch-9.mm -fgnu-runtime compilation failed to produce executable
=== obj-c++ Summary ===
# of expected passes 530
# of expected failures 11
# of unsupported tests 23
/nfs/nile/nile.build/botcazou/gcc-head/spar64-sun-solaris2.10/gcc/testsuite/obj-c++/../../g++ version 4.6.0 20100612 for GNAT Pro 6.4.0w (20100611) (GCC)
=== objc tests ===
Running target unix
=== objc Summary ===
# of expected passes 1971
# of expected failures 15
# of unsupported tests 28
/nfs/nile/nile.build/botcazou/gcc-head/spar64-sun-solaris2.10/gcc/xgcc version 4.6.0 20100612 for GNAT Pro 6.4.0w (20100611) (GCC)
Compiler version: 4.6.0 20100612 for GNAT Pro 6.4.0w (20100611) (GCC)
Platform: sparc64-sun-solaris2.10
configure flags: --build=sparc64-sun-solaris2.10 --prefix=/nile.build/botcazou/gcc-head/install_sparc64 --with-as=/nile.build/botcazou/gcc-head/install_sparc64/bin/as --with-gmp=/nile.build/botcazou/support/sparc --with-gmp-lib=/nile.build/botcazou/support/sparc/lib/sparcv9 --with-mpfr=/nile.build/botcazou/support/sparc --with-mpfr-lib=/nile.build/botcazou/support/sparc/lib/sparcv9 --with-mpc=/nile.build/botcazou/support/sparc --with-mpc-lib=/nile.build/botcazou/support/sparc/lib/sparcv9 --with-libelf=/nile.build/botcazou/support/sparc --with-libelf-lib=/nile.build/botcazou/support/sparc/lib/sparcv9 --enable-languages=c,c++,objc,obj-c++,fortran,ada --disable-libstdcxx-pch --disable-nls
BOOT_CFLAGS=-g -O2