This is the mail archive of the
gcc-testresults@gcc.gnu.org
mailing list for the GCC project.
Results for 4.6.0 20100610 (experimental) [mem-ref2 revision 160601] (GCC) testsuite on x86_64-unknown-linux-gnu
- From: rguenther at suse dot de (Richard Guenther)
- To: gcc-testresults at gcc dot gnu dot org
- Date: Fri, 11 Jun 2010 13:55:48 +0200
- Subject: Results for 4.6.0 20100610 (experimental) [mem-ref2 revision 160601] (GCC) testsuite on x86_64-unknown-linux-gnu
LAST_UPDATED: Fri Jun 11 10:12:03 UTC 2010 (revision 160601)
=== acats tests ===
FAIL: c380003
FAIL: c380004
FAIL: c940012
FAIL: c954012
FAIL: c954013
FAIL: c954014
FAIL: c954016
FAIL: c954017
FAIL: c954021
FAIL: cc40001
=== acats Summary ===
# of expected passes 2311
# of unexpected failures 10
Native configuration is x86_64-unknown-linux-gnu
=== g++ tests ===
Running target unix/
FAIL: g++.dg/ipa/ivinline-7.C scan-ipa-dump inline "B::foo[^\\n]*inline copy in int main"
FAIL: g++.dg/tree-ssa/copyprop-1.C scan-tree-dump-not dce2 ".* = [^>;]*;"
FAIL: g++.dg/tree-ssa/pr13146.C (test for excess errors)
FAIL: g++.dg/tree-ssa/pr8781.C scan-tree-dump fre "Replacing call target with f"
UNRESOLVED: pragma_plugin.c compilation, -I. -I/abuild/rguenther/mem-ref2/gcc/testsuite -I/abuild/rguenther/mem-ref2/gcc/testsuite/../../gcc -I/abuild/rguenther/obj/gcc/testsuite/g++/../../../gcc -I/abuild/rguenther/mem-ref2/gcc/testsuite/../../include -I/abuild/rguenther/mem-ref2/gcc/testsuite/../../libcpp/include -DIN_GCC -fPIC -shared
UNRESOLVED: header_plugin.c compilation, -I. -I/abuild/rguenther/mem-ref2/gcc/testsuite -I/abuild/rguenther/mem-ref2/gcc/testsuite/../../gcc -I/abuild/rguenther/obj/gcc/testsuite/g++/../../../gcc -I/abuild/rguenther/mem-ref2/gcc/testsuite/../../include -I/abuild/rguenther/mem-ref2/gcc/testsuite/../../libcpp/include -DIN_GCC -fPIC -shared
=== g++ Summary for unix/ ===
# of expected passes 24107
# of unexpected failures 4
# of expected failures 148
# of unresolved testcases 2
# of unsupported tests 320
Running target unix//-m32
FAIL: g++.dg/ipa/ivinline-7.C scan-ipa-dump inline "B::foo[^\\n]*inline copy in int main"
FAIL: g++.dg/tree-ssa/copyprop-1.C scan-tree-dump-not dce2 ".* = [^>;]*;"
FAIL: g++.dg/tree-ssa/pr13146.C (test for excess errors)
FAIL: g++.dg/tree-ssa/pr8781.C scan-tree-dump fre "Replacing call target with f"
FAIL: g++.dg/lto/20081109 cp_lto_20081109_0.o-cp_lto_20081109_1.o execute -O2 -fwhopr
UNRESOLVED: pragma_plugin.c compilation, -I. -I/abuild/rguenther/mem-ref2/gcc/testsuite -I/abuild/rguenther/mem-ref2/gcc/testsuite/../../gcc -I/abuild/rguenther/obj/gcc/testsuite/g++/../../../gcc -I/abuild/rguenther/mem-ref2/gcc/testsuite/../../include -I/abuild/rguenther/mem-ref2/gcc/testsuite/../../libcpp/include -DIN_GCC -fPIC -shared
UNRESOLVED: header_plugin.c compilation, -I. -I/abuild/rguenther/mem-ref2/gcc/testsuite -I/abuild/rguenther/mem-ref2/gcc/testsuite/../../gcc -I/abuild/rguenther/obj/gcc/testsuite/g++/../../../gcc -I/abuild/rguenther/mem-ref2/gcc/testsuite/../../include -I/abuild/rguenther/mem-ref2/gcc/testsuite/../../libcpp/include -DIN_GCC -fPIC -shared
=== g++ Summary for unix//-m32 ===
# of expected passes 23884
# of unexpected failures 5
# of expected failures 148
# of unresolved testcases 2
# of unsupported tests 118
=== g++ Summary ===
# of expected passes 47991
# of unexpected failures 9
# of expected failures 296
# of unresolved testcases 4
# of unsupported tests 438
/abuild/rguenther/obj/gcc/testsuite/g++/../../g++ version 4.6.0 20100610 (experimental) [mem-ref2 revision 160601] (GCC)
=== gcc tests ===
Running target unix/
FAIL: gcc.dg/Warray-bounds.c (test for warnings, line 59)
FAIL: gcc.dg/Warray-bounds.c (test for warnings, line 65)
FAIL: gcc.dg/Warray-bounds.c (test for warnings, line 66)
FAIL: gcc.dg/Wshadow-3.c (test for warnings, line 47)
FAIL: gcc.dg/builtin-object-size-2.c execution test
FAIL: gcc.dg/builtin-object-size-4.c execution test
FAIL: gcc.dg/builtin-object-size-6.c execution test
FAIL: gcc.dg/builtin-object-size-7.c execution test
FAIL: gcc.dg/builtin-object-size-8.c execution test
FAIL: gcc.dg/cproj-fails-with-broken-glibc.c execution test
FAIL: gcc.dg/pr36902.c (test for warnings, line 47)
XPASS: gcc.dg/uninit-6-O0.c uninitialized variable warning (test for bogus messages, line 42)
FAIL: gcc.dg/uninit-pr40943.c (test for warnings, line 9)
XPASS: gcc.dg/guality/example.c -O0 execution test
XPASS: gcc.dg/guality/example.c -O1 execution test
XPASS: gcc.dg/guality/example.c -O2 execution test
XPASS: gcc.dg/guality/example.c -Os execution test
XPASS: gcc.dg/guality/example.c -O2 -flto execution test
XPASS: gcc.dg/guality/example.c -O2 -fwhopr execution test
XPASS: gcc.dg/guality/guality.c -O0 execution test
XPASS: gcc.dg/guality/guality.c -O1 execution test
XPASS: gcc.dg/guality/guality.c -O2 execution test
XPASS: gcc.dg/guality/guality.c -O3 -fomit-frame-pointer execution test
XPASS: gcc.dg/guality/guality.c -O3 -g execution test
XPASS: gcc.dg/guality/guality.c -Os execution test
XPASS: gcc.dg/guality/guality.c -O2 -flto execution test
XPASS: gcc.dg/guality/guality.c -O2 -fwhopr execution test
FAIL: gcc.dg/guality/inline-params.c -O1 execution test
XPASS: gcc.dg/guality/pr41353-1.c -O0 line 28 j == 28 + 37
XPASS: gcc.dg/guality/pr41353-1.c -O1 line 28 j == 28 + 37
XPASS: gcc.dg/guality/pr41353-1.c -O2 line 28 j == 28 + 37
XPASS: gcc.dg/guality/pr41353-1.c -O3 -fomit-frame-pointer line 28 j == 28 + 37
XPASS: gcc.dg/guality/pr41353-1.c -O3 -g line 28 j == 28 + 37
XPASS: gcc.dg/guality/pr41353-1.c -Os line 28 j == 28 + 37
FAIL: gcc.dg/guality/pr41353-1.c -O2 -flto line 28 i == 37
FAIL: gcc.dg/guality/pr41353-1.c -O2 -flto line 28 i1 == 2 * 37
FAIL: gcc.dg/guality/pr41353-1.c -O2 -flto line 28 i2 == 3 * 37
FAIL: gcc.dg/guality/pr41353-1.c -O2 -fwhopr line 28 i == 37
FAIL: gcc.dg/guality/pr41353-1.c -O2 -fwhopr line 28 i1 == 2 * 37
FAIL: gcc.dg/guality/pr41353-1.c -O2 -fwhopr line 28 i2 == 3 * 37
XPASS: gcc.dg/guality/pr41447-1.c -O0 execution test
XPASS: gcc.dg/guality/pr41616-1.c -O0 execution test
XPASS: gcc.dg/guality/pr41616-1.c -O1 execution test
XPASS: gcc.dg/guality/pr41616-1.c -O2 execution test
XPASS: gcc.dg/guality/pr41616-1.c -O3 -fomit-frame-pointer execution test
XPASS: gcc.dg/guality/pr41616-1.c -O3 -g execution test
XPASS: gcc.dg/guality/pr41616-1.c -Os execution test
XPASS: gcc.dg/guality/pr41616-1.c -O2 -flto execution test
XPASS: gcc.dg/guality/pr41616-1.c -O2 -fwhopr execution test
FAIL: gcc.dg/guality/sra-1.c -O1 line 20 a.j == 14
FAIL: gcc.dg/guality/sra-1.c -O2 line 20 a.j == 14
FAIL: gcc.dg/guality/sra-1.c -O3 -fomit-frame-pointer line 20 a.j == 14
FAIL: gcc.dg/guality/sra-1.c -O3 -g line 20 a.j == 14
FAIL: gcc.dg/guality/sra-1.c -Os line 20 a.j == 14
FAIL: gcc.dg/guality/sra-1.c -O2 -flto line 20 a.i == 4
FAIL: gcc.dg/guality/sra-1.c -O2 -flto line 20 a.j == 14
FAIL: gcc.dg/guality/sra-1.c -O2 -flto line 42 a.i == 4
FAIL: gcc.dg/guality/sra-1.c -O2 -flto line 42 a.j == 14
FAIL: gcc.dg/guality/sra-1.c -O2 -fwhopr line 20 a.i == 4
FAIL: gcc.dg/guality/sra-1.c -O2 -fwhopr line 20 a.j == 14
FAIL: gcc.dg/guality/sra-1.c -O2 -fwhopr line 42 a.i == 4
FAIL: gcc.dg/guality/sra-1.c -O2 -fwhopr line 42 a.j == 14
FAIL: gcc.dg/guality/vla-1.c -O1 line 17 i == 5
FAIL: gcc.dg/guality/vla-1.c -O1 line 17 sizeof (a) == 6
FAIL: gcc.dg/guality/vla-1.c -O1 line 24 sizeof (a) == 17 * sizeof (short)
FAIL: gcc.dg/guality/vla-1.c -O2 line 17 sizeof (a) == 6
FAIL: gcc.dg/guality/vla-1.c -O2 line 24 sizeof (a) == 17 * sizeof (short)
FAIL: gcc.dg/guality/vla-1.c -O3 -fomit-frame-pointer line 17 sizeof (a) == 6
FAIL: gcc.dg/guality/vla-1.c -O3 -fomit-frame-pointer line 24 sizeof (a) == 17 * sizeof (short)
FAIL: gcc.dg/guality/vla-1.c -O3 -g line 17 sizeof (a) == 6
FAIL: gcc.dg/guality/vla-1.c -O3 -g line 24 sizeof (a) == 17 * sizeof (short)
FAIL: gcc.dg/guality/vla-1.c -Os line 17 sizeof (a) == 6
FAIL: gcc.dg/guality/vla-1.c -Os line 24 sizeof (a) == 17 * sizeof (short)
FAIL: gcc.dg/guality/vla-1.c -O2 -flto line 17 sizeof (a) == 6
FAIL: gcc.dg/guality/vla-1.c -O2 -flto line 24 sizeof (a) == 17 * sizeof (short)
FAIL: gcc.dg/guality/vla-1.c -O2 -fwhopr line 17 sizeof (a) == 6
FAIL: gcc.dg/guality/vla-1.c -O2 -fwhopr line 24 sizeof (a) == 17 * sizeof (short)
FAIL: gcc.dg/guality/vla-2.c -O1 line 25 sizeof (a) == 6 * sizeof (int)
FAIL: gcc.dg/guality/vla-2.c -O2 line 25 sizeof (a) == 6 * sizeof (int)
FAIL: gcc.dg/guality/vla-2.c -O3 -fomit-frame-pointer line 25 sizeof (a) == 6 * sizeof (int)
FAIL: gcc.dg/guality/vla-2.c -O3 -g line 25 sizeof (a) == 6 * sizeof (int)
FAIL: gcc.dg/guality/vla-2.c -Os line 25 sizeof (a) == 6 * sizeof (int)
XPASS: gcc.dg/tree-ssa/20031106-3.c scan-tree-dump-times optimized "link_error" 0
XPASS: gcc.dg/tree-ssa/20040204-1.c scan-tree-dump-times optimized "link_error" 0
FAIL: gcc.dg/tree-ssa/alias-18.c scan-tree-dump fre "with 1"
FAIL: gcc.dg/tree-ssa/alias-18.c scan-tree-dump fre "with 8"
FAIL: gcc.dg/tree-ssa/alias-20.c scan-tree-dump-times optimized "return 0;" 2
FAIL: gcc.dg/tree-ssa/foldaddr-2.c scan-tree-dump optimized "a.a"
FAIL: gcc.dg/tree-ssa/foldaddr-3.c scan-tree-dump optimized "a.s2.c"
FAIL: gcc.dg/tree-ssa/forwprop-1.c scan-tree-dump-times forwprop1 "t\\[i.*\\] =.* 1;" 1
FAIL: gcc.dg/tree-ssa/forwprop-10.c scan-tree-dump forwprop1 "= a;"
FAIL: gcc.dg/tree-ssa/forwprop-10.c scan-tree-dump forwprop1 "= \\(int\\) "
FAIL: gcc.dg/tree-ssa/forwprop-2.c scan-tree-dump-times forwprop1 "t\\[i.*\\] =.* 1;" 1
FAIL: gcc.dg/tree-ssa/forwprop-5.c scan-tree-dump-times forwprop1 "VIEW_CONVERT_EXPR" 1
FAIL: gcc.dg/tree-ssa/forwprop-8.c scan-tree-dump forwprop1 "->a\\[0\\]"
FAIL: gcc.dg/tree-ssa/forwprop-9.c scan-tree-dump-times optimized " = 1" 2
XPASS: gcc.dg/tree-ssa/fre-vce-1.c scan-tree-dump-times fre "sv.i" 2
FAIL: gcc.dg/tree-ssa/pr13146.c scan-tree-dump optimized "return 0;"
FAIL: gcc.dg/tree-ssa/pr17141-1.c scan-tree-dump forwprop1 "locp.*->i ="
FAIL: gcc.dg/tree-ssa/pr27799.c (test for excess errors)
FAIL: gcc.dg/tree-ssa/pr38895.c scan-tree-dump optimized "return 1;"
FAIL: gcc.dg/tree-ssa/restrict-3.c scan-tree-dump lim1 "Executing store motion of \\*r"
FAIL: gcc.dg/tree-ssa/ssa-ccp-21.c scan-tree-dump-times ccp1 "a.b.i" 2
FAIL: gcc.dg/tree-ssa/ssa-ccp-23.c scan-tree-dump ccp1 "a.i\\[1\\]"
FAIL: gcc.dg/tree-ssa/ssa-ccp-25.c scan-tree-dump ccp1 "&a\\[[iD]\\."
FAIL: gcc.dg/tree-ssa/ssa-ccp-25.c scan-tree-dump forwprop1 "= a\\[[iD]\\."
FAIL: gcc.dg/tree-ssa/ssa-ccp-26.c scan-tree-dump forwprop1 "= a\\[D\\."
FAIL: gcc.dg/tree-ssa/ssa-fre-1.c scan-tree-dump fre "Replaced \\(int \\*\\) b_.*with a_"
FAIL: gcc.dg/tree-ssa/ssa-fre-1.c scan-tree-dump fre "Replaced \\*c_.*with t_"
FAIL: gcc.dg/tree-ssa/ssa-fre-13.c scan-tree-dump fre "Inserted .* &a"
FAIL: gcc.dg/tree-ssa/ssa-fre-14.c scan-tree-dump fre "Inserted .* &a"
FAIL: gcc.dg/tree-ssa/ssa-pre-25.c scan-tree-dump pre "Eliminated: 1"
FAIL: gcc.dg/tree-ssa/ssa-pre-7.c scan-tree-dump-times fre "Eliminated: 2" 1
FAIL: gcc.dg/tree-ssa/ssa-sccvn-4.c scan-tree-dump-times fre "Eliminated: 6" 1
FAIL: gcc.dg/tree-ssa/struct-aliasing-2.c scan-tree-dump-times fre "p_.\\(D\\)->f" 1
FAIL: gcc.dg/vect/bb-slp-10.c scan-tree-dump-times slp "unsupported alignment in basic block." 1
FAIL: gcc.dg/vect/bb-slp-11.c scan-tree-dump-times slp "SLP with multiple types" 1
FAIL: gcc.dg/vect/bb-slp-3.c scan-tree-dump-times slp "basic block vectorized using SLP" 1
FAIL: gcc.dg/vect/bb-slp-5.c scan-tree-dump-times slp "basic block vectorized using SLP" 1
FAIL: gcc.dg/vect/bb-slp-6.c scan-tree-dump-times slp "basic block vectorized using SLP" 1
FAIL: gcc.dg/vect/bb-slp-9.c scan-tree-dump-times slp "unsupported alignment in basic block." 1
FAIL: gcc.dg/vect/no-tree-reassoc-bb-slp-12.c scan-tree-dump-times slp "basic block vectorized using SLP" 1
=== gcc Summary for unix/ ===
# of expected passes 74087
# of unexpected failures 89
# of unexpected successes 33
# of expected failures 217
# of unsupported tests 1026
Running target unix//-m32
FAIL: gcc.dg/Warray-bounds.c (test for warnings, line 59)
FAIL: gcc.dg/Warray-bounds.c (test for warnings, line 65)
FAIL: gcc.dg/Warray-bounds.c (test for warnings, line 66)
FAIL: gcc.dg/Wshadow-3.c (test for warnings, line 47)
FAIL: gcc.dg/builtin-object-size-2.c execution test
FAIL: gcc.dg/builtin-object-size-4.c execution test
FAIL: gcc.dg/builtin-object-size-6.c execution test
FAIL: gcc.dg/builtin-object-size-7.c execution test
FAIL: gcc.dg/builtin-object-size-8.c execution test
FAIL: gcc.dg/cproj-fails-with-broken-glibc.c execution test
FAIL: gcc.dg/pr36902.c (test for warnings, line 47)
XPASS: gcc.dg/uninit-6-O0.c uninitialized variable warning (test for bogus messages, line 42)
FAIL: gcc.dg/uninit-pr40943.c (test for warnings, line 9)
XPASS: gcc.dg/guality/example.c -O0 execution test
XPASS: gcc.dg/guality/example.c -O1 execution test
XPASS: gcc.dg/guality/example.c -O2 execution test
XPASS: gcc.dg/guality/example.c -O2 -flto execution test
XPASS: gcc.dg/guality/example.c -O2 -fwhopr execution test
XPASS: gcc.dg/guality/guality.c -O0 execution test
XPASS: gcc.dg/guality/guality.c -O1 execution test
XPASS: gcc.dg/guality/guality.c -O2 execution test
XPASS: gcc.dg/guality/guality.c -O3 -fomit-frame-pointer execution test
XPASS: gcc.dg/guality/guality.c -O3 -g execution test
XPASS: gcc.dg/guality/guality.c -Os execution test
XPASS: gcc.dg/guality/guality.c -O2 -flto execution test
XPASS: gcc.dg/guality/guality.c -O2 -fwhopr execution test
FAIL: gcc.dg/guality/inline-params.c -O1 execution test
XPASS: gcc.dg/guality/pr41353-1.c -O0 line 28 j == 28 + 37
XPASS: gcc.dg/guality/pr41353-1.c -O1 line 28 j == 28 + 37
XPASS: gcc.dg/guality/pr41353-1.c -O2 line 28 j == 28 + 37
XPASS: gcc.dg/guality/pr41353-1.c -O3 -fomit-frame-pointer line 28 j == 28 + 37
XPASS: gcc.dg/guality/pr41353-1.c -O3 -g line 28 j == 28 + 37
XPASS: gcc.dg/guality/pr41353-1.c -Os line 28 j == 28 + 37
FAIL: gcc.dg/guality/pr41353-1.c -O2 -flto line 28 i == 37
FAIL: gcc.dg/guality/pr41353-1.c -O2 -flto line 28 i1 == 2 * 37
FAIL: gcc.dg/guality/pr41353-1.c -O2 -flto line 28 i2 == 3 * 37
FAIL: gcc.dg/guality/pr41353-1.c -O2 -fwhopr line 28 i == 37
FAIL: gcc.dg/guality/pr41353-1.c -O2 -fwhopr line 28 i1 == 2 * 37
FAIL: gcc.dg/guality/pr41353-1.c -O2 -fwhopr line 28 i2 == 3 * 37
XPASS: gcc.dg/guality/pr41447-1.c -O0 execution test
XPASS: gcc.dg/guality/pr41447-1.c -O1 execution test
XPASS: gcc.dg/guality/pr41447-1.c -O2 execution test
XPASS: gcc.dg/guality/pr41447-1.c -O3 -g execution test
XPASS: gcc.dg/guality/pr41447-1.c -Os execution test
XPASS: gcc.dg/guality/pr41447-1.c -O2 -flto execution test
XPASS: gcc.dg/guality/pr41447-1.c -O2 -fwhopr execution test
XPASS: gcc.dg/guality/pr41616-1.c -O0 execution test
XPASS: gcc.dg/guality/pr41616-1.c -O1 execution test
XPASS: gcc.dg/guality/pr41616-1.c -O2 execution test
XPASS: gcc.dg/guality/pr41616-1.c -O3 -fomit-frame-pointer execution test
XPASS: gcc.dg/guality/pr41616-1.c -O3 -g execution test
XPASS: gcc.dg/guality/pr41616-1.c -Os execution test
XPASS: gcc.dg/guality/pr41616-1.c -O2 -flto execution test
XPASS: gcc.dg/guality/pr41616-1.c -O2 -fwhopr execution test
FAIL: gcc.dg/guality/sra-1.c -O1 line 20 a.j == 14
FAIL: gcc.dg/guality/sra-1.c -O2 line 20 a.j == 14
FAIL: gcc.dg/guality/sra-1.c -O3 -fomit-frame-pointer line 20 a.j == 14
FAIL: gcc.dg/guality/sra-1.c -O3 -g line 20 a.j == 14
FAIL: gcc.dg/guality/sra-1.c -Os line 20 a.j == 14
FAIL: gcc.dg/guality/sra-1.c -O2 -flto line 20 a.i == 4
FAIL: gcc.dg/guality/sra-1.c -O2 -flto line 20 a.j == 14
FAIL: gcc.dg/guality/sra-1.c -O2 -flto line 42 a.i == 4
FAIL: gcc.dg/guality/sra-1.c -O2 -flto line 42 a.j == 14
FAIL: gcc.dg/guality/sra-1.c -O2 -fwhopr line 20 a.i == 4
FAIL: gcc.dg/guality/sra-1.c -O2 -fwhopr line 20 a.j == 14
FAIL: gcc.dg/guality/sra-1.c -O2 -fwhopr line 42 a.i == 4
FAIL: gcc.dg/guality/sra-1.c -O2 -fwhopr line 42 a.j == 14
FAIL: gcc.dg/guality/vla-1.c -O2 -flto line 17 sizeof (a) == 6
FAIL: gcc.dg/guality/vla-1.c -O2 -flto line 24 sizeof (a) == 17 * sizeof (short)
FAIL: gcc.dg/guality/vla-1.c -O2 -fwhopr line 17 sizeof (a) == 6
FAIL: gcc.dg/guality/vla-1.c -O2 -fwhopr line 24 sizeof (a) == 17 * sizeof (short)
FAIL: gcc.dg/guality/vla-2.c -O1 line 25 sizeof (a) == 6 * sizeof (int)
FAIL: gcc.dg/guality/vla-2.c -O2 line 25 sizeof (a) == 6 * sizeof (int)
FAIL: gcc.dg/guality/vla-2.c -O3 -fomit-frame-pointer line 25 sizeof (a) == 6 * sizeof (int)
FAIL: gcc.dg/guality/vla-2.c -O3 -g line 25 sizeof (a) == 6 * sizeof (int)
FAIL: gcc.dg/guality/vla-2.c -Os line 25 sizeof (a) == 6 * sizeof (int)
XPASS: gcc.dg/tree-ssa/20031106-3.c scan-tree-dump-times optimized "link_error" 0
XPASS: gcc.dg/tree-ssa/20040204-1.c scan-tree-dump-times optimized "link_error" 0
FAIL: gcc.dg/tree-ssa/alias-18.c scan-tree-dump fre "with 1"
FAIL: gcc.dg/tree-ssa/alias-18.c scan-tree-dump fre "with 8"
FAIL: gcc.dg/tree-ssa/alias-20.c scan-tree-dump-times optimized "return 0;" 2
FAIL: gcc.dg/tree-ssa/foldaddr-2.c scan-tree-dump optimized "a.a"
FAIL: gcc.dg/tree-ssa/foldaddr-3.c scan-tree-dump optimized "a.s2.c"
FAIL: gcc.dg/tree-ssa/forwprop-1.c scan-tree-dump-times forwprop1 "t\\[i.*\\] =.* 1;" 1
FAIL: gcc.dg/tree-ssa/forwprop-10.c scan-tree-dump forwprop1 "= a;"
FAIL: gcc.dg/tree-ssa/forwprop-10.c scan-tree-dump forwprop1 "= \\(int\\) "
FAIL: gcc.dg/tree-ssa/forwprop-2.c scan-tree-dump-times forwprop1 "t\\[i.*\\] =.* 1;" 1
FAIL: gcc.dg/tree-ssa/forwprop-5.c scan-tree-dump-times forwprop1 "VIEW_CONVERT_EXPR" 1
FAIL: gcc.dg/tree-ssa/forwprop-8.c scan-tree-dump forwprop1 "->a\\[0\\]"
FAIL: gcc.dg/tree-ssa/forwprop-9.c scan-tree-dump-times optimized " = 1" 2
XPASS: gcc.dg/tree-ssa/fre-vce-1.c scan-tree-dump-times fre "sv.i" 2
FAIL: gcc.dg/tree-ssa/pr13146.c scan-tree-dump optimized "return 0;"
FAIL: gcc.dg/tree-ssa/pr17141-1.c scan-tree-dump forwprop1 "locp.*->i ="
FAIL: gcc.dg/tree-ssa/pr27799.c (test for excess errors)
FAIL: gcc.dg/tree-ssa/pr38895.c scan-tree-dump optimized "return 1;"
FAIL: gcc.dg/tree-ssa/prefetch-5.c scan-tree-dump-times aprefetch "Issued prefetch" 2
FAIL: gcc.dg/tree-ssa/prefetch-5.c scan-tree-dump-times aprefetch "Not prefetching" 1
FAIL: gcc.dg/tree-ssa/restrict-3.c scan-tree-dump lim1 "Executing store motion of \\*r"
FAIL: gcc.dg/tree-ssa/ssa-ccp-21.c scan-tree-dump-times ccp1 "a.b.i" 2
FAIL: gcc.dg/tree-ssa/ssa-ccp-23.c scan-tree-dump ccp1 "a.i\\[1\\]"
FAIL: gcc.dg/tree-ssa/ssa-ccp-25.c scan-tree-dump ccp1 "&a\\[[iD]\\."
FAIL: gcc.dg/tree-ssa/ssa-ccp-25.c scan-tree-dump forwprop1 "= a\\[[iD]\\."
FAIL: gcc.dg/tree-ssa/ssa-ccp-26.c scan-tree-dump forwprop1 "= a\\[D\\."
FAIL: gcc.dg/tree-ssa/ssa-fre-1.c scan-tree-dump fre "Replaced \\(int \\*\\) b_.*with a_"
FAIL: gcc.dg/tree-ssa/ssa-fre-1.c scan-tree-dump fre "Replaced \\*c_.*with t_"
FAIL: gcc.dg/tree-ssa/ssa-fre-13.c scan-tree-dump fre "Inserted .* &a"
FAIL: gcc.dg/tree-ssa/ssa-fre-14.c scan-tree-dump fre "Inserted .* &a"
FAIL: gcc.dg/tree-ssa/ssa-pre-25.c scan-tree-dump pre "Eliminated: 1"
FAIL: gcc.dg/tree-ssa/ssa-pre-7.c scan-tree-dump-times fre "Eliminated: 2" 1
FAIL: gcc.dg/tree-ssa/ssa-sccvn-4.c scan-tree-dump-times fre "Eliminated: 6" 1
FAIL: gcc.dg/tree-ssa/struct-aliasing-2.c scan-tree-dump-times fre "p_.\\(D\\)->f" 1
FAIL: gcc.dg/vect/bb-slp-10.c scan-tree-dump-times slp "unsupported alignment in basic block." 1
FAIL: gcc.dg/vect/bb-slp-11.c scan-tree-dump-times slp "SLP with multiple types" 1
FAIL: gcc.dg/vect/bb-slp-3.c scan-tree-dump-times slp "basic block vectorized using SLP" 1
FAIL: gcc.dg/vect/bb-slp-5.c scan-tree-dump-times slp "basic block vectorized using SLP" 1
FAIL: gcc.dg/vect/bb-slp-6.c scan-tree-dump-times slp "basic block vectorized using SLP" 1
FAIL: gcc.dg/vect/bb-slp-9.c scan-tree-dump-times slp "unsupported alignment in basic block." 1
FAIL: gcc.dg/vect/no-tree-reassoc-bb-slp-12.c scan-tree-dump-times slp "basic block vectorized using SLP" 1
=== gcc Summary for unix//-m32 ===
# of expected passes 73980
# of unexpected failures 80
# of unexpected successes 38
# of expected failures 213
# of unsupported tests 645
=== gcc Summary ===
# of expected passes 148067
# of unexpected failures 169
# of unexpected successes 71
# of expected failures 430
# of unsupported tests 1671
/abuild/rguenther/obj/gcc/xgcc version 4.6.0 20100610 (experimental) [mem-ref2 revision 160601] (GCC)
=== gfortran tests ===
Running target unix/
FAIL: gfortran.dg/array_constructor_11.f90 -O3 -g (internal compiler error)
FAIL: gfortran.dg/array_constructor_11.f90 -O3 -g (test for excess errors)
WARNING: gfortran.dg/array_constructor_11.f90 -O3 -g compilation failed to produce executable
=== gfortran Summary for unix/ ===
# of expected passes 34795
# of unexpected failures 2
# of expected failures 33
# of unsupported tests 60
Running target unix//-m32
FAIL: gfortran.dg/array_constructor_11.f90 -O3 -g (internal compiler error)
FAIL: gfortran.dg/array_constructor_11.f90 -O3 -g (test for excess errors)
WARNING: gfortran.dg/array_constructor_11.f90 -O3 -g compilation failed to produce executable
=== gfortran Summary for unix//-m32 ===
# of expected passes 34652
# of unexpected failures 2
# of expected failures 33
# of unsupported tests 126
=== gfortran Summary ===
# of expected passes 69447
# of unexpected failures 4
# of expected failures 66
# of unsupported tests 186
/abuild/rguenther/obj/gcc/testsuite/gfortran/../../gfortran version 4.6.0 20100610 (experimental) [mem-ref2 revision 160601] (GCC)
=== gnat tests ===
Running target unix/
=== gnat Summary for unix/ ===
# of expected passes 805
# of expected failures 11
# of unsupported tests 1
Running target unix//-m32
FAIL: gnat.dg/aliasing3.adb execution test
=== gnat Summary for unix//-m32 ===
# of expected passes 804
# of unexpected failures 1
# of expected failures 11
# of unsupported tests 1
=== gnat Summary ===
# of expected passes 1609
# of unexpected failures 1
# of expected failures 22
# of unsupported tests 2
=== obj-c++ tests ===
Running target unix/
WARNING: obj-c++.dg/lookup-2.mm -fgnu-runtime compilation failed to produce executable
WARNING: obj-c++.dg/try-catch-2.mm -fgnu-runtime compilation failed to produce executable
WARNING: obj-c++.dg/try-catch-9.mm -fgnu-runtime compilation failed to produce executable
=== obj-c++ Summary for unix/ ===
# of expected passes 530
# of expected failures 11
# of unsupported tests 23
Running target unix//-m32
WARNING: obj-c++.dg/lookup-2.mm -fgnu-runtime compilation failed to produce executable
WARNING: obj-c++.dg/try-catch-2.mm -fgnu-runtime compilation failed to produce executable
WARNING: obj-c++.dg/try-catch-9.mm -fgnu-runtime compilation failed to produce executable
=== obj-c++ Summary for unix//-m32 ===
# of expected passes 538
# of expected failures 3
# of unsupported tests 23
=== obj-c++ Summary ===
# of expected passes 1068
# of expected failures 14
# of unsupported tests 46
/abuild/rguenther/obj/gcc/testsuite/obj-c++/../../g++ version 4.6.0 20100610 (experimental) [mem-ref2 revision 160601] (GCC)
=== objc tests ===
Running target unix/
=== objc Summary for unix/ ===
# of expected passes 1971
# of expected failures 15
# of unsupported tests 28
Running target unix//-m32
=== objc Summary for unix//-m32 ===
# of expected passes 1979
# of expected failures 7
# of unsupported tests 28
=== objc Summary ===
# of expected passes 3950
# of expected failures 22
# of unsupported tests 56
/abuild/rguenther/obj/gcc/xgcc version 4.6.0 20100610 (experimental) [mem-ref2 revision 160601] (GCC)
=== libffi tests ===
Running target unix/
=== libffi Summary for unix/ ===
# of expected passes 1624
# of expected failures 10
# of unsupported tests 15
Running target unix//-m32
=== libffi Summary for unix//-m32 ===
# of expected passes 1624
# of expected failures 10
# of unsupported tests 15
=== libffi Summary ===
# of expected passes 3248
# of expected failures 20
# of unsupported tests 30
=== libgomp tests ===
Running target unix/
=== libgomp Summary for unix/ ===
# of expected passes 2540
Running target unix//-m32
=== libgomp Summary for unix//-m32 ===
# of expected passes 2540
=== libgomp Summary ===
# of expected passes 5080
=== libjava tests ===
Running target unix/
=== libjava Summary for unix/ ===
# of expected passes 2574
Running target unix//-m32
=== libjava Summary for unix//-m32 ===
# of expected passes 2574
=== libjava Summary ===
# of expected passes 5148
=== libmudflap tests ===
Running target unix/
FAIL: libmudflap.c/pass49-frag.c execution test
FAIL: libmudflap.c/pass49-frag.c output pattern test
FAIL: libmudflap.c/pass49-frag.c execution test
FAIL: libmudflap.c/pass49-frag.c output pattern test
FAIL: libmudflap.c/pass49-frag.c (-static) execution test
FAIL: libmudflap.c/pass49-frag.c (-static) output pattern test
FAIL: libmudflap.c/pass49-frag.c (-static) execution test
FAIL: libmudflap.c/pass49-frag.c (-static) output pattern test
FAIL: libmudflap.c/pass49-frag.c (-O2) execution test
FAIL: libmudflap.c/pass49-frag.c (-O2) output pattern test
FAIL: libmudflap.c/pass49-frag.c (-O2) execution test
FAIL: libmudflap.c/pass49-frag.c (-O2) output pattern test
FAIL: libmudflap.c/pass49-frag.c (-O3) execution test
FAIL: libmudflap.c/pass49-frag.c (-O3) output pattern test
FAIL: libmudflap.c/pass49-frag.c (-O3) execution test
FAIL: libmudflap.c/pass49-frag.c (-O3) output pattern test
=== libmudflap Summary for unix/ ===
# of expected passes 1878
# of unexpected failures 16
Running target unix//-m32
FAIL: libmudflap.c/pass49-frag.c execution test
FAIL: libmudflap.c/pass49-frag.c output pattern test
FAIL: libmudflap.c/pass49-frag.c execution test
FAIL: libmudflap.c/pass49-frag.c output pattern test
FAIL: libmudflap.c/pass49-frag.c (-static) execution test
FAIL: libmudflap.c/pass49-frag.c (-static) output pattern test
FAIL: libmudflap.c/pass49-frag.c (-static) execution test
FAIL: libmudflap.c/pass49-frag.c (-static) output pattern test
FAIL: libmudflap.c/pass49-frag.c (-O2) execution test
FAIL: libmudflap.c/pass49-frag.c (-O2) output pattern test
FAIL: libmudflap.c/pass49-frag.c (-O2) execution test
FAIL: libmudflap.c/pass49-frag.c (-O2) output pattern test
FAIL: libmudflap.c/pass49-frag.c (-O3) execution test
FAIL: libmudflap.c/pass49-frag.c (-O3) output pattern test
FAIL: libmudflap.c/pass49-frag.c (-O3) execution test
FAIL: libmudflap.c/pass49-frag.c (-O3) output pattern test
=== libmudflap Summary for unix//-m32 ===
# of expected passes 1878
# of unexpected failures 16
=== libmudflap Summary ===
# of expected passes 3756
# of unexpected failures 32
=== libstdc++ tests ===
Running target unix/
=== libstdc++ Summary for unix/ ===
# of expected passes 7800
# of expected failures 97
# of unsupported tests 11
Running target unix//-m32
=== libstdc++ Summary for unix//-m32 ===
# of expected passes 7800
# of expected failures 97
# of unsupported tests 11
=== libstdc++ Summary ===
# of expected passes 15600
# of expected failures 194
# of unsupported tests 22
Compiler version: 4.6.0 20100610 (experimental) [mem-ref2 revision 160601] (GCC)
Platform: x86_64-unknown-linux-gnu
configure flags: --disable-nls --enable-languages=all,ada,obj-c++