This is the mail archive of the
gcc-testresults@gcc.gnu.org
mailing list for the GCC project.
Results for 4.6.0 20100605 (experimental) (GCC) testsuite on i686-pc-linux-gnu
- From: CodeSourcery Automatic Testing System <gcc at codesourcery dot com>
- To: gcc-testresults at gcc dot gnu dot org
- Date: Sat, 5 Jun 2010 06:06:19 -0700 (PDT)
- Subject: Results for 4.6.0 20100605 (experimental) (GCC) testsuite on i686-pc-linux-gnu
LAST_UPDATED: Sat Jun 5 07:11:09 UTC 2010 (/trunk revision 160309)
Native configuration is i686-pc-linux-gnu
=== g++ tests ===
Running target localhost
FAIL: g++.dg/lto/20081109 cp_lto_20081109_0.o-cp_lto_20081109_1.o execute -O2 -fwhopr
=== g++ Summary ===
# of expected passes 23803
# of unexpected failures 1
# of expected failures 148
# of unsupported tests 118
/scratch/gcc/nightly-2010-06-05-mainline/i686-pc-linux-gnu/obj/test-mainline-0-i686-pc-linux-gnu/host-i686-pc-linux-gnu/fsf-mainline/bin/i686-pc-linux-gnu-g++ version 4.6.0 20100605 (experimental) (GCC)
=== gcc tests ===
Running target localhost
FAIL: gcc.dg/cproj-fails-with-broken-glibc.c execution test
FAIL: gcc.dg/pr34668-1.c (internal compiler error)
FAIL: gcc.dg/pr34668-1.c (test for excess errors)
XPASS: gcc.dg/guality/example.c -O0 execution test
XPASS: gcc.dg/guality/example.c -O1 execution test
XPASS: gcc.dg/guality/example.c -O2 execution test
XPASS: gcc.dg/guality/example.c -O2 -flto execution test
XPASS: gcc.dg/guality/example.c -O2 -fwhopr execution test
XPASS: gcc.dg/guality/guality.c -O0 execution test
XPASS: gcc.dg/guality/guality.c -O1 execution test
XPASS: gcc.dg/guality/guality.c -O2 execution test
XPASS: gcc.dg/guality/guality.c -O3 -fomit-frame-pointer execution test
XPASS: gcc.dg/guality/guality.c -O3 -g execution test
XPASS: gcc.dg/guality/guality.c -Os execution test
XPASS: gcc.dg/guality/guality.c -O2 -flto execution test
XPASS: gcc.dg/guality/guality.c -O2 -fwhopr execution test
FAIL: gcc.dg/guality/inline-params.c -O1 execution test
XPASS: gcc.dg/guality/pr41353-1.c -O0 line 28 j == 28 + 37
XPASS: gcc.dg/guality/pr41353-1.c -O1 line 28 j == 28 + 37
XPASS: gcc.dg/guality/pr41353-1.c -O2 line 28 j == 28 + 37
XPASS: gcc.dg/guality/pr41353-1.c -O3 -fomit-frame-pointer line 28 j == 28 + 37
XPASS: gcc.dg/guality/pr41353-1.c -O3 -g line 28 j == 28 + 37
XPASS: gcc.dg/guality/pr41353-1.c -Os line 28 j == 28 + 37
FAIL: gcc.dg/guality/pr41353-1.c -O2 -flto line 28 i == 37
FAIL: gcc.dg/guality/pr41353-1.c -O2 -flto line 28 i1 == 2 * 37
FAIL: gcc.dg/guality/pr41353-1.c -O2 -flto line 28 i2 == 3 * 37
FAIL: gcc.dg/guality/pr41353-1.c -O2 -fwhopr line 28 i == 37
FAIL: gcc.dg/guality/pr41353-1.c -O2 -fwhopr line 28 i1 == 2 * 37
FAIL: gcc.dg/guality/pr41353-1.c -O2 -fwhopr line 28 i2 == 3 * 37
XPASS: gcc.dg/guality/pr41447-1.c -O0 execution test
XPASS: gcc.dg/guality/pr41447-1.c -O1 execution test
XPASS: gcc.dg/guality/pr41447-1.c -O2 execution test
XPASS: gcc.dg/guality/pr41447-1.c -O3 -g execution test
XPASS: gcc.dg/guality/pr41447-1.c -Os execution test
XPASS: gcc.dg/guality/pr41447-1.c -O2 -flto execution test
XPASS: gcc.dg/guality/pr41447-1.c -O2 -fwhopr execution test
XPASS: gcc.dg/guality/pr41616-1.c -O0 execution test
XPASS: gcc.dg/guality/pr41616-1.c -O1 execution test
XPASS: gcc.dg/guality/pr41616-1.c -O2 execution test
XPASS: gcc.dg/guality/pr41616-1.c -O3 -fomit-frame-pointer execution test
XPASS: gcc.dg/guality/pr41616-1.c -O3 -g execution test
XPASS: gcc.dg/guality/pr41616-1.c -Os execution test
XPASS: gcc.dg/guality/pr41616-1.c -O2 -flto execution test
XPASS: gcc.dg/guality/pr41616-1.c -O2 -fwhopr execution test
FAIL: gcc.dg/guality/sra-1.c -O2 line 20 a.j == 14
FAIL: gcc.dg/guality/sra-1.c -O2 line 31 a[1] == 14
FAIL: gcc.dg/guality/sra-1.c -O3 -fomit-frame-pointer line 20 a.j == 14
FAIL: gcc.dg/guality/sra-1.c -O3 -fomit-frame-pointer line 31 a[1] == 14
FAIL: gcc.dg/guality/sra-1.c -O3 -g line 20 a.j == 14
FAIL: gcc.dg/guality/sra-1.c -O3 -g line 31 a[1] == 14
FAIL: gcc.dg/guality/sra-1.c -Os line 20 a.j == 14
FAIL: gcc.dg/guality/sra-1.c -Os line 31 a[1] == 14
FAIL: gcc.dg/guality/sra-1.c -O2 -flto line 20 a.i == 4
FAIL: gcc.dg/guality/sra-1.c -O2 -flto line 20 a.j == 14
FAIL: gcc.dg/guality/sra-1.c -O2 -flto line 31 a[0] == 4
FAIL: gcc.dg/guality/sra-1.c -O2 -flto line 31 a[1] == 14
FAIL: gcc.dg/guality/sra-1.c -O2 -flto line 42 a.i == 4
FAIL: gcc.dg/guality/sra-1.c -O2 -flto line 42 a.j == 14
FAIL: gcc.dg/guality/sra-1.c -O2 -fwhopr line 20 a.i == 4
FAIL: gcc.dg/guality/sra-1.c -O2 -fwhopr line 20 a.j == 14
FAIL: gcc.dg/guality/sra-1.c -O2 -fwhopr line 31 a[0] == 4
FAIL: gcc.dg/guality/sra-1.c -O2 -fwhopr line 31 a[1] == 14
FAIL: gcc.dg/guality/sra-1.c -O2 -fwhopr line 42 a.i == 4
FAIL: gcc.dg/guality/sra-1.c -O2 -fwhopr line 42 a.j == 14
FAIL: gcc.dg/guality/vla-1.c -O0 line 17 sizeof (a) == 6
FAIL: gcc.dg/guality/vla-1.c -O0 line 24 sizeof (a) == 17 * sizeof (short)
FAIL: gcc.dg/guality/vla-1.c -O1 line 17 sizeof (a) == 6
FAIL: gcc.dg/guality/vla-1.c -O1 line 24 sizeof (a) == 17 * sizeof (short)
FAIL: gcc.dg/guality/vla-1.c -O2 line 17 sizeof (a) == 6
FAIL: gcc.dg/guality/vla-1.c -O2 line 24 sizeof (a) == 17 * sizeof (short)
FAIL: gcc.dg/guality/vla-1.c -O3 -fomit-frame-pointer line 17 sizeof (a) == 6
FAIL: gcc.dg/guality/vla-1.c -O3 -fomit-frame-pointer line 24 sizeof (a) == 17 * sizeof (short)
FAIL: gcc.dg/guality/vla-1.c -O3 -g line 17 sizeof (a) == 6
FAIL: gcc.dg/guality/vla-1.c -O3 -g line 24 sizeof (a) == 17 * sizeof (short)
FAIL: gcc.dg/guality/vla-1.c -Os line 17 sizeof (a) == 6
FAIL: gcc.dg/guality/vla-1.c -Os line 24 sizeof (a) == 17 * sizeof (short)
FAIL: gcc.dg/guality/vla-1.c -O2 -flto line 17 sizeof (a) == 6
FAIL: gcc.dg/guality/vla-1.c -O2 -flto line 24 sizeof (a) == 17 * sizeof (short)
FAIL: gcc.dg/guality/vla-1.c -O2 -fwhopr line 17 sizeof (a) == 6
FAIL: gcc.dg/guality/vla-1.c -O2 -fwhopr line 24 sizeof (a) == 17 * sizeof (short)
FAIL: gcc.dg/guality/vla-2.c -O0 line 16 sizeof (a) == 5 * sizeof (int)
FAIL: gcc.dg/guality/vla-2.c -O0 line 25 sizeof (a) == 6 * sizeof (int)
FAIL: gcc.dg/guality/vla-2.c -O1 line 16 sizeof (a) == 5 * sizeof (int)
FAIL: gcc.dg/guality/vla-2.c -O1 line 25 sizeof (a) == 6 * sizeof (int)
FAIL: gcc.dg/guality/vla-2.c -O2 line 16 sizeof (a) == 5 * sizeof (int)
FAIL: gcc.dg/guality/vla-2.c -O2 line 25 sizeof (a) == 6 * sizeof (int)
FAIL: gcc.dg/guality/vla-2.c -O3 -fomit-frame-pointer line 16 sizeof (a) == 5 * sizeof (int)
FAIL: gcc.dg/guality/vla-2.c -O3 -fomit-frame-pointer line 25 sizeof (a) == 6 * sizeof (int)
FAIL: gcc.dg/guality/vla-2.c -O3 -g line 16 sizeof (a) == 5 * sizeof (int)
FAIL: gcc.dg/guality/vla-2.c -O3 -g line 25 sizeof (a) == 6 * sizeof (int)
FAIL: gcc.dg/guality/vla-2.c -Os line 16 sizeof (a) == 5 * sizeof (int)
FAIL: gcc.dg/guality/vla-2.c -Os line 25 sizeof (a) == 6 * sizeof (int)
=== gcc Summary ===
# of expected passes 73949
# of unexpected failures 58
# of unexpected successes 34
# of expected failures 192
# of unsupported tests 628
/scratch/gcc/nightly-2010-06-05-mainline/i686-pc-linux-gnu/obj/test-mainline-0-i686-pc-linux-gnu/host-i686-pc-linux-gnu/fsf-mainline/bin/i686-pc-linux-gnu-gcc version 4.6.0 20100605 (experimental) (GCC)
=== libstdc++ tests ===
Running target localhost
ERROR: tcl error sourcing /scratch/gcc/nightly-2010-06-05-mainline/src/gcc-mainline/libstdc++-v3/testsuite/libstdc++-abi/abi.exp.
ERROR: could not compile testsuite_abi.cc
ERROR: tcl error sourcing /scratch/gcc/nightly-2010-06-05-mainline/src/gcc-mainline/libstdc++-v3/testsuite/libstdc++-dg/conformance.exp.
ERROR: could not compile testsuite_abi.cc
=== libstdc++ Summary ===
=== g++ tests ===
Running target localhost/-m64
=== g++ Summary ===
# of expected passes 24025
# of expected failures 148
# of unsupported tests 321
/scratch/gcc/nightly-2010-06-05-mainline/i686-pc-linux-gnu/obj/test-mainline-0-i686-pc-linux-gnu/host-i686-pc-linux-gnu/fsf-mainline/bin/i686-pc-linux-gnu-g++ version 4.6.0 20100605 (experimental) (GCC)
=== gcc tests ===
Running target localhost/-m64
FAIL: gcc.dg/cproj-fails-with-broken-glibc.c execution test
FAIL: gcc.dg/pr34668-1.c (internal compiler error)
FAIL: gcc.dg/pr34668-1.c (test for excess errors)
XPASS: gcc.dg/guality/example.c -O0 execution test
XPASS: gcc.dg/guality/example.c -O1 execution test
XPASS: gcc.dg/guality/example.c -O2 execution test
XPASS: gcc.dg/guality/example.c -O2 -flto execution test
XPASS: gcc.dg/guality/example.c -O2 -fwhopr execution test
XPASS: gcc.dg/guality/guality.c -O0 execution test
XPASS: gcc.dg/guality/guality.c -O1 execution test
XPASS: gcc.dg/guality/guality.c -O2 execution test
XPASS: gcc.dg/guality/guality.c -O3 -fomit-frame-pointer execution test
XPASS: gcc.dg/guality/guality.c -O3 -g execution test
XPASS: gcc.dg/guality/guality.c -Os execution test
XPASS: gcc.dg/guality/guality.c -O2 -flto execution test
XPASS: gcc.dg/guality/guality.c -O2 -fwhopr execution test
FAIL: gcc.dg/guality/inline-params.c -O1 execution test
XPASS: gcc.dg/guality/pr41353-1.c -O0 line 28 j == 28 + 37
XPASS: gcc.dg/guality/pr41353-1.c -O1 line 28 j == 28 + 37
XPASS: gcc.dg/guality/pr41353-1.c -O2 line 28 j == 28 + 37
XPASS: gcc.dg/guality/pr41353-1.c -O3 -fomit-frame-pointer line 28 j == 28 + 37
XPASS: gcc.dg/guality/pr41353-1.c -O3 -g line 28 j == 28 + 37
XPASS: gcc.dg/guality/pr41353-1.c -Os line 28 j == 28 + 37
FAIL: gcc.dg/guality/pr41353-1.c -O2 -flto line 28 i == 37
FAIL: gcc.dg/guality/pr41353-1.c -O2 -flto line 28 i1 == 2 * 37
FAIL: gcc.dg/guality/pr41353-1.c -O2 -flto line 28 i2 == 3 * 37
FAIL: gcc.dg/guality/pr41353-1.c -O2 -fwhopr line 28 i == 37
FAIL: gcc.dg/guality/pr41353-1.c -O2 -fwhopr line 28 i1 == 2 * 37
FAIL: gcc.dg/guality/pr41353-1.c -O2 -fwhopr line 28 i2 == 3 * 37
XPASS: gcc.dg/guality/pr41447-1.c -O0 execution test
XPASS: gcc.dg/guality/pr41616-1.c -O0 execution test
XPASS: gcc.dg/guality/pr41616-1.c -O1 execution test
XPASS: gcc.dg/guality/pr41616-1.c -O2 execution test
XPASS: gcc.dg/guality/pr41616-1.c -O3 -fomit-frame-pointer execution test
XPASS: gcc.dg/guality/pr41616-1.c -O3 -g execution test
XPASS: gcc.dg/guality/pr41616-1.c -Os execution test
XPASS: gcc.dg/guality/pr41616-1.c -O2 -flto execution test
XPASS: gcc.dg/guality/pr41616-1.c -O2 -fwhopr execution test
FAIL: gcc.dg/guality/sra-1.c -O2 line 42 a.j == 14
FAIL: gcc.dg/guality/sra-1.c -O3 -fomit-frame-pointer line 42 a.j == 14
FAIL: gcc.dg/guality/sra-1.c -O3 -g line 42 a.j == 14
FAIL: gcc.dg/guality/sra-1.c -O2 -flto line 20 a.i == 4
FAIL: gcc.dg/guality/sra-1.c -O2 -flto line 20 a.j == 14
FAIL: gcc.dg/guality/sra-1.c -O2 -flto line 31 a[0] == 4
FAIL: gcc.dg/guality/sra-1.c -O2 -flto line 31 a[1] == 14
FAIL: gcc.dg/guality/sra-1.c -O2 -flto line 42 a.i == 4
FAIL: gcc.dg/guality/sra-1.c -O2 -flto line 42 a.j == 14
FAIL: gcc.dg/guality/sra-1.c -O2 -fwhopr line 20 a.i == 4
FAIL: gcc.dg/guality/sra-1.c -O2 -fwhopr line 20 a.j == 14
FAIL: gcc.dg/guality/sra-1.c -O2 -fwhopr line 31 a[0] == 4
FAIL: gcc.dg/guality/sra-1.c -O2 -fwhopr line 31 a[1] == 14
FAIL: gcc.dg/guality/sra-1.c -O2 -fwhopr line 42 a.i == 4
FAIL: gcc.dg/guality/sra-1.c -O2 -fwhopr line 42 a.j == 14
FAIL: gcc.dg/guality/vla-1.c -O0 line 17 sizeof (a) == 6
FAIL: gcc.dg/guality/vla-1.c -O0 line 24 sizeof (a) == 17 * sizeof (short)
FAIL: gcc.dg/guality/vla-1.c -O1 line 17 i == 5
FAIL: gcc.dg/guality/vla-1.c -O1 line 17 sizeof (a) == 6
FAIL: gcc.dg/guality/vla-1.c -O1 line 24 sizeof (a) == 17 * sizeof (short)
FAIL: gcc.dg/guality/vla-1.c -O2 line 17 sizeof (a) == 6
FAIL: gcc.dg/guality/vla-1.c -O2 line 24 sizeof (a) == 17 * sizeof (short)
FAIL: gcc.dg/guality/vla-1.c -O3 -fomit-frame-pointer line 17 sizeof (a) == 6
FAIL: gcc.dg/guality/vla-1.c -O3 -fomit-frame-pointer line 24 sizeof (a) == 17 * sizeof (short)
FAIL: gcc.dg/guality/vla-1.c -O3 -g line 17 sizeof (a) == 6
FAIL: gcc.dg/guality/vla-1.c -O3 -g line 24 sizeof (a) == 17 * sizeof (short)
FAIL: gcc.dg/guality/vla-1.c -Os line 17 sizeof (a) == 6
FAIL: gcc.dg/guality/vla-1.c -Os line 24 sizeof (a) == 17 * sizeof (short)
FAIL: gcc.dg/guality/vla-1.c -O2 -flto line 17 sizeof (a) == 6
FAIL: gcc.dg/guality/vla-1.c -O2 -flto line 24 sizeof (a) == 17 * sizeof (short)
FAIL: gcc.dg/guality/vla-1.c -O2 -fwhopr line 17 sizeof (a) == 6
FAIL: gcc.dg/guality/vla-1.c -O2 -fwhopr line 24 sizeof (a) == 17 * sizeof (short)
FAIL: gcc.dg/guality/vla-2.c -O0 line 16 sizeof (a) == 5 * sizeof (int)
FAIL: gcc.dg/guality/vla-2.c -O0 line 25 sizeof (a) == 6 * sizeof (int)
FAIL: gcc.dg/guality/vla-2.c -O1 line 16 sizeof (a) == 5 * sizeof (int)
FAIL: gcc.dg/guality/vla-2.c -O1 line 25 sizeof (a) == 6 * sizeof (int)
FAIL: gcc.dg/guality/vla-2.c -O2 line 16 sizeof (a) == 5 * sizeof (int)
FAIL: gcc.dg/guality/vla-2.c -O2 line 25 sizeof (a) == 6 * sizeof (int)
FAIL: gcc.dg/guality/vla-2.c -O3 -fomit-frame-pointer line 16 sizeof (a) == 5 * sizeof (int)
FAIL: gcc.dg/guality/vla-2.c -O3 -fomit-frame-pointer line 25 sizeof (a) == 6 * sizeof (int)
FAIL: gcc.dg/guality/vla-2.c -O3 -g line 16 sizeof (a) == 5 * sizeof (int)
FAIL: gcc.dg/guality/vla-2.c -O3 -g line 25 sizeof (a) == 6 * sizeof (int)
FAIL: gcc.dg/guality/vla-2.c -Os line 16 sizeof (a) == 5 * sizeof (int)
FAIL: gcc.dg/guality/vla-2.c -Os line 25 sizeof (a) == 6 * sizeof (int)
=== gcc Summary ===
# of expected passes 74062
# of unexpected failures 54
# of unexpected successes 28
# of expected failures 197
# of unsupported tests 1011
/scratch/gcc/nightly-2010-06-05-mainline/i686-pc-linux-gnu/obj/test-mainline-0-i686-pc-linux-gnu/host-i686-pc-linux-gnu/fsf-mainline/bin/i686-pc-linux-gnu-gcc version 4.6.0 20100605 (experimental) (GCC)
=== libstdc++ tests ===
Running target localhost/-m64
ERROR: tcl error sourcing /scratch/gcc/nightly-2010-06-05-mainline/src/gcc-mainline/libstdc++-v3/testsuite/libstdc++-abi/abi.exp.
ERROR: could not compile testsuite_abi.cc
ERROR: tcl error sourcing /scratch/gcc/nightly-2010-06-05-mainline/src/gcc-mainline/libstdc++-v3/testsuite/libstdc++-dg/conformance.exp.
ERROR: could not compile testsuite_abi.cc
=== libstdc++ Summary ===
Compiler version: 4.6.0 20100605 (experimental) (GCC)
Platform: i686-pc-linux-gnu
configure flags: --build=i686-pc-linux-gnu --host=i686-pc-linux-gnu --target=i686-pc-linux-gnu --enable-threads --disable-libmudflap --disable-libssp --disable-libstdcxx-pch --enable-targets=all --with-gnu-as --with-gnu-ld --enable-languages=c,c++ --enable-shared --enable-lto --disable-nls --prefix=/opt/codesourcery --with-gmp=/scratch/gcc/nightly-2010-06-05-mainline/i686-pc-linux-gnu/obj/host-libs-mainline-0-i686-pc-linux-gnu-i686-pc-linux-gnu/usr --with-mpfr=/scratch/gcc/nightly-2010-06-05-mainline/i686-pc-linux-gnu/obj/host-libs-mainline-0-i686-pc-linux-gnu-i686-pc-linux-gnu/usr --with-mpc=/scratch/gcc/nightly-2010-06-05-mainline/i686-pc-linux-gnu/obj/host-libs-mainline-0-i686-pc-linux-gnu-i686-pc-linux-gnu/usr --with-ppl=/scratch/gcc/nightly-2010-06-05-mainline/i686-pc-linux-gnu/obj/host-libs-mainline-0-i686-pc-linux-gnu-i686-pc-linux-gnu/usr --with-host-libstdcxx='-L/usr/local/tools/gcc-4.3.3/i686-pc-linux-gnu/lib -static-libgcc -Wl,-Bstatic,-lstdc++,-Bdynamic -lm' --wit
h-cloog=/scratch/gcc/nightly-2010-06-05-mainline/i686-pc-linux-gnu/obj/host-libs-mainline-0-i686-pc-linux-gnu-i686-pc-linux-gnu/usr --with-libelf=/scratch/gcc/nightly-2010-06-05-mainline/i686-pc-linux-gnu/obj/host-libs-mainline-0-i686-pc-linux-gnu-i686-pc-linux-gnu/usr --disable-libgomp --with-build-time-tools=/scratch/gcc/nightly-2010-06-05-mainline/i686-pc-linux-gnu/install/i686-pc-linux-gnu/bin --with-build-time-tools=/scratch/gcc/nightly-2010-06-05-mainline/i686-pc-linux-gnu/install/i686-pc-linux-gnu/bin