This is the mail archive of the
gcc-testresults@gcc.gnu.org
mailing list for the GCC project.
Results for 4.6.0 20100601 (experimental) (GCC) testsuite on i686-pc-linux-gnu
- From: GCC regression tester <regress at geoffk dot org>
- To: gcc-testresults at gcc dot gnu dot org
- Date: Tue, 1 Jun 2010 14:04:53 -0700
- Subject: Results for 4.6.0 20100601 (experimental) (GCC) testsuite on i686-pc-linux-gnu
This build run by an automatic regression tester.
See <http://glutton.geoffk.org/HEAD/> for more information.
Date: 2010-06-01T19:40:07Z
Revision: 160120
URL: svn://gcc.gnu.org/svn/gcc/trunk
Status: regress-64
Prev-Endtime: 2010-06-01T18:37:27Z
Native configuration is i686-pc-linux-gnu
=== g++ tests ===
Running target unix
FAIL: g++.dg/lto/20081109 cp_lto_20081109_0.o-cp_lto_20081109_1.o execute -O2 -fwhopr
UNRESOLVED: header_plugin.c compilation, -I. -I/home/regress/tbox/svn-gcc/gcc/testsuite -I/home/regress/tbox/svn-gcc/gcc/testsuite/../../gcc -I/home/regress/tbox/native/build/gcc/testsuite/g++/../../../gcc -I/home/regress/tbox/svn-gcc/gcc/testsuite/../../include -I/home/regress/tbox/svn-gcc/gcc/testsuite/../../libcpp/include -DIN_GCC -fPIC -shared
=== g++ Summary ===
# of expected passes 23787
# of unexpected failures 1
# of expected failures 151
# of unresolved testcases 1
# of unsupported tests 119
/home/regress/tbox/native/build/gcc/testsuite/g++/../../g++ version 4.6.0 20100601 (experimental) (GCC)
=== gcc tests ===
Running target unix
FAIL: gcc.dg/cproj-fails-with-broken-glibc.c execution test
FAIL: gcc.dg/pr34668-1.c (internal compiler error)
FAIL: gcc.dg/pr34668-1.c (test for excess errors)
XPASS: gcc.dg/guality/example.c -O0 execution test
XPASS: gcc.dg/guality/example.c -O1 execution test
XPASS: gcc.dg/guality/guality.c -O0 execution test
XPASS: gcc.dg/guality/guality.c -O1 execution test
XPASS: gcc.dg/guality/guality.c -O2 execution test
XPASS: gcc.dg/guality/guality.c -O3 -fomit-frame-pointer execution test
XPASS: gcc.dg/guality/guality.c -O3 -g execution test
XPASS: gcc.dg/guality/guality.c -Os execution test
XPASS: gcc.dg/guality/guality.c -O2 -flto execution test
XPASS: gcc.dg/guality/guality.c -O2 -fwhopr execution test
FAIL: gcc.dg/guality/inline-params.c -O0 execution test
FAIL: gcc.dg/guality/inline-params.c -O1 execution test
XPASS: gcc.dg/guality/pr41353-1.c -O0 line 28 j == 28 + 37
FAIL: gcc.dg/guality/pr41353-1.c -O2 -flto line 28 i == 37
FAIL: gcc.dg/guality/pr41353-1.c -O2 -fwhopr line 28 i == 37
XPASS: gcc.dg/guality/pr41447-1.c -O0 execution test
XPASS: gcc.dg/guality/pr41447-1.c -O1 execution test
XPASS: gcc.dg/guality/pr41447-1.c -O2 execution test
XPASS: gcc.dg/guality/pr41447-1.c -O3 -g execution test
XPASS: gcc.dg/guality/pr41447-1.c -Os execution test
XPASS: gcc.dg/guality/pr41447-1.c -O2 -flto execution test
XPASS: gcc.dg/guality/pr41447-1.c -O2 -fwhopr execution test
XPASS: gcc.dg/guality/pr41616-1.c -O0 execution test
FAIL: gcc.dg/guality/pr43077-1.c -O2 -flto line 11 varb == 2
FAIL: gcc.dg/guality/pr43077-1.c -O2 -flto line 42 varb == 2
FAIL: gcc.dg/guality/pr43077-1.c -O2 -fwhopr line 11 varb == 2
FAIL: gcc.dg/guality/pr43077-1.c -O2 -fwhopr line 42 varb == 2
FAIL: gcc.dg/guality/sra-1.c -O2 -flto line 20 a.i == 4
FAIL: gcc.dg/guality/sra-1.c -O2 -flto line 20 a.j == 14
FAIL: gcc.dg/guality/sra-1.c -O2 -flto line 42 a.i == 4
FAIL: gcc.dg/guality/sra-1.c -O2 -flto line 42 a.j == 14
FAIL: gcc.dg/guality/sra-1.c -O2 -fwhopr line 20 a.i == 4
FAIL: gcc.dg/guality/sra-1.c -O2 -fwhopr line 20 a.j == 14
FAIL: gcc.dg/guality/sra-1.c -O2 -fwhopr line 42 a.i == 4
FAIL: gcc.dg/guality/sra-1.c -O2 -fwhopr line 42 a.j == 14
FAIL: gcc.dg/guality/vla-1.c -O0 line 17 sizeof (a) == 6
FAIL: gcc.dg/guality/vla-1.c -O0 line 24 sizeof (a) == 17 * sizeof (short)
FAIL: gcc.dg/guality/vla-1.c -O1 line 17 sizeof (a) == 6
FAIL: gcc.dg/guality/vla-1.c -O1 line 24 sizeof (a) == 17 * sizeof (short)
FAIL: gcc.dg/guality/vla-1.c -O2 line 17 sizeof (a) == 6
FAIL: gcc.dg/guality/vla-1.c -O2 line 24 sizeof (a) == 17 * sizeof (short)
FAIL: gcc.dg/guality/vla-1.c -O3 -fomit-frame-pointer line 17 sizeof (a) == 6
FAIL: gcc.dg/guality/vla-1.c -O3 -fomit-frame-pointer line 24 sizeof (a) == 17 * sizeof (short)
FAIL: gcc.dg/guality/vla-1.c -O3 -g line 17 sizeof (a) == 6
FAIL: gcc.dg/guality/vla-1.c -O3 -g line 24 sizeof (a) == 17 * sizeof (short)
FAIL: gcc.dg/guality/vla-1.c -Os line 17 sizeof (a) == 6
FAIL: gcc.dg/guality/vla-1.c -Os line 24 sizeof (a) == 17 * sizeof (short)
FAIL: gcc.dg/guality/vla-1.c -O2 -flto line 17 sizeof (a) == 6
FAIL: gcc.dg/guality/vla-1.c -O2 -flto line 24 sizeof (a) == 17 * sizeof (short)
FAIL: gcc.dg/guality/vla-1.c -O2 -fwhopr line 17 sizeof (a) == 6
FAIL: gcc.dg/guality/vla-1.c -O2 -fwhopr line 24 sizeof (a) == 17 * sizeof (short)
WARNING: lto.exp does not support dg-lto-do in secondary source files
WARNING: lto.exp does not support dg-lto-options in secondary source files
WARNING: lto.exp does not support dg-lto-do in secondary source files
WARNING: lto.exp does not support dg-lto-options in secondary source files
WARNING: lto.exp does not support dg-lto-do in secondary source files
WARNING: lto.exp does not support dg-lto-options in secondary source files
UNRESOLVED: gcc.dg/lto/noreturn-1 c_lto_noreturn-1_0.o assemble, -O0 -fwhopr
FAIL: gcc.dg/lto/noreturn-1 c_lto_noreturn-1_1.o assemble, -O0 -fwhopr
UNRESOLVED: gcc.dg/lto/noreturn-1 c_lto_noreturn-1_0.o-c_lto_noreturn-1_1.o link -O0 -fwhopr
UNRESOLVED: gcc.dg/lto/noreturn-1 c_lto_noreturn-1_0.o-c_lto_noreturn-1_1.o execute -O0 -fwhopr
FAIL: gcc.dg/lto/noreturn-1 c_lto_noreturn-1_0.o assemble, -O2 -fwhopr
FAIL: gcc.dg/lto/noreturn-1 c_lto_noreturn-1_1.o assemble, -O2 -fwhopr
UNRESOLVED: gcc.dg/lto/noreturn-1 c_lto_noreturn-1_0.o-c_lto_noreturn-1_1.o link -O2 -fwhopr
UNRESOLVED: gcc.dg/lto/noreturn-1 c_lto_noreturn-1_0.o-c_lto_noreturn-1_1.o execute -O2 -fwhopr
FAIL: gcc.dg/lto/noreturn-1 c_lto_noreturn-1_0.o assemble, -O0 -flto
FAIL: gcc.dg/lto/noreturn-1 c_lto_noreturn-1_1.o assemble, -O0 -flto
UNRESOLVED: gcc.dg/lto/noreturn-1 c_lto_noreturn-1_0.o-c_lto_noreturn-1_1.o link -O0 -flto
UNRESOLVED: gcc.dg/lto/noreturn-1 c_lto_noreturn-1_0.o-c_lto_noreturn-1_1.o execute -O0 -flto
FAIL: gcc.dg/lto/noreturn-1 c_lto_noreturn-1_0.o assemble, -O2 -flto
FAIL: gcc.dg/lto/noreturn-1 c_lto_noreturn-1_1.o assemble, -O2 -flto
UNRESOLVED: gcc.dg/lto/noreturn-1 c_lto_noreturn-1_0.o-c_lto_noreturn-1_1.o link -O2 -flto
UNRESOLVED: gcc.dg/lto/noreturn-1 c_lto_noreturn-1_0.o-c_lto_noreturn-1_1.o execute -O2 -flto
FAIL: gcc.dg/tree-ssa/loadpre6.c scan-tree-dump-times pre "Eliminated: 2" 1
FAIL: gcc.dg/vect/pr33373.c (internal compiler error)
FAIL: gcc.dg/vect/pr33373.c (test for excess errors)
FAIL: gcc.dg/vect/pr33373b.c (internal compiler error)
FAIL: gcc.dg/vect/pr33373b.c (test for excess errors)
FAIL: gcc.dg/vect/pr37482.c (internal compiler error)
FAIL: gcc.dg/vect/pr37482.c (test for excess errors)
FAIL: gcc.dg/vect/pr37539.c (internal compiler error)
FAIL: gcc.dg/vect/pr37539.c (test for excess errors)
WARNING: gcc.dg/vect/pr37539.c compilation failed to produce executable
FAIL: gcc.dg/vect/pr37539.c scan-tree-dump-times vect "vectorized 1 loops" 2
FAIL: gcc.dg/vect/vect-10.c (internal compiler error)
FAIL: gcc.dg/vect/vect-10.c (test for excess errors)
FAIL: gcc.dg/vect/vect-116.c (internal compiler error)
FAIL: gcc.dg/vect/vect-116.c (test for excess errors)
WARNING: gcc.dg/vect/vect-116.c compilation failed to produce executable
FAIL: gcc.dg/vect/vect-35.c (internal compiler error)
FAIL: gcc.dg/vect/vect-35.c (test for excess errors)
WARNING: gcc.dg/vect/vect-35.c compilation failed to produce executable
FAIL: gcc.dg/vect/vect-complex-5.c (internal compiler error)
FAIL: gcc.dg/vect/vect-complex-5.c (test for excess errors)
WARNING: gcc.dg/vect/vect-complex-5.c compilation failed to produce executable
FAIL: gcc.dg/vect/vect-double-reduc-5.c (internal compiler error)
FAIL: gcc.dg/vect/vect-double-reduc-5.c (test for excess errors)
WARNING: gcc.dg/vect/vect-double-reduc-5.c compilation failed to produce executable
FAIL: gcc.dg/vect/vect-iv-4.c (internal compiler error)
FAIL: gcc.dg/vect/vect-iv-4.c (test for excess errors)
WARNING: gcc.dg/vect/vect-iv-4.c compilation failed to produce executable
FAIL: gcc.dg/vect/vect-iv-8.c (internal compiler error)
FAIL: gcc.dg/vect/vect-iv-8.c (test for excess errors)
WARNING: gcc.dg/vect/vect-iv-8.c compilation failed to produce executable
FAIL: gcc.dg/vect/vect-iv-8a.c (internal compiler error)
FAIL: gcc.dg/vect/vect-iv-8a.c (test for excess errors)
WARNING: gcc.dg/vect/vect-iv-8a.c compilation failed to produce executable
FAIL: gcc.dg/vect/vect-multitypes-14.c (internal compiler error)
FAIL: gcc.dg/vect/vect-multitypes-14.c (test for excess errors)
WARNING: gcc.dg/vect/vect-multitypes-14.c compilation failed to produce executable
FAIL: gcc.dg/vect/vect-multitypes-17.c (internal compiler error)
FAIL: gcc.dg/vect/vect-multitypes-17.c (test for excess errors)
WARNING: gcc.dg/vect/vect-multitypes-17.c compilation failed to produce executable
FAIL: gcc.dg/vect/vect-multitypes-8.c (internal compiler error)
FAIL: gcc.dg/vect/vect-multitypes-8.c (test for excess errors)
WARNING: gcc.dg/vect/vect-multitypes-8.c compilation failed to produce executable
FAIL: gcc.dg/vect/vect-outer-1.c (internal compiler error)
FAIL: gcc.dg/vect/vect-outer-1.c (test for excess errors)
FAIL: gcc.dg/vect/vect-outer-1a.c (internal compiler error)
FAIL: gcc.dg/vect/vect-outer-1a.c (test for excess errors)
FAIL: gcc.dg/vect/vect-outer-1b.c (internal compiler error)
FAIL: gcc.dg/vect/vect-outer-1b.c (test for excess errors)
FAIL: gcc.dg/vect/vect-outer-4a.c (internal compiler error)
FAIL: gcc.dg/vect/vect-outer-4a.c (test for excess errors)
FAIL: gcc.dg/vect/vect-outer-4f.c (internal compiler error)
FAIL: gcc.dg/vect/vect-outer-4f.c (test for excess errors)
WARNING: gcc.dg/vect/vect-outer-4f.c compilation failed to produce executable
FAIL: gcc.dg/vect/vect-outer-4g.c (internal compiler error)
FAIL: gcc.dg/vect/vect-outer-4g.c (test for excess errors)
WARNING: gcc.dg/vect/vect-outer-4g.c compilation failed to produce executable
FAIL: gcc.dg/vect/vect-outer-4i.c (internal compiler error)
FAIL: gcc.dg/vect/vect-outer-4i.c (test for excess errors)
WARNING: gcc.dg/vect/vect-outer-4i.c compilation failed to produce executable
FAIL: gcc.dg/vect/vect-outer-4k.c (internal compiler error)
FAIL: gcc.dg/vect/vect-outer-4k.c (test for excess errors)
WARNING: gcc.dg/vect/vect-outer-4k.c compilation failed to produce executable
FAIL: gcc.dg/vect/vect-outer-4l.c (internal compiler error)
FAIL: gcc.dg/vect/vect-outer-4l.c (test for excess errors)
WARNING: gcc.dg/vect/vect-outer-4l.c compilation failed to produce executable
FAIL: gcc.dg/vect/vect-outer-4m.c (internal compiler error)
FAIL: gcc.dg/vect/vect-outer-4m.c (test for excess errors)
WARNING: gcc.dg/vect/vect-outer-4m.c compilation failed to produce executable
XPASS: gcc.dg/vect/vect-outer-4m.c scan-tree-dump-times vect "OUTER LOOP VECTORIZED" 1
FAIL: gcc.dg/vect/vect-shift-2.c (internal compiler error)
FAIL: gcc.dg/vect/vect-shift-2.c (test for excess errors)
WARNING: gcc.dg/vect/vect-shift-2.c compilation failed to produce executable
FAIL: gcc.dg/vect/vect-strided-a-mult.c (internal compiler error)
FAIL: gcc.dg/vect/vect-strided-a-mult.c (test for excess errors)
WARNING: gcc.dg/vect/vect-strided-a-mult.c compilation failed to produce executable
FAIL: gcc.dg/vect/vect-strided-a-u16-i2.c (internal compiler error)
FAIL: gcc.dg/vect/vect-strided-a-u16-i2.c (test for excess errors)
WARNING: gcc.dg/vect/vect-strided-a-u16-i2.c compilation failed to produce executable
FAIL: gcc.dg/vect/vect-strided-a-u16-i4.c (internal compiler error)
FAIL: gcc.dg/vect/vect-strided-a-u16-i4.c (test for excess errors)
WARNING: gcc.dg/vect/vect-strided-a-u16-i4.c compilation failed to produce executable
FAIL: gcc.dg/vect/vect-strided-a-u16-mult.c (internal compiler error)
FAIL: gcc.dg/vect/vect-strided-a-u16-mult.c (test for excess errors)
WARNING: gcc.dg/vect/vect-strided-a-u16-mult.c compilation failed to produce executable
FAIL: gcc.dg/vect/vect-strided-a-u8-i2-gap.c (internal compiler error)
FAIL: gcc.dg/vect/vect-strided-a-u8-i2-gap.c (test for excess errors)
WARNING: gcc.dg/vect/vect-strided-a-u8-i2-gap.c compilation failed to produce executable
FAIL: gcc.dg/vect/vect-strided-a-u8-i8-gap2.c (internal compiler error)
FAIL: gcc.dg/vect/vect-strided-a-u8-i8-gap2.c (test for excess errors)
WARNING: gcc.dg/vect/vect-strided-a-u8-i8-gap2.c compilation failed to produce executable
FAIL: gcc.dg/vect/vect-strided-a-u8-i8-gap7.c (internal compiler error)
FAIL: gcc.dg/vect/vect-strided-a-u8-i8-gap7.c (test for excess errors)
WARNING: gcc.dg/vect/vect-strided-a-u8-i8-gap7.c compilation failed to produce executable
FAIL: gcc.dg/vect/vect-strided-mult-char-ls.c (internal compiler error)
FAIL: gcc.dg/vect/vect-strided-mult-char-ls.c (test for excess errors)
WARNING: gcc.dg/vect/vect-strided-mult-char-ls.c compilation failed to produce executable
FAIL: gcc.dg/vect/vect-strided-mult.c (internal compiler error)
FAIL: gcc.dg/vect/vect-strided-mult.c (test for excess errors)
WARNING: gcc.dg/vect/vect-strided-mult.c compilation failed to produce executable
FAIL: gcc.dg/vect/vect-strided-same-dr.c (internal compiler error)
FAIL: gcc.dg/vect/vect-strided-same-dr.c (test for excess errors)
WARNING: gcc.dg/vect/vect-strided-same-dr.c compilation failed to produce executable
FAIL: gcc.dg/vect/vect-strided-store-u16-i4.c (internal compiler error)
FAIL: gcc.dg/vect/vect-strided-store-u16-i4.c (test for excess errors)
WARNING: gcc.dg/vect/vect-strided-store-u16-i4.c compilation failed to produce executable
FAIL: gcc.dg/vect/vect-strided-u16-i2.c (internal compiler error)
FAIL: gcc.dg/vect/vect-strided-u16-i2.c (test for excess errors)
WARNING: gcc.dg/vect/vect-strided-u16-i2.c compilation failed to produce executable
FAIL: gcc.dg/vect/vect-strided-u16-i4.c (internal compiler error)
FAIL: gcc.dg/vect/vect-strided-u16-i4.c (test for excess errors)
WARNING: gcc.dg/vect/vect-strided-u16-i4.c compilation failed to produce executable
FAIL: gcc.dg/vect/vect-strided-u8-i2-gap.c (internal compiler error)
FAIL: gcc.dg/vect/vect-strided-u8-i2-gap.c (test for excess errors)
WARNING: gcc.dg/vect/vect-strided-u8-i2-gap.c compilation failed to produce executable
FAIL: gcc.dg/vect/vect-strided-u8-i2.c (internal compiler error)
FAIL: gcc.dg/vect/vect-strided-u8-i2.c (test for excess errors)
WARNING: gcc.dg/vect/vect-strided-u8-i2.c compilation failed to produce executable
FAIL: gcc.dg/vect/vect-strided-u8-i8-gap2.c (internal compiler error)
FAIL: gcc.dg/vect/vect-strided-u8-i8-gap2.c (test for excess errors)
WARNING: gcc.dg/vect/vect-strided-u8-i8-gap2.c compilation failed to produce executable
FAIL: gcc.dg/vect/vect-strided-u8-i8-gap4.c (internal compiler error)
FAIL: gcc.dg/vect/vect-strided-u8-i8-gap4.c (test for excess errors)
WARNING: gcc.dg/vect/vect-strided-u8-i8-gap4.c compilation failed to produce executable
FAIL: gcc.dg/vect/vect-strided-u8-i8-gap7.c (internal compiler error)
FAIL: gcc.dg/vect/vect-strided-u8-i8-gap7.c (test for excess errors)
WARNING: gcc.dg/vect/vect-strided-u8-i8-gap7.c compilation failed to produce executable
FAIL: gcc.dg/vect/vect-strided-u8-i8.c (internal compiler error)
FAIL: gcc.dg/vect/vect-strided-u8-i8.c (test for excess errors)
WARNING: gcc.dg/vect/vect-strided-u8-i8.c compilation failed to produce executable
FAIL: gcc.dg/vect/vect-vfa-03.c (internal compiler error)
FAIL: gcc.dg/vect/vect-vfa-03.c (test for excess errors)
WARNING: gcc.dg/vect/vect-vfa-03.c compilation failed to produce executable
FAIL: gcc.dg/vect/slp-13.c (internal compiler error)
FAIL: gcc.dg/vect/slp-13.c (test for excess errors)
WARNING: gcc.dg/vect/slp-13.c compilation failed to produce executable
FAIL: gcc.dg/vect/slp-21.c (internal compiler error)
FAIL: gcc.dg/vect/slp-21.c (test for excess errors)
WARNING: gcc.dg/vect/slp-21.c compilation failed to produce executable
FAIL: gcc.dg/vect/slp-multitypes-10.c (internal compiler error)
FAIL: gcc.dg/vect/slp-multitypes-10.c (test for excess errors)
WARNING: gcc.dg/vect/slp-multitypes-10.c compilation failed to produce executable
FAIL: gcc.dg/vect/slp-multitypes-6.c (internal compiler error)
FAIL: gcc.dg/vect/slp-multitypes-6.c (test for excess errors)
WARNING: gcc.dg/vect/slp-multitypes-6.c compilation failed to produce executable
FAIL: gcc.dg/vect/slp-multitypes-9.c (internal compiler error)
FAIL: gcc.dg/vect/slp-multitypes-9.c (test for excess errors)
WARNING: gcc.dg/vect/slp-multitypes-9.c compilation failed to produce executable
FAIL: gcc.dg/vect/slp-perm-1.c (internal compiler error)
FAIL: gcc.dg/vect/slp-perm-1.c (test for excess errors)
WARNING: gcc.dg/vect/slp-perm-1.c compilation failed to produce executable
FAIL: gcc.dg/vect/slp-perm-4.c (internal compiler error)
FAIL: gcc.dg/vect/slp-perm-4.c (test for excess errors)
WARNING: gcc.dg/vect/slp-perm-4.c compilation failed to produce executable
FAIL: gcc.dg/vect/slp-perm-5.c (internal compiler error)
FAIL: gcc.dg/vect/slp-perm-5.c (test for excess errors)
WARNING: gcc.dg/vect/slp-perm-5.c compilation failed to produce executable
FAIL: gcc.dg/vect/slp-perm-6.c (internal compiler error)
FAIL: gcc.dg/vect/slp-perm-6.c (test for excess errors)
WARNING: gcc.dg/vect/slp-perm-6.c compilation failed to produce executable
FAIL: gcc.dg/vect/slp-perm-7.c (internal compiler error)
FAIL: gcc.dg/vect/slp-perm-7.c (test for excess errors)
WARNING: gcc.dg/vect/slp-perm-7.c compilation failed to produce executable
FAIL: gcc.dg/vect/slp-perm-8.c (internal compiler error)
FAIL: gcc.dg/vect/slp-perm-8.c (test for excess errors)
WARNING: gcc.dg/vect/slp-perm-8.c compilation failed to produce executable
FAIL: gcc.dg/vect/slp-perm-9.c (internal compiler error)
FAIL: gcc.dg/vect/slp-perm-9.c (test for excess errors)
WARNING: gcc.dg/vect/slp-perm-9.c compilation failed to produce executable
FAIL: gcc.dg/vect/slp-perm-9.c scan-tree-dump-times vect "vectorized 1 loops" 1
FAIL: gcc.dg/vect/no-scevccp-outer-13.c (internal compiler error)
FAIL: gcc.dg/vect/no-scevccp-outer-13.c (test for excess errors)
WARNING: gcc.dg/vect/no-scevccp-outer-13.c compilation failed to produce executable
FAIL: gcc.dg/vect/no-scevccp-outer-19.c (internal compiler error)
FAIL: gcc.dg/vect/no-scevccp-outer-19.c (test for excess errors)
WARNING: gcc.dg/vect/no-scevccp-outer-19.c compilation failed to produce executable
FAIL: gcc.dg/vect/no-scevccp-outer-21.c (internal compiler error)
FAIL: gcc.dg/vect/no-scevccp-outer-21.c (test for excess errors)
WARNING: gcc.dg/vect/no-scevccp-outer-21.c compilation failed to produce executable
FAIL: gcc.dg/vect/no-scevccp-outer-7.c (internal compiler error)
FAIL: gcc.dg/vect/no-scevccp-outer-7.c (test for excess errors)
WARNING: gcc.dg/vect/no-scevccp-outer-7.c compilation failed to produce executable
FAIL: gcc.dg/vect/ggc-pr37574.c (internal compiler error)
FAIL: gcc.dg/vect/ggc-pr37574.c (test for excess errors)
FAIL: gcc.target/i386/vperm-v4sf-2.c (internal compiler error)
FAIL: gcc.target/i386/vperm-v4sf-2.c (test for excess errors)
WARNING: gcc.target/i386/vperm-v4sf-2.c compilation failed to produce executable
=== gcc Summary ===
# of expected passes 72485
# of unexpected failures 173
# of unexpected successes 20
# of expected failures 189
# of unresolved testcases 9
# of unsupported tests 1317
/home/regress/tbox/native/build/gcc/xgcc version 4.6.0 20100601 (experimental) (GCC)
=== gfortran tests ===
Running target unix
FAIL: gfortran.dg/array_constructor_11.f90 -O3 -g (internal compiler error)
FAIL: gfortran.dg/array_constructor_11.f90 -O3 -g (test for excess errors)
WARNING: gfortran.dg/array_constructor_11.f90 -O3 -g compilation failed to produce executable
=== gfortran Summary ===
# of expected passes 34468
# of unexpected failures 2
# of expected failures 22
# of unsupported tests 129
/home/regress/tbox/native/build/gcc/testsuite/gfortran/../../gfortran version 4.6.0 20100601 (experimental) (GCC)
=== objc tests ===
Running target unix
=== objc Summary ===
# of expected passes 1979
# of expected failures 7
# of unsupported tests 28
/home/regress/tbox/native/build/gcc/xgcc version 4.6.0 20100601 (experimental) (GCC)
=== libffi tests ===
Running target unix
=== libffi Summary ===
# of expected passes 1624
# of expected failures 10
# of unsupported tests 15
=== libgomp tests ===
Running target unix
=== libgomp Summary ===
# of expected passes 2494
=== libjava tests ===
Running target unix
=== libjava Summary ===
# of expected passes 2574
=== libmudflap tests ===
Running target unix
=== libmudflap Summary ===
# of expected passes 1894
=== libstdc++ tests ===
Running target unix
=== libstdc++ Summary ===
# of expected passes 7761
# of expected failures 97
# of unsupported tests 13
Compiler version: 4.6.0 20100601 (experimental) (GCC)
Platform: i686-pc-linux-gnu
configure flags: --prefix=/home/regress/tbox/objs --target=i686-pc-linux-gnu