This is the mail archive of the
gcc-testresults@gcc.gnu.org
mailing list for the GCC project.
Results for 4.6.0 20100430 (experimental) (GCC) testsuite on sparc-sun-solaris2.9
- From: Rainer Orth <ro at CeBiTec dot Uni-Bielefeld dot DE>
- To: gcc-testresults at gcc dot gnu dot org
- Date: Thu, 27 May 2010 20:31:14 +0200 (MEST)
- Subject: Results for 4.6.0 20100430 (experimental) (GCC) testsuite on sparc-sun-solaris2.9
=== acats tests ===
=== acats Summary ===
# of expected passes 2321
# of unexpected failures 0
Native configuration is sparc-sun-solaris2.9
=== g++ tests ===
Running target unix
FAIL: g++.dg/debug/nullptr01.C -gdwarf-2 -g1 (test for excess errors)
ERROR: g++.dg/debug/nullptr01.C: error executing dg-final: couldn't open "nullptr01.s": no such file or directory
UNRESOLVED: g++.dg/debug/nullptr01.C: error executing dg-final: couldn't open "nullptr01.s": no such file or directory
FAIL: g++.dg/debug/nullptr01.C -gdwarf-2 -g1 -O2 (test for excess errors)
ERROR: g++.dg/debug/nullptr01.C: error executing dg-final: couldn't open "nullptr01.s": no such file or directory
UNRESOLVED: g++.dg/debug/nullptr01.C: error executing dg-final: couldn't open "nullptr01.s": no such file or directory
FAIL: g++.dg/debug/nullptr01.C -gdwarf-2 -g1 -O3 (test for excess errors)
ERROR: g++.dg/debug/nullptr01.C: error executing dg-final: couldn't open "nullptr01.s": no such file or directory
UNRESOLVED: g++.dg/debug/nullptr01.C: error executing dg-final: couldn't open "nullptr01.s": no such file or directory
FAIL: g++.dg/debug/nullptr01.C -gdwarf-2 (test for excess errors)
ERROR: g++.dg/debug/nullptr01.C: error executing dg-final: couldn't open "nullptr01.s": no such file or directory
UNRESOLVED: g++.dg/debug/nullptr01.C: error executing dg-final: couldn't open "nullptr01.s": no such file or directory
FAIL: g++.dg/debug/nullptr01.C -gdwarf-2 -O2 (test for excess errors)
ERROR: g++.dg/debug/nullptr01.C: error executing dg-final: couldn't open "nullptr01.s": no such file or directory
UNRESOLVED: g++.dg/debug/nullptr01.C: error executing dg-final: couldn't open "nullptr01.s": no such file or directory
FAIL: g++.dg/debug/nullptr01.C -gdwarf-2 -O3 (test for excess errors)
ERROR: g++.dg/debug/nullptr01.C: error executing dg-final: couldn't open "nullptr01.s": no such file or directory
UNRESOLVED: g++.dg/debug/nullptr01.C: error executing dg-final: couldn't open "nullptr01.s": no such file or directory
FAIL: g++.dg/debug/nullptr01.C -gdwarf-2 -g3 (test for excess errors)
ERROR: g++.dg/debug/nullptr01.C: error executing dg-final: couldn't open "nullptr01.s": no such file or directory
UNRESOLVED: g++.dg/debug/nullptr01.C: error executing dg-final: couldn't open "nullptr01.s": no such file or directory
FAIL: g++.dg/debug/nullptr01.C -gdwarf-2 -g3 -O2 (test for excess errors)
ERROR: g++.dg/debug/nullptr01.C: error executing dg-final: couldn't open "nullptr01.s": no such file or directory
UNRESOLVED: g++.dg/debug/nullptr01.C: error executing dg-final: couldn't open "nullptr01.s": no such file or directory
FAIL: g++.dg/debug/nullptr01.C -gdwarf-2 -g3 -O3 (test for excess errors)
ERROR: g++.dg/debug/nullptr01.C: error executing dg-final: couldn't open "nullptr01.s": no such file or directory
UNRESOLVED: g++.dg/debug/nullptr01.C: error executing dg-final: couldn't open "nullptr01.s": no such file or directory
FAIL: g++.dg/debug/nullptr01.C -gstabs1 (test for excess errors)
ERROR: g++.dg/debug/nullptr01.C: error executing dg-final: couldn't open "nullptr01.s": no such file or directory
UNRESOLVED: g++.dg/debug/nullptr01.C: error executing dg-final: couldn't open "nullptr01.s": no such file or directory
FAIL: g++.dg/debug/nullptr01.C -gstabs1 -O2 (test for excess errors)
ERROR: g++.dg/debug/nullptr01.C: error executing dg-final: couldn't open "nullptr01.s": no such file or directory
UNRESOLVED: g++.dg/debug/nullptr01.C: error executing dg-final: couldn't open "nullptr01.s": no such file or directory
FAIL: g++.dg/debug/nullptr01.C -gstabs1 -O3 (test for excess errors)
ERROR: g++.dg/debug/nullptr01.C: error executing dg-final: couldn't open "nullptr01.s": no such file or directory
UNRESOLVED: g++.dg/debug/nullptr01.C: error executing dg-final: couldn't open "nullptr01.s": no such file or directory
FAIL: g++.dg/debug/nullptr01.C -gstabs (test for excess errors)
ERROR: g++.dg/debug/nullptr01.C: error executing dg-final: couldn't open "nullptr01.s": no such file or directory
UNRESOLVED: g++.dg/debug/nullptr01.C: error executing dg-final: couldn't open "nullptr01.s": no such file or directory
FAIL: g++.dg/debug/nullptr01.C -gstabs -O2 (test for excess errors)
ERROR: g++.dg/debug/nullptr01.C: error executing dg-final: couldn't open "nullptr01.s": no such file or directory
UNRESOLVED: g++.dg/debug/nullptr01.C: error executing dg-final: couldn't open "nullptr01.s": no such file or directory
FAIL: g++.dg/debug/nullptr01.C -gstabs -O3 (test for excess errors)
ERROR: g++.dg/debug/nullptr01.C: error executing dg-final: couldn't open "nullptr01.s": no such file or directory
UNRESOLVED: g++.dg/debug/nullptr01.C: error executing dg-final: couldn't open "nullptr01.s": no such file or directory
FAIL: g++.dg/debug/nullptr01.C -gstabs3 (test for excess errors)
ERROR: g++.dg/debug/nullptr01.C: error executing dg-final: couldn't open "nullptr01.s": no such file or directory
UNRESOLVED: g++.dg/debug/nullptr01.C: error executing dg-final: couldn't open "nullptr01.s": no such file or directory
FAIL: g++.dg/debug/nullptr01.C -gstabs3 -O2 (test for excess errors)
ERROR: g++.dg/debug/nullptr01.C: error executing dg-final: couldn't open "nullptr01.s": no such file or directory
UNRESOLVED: g++.dg/debug/nullptr01.C: error executing dg-final: couldn't open "nullptr01.s": no such file or directory
FAIL: g++.dg/debug/nullptr01.C -gstabs3 -O3 (test for excess errors)
ERROR: g++.dg/debug/nullptr01.C: error executing dg-final: couldn't open "nullptr01.s": no such file or directory
UNRESOLVED: g++.dg/debug/nullptr01.C: error executing dg-final: couldn't open "nullptr01.s": no such file or directory
FAIL: g++.dg/debug/nullptr01.C -gstabs+1 (test for excess errors)
ERROR: g++.dg/debug/nullptr01.C: error executing dg-final: couldn't open "nullptr01.s": no such file or directory
UNRESOLVED: g++.dg/debug/nullptr01.C: error executing dg-final: couldn't open "nullptr01.s": no such file or directory
FAIL: g++.dg/debug/nullptr01.C -gstabs+1 -O2 (test for excess errors)
ERROR: g++.dg/debug/nullptr01.C: error executing dg-final: couldn't open "nullptr01.s": no such file or directory
UNRESOLVED: g++.dg/debug/nullptr01.C: error executing dg-final: couldn't open "nullptr01.s": no such file or directory
FAIL: g++.dg/debug/nullptr01.C -gstabs+1 -O3 (test for excess errors)
ERROR: g++.dg/debug/nullptr01.C: error executing dg-final: couldn't open "nullptr01.s": no such file or directory
UNRESOLVED: g++.dg/debug/nullptr01.C: error executing dg-final: couldn't open "nullptr01.s": no such file or directory
FAIL: g++.dg/debug/nullptr01.C -gstabs+ (test for excess errors)
ERROR: g++.dg/debug/nullptr01.C: error executing dg-final: couldn't open "nullptr01.s": no such file or directory
UNRESOLVED: g++.dg/debug/nullptr01.C: error executing dg-final: couldn't open "nullptr01.s": no such file or directory
FAIL: g++.dg/debug/nullptr01.C -gstabs+ -O2 (test for excess errors)
ERROR: g++.dg/debug/nullptr01.C: error executing dg-final: couldn't open "nullptr01.s": no such file or directory
UNRESOLVED: g++.dg/debug/nullptr01.C: error executing dg-final: couldn't open "nullptr01.s": no such file or directory
FAIL: g++.dg/debug/nullptr01.C -gstabs+ -O3 (test for excess errors)
ERROR: g++.dg/debug/nullptr01.C: error executing dg-final: couldn't open "nullptr01.s": no such file or directory
UNRESOLVED: g++.dg/debug/nullptr01.C: error executing dg-final: couldn't open "nullptr01.s": no such file or directory
FAIL: g++.dg/debug/nullptr01.C -gstabs+3 (test for excess errors)
ERROR: g++.dg/debug/nullptr01.C: error executing dg-final: couldn't open "nullptr01.s": no such file or directory
UNRESOLVED: g++.dg/debug/nullptr01.C: error executing dg-final: couldn't open "nullptr01.s": no such file or directory
FAIL: g++.dg/debug/nullptr01.C -gstabs+3 -O2 (test for excess errors)
ERROR: g++.dg/debug/nullptr01.C: error executing dg-final: couldn't open "nullptr01.s": no such file or directory
UNRESOLVED: g++.dg/debug/nullptr01.C: error executing dg-final: couldn't open "nullptr01.s": no such file or directory
FAIL: g++.dg/debug/nullptr01.C -gstabs+3 -O3 (test for excess errors)
ERROR: g++.dg/debug/nullptr01.C: error executing dg-final: couldn't open "nullptr01.s": no such file or directory
UNRESOLVED: g++.dg/debug/nullptr01.C: error executing dg-final: couldn't open "nullptr01.s": no such file or directory
FAIL: g++.dg/template/sfinae16.C (test for warnings, line 32)
FAIL: g++.dg/warn/Wswitch-1.C (test for warnings, line 53)
FAIL: g++.dg/warn/Wswitch-1.C (test for warnings, line 59)
FAIL: g++.dg/warn/Wswitch-1.C (test for excess errors)
FAIL: g++.dg/warn/Wunused-7.C (test for warnings, line 9)
FAIL: g++.dg/warn/pr33738.C (test for warnings, line 18)
FAIL: g++.dg/warn/pr33738.C (test for warnings, line 21)
FAIL: g++.dg/warn/pr33738.C (test for excess errors)
WARNING: g++.dg/warn/pr33738.C compilation failed to produce executable
FAIL: c-c++-common/Wunused-var-1.c (test for warnings, line 7)
FAIL: c-c++-common/Wunused-var-1.c (test for warnings, line 17)
FAIL: c-c++-common/Wunused-var-1.c (test for warnings, line 19)
FAIL: c-c++-common/Wunused-var-1.c (test for warnings, line 41)
FAIL: c-c++-common/Wunused-var-1.c (test for warnings, line 73)
FAIL: c-c++-common/Wunused-var-1.c (test for warnings, line 121)
FAIL: c-c++-common/Wunused-var-1.c (test for warnings, line 148)
FAIL: c-c++-common/Wunused-var-1.c (test for warnings, line 156)
FAIL: c-c++-common/Wunused-var-1.c (test for warnings, line 176)
FAIL: c-c++-common/Wunused-var-3.c (test for warnings, line 7)
FAIL: c-c++-common/Wunused-var-3.c (test for warnings, line 8)
FAIL: c-c++-common/Wunused-var-4.c (test for warnings, line 25)
FAIL: c-c++-common/Wunused-var-4.c (test for warnings, line 26)
XPASS: g++.old-deja/g++.other/init19.C execution test
=== g++ Summary for unix ===
# of expected passes 22080
# of unexpected failures 48
# of unexpected successes 1
# of expected failures 152
# of unresolved testcases 27
# of unsupported tests 233
Running target unix/-m64
FAIL: g++.dg/debug/nullptr01.C -gdwarf-2 -g1 (test for excess errors)
ERROR: g++.dg/debug/nullptr01.C: error executing dg-final: couldn't open "nullptr01.s": no such file or directory
UNRESOLVED: g++.dg/debug/nullptr01.C: error executing dg-final: couldn't open "nullptr01.s": no such file or directory
FAIL: g++.dg/debug/nullptr01.C -gdwarf-2 -g1 -O2 (test for excess errors)
ERROR: g++.dg/debug/nullptr01.C: error executing dg-final: couldn't open "nullptr01.s": no such file or directory
UNRESOLVED: g++.dg/debug/nullptr01.C: error executing dg-final: couldn't open "nullptr01.s": no such file or directory
FAIL: g++.dg/debug/nullptr01.C -gdwarf-2 -g1 -O3 (test for excess errors)
ERROR: g++.dg/debug/nullptr01.C: error executing dg-final: couldn't open "nullptr01.s": no such file or directory
UNRESOLVED: g++.dg/debug/nullptr01.C: error executing dg-final: couldn't open "nullptr01.s": no such file or directory
FAIL: g++.dg/debug/nullptr01.C -gdwarf-2 (test for excess errors)
ERROR: g++.dg/debug/nullptr01.C: error executing dg-final: couldn't open "nullptr01.s": no such file or directory
UNRESOLVED: g++.dg/debug/nullptr01.C: error executing dg-final: couldn't open "nullptr01.s": no such file or directory
FAIL: g++.dg/debug/nullptr01.C -gdwarf-2 -O2 (test for excess errors)
ERROR: g++.dg/debug/nullptr01.C: error executing dg-final: couldn't open "nullptr01.s": no such file or directory
UNRESOLVED: g++.dg/debug/nullptr01.C: error executing dg-final: couldn't open "nullptr01.s": no such file or directory
FAIL: g++.dg/debug/nullptr01.C -gdwarf-2 -O3 (test for excess errors)
ERROR: g++.dg/debug/nullptr01.C: error executing dg-final: couldn't open "nullptr01.s": no such file or directory
UNRESOLVED: g++.dg/debug/nullptr01.C: error executing dg-final: couldn't open "nullptr01.s": no such file or directory
FAIL: g++.dg/debug/nullptr01.C -gdwarf-2 -g3 (test for excess errors)
ERROR: g++.dg/debug/nullptr01.C: error executing dg-final: couldn't open "nullptr01.s": no such file or directory
UNRESOLVED: g++.dg/debug/nullptr01.C: error executing dg-final: couldn't open "nullptr01.s": no such file or directory
FAIL: g++.dg/debug/nullptr01.C -gdwarf-2 -g3 -O2 (test for excess errors)
ERROR: g++.dg/debug/nullptr01.C: error executing dg-final: couldn't open "nullptr01.s": no such file or directory
UNRESOLVED: g++.dg/debug/nullptr01.C: error executing dg-final: couldn't open "nullptr01.s": no such file or directory
FAIL: g++.dg/debug/nullptr01.C -gdwarf-2 -g3 -O3 (test for excess errors)
ERROR: g++.dg/debug/nullptr01.C: error executing dg-final: couldn't open "nullptr01.s": no such file or directory
UNRESOLVED: g++.dg/debug/nullptr01.C: error executing dg-final: couldn't open "nullptr01.s": no such file or directory
FAIL: g++.dg/debug/nullptr01.C -gstabs1 (test for excess errors)
ERROR: g++.dg/debug/nullptr01.C: error executing dg-final: couldn't open "nullptr01.s": no such file or directory
UNRESOLVED: g++.dg/debug/nullptr01.C: error executing dg-final: couldn't open "nullptr01.s": no such file or directory
FAIL: g++.dg/debug/nullptr01.C -gstabs1 -O2 (test for excess errors)
ERROR: g++.dg/debug/nullptr01.C: error executing dg-final: couldn't open "nullptr01.s": no such file or directory
UNRESOLVED: g++.dg/debug/nullptr01.C: error executing dg-final: couldn't open "nullptr01.s": no such file or directory
FAIL: g++.dg/debug/nullptr01.C -gstabs1 -O3 (test for excess errors)
ERROR: g++.dg/debug/nullptr01.C: error executing dg-final: couldn't open "nullptr01.s": no such file or directory
UNRESOLVED: g++.dg/debug/nullptr01.C: error executing dg-final: couldn't open "nullptr01.s": no such file or directory
FAIL: g++.dg/debug/nullptr01.C -gstabs (test for excess errors)
ERROR: g++.dg/debug/nullptr01.C: error executing dg-final: couldn't open "nullptr01.s": no such file or directory
UNRESOLVED: g++.dg/debug/nullptr01.C: error executing dg-final: couldn't open "nullptr01.s": no such file or directory
FAIL: g++.dg/debug/nullptr01.C -gstabs -O2 (test for excess errors)
ERROR: g++.dg/debug/nullptr01.C: error executing dg-final: couldn't open "nullptr01.s": no such file or directory
UNRESOLVED: g++.dg/debug/nullptr01.C: error executing dg-final: couldn't open "nullptr01.s": no such file or directory
FAIL: g++.dg/debug/nullptr01.C -gstabs -O3 (test for excess errors)
ERROR: g++.dg/debug/nullptr01.C: error executing dg-final: couldn't open "nullptr01.s": no such file or directory
UNRESOLVED: g++.dg/debug/nullptr01.C: error executing dg-final: couldn't open "nullptr01.s": no such file or directory
FAIL: g++.dg/debug/nullptr01.C -gstabs3 (test for excess errors)
ERROR: g++.dg/debug/nullptr01.C: error executing dg-final: couldn't open "nullptr01.s": no such file or directory
UNRESOLVED: g++.dg/debug/nullptr01.C: error executing dg-final: couldn't open "nullptr01.s": no such file or directory
FAIL: g++.dg/debug/nullptr01.C -gstabs3 -O2 (test for excess errors)
ERROR: g++.dg/debug/nullptr01.C: error executing dg-final: couldn't open "nullptr01.s": no such file or directory
UNRESOLVED: g++.dg/debug/nullptr01.C: error executing dg-final: couldn't open "nullptr01.s": no such file or directory
FAIL: g++.dg/debug/nullptr01.C -gstabs3 -O3 (test for excess errors)
ERROR: g++.dg/debug/nullptr01.C: error executing dg-final: couldn't open "nullptr01.s": no such file or directory
UNRESOLVED: g++.dg/debug/nullptr01.C: error executing dg-final: couldn't open "nullptr01.s": no such file or directory
FAIL: g++.dg/debug/nullptr01.C -gstabs+1 (test for excess errors)
ERROR: g++.dg/debug/nullptr01.C: error executing dg-final: couldn't open "nullptr01.s": no such file or directory
UNRESOLVED: g++.dg/debug/nullptr01.C: error executing dg-final: couldn't open "nullptr01.s": no such file or directory
FAIL: g++.dg/debug/nullptr01.C -gstabs+1 -O2 (test for excess errors)
ERROR: g++.dg/debug/nullptr01.C: error executing dg-final: couldn't open "nullptr01.s": no such file or directory
UNRESOLVED: g++.dg/debug/nullptr01.C: error executing dg-final: couldn't open "nullptr01.s": no such file or directory
FAIL: g++.dg/debug/nullptr01.C -gstabs+1 -O3 (test for excess errors)
ERROR: g++.dg/debug/nullptr01.C: error executing dg-final: couldn't open "nullptr01.s": no such file or directory
UNRESOLVED: g++.dg/debug/nullptr01.C: error executing dg-final: couldn't open "nullptr01.s": no such file or directory
FAIL: g++.dg/debug/nullptr01.C -gstabs+ (test for excess errors)
ERROR: g++.dg/debug/nullptr01.C: error executing dg-final: couldn't open "nullptr01.s": no such file or directory
UNRESOLVED: g++.dg/debug/nullptr01.C: error executing dg-final: couldn't open "nullptr01.s": no such file or directory
FAIL: g++.dg/debug/nullptr01.C -gstabs+ -O2 (test for excess errors)
ERROR: g++.dg/debug/nullptr01.C: error executing dg-final: couldn't open "nullptr01.s": no such file or directory
UNRESOLVED: g++.dg/debug/nullptr01.C: error executing dg-final: couldn't open "nullptr01.s": no such file or directory
FAIL: g++.dg/debug/nullptr01.C -gstabs+ -O3 (test for excess errors)
ERROR: g++.dg/debug/nullptr01.C: error executing dg-final: couldn't open "nullptr01.s": no such file or directory
UNRESOLVED: g++.dg/debug/nullptr01.C: error executing dg-final: couldn't open "nullptr01.s": no such file or directory
FAIL: g++.dg/debug/nullptr01.C -gstabs+3 (test for excess errors)
ERROR: g++.dg/debug/nullptr01.C: error executing dg-final: couldn't open "nullptr01.s": no such file or directory
UNRESOLVED: g++.dg/debug/nullptr01.C: error executing dg-final: couldn't open "nullptr01.s": no such file or directory
FAIL: g++.dg/debug/nullptr01.C -gstabs+3 -O2 (test for excess errors)
ERROR: g++.dg/debug/nullptr01.C: error executing dg-final: couldn't open "nullptr01.s": no such file or directory
UNRESOLVED: g++.dg/debug/nullptr01.C: error executing dg-final: couldn't open "nullptr01.s": no such file or directory
FAIL: g++.dg/debug/nullptr01.C -gstabs+3 -O3 (test for excess errors)
ERROR: g++.dg/debug/nullptr01.C: error executing dg-final: couldn't open "nullptr01.s": no such file or directory
UNRESOLVED: g++.dg/debug/nullptr01.C: error executing dg-final: couldn't open "nullptr01.s": no such file or directory
FAIL: g++.dg/cpp0x/enum3.C (test for excess errors)
WARNING: g++.dg/cpp0x/enum3.C compilation failed to produce executable
FAIL: g++.dg/cpp0x/initlist31.C (internal compiler error)
FAIL: g++.dg/cpp0x/initlist31.C (test for errors, line 12)
FAIL: g++.dg/cpp0x/initlist31.C (test for excess errors)
FAIL: g++.dg/cpp0x/nullptr01.C (test for excess errors)
FAIL: g++.dg/cpp0x/nullptr02.C (test for excess errors)
FAIL: g++.dg/cpp0x/nullptr03.C (test for errors, line 6)
FAIL: g++.dg/cpp0x/nullptr03.C (test for excess errors)
FAIL: g++.dg/cpp0x/nullptr04.C (test for errors, line 6)
FAIL: g++.dg/cpp0x/nullptr04.C (test for errors, line 7)
FAIL: g++.dg/cpp0x/nullptr04.C (test for excess errors)
FAIL: g++.dg/cpp0x/nullptr05.C (test for excess errors)
FAIL: g++.dg/cpp0x/nullptr06.C (test for excess errors)
FAIL: g++.dg/cpp0x/nullptr07.C (test for errors, line 9)
FAIL: g++.dg/cpp0x/nullptr07.C (test for errors, line 11)
FAIL: g++.dg/cpp0x/nullptr07.C (test for excess errors)
FAIL: g++.dg/cpp0x/nullptr08.C (test for excess errors)
FAIL: g++.dg/cpp0x/nullptr09.C (test for excess errors)
FAIL: g++.dg/cpp0x/nullptr10.C (test for errors, line 8)
FAIL: g++.dg/cpp0x/nullptr10.C (test for errors, line 9)
FAIL: g++.dg/cpp0x/nullptr10.C (test for excess errors)
FAIL: g++.dg/cpp0x/nullptr11.C (test for excess errors)
FAIL: g++.dg/cpp0x/nullptr12.C (test for excess errors)
FAIL: g++.dg/cpp0x/nullptr13.C (test for excess errors)
FAIL: g++.dg/cpp0x/nullptr14.C (test for excess errors)
FAIL: g++.dg/cpp0x/nullptr15.C (test for errors, line 19)
FAIL: g++.dg/cpp0x/nullptr15.C (test for excess errors)
FAIL: g++.dg/cpp0x/nullptr16.C (test for excess errors)
FAIL: g++.dg/cpp0x/nullptr17.C (test for excess errors)
FAIL: g++.dg/cpp0x/nullptr18.C (test for excess errors)
FAIL: g++.dg/cpp0x/nullptr19.C (test for errors, line 13)
FAIL: g++.dg/cpp0x/nullptr19.C (test for excess errors)
FAIL: g++.dg/cpp0x/nullptr20.C (test for excess errors)
WARNING: g++.dg/cpp0x/nullptr20.C compilation failed to produce executable
FAIL: g++.dg/cpp0x/nullptr21.C (test for excess errors)
WARNING: g++.dg/cpp0x/nullptr21.C compilation failed to produce executable
FAIL: g++.dg/cpp0x/nullptr22.C (test for warnings, line 13)
FAIL: g++.dg/cpp0x/nullptr22.C (test for excess errors)
FAIL: g++.dg/cpp0x/warn_cxx0x.C (test for warnings, line 3)
FAIL: g++.dg/ext/attrib39.C (internal compiler error)
FAIL: g++.dg/ext/attrib39.C (test for excess errors)
FAIL: g++.dg/init/new28.C execution test
FAIL: g++.dg/init/new29.C execution test
FAIL: g++.dg/opt/empty1.C execution test
FAIL: g++.dg/opt/enum2.C execution test
FAIL: g++.dg/other/crash-12.C (internal compiler error)
FAIL: g++.dg/other/crash-12.C (test for excess errors)
FAIL: g++.dg/template/crash95.C (internal compiler error)
FAIL: g++.dg/template/crash95.C (test for excess errors)
FAIL: g++.dg/template/ptrmem21.C (internal compiler error)
FAIL: g++.dg/template/ptrmem21.C (test for excess errors)
FAIL: g++.dg/template/sfinae16.C (test for warnings, line 32)
FAIL: g++.dg/warn/Warray-bounds-5.C (test for excess errors)
FAIL: g++.dg/warn/Wswitch-1.C (test for warnings, line 53)
FAIL: g++.dg/warn/Wswitch-1.C (test for warnings, line 59)
FAIL: g++.dg/warn/Wswitch-1.C (test for excess errors)
FAIL: g++.dg/warn/Wunused-7.C (test for warnings, line 9)
FAIL: g++.dg/warn/Wunused-parm-1.C (test for warnings, line 28)
FAIL: g++.dg/warn/Wunused-parm-2.C (test for warnings, line 32)
FAIL: g++.dg/warn/Wunused-var-4.C (test for warnings, line 19)
FAIL: g++.dg/warn/Wunused-var-4.C (test for warnings, line 20)
FAIL: g++.dg/warn/Wunused-var-4.C (test for warnings, line 21)
FAIL: g++.dg/warn/Wunused-var-4.C (test for warnings, line 39)
FAIL: g++.dg/warn/Wunused-var-4.C (test for warnings, line 40)
FAIL: g++.dg/warn/Wunused-var-5.C (test for warnings, line 8)
FAIL: g++.dg/warn/Wunused-var-5.C (test for warnings, line 19)
FAIL: g++.dg/warn/Wunused-var-5.C (test for warnings, line 21)
FAIL: g++.dg/warn/Wunused-var-5.C (test for warnings, line 46)
FAIL: g++.dg/warn/Wunused-var-5.C (test for warnings, line 81)
FAIL: g++.dg/warn/Wunused-var-5.C (test for warnings, line 135)
FAIL: g++.dg/warn/Wunused-var-5.C (test for warnings, line 165)
FAIL: g++.dg/warn/Wunused-var-5.C (test for warnings, line 174)
FAIL: g++.dg/warn/Wunused-var-5.C (test for warnings, line 196)
FAIL: g++.dg/warn/Wunused-var-7.C (test for warnings, line 8)
FAIL: g++.dg/warn/Wunused-var-7.C (test for warnings, line 9)
FAIL: g++.dg/warn/pr33738.C (test for warnings, line 18)
FAIL: g++.dg/warn/pr33738.C (test for warnings, line 21)
FAIL: g++.dg/warn/pr33738.C (test for excess errors)
WARNING: g++.dg/warn/pr33738.C compilation failed to produce executable
FAIL: c-c++-common/Wunused-var-1.c (test for warnings, line 7)
FAIL: c-c++-common/Wunused-var-1.c (test for warnings, line 17)
FAIL: c-c++-common/Wunused-var-1.c (test for warnings, line 19)
FAIL: c-c++-common/Wunused-var-1.c (test for warnings, line 41)
FAIL: c-c++-common/Wunused-var-1.c (test for warnings, line 73)
FAIL: c-c++-common/Wunused-var-1.c (test for warnings, line 121)
FAIL: c-c++-common/Wunused-var-1.c (test for warnings, line 148)
FAIL: c-c++-common/Wunused-var-1.c (test for warnings, line 156)
FAIL: c-c++-common/Wunused-var-1.c (test for warnings, line 176)
FAIL: c-c++-common/Wunused-var-3.c (test for warnings, line 7)
FAIL: c-c++-common/Wunused-var-3.c (test for warnings, line 8)
FAIL: c-c++-common/Wunused-var-4.c (test for warnings, line 25)
FAIL: c-c++-common/Wunused-var-4.c (test for warnings, line 26)
XPASS: g++.old-deja/g++.other/init19.C execution test
=== g++ Summary for unix/-m64 ===
# of expected passes 22065
# of unexpected failures 116
# of unexpected successes 1
# of expected failures 152
# of unresolved testcases 27
# of unsupported tests 234
=== g++ Summary ===
# of expected passes 44145
# of unexpected failures 164
# of unexpected successes 2
# of expected failures 304
# of unresolved testcases 54
# of unsupported tests 467
/vol/gcc/obj/regression/trunk/9-gcc-gas/build/gcc/testsuite/g++/../../g++ version 4.6.0 20100430 (experimental) (GCC)
=== gcc tests ===
Running target unix
FAIL: gcc.c-torture/compile/limits-exprparen.c -O0 (test for excess errors)
FAIL: gcc.c-torture/compile/limits-exprparen.c -O1 (test for excess errors)
FAIL: gcc.c-torture/compile/limits-exprparen.c -O2 (test for excess errors)
FAIL: gcc.c-torture/compile/limits-exprparen.c -O3 -fomit-frame-pointer (test for excess errors)
FAIL: gcc.c-torture/compile/limits-exprparen.c -O3 -g (test for excess errors)
FAIL: gcc.c-torture/compile/limits-exprparen.c -Os (test for excess errors)
FAIL: gcc.c-torture/compile/limits-exprparen.c -O2 -flto (test for excess errors)
FAIL: gcc.c-torture/compile/limits-exprparen.c -O2 -fwhopr (test for excess errors)
FAIL: gcc.c-torture/compile/limits-externalid.c -O0 (test for excess errors)
FAIL: gcc.c-torture/compile/limits-externalid.c -O1 (test for excess errors)
FAIL: gcc.c-torture/compile/limits-externalid.c -O2 (test for excess errors)
FAIL: gcc.c-torture/compile/limits-externalid.c -O3 -fomit-frame-pointer (test for excess errors)
FAIL: gcc.c-torture/compile/limits-externalid.c -O3 -g (test for excess errors)
FAIL: gcc.c-torture/compile/limits-externalid.c -Os (test for excess errors)
FAIL: gcc.c-torture/compile/limits-externalid.c -O2 -flto (test for excess errors)
FAIL: gcc.c-torture/compile/limits-externalid.c -O2 -fwhopr (test for excess errors)
FAIL: gcc.c-torture/execute/pr38819.c execution, -O2
FAIL: gcc.c-torture/execute/pr38819.c execution, -O3 -fomit-frame-pointer
FAIL: gcc.c-torture/execute/pr38819.c execution, -O3 -fomit-frame-pointer -funroll-loops
FAIL: gcc.c-torture/execute/pr38819.c execution, -O3 -fomit-frame-pointer -funroll-all-loops -finline-functions
FAIL: gcc.c-torture/execute/pr38819.c execution, -O3 -g
FAIL: gcc.c-torture/execute/pr38819.c execution, -O2 -flto
FAIL: gcc.c-torture/execute/pr38819.c execution, -O2 -fwhopr
FAIL: gcc.dg/pr34668-1.c (internal compiler error)
FAIL: gcc.dg/pr34668-1.c (test for excess errors)
FAIL: gcc.dg/pr42427.c (test for excess errors)
WARNING: program timed out.
FAIL: gcc.dg/pr43058.c (test for excess errors)
FAIL: c-c++-common/Wunused-var-6.c -Wc++-compat (test for excess errors)
FAIL: gcc.dg/ipa/ipa-pta-11.c scan-ipa-dump pta "ESCAPED = { ESCAPED NONLOCAL l k }"
FAIL: gcc.dg/lto/20081201-2 c_lto_20081201-2_0.o-c_lto_20081201-2_1.o execute -O3 -fwhopr
FAIL: gcc.dg/lto/20090729 c_lto_20090729_0.o-c_lto_20090729_1.o link
UNRESOLVED: gcc.dg/lto/20090729 c_lto_20090729_0.o-c_lto_20090729_1.o execute -w
FAIL: gcc.dg/torture/pta-escape-1.c -O1 scan-tree-dump alias "ESCAPED = { ESCAPED NONLOCAL i }"
FAIL: gcc.dg/torture/pta-escape-1.c -O2 scan-tree-dump alias "ESCAPED = { ESCAPED NONLOCAL i }"
FAIL: gcc.dg/torture/pta-escape-1.c -O3 -fomit-frame-pointer scan-tree-dump alias "ESCAPED = { ESCAPED NONLOCAL i }"
FAIL: gcc.dg/torture/pta-escape-1.c -O3 -g scan-tree-dump alias "ESCAPED = { ESCAPED NONLOCAL i }"
FAIL: gcc.dg/torture/pta-escape-1.c -Os scan-tree-dump alias "ESCAPED = { ESCAPED NONLOCAL i }"
FAIL: gcc.dg/torture/pta-escape-1.c -O2 -flto scan-tree-dump alias "ESCAPED = { ESCAPED NONLOCAL i }"
FAIL: gcc.dg/torture/pta-escape-1.c -O2 -fwhopr scan-tree-dump alias "ESCAPED = { ESCAPED NONLOCAL i }"
FAIL: gcc.dg/tree-prof/wcoverage-mismatch.c compilation, -fprofile-generate -D_PROFILE_GENERATE
UNRESOLVED: gcc.dg/tree-prof/wcoverage-mismatch.c execution, -fprofile-generate -D_PROFILE_GENERATE
UNRESOLVED: gcc.dg/tree-prof/wcoverage-mismatch.c compilation, -fprofile-use -D_PROFILE_USE
UNRESOLVED: gcc.dg/tree-prof/wcoverage-mismatch.c execution, -fprofile-use -D_PROFILE_USE
FAIL: gcc.dg/tree-ssa/pta-escape-1.c scan-tree-dump alias "ESCAPED, points-to non-local, points-to vars: { x }"
FAIL: gcc.dg/tree-ssa/pta-escape-2.c scan-tree-dump alias "ESCAPED, points-to non-local, points-to vars: { x }"
FAIL: gcc.dg/tree-ssa/pta-escape-3.c scan-tree-dump alias "ESCAPED, points-to non-local, points-to vars: { x }"
FAIL: gcc.dg/tree-ssa/ssa-lim-9.c scan-tree-dump-times lim1 "Moving PHI node" 1
FAIL: gcc.dg/vect/pr43430-1.c scan-tree-dump-times vect "vectorized 1 loops" 1
FAIL: gcc.dg/vect/slp-multitypes-2.c execution test
FAIL: gcc.dg/vect/slp-reduc-3.c scan-tree-dump-times vect "vectorizing stmts using SLP" 1
FAIL: gcc.dg/vect/slp-reduc-6.c scan-tree-dump-times vect "vectorized 1 loops" 2
=== gcc Summary for unix ===
# of expected passes 64651
# of unexpected failures 47
# of expected failures 202
# of unresolved testcases 4
# of unsupported tests 921
Running target unix/-m64
FAIL: gcc.c-torture/compile/limits-exprparen.c -O0 (test for excess errors)
FAIL: gcc.c-torture/compile/limits-exprparen.c -O1 (test for excess errors)
FAIL: gcc.c-torture/compile/limits-exprparen.c -O2 (test for excess errors)
FAIL: gcc.c-torture/compile/limits-exprparen.c -O3 -fomit-frame-pointer (test for excess errors)
FAIL: gcc.c-torture/compile/limits-exprparen.c -O3 -g (test for excess errors)
FAIL: gcc.c-torture/compile/limits-exprparen.c -Os (test for excess errors)
FAIL: gcc.c-torture/compile/limits-exprparen.c -O2 -flto (test for excess errors)
FAIL: gcc.c-torture/compile/limits-exprparen.c -O2 -fwhopr (test for excess errors)
FAIL: gcc.c-torture/compile/limits-externalid.c -O0 (test for excess errors)
FAIL: gcc.c-torture/compile/limits-externalid.c -O1 (test for excess errors)
FAIL: gcc.c-torture/compile/limits-externalid.c -O2 (test for excess errors)
FAIL: gcc.c-torture/compile/limits-externalid.c -O3 -fomit-frame-pointer (test for excess errors)
FAIL: gcc.c-torture/compile/limits-externalid.c -O3 -g (test for excess errors)
FAIL: gcc.c-torture/compile/limits-externalid.c -Os (test for excess errors)
FAIL: gcc.c-torture/compile/limits-externalid.c -O2 -flto (test for excess errors)
FAIL: gcc.c-torture/compile/limits-externalid.c -O2 -fwhopr (test for excess errors)
FAIL: gcc.c-torture/compile/pr43791.c -O2 (internal compiler error)
FAIL: gcc.c-torture/compile/pr43791.c -O2 (test for excess errors)
FAIL: gcc.c-torture/compile/pr43791.c -O3 -fomit-frame-pointer (internal compiler error)
FAIL: gcc.c-torture/compile/pr43791.c -O3 -fomit-frame-pointer (test for excess errors)
FAIL: gcc.c-torture/compile/pr43791.c -O3 -g (internal compiler error)
FAIL: gcc.c-torture/compile/pr43791.c -O3 -g (test for excess errors)
FAIL: gcc.c-torture/compile/pr43791.c -Os (internal compiler error)
FAIL: gcc.c-torture/compile/pr43791.c -Os (test for excess errors)
FAIL: gcc.c-torture/compile/pr43791.c -O2 -flto (internal compiler error)
FAIL: gcc.c-torture/compile/pr43791.c -O2 -flto (test for excess errors)
FAIL: gcc.c-torture/compile/pr43791.c -O2 -fwhopr (internal compiler error)
FAIL: gcc.c-torture/compile/pr43791.c -O2 -fwhopr (test for excess errors)
FAIL: gcc.c-torture/execute/20100430-1.c execution, -O1
FAIL: gcc.c-torture/execute/20100430-1.c execution, -O2
FAIL: gcc.c-torture/execute/20100430-1.c execution, -O3 -fomit-frame-pointer
FAIL: gcc.c-torture/execute/20100430-1.c execution, -O3 -fomit-frame-pointer -funroll-loops
FAIL: gcc.c-torture/execute/20100430-1.c execution, -O3 -fomit-frame-pointer -funroll-all-loops -finline-functions
FAIL: gcc.c-torture/execute/20100430-1.c execution, -O3 -g
FAIL: gcc.c-torture/execute/20100430-1.c execution, -Os
FAIL: gcc.c-torture/execute/20100430-1.c execution, -O2 -flto
FAIL: gcc.c-torture/execute/20100430-1.c execution, -O2 -fwhopr
FAIL: gcc.c-torture/execute/pr43987.c execution, -O1
FAIL: gcc.c-torture/execute/pr43987.c execution, -O2
FAIL: gcc.c-torture/execute/pr43987.c execution, -O3 -fomit-frame-pointer
FAIL: gcc.c-torture/execute/pr43987.c execution, -O3 -g
FAIL: gcc.c-torture/execute/pr43987.c execution, -Os
FAIL: gcc.c-torture/execute/pr43987.c execution, -O2 -flto
FAIL: gcc.c-torture/execute/pr43987.c execution, -O2 -fwhopr
FAIL: gcc.dg/cpp/trad/include.c (internal compiler error)
FAIL: gcc.dg/cpp/trad/include.c (test for excess errors)
FAIL: gcc.dg/Wcxx-compat-2.c (test for warnings, line 21)
FAIL: gcc.dg/ordered-comparison-4.c (test for warnings, line 11)
FAIL: gcc.dg/ordered-comparison-4.c (test for warnings, line 13)
FAIL: gcc.dg/ordered-comparison-4.c (test for warnings, line 15)
FAIL: gcc.dg/pr34668-1.c (internal compiler error)
FAIL: gcc.dg/pr34668-1.c (test for excess errors)
FAIL: gcc.dg/pr40989.c (test for errors, line 4)
FAIL: gcc.dg/pr40989.c (test for warnings, line )
WARNING: program timed out.
FAIL: gcc.dg/pr43058.c (test for excess errors)
FAIL: gcc.dg/pr43971.c (internal compiler error)
FAIL: gcc.dg/pr43971.c (test for excess errors)
FAIL: c-c++-common/Wunused-var-6.c -Wc++-compat (test for excess errors)
FAIL: gcc.dg/ipa/ipa-pta-11.c scan-ipa-dump pta "ESCAPED = { ESCAPED NONLOCAL l k }"
FAIL: gcc.dg/lto/20081201-2 c_lto_20081201-2_0.o-c_lto_20081201-2_1.o execute -O3 -fwhopr
FAIL: gcc.dg/lto/20090729 c_lto_20090729_0.o-c_lto_20090729_1.o link
UNRESOLVED: gcc.dg/lto/20090729 c_lto_20090729_0.o-c_lto_20090729_1.o execute -w
FAIL: gcc.dg/torture/pta-escape-1.c -O1 scan-tree-dump alias "ESCAPED = { ESCAPED NONLOCAL i }"
FAIL: gcc.dg/torture/pta-escape-1.c -O2 scan-tree-dump alias "ESCAPED = { ESCAPED NONLOCAL i }"
FAIL: gcc.dg/torture/pta-escape-1.c -O3 -fomit-frame-pointer scan-tree-dump alias "ESCAPED = { ESCAPED NONLOCAL i }"
FAIL: gcc.dg/torture/pta-escape-1.c -O3 -g scan-tree-dump alias "ESCAPED = { ESCAPED NONLOCAL i }"
FAIL: gcc.dg/torture/pta-escape-1.c -Os scan-tree-dump alias "ESCAPED = { ESCAPED NONLOCAL i }"
FAIL: gcc.dg/torture/pta-escape-1.c -O2 -flto scan-tree-dump alias "ESCAPED = { ESCAPED NONLOCAL i }"
FAIL: gcc.dg/torture/pta-escape-1.c -O2 -fwhopr scan-tree-dump alias "ESCAPED = { ESCAPED NONLOCAL i }"
FAIL: gcc.dg/tree-prof/wcoverage-mismatch.c compilation, -fprofile-generate -D_PROFILE_GENERATE
UNRESOLVED: gcc.dg/tree-prof/wcoverage-mismatch.c execution, -fprofile-generate -D_PROFILE_GENERATE
UNRESOLVED: gcc.dg/tree-prof/wcoverage-mismatch.c compilation, -fprofile-use -D_PROFILE_USE
UNRESOLVED: gcc.dg/tree-prof/wcoverage-mismatch.c execution, -fprofile-use -D_PROFILE_USE
FAIL: gcc.dg/tree-ssa/pta-escape-1.c scan-tree-dump alias "ESCAPED, points-to non-local, points-to vars: { x }"
FAIL: gcc.dg/tree-ssa/pta-escape-2.c scan-tree-dump alias "ESCAPED, points-to non-local, points-to vars: { x }"
FAIL: gcc.dg/tree-ssa/pta-escape-3.c scan-tree-dump alias "ESCAPED, points-to non-local, points-to vars: { x }"
FAIL: gcc.dg/tree-ssa/ssa-lim-9.c scan-tree-dump-times lim1 "Moving PHI node" 1
FAIL: gcc.dg/vect/pr43430-1.c scan-tree-dump-times vect "vectorized 1 loops" 1
FAIL: gcc.dg/vect/slp-reduc-3.c scan-tree-dump-times vect "vectorizing stmts using SLP" 1
FAIL: gcc.dg/vect/slp-reduc-6.c scan-tree-dump-times vect "vectorized 1 loops" 2
=== gcc Summary for unix/-m64 ===
# of expected passes 64669
# of unexpected failures 76
# of expected failures 198
# of unresolved testcases 4
# of unsupported tests 927
=== gcc Summary ===
# of expected passes 129320
# of unexpected failures 123
# of expected failures 400
# of unresolved testcases 8
# of unsupported tests 1848
/vol/gcc/obj/regression/trunk/9-gcc-gas/build/gcc/xgcc version 4.6.0 20100430 (experimental) (GCC)
=== gfortran tests ===
Running target unix
FAIL: gfortran.dg/array_constructor_11.f90 -O3 -g (internal compiler error)
FAIL: gfortran.dg/array_constructor_11.f90 -O3 -g (test for excess errors)
WARNING: gfortran.dg/array_constructor_11.f90 -O3 -g compilation failed to produce executable
FAIL: gfortran.dg/coarray_1.f90 -O (test for errors, line 16)
FAIL: gfortran.dg/coarray_1.f90 -O (test for excess errors)
FAIL: gfortran.dg/intrinsic_std_1.f90 -O (test for warnings, line 23)
FAIL: gfortran.dg/selected_char_kind_3.f90 -O (test for errors, line 7)
FAIL: gfortran.dg/selected_char_kind_3.f90 -O (test for excess errors)
FAIL: gfortran.dg/lto/20091015-1 f_lto_20091015-1_0.o-f_lto_20091015-1_2.o link
UNRESOLVED: gfortran.dg/lto/20091015-1 f_lto_20091015-1_0.o-f_lto_20091015-1_2.o execute -O0 -fwhopr
FAIL: gfortran.dg/lto/20091015-1 f_lto_20091015-1_0.o-f_lto_20091015-1_2.o link
UNRESOLVED: gfortran.dg/lto/20091015-1 f_lto_20091015-1_0.o-f_lto_20091015-1_2.o execute -O2 -fwhopr
FAIL: gfortran.dg/lto/20091015-1 f_lto_20091015-1_0.o-f_lto_20091015-1_2.o link
UNRESOLVED: gfortran.dg/lto/20091015-1 f_lto_20091015-1_0.o-f_lto_20091015-1_2.o execute -O0 -flto
FAIL: gfortran.dg/lto/20091015-1 f_lto_20091015-1_0.o-f_lto_20091015-1_2.o link
UNRESOLVED: gfortran.dg/lto/20091015-1 f_lto_20091015-1_0.o-f_lto_20091015-1_2.o execute -O2 -flto
=== gfortran Summary for unix ===
# of expected passes 33790
# of unexpected failures 11
# of expected failures 23
# of unresolved testcases 4
# of unsupported tests 322
Running target unix/-m64
FAIL: gfortran.dg/array_constructor_11.f90 -O3 -g (internal compiler error)
FAIL: gfortran.dg/array_constructor_11.f90 -O3 -g (test for excess errors)
WARNING: gfortran.dg/array_constructor_11.f90 -O3 -g compilation failed to produce executable
FAIL: gfortran.dg/class_17.f03 -O (internal compiler error)
FAIL: gfortran.dg/class_17.f03 -O (test for errors, line 59)
FAIL: gfortran.dg/class_17.f03 -O (test for excess errors)
FAIL: gfortran.dg/coarray_1.f90 -O (test for errors, line 16)
FAIL: gfortran.dg/coarray_1.f90 -O (test for excess errors)
FAIL: gfortran.dg/data_invalid.f90 -O (internal compiler error)
FAIL: gfortran.dg/data_invalid.f90 -O (test for errors, line 20)
FAIL: gfortran.dg/data_invalid.f90 -O (test for errors, line 25)
FAIL: gfortran.dg/data_invalid.f90 -O (test for errors, line 30)
FAIL: gfortran.dg/data_invalid.f90 -O (test for errors, line 35)
FAIL: gfortran.dg/data_invalid.f90 -O (test for errors, line 40)
FAIL: gfortran.dg/data_invalid.f90 -O (test for errors, line 42)
FAIL: gfortran.dg/data_invalid.f90 -O (test for errors, line 48)
FAIL: gfortran.dg/data_invalid.f90 -O (test for errors, line 50)
FAIL: gfortran.dg/data_invalid.f90 -O (test for errors, line 56)
FAIL: gfortran.dg/data_invalid.f90 -O (test for errors, line 58)
FAIL: gfortran.dg/data_invalid.f90 -O (test for errors, line 66)
FAIL: gfortran.dg/data_invalid.f90 -O (test for errors, line 71)
FAIL: gfortran.dg/data_invalid.f90 -O (test for errors, line 75)
FAIL: gfortran.dg/data_invalid.f90 -O (test for errors, line 80)
FAIL: gfortran.dg/data_invalid.f90 -O (test for errors, line 85)
FAIL: gfortran.dg/data_invalid.f90 -O (test for errors, line 87)
FAIL: gfortran.dg/data_invalid.f90 -O (test for errors, line 93)
FAIL: gfortran.dg/data_invalid.f90 -O (test for errors, line 95)
FAIL: gfortran.dg/data_invalid.f90 -O (test for errors, line 101)
FAIL: gfortran.dg/data_invalid.f90 -O (test for errors, line 103)
FAIL: gfortran.dg/data_invalid.f90 -O (test for errors, line 110)
FAIL: gfortran.dg/data_invalid.f90 -O (test for errors, line 114)
FAIL: gfortran.dg/data_invalid.f90 -O (test for errors, line 119)
FAIL: gfortran.dg/intrinsic_std_1.f90 -O (test for warnings, line 23)
FAIL: gfortran.dg/intrinsic_std_5.f03 -O (test for errors, line 13)
FAIL: gfortran.dg/intrinsic_std_5.f03 -O (test for errors, line 23)
FAIL: gfortran.dg/intrinsic_std_5.f03 -O (test for excess errors)
FAIL: gfortran.dg/pr43984.f90 -O scan-tree-dump-times pre "= iyz.data" 3
FAIL: gfortran.dg/selected_char_kind_3.f90 -O (test for errors, line 7)
FAIL: gfortran.dg/selected_char_kind_3.f90 -O (test for excess errors)
FAIL: gfortran.dg/unexpected_interface.f90 -O (internal compiler error)
FAIL: gfortran.dg/unexpected_interface.f90 -O (test for errors, line )
FAIL: gfortran.dg/unexpected_interface.f90 -O (test for excess errors)
FAIL: gfortran.dg/gomp/crayptr5.f90 -O (internal compiler error)
FAIL: gfortran.dg/gomp/crayptr5.f90 -O (test for excess errors)
FAIL: gfortran.dg/lto/20091015-1 f_lto_20091015-1_0.o-f_lto_20091015-1_2.o link
UNRESOLVED: gfortran.dg/lto/20091015-1 f_lto_20091015-1_0.o-f_lto_20091015-1_2.o execute -O0 -fwhopr
FAIL: gfortran.dg/lto/20091015-1 f_lto_20091015-1_0.o-f_lto_20091015-1_2.o link
UNRESOLVED: gfortran.dg/lto/20091015-1 f_lto_20091015-1_0.o-f_lto_20091015-1_2.o execute -O2 -fwhopr
FAIL: gfortran.dg/lto/20091015-1 f_lto_20091015-1_0.o-f_lto_20091015-1_2.o link
UNRESOLVED: gfortran.dg/lto/20091015-1 f_lto_20091015-1_0.o-f_lto_20091015-1_2.o execute -O0 -flto
FAIL: gfortran.dg/lto/20091015-1 f_lto_20091015-1_0.o-f_lto_20091015-1_2.o link
UNRESOLVED: gfortran.dg/lto/20091015-1 f_lto_20091015-1_0.o-f_lto_20091015-1_2.o execute -O2 -flto
=== gfortran Summary for unix/-m64 ===
# of expected passes 33961
# of unexpected failures 47
# of expected failures 24
# of unresolved testcases 4
# of unsupported tests 249
=== gfortran Summary ===
# of expected passes 67751
# of unexpected failures 58
# of expected failures 47
# of unresolved testcases 8
# of unsupported tests 571
/vol/gcc/obj/regression/trunk/9-gcc-gas/build/gcc/testsuite/gfortran/../../gfortran version 4.6.0 20100430 (experimental) (GCC)
=== gnat tests ===
Running target unix
=== gnat Summary for unix ===
# of expected passes 778
# of expected failures 8
# of unsupported tests 2
Running target unix/-m64
FAIL: gnat.dg/lto1.adb (test for excess errors)
WARNING: gnat.dg/lto1.adb compilation failed to produce executable
FAIL: gnat.dg/lto2.adb (test for excess errors)
=== gnat Summary for unix/-m64 ===
# of expected passes 779
# of unexpected failures 2
# of expected failures 8
# of unsupported tests 2
=== gnat Summary ===
# of expected passes 1557
# of unexpected failures 2
# of expected failures 16
# of unsupported tests 4
=== objc tests ===
Running target unix
=== objc Summary for unix ===
# of expected passes 1869
# of expected failures 15
# of unsupported tests 20
Running target unix/-m64
=== objc Summary for unix/-m64 ===
# of expected passes 1874
# of expected failures 15
# of unsupported tests 20
=== objc Summary ===
# of expected passes 3743
# of expected failures 30
# of unsupported tests 40
/vol/gcc/obj/regression/trunk/9-gcc-gas/build/gcc/xgcc version 4.6.0 20100430 (experimental) (GCC)
=== libffi tests ===
Running target unix
=== libffi Summary for unix ===
# of expected passes 1624
# of expected failures 10
# of unsupported tests 15
Running target unix/-m64
=== libffi Summary for unix/-m64 ===
# of expected passes 1624
# of expected failures 10
# of unsupported tests 15
=== libffi Summary ===
# of expected passes 3248
# of expected failures 20
# of unsupported tests 30
=== libgomp tests ===
Running target unix
=== libgomp Summary for unix ===
# of expected passes 2476
# of unsupported tests 9
Running target unix/-m64
=== libgomp Summary for unix/-m64 ===
# of expected passes 2476
# of unsupported tests 9
=== libgomp Summary ===
# of expected passes 4952
# of unsupported tests 18
=== libjava tests ===
Running target unix
=== libjava Summary for unix ===
# of expected passes 2574
Running target unix/-m64
ERROR: tcl error sourcing /vol/gcc/src/hg/trunk/local/libjava/testsuite/libjava.jni/jni.exp.
ERROR: can't read "libiconv": no such variable
=== libjava Summary for unix/-m64 ===
# of expected passes 2568
=== libjava Summary ===
# of expected passes 5142
=== libstdc++ tests ===
Running target unix
FAIL: 27_io/basic_ofstream/cons/char/1.cc execution test
FAIL: ext/enc_filebuf/char/13598.cc execution test
FAIL: ext/profile/all.cc (test for excess errors)
WARNING: program timed out.
=== libstdc++ Summary for unix ===
# of expected passes 6329
# of unexpected failures 3
# of expected failures 90
# of unsupported tests 622
Running target unix/-m64
FAIL: 27_io/basic_ofstream/cons/char/1.cc execution test
FAIL: ext/enc_filebuf/char/13598.cc execution test
FAIL: ext/profile/all.cc (test for excess errors)
WARNING: program timed out.
=== libstdc++ Summary for unix/-m64 ===
# of expected passes 6331
# of unexpected failures 3
# of expected failures 90
# of unsupported tests 622
=== libstdc++ Summary ===
# of expected passes 12660
# of unexpected failures 6
# of expected failures 180
# of unsupported tests 1244
=== libstdc++ Summary ===
Compiler version: 4.6.0 20100430 (experimental) (GCC)
Platform: sparc-sun-solaris2.9
configure flags: --prefix=/vol/gcc --target=sparc-sun-solaris2.9 --with-as=/vol/gcc/bin/gas-2.20.1 --with-gnu-as --with-gmp=/vol/gcc --with-mpfr=/vol/gcc --with-mpc=/vol/gcc target_alias=sparc-sun-solaris2.9 --enable-languages=c,ada,c++,fortran,java,lto,objc --no-create --no-recursion
BOOT_CFLAGS=-g -O2