This is the mail archive of the
gcc-testresults@gcc.gnu.org
mailing list for the GCC project.
Results for 4.5.1 20100520 (prerelease) (GCC) testsuite on sparc-sun-solaris2.11
- From: Rainer Orth <ro at CeBiTec dot Uni-Bielefeld dot DE>
- To: gcc-testresults at gcc dot gnu dot org
- Date: Thu, 27 May 2010 20:28:17 +0200 (MEST)
- Subject: Results for 4.5.1 20100520 (prerelease) (GCC) testsuite on sparc-sun-solaris2.11
=== acats tests ===
FAIL: c52103x
FAIL: c52104x
FAIL: c52104y
FAIL: cb1010a
FAIL: cb1010c
FAIL: cb1010d
=== acats Summary ===
# of expected passes 2315
# of unexpected failures 6
Native configuration is sparc-sun-solaris2.11
=== g++ tests ===
Running target unix
FAIL: g++.dg/lto/20090303 cp_lto_20090303_0.o-cp_lto_20090303_0.o execute -fwhopr
XPASS: g++.old-deja/g++.other/init19.C execution test
WARNING: program timed out.
=== g++ Summary for unix ===
# of expected passes 22014
# of unexpected failures 1
# of unexpected successes 1
# of expected failures 152
# of unsupported tests 217
Running target unix/-m64
FAIL: g++.dg/lto/20090303 cp_lto_20090303_0.o-cp_lto_20090303_0.o link
UNRESOLVED: g++.dg/lto/20090303 cp_lto_20090303_0.o-cp_lto_20090303_0.o execute -fwhopr
XPASS: g++.old-deja/g++.other/init19.C execution test
=== g++ Summary for unix/-m64 ===
# of expected passes 21974
# of unexpected failures 1
# of unexpected successes 1
# of expected failures 152
# of unresolved testcases 1
# of unsupported tests 218
=== g++ Summary ===
# of expected passes 43988
# of unexpected failures 2
# of unexpected successes 2
# of expected failures 304
# of unresolved testcases 1
# of unsupported tests 435
/vol/gcc/obj/regression/gcc-4.5-branch/11-gcc-gas/build/gcc/testsuite/g++/../../g++ version 4.5.1 20100520 (prerelease) (GCC)
=== gcc tests ===
Running target unix
FAIL: gcc.c-torture/compile/limits-exprparen.c -O0 (test for excess errors)
FAIL: gcc.c-torture/compile/limits-exprparen.c -O1 (test for excess errors)
FAIL: gcc.c-torture/compile/limits-exprparen.c -O2 (test for excess errors)
FAIL: gcc.c-torture/compile/limits-exprparen.c -O3 -fomit-frame-pointer (test for excess errors)
FAIL: gcc.c-torture/compile/limits-exprparen.c -O3 -g (test for excess errors)
FAIL: gcc.c-torture/compile/limits-exprparen.c -Os (test for excess errors)
FAIL: gcc.c-torture/compile/limits-exprparen.c -O2 -flto (test for excess errors)
FAIL: gcc.c-torture/compile/limits-exprparen.c -O2 -fwhopr (test for excess errors)
WARNING: program timed out.
FAIL: gcc.c-torture/execute/builtins/printf.c compilation, -O2 -flto
UNRESOLVED: gcc.c-torture/execute/builtins/printf.c execution, -O2 -flto
WARNING: program timed out.
FAIL: gcc.c-torture/execute/builtins/printf.c compilation, -O2 -fwhopr
UNRESOLVED: gcc.c-torture/execute/builtins/printf.c execution, -O2 -fwhopr
WARNING: program timed out.
FAIL: gcc.c-torture/execute/builtins/snprintf-chk.c compilation, -O2 -flto
UNRESOLVED: gcc.c-torture/execute/builtins/snprintf-chk.c execution, -O2 -flto
WARNING: program timed out.
FAIL: gcc.c-torture/execute/builtins/snprintf-chk.c compilation, -O2 -fwhopr
UNRESOLVED: gcc.c-torture/execute/builtins/snprintf-chk.c execution, -O2 -fwhopr
FAIL: gcc.c-torture/execute/20000622-1.c compilation, -O2 -fwhopr
UNRESOLVED: gcc.c-torture/execute/20000622-1.c execution, -O2 -fwhopr
FAIL: gcc.c-torture/execute/920726-1.c compilation, -O2 -flto
UNRESOLVED: gcc.c-torture/execute/920726-1.c execution, -O2 -flto
FAIL: gcc.c-torture/execute/920726-1.c compilation, -O2 -fwhopr
UNRESOLVED: gcc.c-torture/execute/920726-1.c execution, -O2 -fwhopr
FAIL: gcc.c-torture/execute/pr38819.c execution, -O2
FAIL: gcc.c-torture/execute/pr38819.c execution, -O3 -fomit-frame-pointer
FAIL: gcc.c-torture/execute/pr38819.c execution, -O3 -fomit-frame-pointer -funroll-loops
FAIL: gcc.c-torture/execute/pr38819.c execution, -O3 -fomit-frame-pointer -funroll-all-loops -finline-functions
FAIL: gcc.c-torture/execute/pr38819.c execution, -O3 -g
FAIL: gcc.c-torture/execute/pr38819.c execution, -O2 -flto
FAIL: gcc.c-torture/execute/pr38819.c execution, -O2 -fwhopr
WARNING: program timed out.
WARNING: program timed out.
WARNING: program timed out.
WARNING: program timed out.
FAIL: gcc.c-torture/execute/ieee/fp-cmp-8e.c compilation, -O2 -fwhopr
UNRESOLVED: gcc.c-torture/execute/ieee/fp-cmp-8e.c execution, -O2 -fwhopr
WARNING: program timed out.
FAIL: gcc.c-torture/execute/ieee/fp-cmp-8f.c compilation, -O2 -flto
UNRESOLVED: gcc.c-torture/execute/ieee/fp-cmp-8f.c execution, -O2 -flto
WARNING: program timed out.
FAIL: gcc.c-torture/unsorted/dump-noaddr.c, -O1 -dumpbase dump1/dump-noaddr.c -DMASK=1 -x c --param ggc-min-heapsize=1 -fdump-ipa-all -fdump-rtl-all -fdump-tree-all -fdump-noaddr
WARNING: program timed out.
FAIL: gcc.c-torture/unsorted/dump-noaddr.c, -O1 -dumpbase dump2/dump-noaddr.c -DMASK=2 -x c -fdump-ipa-all -fdump-rtl-all -fdump-tree-all -fdump-noaddr
FAIL: gcc.c-torture/unsorted/dump-noaddr.c.046i.inline, -O1 comparison
FAIL: gcc.c-torture/unsorted/dump-noaddr.c.056t.addressables, -O1 comparison
FAIL: gcc.c-torture/unsorted/dump-noaddr.c.057t.copyrename2, -O1 comparison
FAIL: gcc.c-torture/unsorted/dump-noaddr.c.059t.ccp2, -O1 comparison
FAIL: gcc.c-torture/unsorted/dump-noaddr.c.060t.forwprop2, -O1 comparison
FAIL: gcc.c-torture/unsorted/dump-noaddr.c.062t.alias, -O1 comparison
FAIL: gcc.c-torture/unsorted/dump-noaddr.c.063t.retslot, -O1 comparison
FAIL: gcc.c-torture/unsorted/dump-noaddr.c.064t.phiprop, -O1 comparison
FAIL: gcc.c-torture/unsorted/dump-noaddr.c.065t.fre, -O1 comparison
FAIL: gcc.c-torture/unsorted/dump-noaddr.c.066t.copyprop2, -O1 comparison
FAIL: gcc.c-torture/unsorted/dump-noaddr.c.067t.mergephi2, -O1 comparison
FAIL: gcc.c-torture/unsorted/dump-noaddr.c.069t.dce1, -O1 comparison
FAIL: gcc.c-torture/unsorted/dump-noaddr.c.070t.cselim, -O1 comparison
FAIL: gcc.c-torture/unsorted/dump-noaddr.c.071t.ifcombine, -O1 comparison
FAIL: gcc.c-torture/unsorted/dump-noaddr.c.072t.phiopt1, -O1 comparison
FAIL: gcc.c-torture/unsorted/dump-noaddr.c.074t.ch, -O1 comparison
FAIL: gcc.c-torture/unsorted/dump-noaddr.c.076t.cplxlower, -O1 comparison
FAIL: gcc.c-torture/unsorted/dump-noaddr.c.077t.sra, -O1 comparison
FAIL: gcc.c-torture/unsorted/dump-noaddr.c.078t.copyrename3, -O1 comparison
FAIL: gcc.c-torture/unsorted/dump-noaddr.c.079t.dom1, -O1 comparison
FAIL: gcc.c-torture/unsorted/dump-noaddr.c.080t.phicprop1, -O1 comparison
FAIL: gcc.c-torture/unsorted/dump-noaddr.c.081t.dse1, -O1 comparison
FAIL: gcc.c-torture/unsorted/dump-noaddr.c.082t.reassoc1, -O1 comparison
FAIL: gcc.c-torture/unsorted/dump-noaddr.c.083t.dce2, -O1 comparison
FAIL: gcc.c-torture/unsorted/dump-noaddr.c.084t.forwprop3, -O1 comparison
FAIL: gcc.c-torture/unsorted/dump-noaddr.c.085t.phiopt2, -O1 comparison
FAIL: gcc.c-torture/unsorted/dump-noaddr.c.086t.objsz, -O1 comparison
FAIL: gcc.c-torture/unsorted/dump-noaddr.c.087t.ccp3, -O1 comparison
FAIL: gcc.c-torture/unsorted/dump-noaddr.c.088t.copyprop3, -O1 comparison
FAIL: gcc.c-torture/unsorted/dump-noaddr.c.089t.sincos, -O1 comparison
FAIL: gcc.c-torture/unsorted/dump-noaddr.c.091t.crited, -O1 comparison
FAIL: gcc.c-torture/unsorted/dump-noaddr.c.093t.sink, -O1 comparison
FAIL: gcc.c-torture/unsorted/dump-noaddr.c.094t.loop, -O1 comparison
FAIL: gcc.c-torture/unsorted/dump-noaddr.c.095t.loopinit, -O1 comparison
FAIL: gcc.c-torture/unsorted/dump-noaddr.c.096t.copyprop4, -O1 comparison
FAIL: gcc.c-torture/unsorted/dump-noaddr.c.097t.dceloop1, -O1 comparison
FAIL: gcc.c-torture/unsorted/dump-noaddr.c.098t.lim1, -O1 comparison
FAIL: gcc.c-torture/unsorted/dump-noaddr.c.100t.sccp, -O1 comparison
FAIL: gcc.c-torture/unsorted/dump-noaddr.c.108t.ivcanon, -O1 comparison
FAIL: gcc.c-torture/unsorted/dump-noaddr.c.114t.cunroll, -O1 comparison
FAIL: gcc.c-torture/unsorted/dump-noaddr.c.118t.ivopts, -O1 comparison
FAIL: gcc.c-torture/unsorted/dump-noaddr.c.119t.loopdone, -O1 comparison
FAIL: gcc.c-torture/unsorted/dump-noaddr.c.121t.reassoc2, -O1 comparison
FAIL: gcc.c-torture/unsorted/dump-noaddr.c.123t.dom2, -O1 comparison
FAIL: gcc.c-torture/unsorted/dump-noaddr.c.124t.phicprop2, -O1 comparison
FAIL: gcc.c-torture/unsorted/dump-noaddr.c.125t.cddce2, -O1 comparison
FAIL: gcc.c-torture/unsorted/dump-noaddr.c.127t.dse2, -O1 comparison
FAIL: gcc.c-torture/unsorted/dump-noaddr.c.128t.forwprop4, -O1 comparison
FAIL: gcc.c-torture/unsorted/dump-noaddr.c.129t.phiopt3, -O1 comparison
FAIL: gcc.c-torture/unsorted/dump-noaddr.c.130t.fab, -O1 comparison
FAIL: gcc.c-torture/unsorted/dump-noaddr.c.132t.copyrename4, -O1 comparison
FAIL: gcc.c-torture/unsorted/dump-noaddr.c.133t.uncprop, -O1 comparison
FAIL: gcc.c-torture/unsorted/dump-noaddr.c.134t.local-pure-const2, -O1 comparison
FAIL: gcc.c-torture/unsorted/dump-noaddr.c.138t.nrv, -O1 comparison
FAIL: gcc.c-torture/unsorted/dump-noaddr.c.140t.optimized, -O1 comparison
FAIL: gcc.c-torture/unsorted/dump-noaddr.c.141r.expand, -O1 comparison
FAIL: gcc.c-torture/unsorted/dump-noaddr.c.142r.sibling, -O1 comparison
FAIL: gcc.c-torture/unsorted/dump-noaddr.c.144r.initvals, -O1 comparison
FAIL: gcc.c-torture/unsorted/dump-noaddr.c.145r.unshare, -O1 comparison
FAIL: gcc.c-torture/unsorted/dump-noaddr.c.151r.cse1, -O1 comparison
WARNING: program timed out.
FAIL: gcc.c-torture/unsorted/dump-noaddr.c, -O3 -fomit-frame-pointer -dumpbase dump1/dump-noaddr.c -DMASK=1 -x c --param ggc-min-heapsize=1 -fdump-ipa-all -fdump-rtl-all -fdump-tree-all -fdump-noaddr
WARNING: program timed out.
FAIL: gcc.c-torture/unsorted/dump-noaddr.c, -O3 -fomit-frame-pointer -dumpbase dump2/dump-noaddr.c -DMASK=2 -x c -fdump-ipa-all -fdump-rtl-all -fdump-tree-all -fdump-noaddr
FAIL: gcc.c-torture/unsorted/dump-noaddr.c.046i.inline, -O3 -fomit-frame-pointer comparison
FAIL: gcc.c-torture/unsorted/dump-noaddr.c.056t.addressables, -O3 -fomit-frame-pointer comparison
FAIL: gcc.c-torture/unsorted/dump-noaddr.c.057t.copyrename2, -O3 -fomit-frame-pointer comparison
FAIL: gcc.c-torture/unsorted/dump-noaddr.c.058t.cunrolli, -O3 -fomit-frame-pointer comparison
FAIL: gcc.c-torture/unsorted/dump-noaddr.c.059t.ccp2, -O3 -fomit-frame-pointer comparison
FAIL: gcc.c-torture/unsorted/dump-noaddr.c.060t.forwprop2, -O3 -fomit-frame-pointer comparison
FAIL: gcc.c-torture/unsorted/dump-noaddr.c.061t.cdce, -O3 -fomit-frame-pointer comparison
FAIL: gcc.c-torture/unsorted/dump-noaddr.c.062t.alias, -O3 -fomit-frame-pointer comparison
FAIL: gcc.c-torture/unsorted/dump-noaddr.c.063t.retslot, -O3 -fomit-frame-pointer comparison
FAIL: gcc.c-torture/unsorted/dump-noaddr.c.064t.phiprop, -O3 -fomit-frame-pointer comparison
FAIL: gcc.c-torture/unsorted/dump-noaddr.c.065t.fre, -O3 -fomit-frame-pointer comparison
FAIL: gcc.c-torture/unsorted/dump-noaddr.c.066t.copyprop2, -O3 -fomit-frame-pointer comparison
FAIL: gcc.c-torture/unsorted/dump-noaddr.c.067t.mergephi2, -O3 -fomit-frame-pointer comparison
FAIL: gcc.c-torture/unsorted/dump-noaddr.c.068t.vrp1, -O3 -fomit-frame-pointer comparison
FAIL: gcc.c-torture/unsorted/dump-noaddr.c.069t.dce1, -O3 -fomit-frame-pointer comparison
FAIL: gcc.c-torture/unsorted/dump-noaddr.c.070t.cselim, -O3 -fomit-frame-pointer comparison
FAIL: gcc.c-torture/unsorted/dump-noaddr.c.071t.ifcombine, -O3 -fomit-frame-pointer comparison
FAIL: gcc.c-torture/unsorted/dump-noaddr.c.072t.phiopt1, -O3 -fomit-frame-pointer comparison
FAIL: gcc.c-torture/unsorted/dump-noaddr.c.073t.tailr2, -O3 -fomit-frame-pointer comparison
FAIL: gcc.c-torture/unsorted/dump-noaddr.c.074t.ch, -O3 -fomit-frame-pointer comparison
FAIL: gcc.c-torture/unsorted/dump-noaddr.c.076t.cplxlower, -O3 -fomit-frame-pointer comparison
FAIL: gcc.c-torture/unsorted/dump-noaddr.c.077t.sra, -O3 -fomit-frame-pointer comparison
FAIL: gcc.c-torture/unsorted/dump-noaddr.c.078t.copyrename3, -O3 -fomit-frame-pointer comparison
FAIL: gcc.c-torture/unsorted/dump-noaddr.c.079t.dom1, -O3 -fomit-frame-pointer comparison
FAIL: gcc.c-torture/unsorted/dump-noaddr.c.080t.phicprop1, -O3 -fomit-frame-pointer comparison
FAIL: gcc.c-torture/unsorted/dump-noaddr.c.081t.dse1, -O3 -fomit-frame-pointer comparison
FAIL: gcc.c-torture/unsorted/dump-noaddr.c.082t.reassoc1, -O3 -fomit-frame-pointer comparison
FAIL: gcc.c-torture/unsorted/dump-noaddr.c.083t.dce2, -O3 -fomit-frame-pointer comparison
FAIL: gcc.c-torture/unsorted/dump-noaddr.c.084t.forwprop3, -O3 -fomit-frame-pointer comparison
FAIL: gcc.c-torture/unsorted/dump-noaddr.c.085t.phiopt2, -O3 -fomit-frame-pointer comparison
FAIL: gcc.c-torture/unsorted/dump-noaddr.c.086t.objsz, -O3 -fomit-frame-pointer comparison
FAIL: gcc.c-torture/unsorted/dump-noaddr.c.087t.ccp3, -O3 -fomit-frame-pointer comparison
FAIL: gcc.c-torture/unsorted/dump-noaddr.c.088t.copyprop3, -O3 -fomit-frame-pointer comparison
FAIL: gcc.c-torture/unsorted/dump-noaddr.c.089t.sincos, -O3 -fomit-frame-pointer comparison
FAIL: gcc.c-torture/unsorted/dump-noaddr.c.090t.bswap, -O3 -fomit-frame-pointer comparison
FAIL: gcc.c-torture/unsorted/dump-noaddr.c.091t.crited, -O3 -fomit-frame-pointer comparison
FAIL: gcc.c-torture/unsorted/dump-noaddr.c.092t.pre, -O3 -fomit-frame-pointer comparison
FAIL: gcc.c-torture/unsorted/dump-noaddr.c.093t.sink, -O3 -fomit-frame-pointer comparison
FAIL: gcc.c-torture/unsorted/dump-noaddr.c.094t.loop, -O3 -fomit-frame-pointer comparison
FAIL: gcc.c-torture/unsorted/dump-noaddr.c.095t.loopinit, -O3 -fomit-frame-pointer comparison
FAIL: gcc.c-torture/unsorted/dump-noaddr.c.096t.copyprop4, -O3 -fomit-frame-pointer comparison
FAIL: gcc.c-torture/unsorted/dump-noaddr.c.097t.dceloop1, -O3 -fomit-frame-pointer comparison
FAIL: gcc.c-torture/unsorted/dump-noaddr.c.098t.lim1, -O3 -fomit-frame-pointer comparison
FAIL: gcc.c-torture/unsorted/dump-noaddr.c.099t.unswitch, -O3 -fomit-frame-pointer comparison
FAIL: gcc.c-torture/unsorted/dump-noaddr.c.100t.sccp, -O3 -fomit-frame-pointer comparison
FAIL: gcc.c-torture/unsorted/dump-noaddr.c.108t.ivcanon, -O3 -fomit-frame-pointer comparison
FAIL: gcc.c-torture/unsorted/dump-noaddr.c.109t.ifcvt, -O3 -fomit-frame-pointer comparison
FAIL: gcc.c-torture/unsorted/dump-noaddr.c.110t.vect, -O3 -fomit-frame-pointer comparison
FAIL: gcc.c-torture/unsorted/dump-noaddr.c.111t.veclower2, -O3 -fomit-frame-pointer comparison
FAIL: gcc.c-torture/unsorted/dump-noaddr.c.112t.dceloop3, -O3 -fomit-frame-pointer comparison
FAIL: gcc.c-torture/unsorted/dump-noaddr.c.113t.pcom, -O3 -fomit-frame-pointer comparison
FAIL: gcc.c-torture/unsorted/dump-noaddr.c.114t.cunroll, -O3 -fomit-frame-pointer comparison
WARNING: dump2/dump-noaddr.c.115t.slp doesn't exist
WARNING: dump2/dump-noaddr.c.118t.ivopts doesn't exist
WARNING: dump2/dump-noaddr.c.119t.loopdone doesn't exist
WARNING: dump2/dump-noaddr.c.121t.reassoc2 doesn't exist
WARNING: dump2/dump-noaddr.c.122t.vrp2 doesn't exist
WARNING: dump2/dump-noaddr.c.123t.dom2 doesn't exist
WARNING: dump2/dump-noaddr.c.124t.phicprop2 doesn't exist
WARNING: dump2/dump-noaddr.c.125t.cddce2 doesn't exist
WARNING: dump2/dump-noaddr.c.127t.dse2 doesn't exist
WARNING: dump2/dump-noaddr.c.128t.forwprop4 doesn't exist
WARNING: dump2/dump-noaddr.c.129t.phiopt3 doesn't exist
WARNING: dump2/dump-noaddr.c.130t.fab doesn't exist
WARNING: dump2/dump-noaddr.c.131t.tailc doesn't exist
WARNING: dump2/dump-noaddr.c.132t.copyrename4 doesn't exist
WARNING: dump2/dump-noaddr.c.133t.uncprop doesn't exist
WARNING: dump2/dump-noaddr.c.134t.local-pure-const2 doesn't exist
WARNING: dump2/dump-noaddr.c.138t.nrv doesn't exist
WARNING: dump2/dump-noaddr.c.140t.optimized doesn't exist
WARNING: dump2/dump-noaddr.c.141r.expand doesn't exist
WARNING: dump2/dump-noaddr.c.142r.sibling doesn't exist
WARNING: dump2/dump-noaddr.c.144r.initvals doesn't exist
WARNING: dump2/dump-noaddr.c.145r.unshare doesn't exist
WARNING: dump2/dump-noaddr.c.146r.vregs doesn't exist
WARNING: dump2/dump-noaddr.c.147r.into_cfglayout doesn't exist
WARNING: dump2/dump-noaddr.c.148r.jump doesn't exist
WARNING: dump2/dump-noaddr.c.149r.subreg1 doesn't exist
WARNING: dump2/dump-noaddr.c.150r.dfinit doesn't exist
WARNING: dump2/dump-noaddr.c.151r.cse1 doesn't exist
WARNING: dump2/dump-noaddr.c.152r.fwprop1 doesn't exist
WARNING: dump2/dump-noaddr.c.153r.cprop1 doesn't exist
WARNING: dump2/dump-noaddr.c.154r.pre doesn't exist
WARNING: dump2/dump-noaddr.c.156r.cprop2 doesn't exist
WARNING: dump2/dump-noaddr.c.159r.ce1 doesn't exist
WARNING: dump2/dump-noaddr.c.160r.reginfo doesn't exist
WARNING: dump2/dump-noaddr.c.161r.loop2 doesn't exist
WARNING: dump2/dump-noaddr.c.162r.loop2_init doesn't exist
WARNING: dump2/dump-noaddr.c.163r.loop2_invariant doesn't exist
WARNING: dump2/dump-noaddr.c.164r.loop2_unswitch doesn't exist
WARNING: dump2/dump-noaddr.c.167r.loop2_done doesn't exist
WARNING: dump2/dump-noaddr.c.169r.cprop3 doesn't exist
WARNING: dump2/dump-noaddr.c.170r.cse2 doesn't exist
WARNING: dump2/dump-noaddr.c.171r.dse1 doesn't exist
WARNING: dump2/dump-noaddr.c.172r.fwprop2 doesn't exist
WARNING: dump2/dump-noaddr.c.174r.init-regs doesn't exist
WARNING: dump2/dump-noaddr.c.175r.dce doesn't exist
WARNING: dump2/dump-noaddr.c.176r.combine doesn't exist
WARNING: dump2/dump-noaddr.c.177r.ce2 doesn't exist
WARNING: dump2/dump-noaddr.c.179r.regmove doesn't exist
WARNING: dump2/dump-noaddr.c.180r.outof_cfglayout doesn't exist
WARNING: dump2/dump-noaddr.c.181r.split1 doesn't exist
WARNING: dump2/dump-noaddr.c.182r.subreg2 doesn't exist
WARNING: dump2/dump-noaddr.c.185r.asmcons doesn't exist
WARNING: dump2/dump-noaddr.c.187r.sched1 doesn't exist
WARNING: dump2/dump-noaddr.c.188r.ira doesn't exist
WARNING: dump2/dump-noaddr.c.189r.postreload doesn't exist
WARNING: dump2/dump-noaddr.c.190r.gcse2 doesn't exist
WARNING: dump2/dump-noaddr.c.191r.split2 doesn't exist
WARNING: dump2/dump-noaddr.c.193r.pro_and_epilogue doesn't exist
WARNING: dump2/dump-noaddr.c.194r.dse2 doesn't exist
WARNING: dump2/dump-noaddr.c.195r.csa doesn't exist
WARNING: dump2/dump-noaddr.c.196r.peephole2 doesn't exist
WARNING: dump2/dump-noaddr.c.197r.ce3 doesn't exist
WARNING: dump2/dump-noaddr.c.199r.cprop_hardreg doesn't exist
WARNING: dump2/dump-noaddr.c.200r.dce doesn't exist
WARNING: dump2/dump-noaddr.c.201r.bbro doesn't exist
WARNING: dump2/dump-noaddr.c.203r.split4 doesn't exist
WARNING: dump2/dump-noaddr.c.204r.sched2 doesn't exist
WARNING: dump2/dump-noaddr.c.207r.alignments doesn't exist
WARNING: dump2/dump-noaddr.c.208r.compgotos doesn't exist
WARNING: dump2/dump-noaddr.c.211r.barriers doesn't exist
WARNING: dump2/dump-noaddr.c.212r.dbr doesn't exist
WARNING: dump2/dump-noaddr.c.213r.split5 doesn't exist
WARNING: dump2/dump-noaddr.c.215r.shorten doesn't exist
WARNING: dump2/dump-noaddr.c.216r.nothrow doesn't exist
WARNING: dump2/dump-noaddr.c.217r.final doesn't exist
WARNING: dump2/dump-noaddr.c.218r.dfinish doesn't exist
FAIL: gcc.dg/lto/20090729 c_lto_20090729_0.o-c_lto_20090729_1.o link
UNRESOLVED: gcc.dg/lto/20090729 c_lto_20090729_0.o-c_lto_20090729_1.o execute -w
FAIL: gcc.dg/lto/20100518 c_lto_20100518_0.o assemble, -O0 -fwhopr
UNRESOLVED: gcc.dg/lto/20100518 c_lto_20100518_0.o-c_lto_20100518_0.o link -O0 -fwhopr
UNRESOLVED: gcc.dg/lto/20100518 c_lto_20100518_0.o-c_lto_20100518_0.o execute -O0 -fwhopr
FAIL: gcc.dg/lto/20100518 c_lto_20100518_0.o assemble, -O2 -fwhopr
UNRESOLVED: gcc.dg/lto/20100518 c_lto_20100518_0.o-c_lto_20100518_0.o link -O2 -fwhopr
UNRESOLVED: gcc.dg/lto/20100518 c_lto_20100518_0.o-c_lto_20100518_0.o execute -O2 -fwhopr
FAIL: gcc.dg/lto/20100518 c_lto_20100518_0.o assemble, -O0 -flto
UNRESOLVED: gcc.dg/lto/20100518 c_lto_20100518_0.o-c_lto_20100518_0.o link -O0 -flto
UNRESOLVED: gcc.dg/lto/20100518 c_lto_20100518_0.o-c_lto_20100518_0.o execute -O0 -flto
FAIL: gcc.dg/lto/20100518 c_lto_20100518_0.o assemble, -O2 -flto
UNRESOLVED: gcc.dg/lto/20100518 c_lto_20100518_0.o-c_lto_20100518_0.o link -O2 -flto
UNRESOLVED: gcc.dg/lto/20100518 c_lto_20100518_0.o-c_lto_20100518_0.o execute -O2 -flto
FAIL: gcc.dg/vect/pr43430-1.c scan-tree-dump-times vect "vectorized 1 loops" 1
FAIL: gcc.dg/vect/slp-multitypes-2.c execution test
=== gcc Summary for unix ===
# of expected passes 63131
# of unexpected failures 147
# of expected failures 196
# of untested testcases 76
# of unresolved testcases 18
# of unsupported tests 888
Running target unix/-m64
FAIL: gcc.c-torture/compile/limits-exprparen.c -O0 (test for excess errors)
FAIL: gcc.c-torture/compile/limits-exprparen.c -O1 (test for excess errors)
FAIL: gcc.c-torture/compile/limits-exprparen.c -O2 (test for excess errors)
FAIL: gcc.c-torture/compile/limits-exprparen.c -O3 -fomit-frame-pointer (test for excess errors)
FAIL: gcc.c-torture/compile/limits-exprparen.c -O3 -g (test for excess errors)
FAIL: gcc.c-torture/compile/limits-exprparen.c -Os (test for excess errors)
FAIL: gcc.c-torture/compile/limits-exprparen.c -O2 -flto (test for excess errors)
FAIL: gcc.c-torture/compile/limits-exprparen.c -O2 -fwhopr (test for excess errors)
FAIL: gcc.dg/cpp/trad/include.c (internal compiler error)
FAIL: gcc.dg/cpp/trad/include.c (test for excess errors)
FAIL: gcc.dg/lto/20090210 c_lto_20090210_0.o-c_lto_20090210_1.o link
UNRESOLVED: gcc.dg/lto/20090210 c_lto_20090210_0.o-c_lto_20090210_1.o execute -O0 -fwhopr
FAIL: gcc.dg/lto/20090210 c_lto_20090210_0.o-c_lto_20090210_1.o link
UNRESOLVED: gcc.dg/lto/20090210 c_lto_20090210_0.o-c_lto_20090210_1.o execute -O2 -fwhopr
FAIL: gcc.dg/lto/20090210 c_lto_20090210_0.o-c_lto_20090210_1.o link
UNRESOLVED: gcc.dg/lto/20090210 c_lto_20090210_0.o-c_lto_20090210_1.o execute -O0 -flto
FAIL: gcc.dg/lto/20090210 c_lto_20090210_0.o-c_lto_20090210_1.o link
UNRESOLVED: gcc.dg/lto/20090210 c_lto_20090210_0.o-c_lto_20090210_1.o execute -O2 -flto
FAIL: gcc.dg/lto/20090729 c_lto_20090729_0.o-c_lto_20090729_1.o link
UNRESOLVED: gcc.dg/lto/20090729 c_lto_20090729_0.o-c_lto_20090729_1.o execute -w
FAIL: gcc.dg/lto/20100518 c_lto_20100518_0.o assemble, -O0 -fwhopr
UNRESOLVED: gcc.dg/lto/20100518 c_lto_20100518_0.o-c_lto_20100518_0.o link -O0 -fwhopr
UNRESOLVED: gcc.dg/lto/20100518 c_lto_20100518_0.o-c_lto_20100518_0.o execute -O0 -fwhopr
FAIL: gcc.dg/lto/20100518 c_lto_20100518_0.o assemble, -O2 -fwhopr
UNRESOLVED: gcc.dg/lto/20100518 c_lto_20100518_0.o-c_lto_20100518_0.o link -O2 -fwhopr
UNRESOLVED: gcc.dg/lto/20100518 c_lto_20100518_0.o-c_lto_20100518_0.o execute -O2 -fwhopr
FAIL: gcc.dg/lto/20100518 c_lto_20100518_0.o assemble, -O0 -flto
UNRESOLVED: gcc.dg/lto/20100518 c_lto_20100518_0.o-c_lto_20100518_0.o link -O0 -flto
UNRESOLVED: gcc.dg/lto/20100518 c_lto_20100518_0.o-c_lto_20100518_0.o execute -O0 -flto
FAIL: gcc.dg/lto/20100518 c_lto_20100518_0.o assemble, -O2 -flto
UNRESOLVED: gcc.dg/lto/20100518 c_lto_20100518_0.o-c_lto_20100518_0.o link -O2 -flto
UNRESOLVED: gcc.dg/lto/20100518 c_lto_20100518_0.o-c_lto_20100518_0.o execute -O2 -flto
FAIL: gcc.dg/vect/pr43430-1.c scan-tree-dump-times vect "vectorized 1 loops" 1
=== gcc Summary for unix/-m64 ===
# of expected passes 62859
# of unexpected failures 20
# of expected failures 192
# of unresolved testcases 13
# of unsupported tests 894
=== gcc Summary ===
# of expected passes 125990
# of unexpected failures 167
# of expected failures 388
# of untested testcases 76
# of unresolved testcases 31
# of unsupported tests 1782
/vol/gcc/obj/regression/gcc-4.5-branch/11-gcc-gas/build/gcc/xgcc version 4.5.1 20100520 (prerelease) (GCC)
=== gfortran tests ===
Running target unix
FAIL: gfortran.dg/lto/20091015-1 f_lto_20091015-1_0.o-f_lto_20091015-1_2.o link
UNRESOLVED: gfortran.dg/lto/20091015-1 f_lto_20091015-1_0.o-f_lto_20091015-1_2.o execute -O0 -fwhopr
FAIL: gfortran.dg/lto/20091015-1 f_lto_20091015-1_0.o-f_lto_20091015-1_2.o link
UNRESOLVED: gfortran.dg/lto/20091015-1 f_lto_20091015-1_0.o-f_lto_20091015-1_2.o execute -O2 -fwhopr
FAIL: gfortran.dg/lto/20091015-1 f_lto_20091015-1_0.o-f_lto_20091015-1_2.o link
UNRESOLVED: gfortran.dg/lto/20091015-1 f_lto_20091015-1_0.o-f_lto_20091015-1_2.o execute -O0 -flto
FAIL: gfortran.dg/lto/20091015-1 f_lto_20091015-1_0.o-f_lto_20091015-1_2.o link
UNRESOLVED: gfortran.dg/lto/20091015-1 f_lto_20091015-1_0.o-f_lto_20091015-1_2.o execute -O2 -flto
=== gfortran Summary for unix ===
# of expected passes 33889
# of unexpected failures 4
# of expected failures 24
# of unresolved testcases 4
# of unsupported tests 163
Running target unix/-m64
FAIL: gfortran.dg/lto/20091015-1 f_lto_20091015-1_0.o-f_lto_20091015-1_2.o link
UNRESOLVED: gfortran.dg/lto/20091015-1 f_lto_20091015-1_0.o-f_lto_20091015-1_2.o execute -O0 -fwhopr
FAIL: gfortran.dg/lto/20091015-1 f_lto_20091015-1_0.o-f_lto_20091015-1_2.o link
UNRESOLVED: gfortran.dg/lto/20091015-1 f_lto_20091015-1_0.o-f_lto_20091015-1_2.o execute -O2 -fwhopr
FAIL: gfortran.dg/lto/20091015-1 f_lto_20091015-1_0.o-f_lto_20091015-1_2.o link
UNRESOLVED: gfortran.dg/lto/20091015-1 f_lto_20091015-1_0.o-f_lto_20091015-1_2.o execute -O0 -flto
FAIL: gfortran.dg/lto/20091015-1 f_lto_20091015-1_0.o-f_lto_20091015-1_2.o link
UNRESOLVED: gfortran.dg/lto/20091015-1 f_lto_20091015-1_0.o-f_lto_20091015-1_2.o execute -O2 -flto
=== gfortran Summary for unix/-m64 ===
# of expected passes 34072
# of unexpected failures 4
# of expected failures 24
# of unresolved testcases 4
# of unsupported tests 74
=== gfortran Summary ===
# of expected passes 67961
# of unexpected failures 8
# of expected failures 48
# of unresolved testcases 8
# of unsupported tests 237
/vol/gcc/obj/regression/gcc-4.5-branch/11-gcc-gas/build/gcc/testsuite/gfortran/../../gfortran version 4.5.1 20100520 (prerelease) (GCC)
=== gnat tests ===
Running target unix
WARNING: program timed out.
FAIL: gnat.dg/iprot_test.adb (test for excess errors)
WARNING: program timed out.
FAIL: gnat.dg/md5_test.adb (test for excess errors)
WARNING: gnat.dg/md5_test.adb compilation failed to produce executable
WARNING: program timed out.
FAIL: gnat.dg/misaligned_nest.adb (test for excess errors)
WARNING: gnat.dg/misaligned_nest.adb compilation failed to produce executable
WARNING: program timed out.
FAIL: gnat.dg/misaligned_param.adb (test for excess errors)
WARNING: gnat.dg/misaligned_param.adb compilation failed to produce executable
WARNING: program timed out.
FAIL: gnat.dg/missing_acc_check.adb (test for excess errors)
WARNING: gnat.dg/missing_acc_check.adb compilation failed to produce executable
WARNING: program timed out.
FAIL: gnat.dg/modular1.adb (test for excess errors)
WARNING: gnat.dg/modular1.adb compilation failed to produce executable
WARNING: program timed out.
FAIL: gnat.dg/modular2.adb (test for excess errors)
WARNING: program timed out.
FAIL: gnat.dg/mutable1.adb (test for excess errors)
WARNING: program timed out.
FAIL: gnat.dg/named_test.adb (test for excess errors)
WARNING: gnat.dg/named_test.adb compilation failed to produce executable
WARNING: program timed out.
FAIL: gnat.dg/nat1r.adb (test for excess errors)
WARNING: gnat.dg/nat1r.adb compilation failed to produce executable
WARNING: program timed out.
FAIL: gnat.dg/nested_controlled_alloc.adb (test for excess errors)
WARNING: gnat.dg/nested_controlled_alloc.adb compilation failed to produce executable
FAIL: gnat.dg/null_pointer_deref2.adb execution test
FAIL: gnat.dg/stack_check1.adb execution test
FAIL: gnat.dg/stack_check2.adb execution test
WARNING: program timed out.
FAIL: gnat.dg/test_iface_aggr.adb (test for excess errors)
=== gnat Summary for unix ===
# of expected passes 732
# of unexpected failures 15
# of expected failures 7
# of unsupported tests 3
Running target unix/-m64
FAIL: gnat.dg/null_pointer_deref2.adb execution test
FAIL: gnat.dg/stack_check1.adb execution test
FAIL: gnat.dg/stack_check2.adb execution test
=== gnat Summary for unix/-m64 ===
# of expected passes 752
# of unexpected failures 3
# of expected failures 7
# of unsupported tests 3
=== gnat Summary ===
# of expected passes 1484
# of unexpected failures 18
# of expected failures 14
# of unsupported tests 6
=== objc tests ===
Running target unix
=== objc Summary for unix ===
# of expected passes 1868
# of expected failures 15
# of unsupported tests 21
Running target unix/-m64
=== objc Summary for unix/-m64 ===
# of expected passes 1868
# of expected failures 15
# of unsupported tests 21
=== objc Summary ===
# of expected passes 3736
# of expected failures 30
# of unsupported tests 42
/vol/gcc/obj/regression/gcc-4.5-branch/11-gcc-gas/build/gcc/xgcc version 4.5.1 20100520 (prerelease) (GCC)
=== libffi tests ===
Running target unix
=== libffi Summary for unix ===
# of expected passes 1624
# of expected failures 10
# of unsupported tests 15
Running target unix/-m64
=== libffi Summary for unix/-m64 ===
# of expected passes 1624
# of expected failures 10
# of unsupported tests 15
=== libffi Summary ===
# of expected passes 3248
# of expected failures 20
# of unsupported tests 30
=== libgomp tests ===
Running target unix
WARNING: program timed out.
FAIL: libgomp.c++/for-4.C -O3 -fomit-frame-pointer -funroll-all-loops -finline-functions (test for excess errors)
WARNING: libgomp.c++/for-4.C -O3 -fomit-frame-pointer -funroll-all-loops -finline-functions compilation failed to produce executable
WARNING: program timed out.
FAIL: libgomp.c++/for-4.C -O3 -g (test for excess errors)
WARNING: program timed out.
FAIL: libgomp.c++/for-4.C -Os (test for excess errors)
WARNING: libgomp.c++/for-4.C -Os compilation failed to produce executable
=== libgomp Summary for unix ===
# of expected passes 2471
# of unexpected failures 3
# of unsupported tests 9
Running target unix/-m64
=== libgomp Summary for unix/-m64 ===
# of expected passes 2476
# of unsupported tests 9
=== libgomp Summary ===
# of expected passes 4947
# of unexpected failures 3
# of unsupported tests 18
=== libjava tests ===
Running target unix
FAIL: TestClosureGC run
FAIL: Array_3 execution - source compiled test
FAIL: Array_3 -findirect-dispatch execution - source compiled test
FAIL: Array_3 -O3 execution - source compiled test
FAIL: Array_3 -O3 -findirect-dispatch execution - source compiled test
WARNING: program timed out.
FAIL: G19990310_01 -O3 -findirect-dispatch compilation from source
WARNING: program timed out.
FAIL: InterfaceDispatch compilation from source
FAIL: Invoke_1 execution - source compiled test
FAIL: Invoke_1 -findirect-dispatch execution - source compiled test
FAIL: Invoke_1 -O3 execution - source compiled test
FAIL: Invoke_1 -O3 -findirect-dispatch execution - source compiled test
FAIL: PR218 execution - source compiled test
FAIL: PR218 -O3 execution - source compiled test
FAIL: StackTrace2 execution - source compiled test
FAIL: StackTrace2 -findirect-dispatch execution - source compiled test
FAIL: StackTrace2 -O3 execution - source compiled test
FAIL: StackTrace2 -O3 -findirect-dispatch execution - source compiled test
FAIL: Throw_2 execution - source compiled test
FAIL: Throw_2 -findirect-dispatch execution - source compiled test
FAIL: Throw_2 -O3 execution - source compiled test
FAIL: Throw_2 -O3 -findirect-dispatch execution - source compiled test
FAIL: Throw_3 execution - source compiled test
FAIL: Throw_3 -findirect-dispatch execution - source compiled test
FAIL: Throw_3 -O3 execution - source compiled test
FAIL: Throw_3 -O3 -findirect-dispatch execution - source compiled test
FAIL: pr83 -findirect-dispatch execution - source compiled test
FAIL: pr83 -O3 -findirect-dispatch execution - source compiled test
=== libjava Summary for unix ===
# of expected passes 2519
# of unexpected failures 27
# of untested testcases 29
Running target unix/-m64
FAIL: TestClosureGC run
FAIL: Array_3 execution - source compiled test
FAIL: Array_3 -findirect-dispatch execution - source compiled test
FAIL: Array_3 -O3 execution - source compiled test
FAIL: Array_3 -O3 -findirect-dispatch execution - source compiled test
FAIL: Invoke_1 execution - source compiled test
FAIL: Invoke_1 -findirect-dispatch execution - source compiled test
FAIL: Invoke_1 -O3 execution - source compiled test
FAIL: Invoke_1 -O3 -findirect-dispatch execution - source compiled test
FAIL: PR218 execution - source compiled test
FAIL: PR218 -O3 execution - source compiled test
FAIL: StackTrace2 execution - source compiled test
FAIL: StackTrace2 -findirect-dispatch execution - source compiled test
FAIL: StackTrace2 -O3 execution - source compiled test
FAIL: StackTrace2 -O3 -findirect-dispatch execution - source compiled test
FAIL: Throw_2 execution - source compiled test
FAIL: Throw_2 -findirect-dispatch execution - source compiled test
FAIL: Throw_2 -O3 execution - source compiled test
FAIL: Throw_2 -O3 -findirect-dispatch execution - source compiled test
FAIL: Throw_3 execution - source compiled test
FAIL: Throw_3 -findirect-dispatch execution - source compiled test
FAIL: Throw_3 -O3 execution - source compiled test
FAIL: Throw_3 -O3 -findirect-dispatch execution - source compiled test
FAIL: pr83 -findirect-dispatch execution - source compiled test
FAIL: pr83 -O3 -findirect-dispatch execution - source compiled test
=== libjava Summary for unix/-m64 ===
# of expected passes 2525
# of unexpected failures 25
# of untested testcases 25
=== libjava Summary ===
# of expected passes 5044
# of unexpected failures 52
# of untested testcases 54
=== libstdc++ tests ===
Running target unix
XPASS: 27_io/basic_istream/extractors_arithmetic/char/12.cc execution test
XPASS: 27_io/basic_istream/extractors_arithmetic/wchar_t/12.cc execution test
FAIL: 27_io/basic_ofstream/cons/char/1.cc execution test
WARNING: program timed out.
=== libstdc++ Summary for unix ===
# of expected passes 6687
# of unexpected failures 1
# of unexpected successes 2
# of expected failures 92
# of unsupported tests 436
Running target unix/-m64
XPASS: 27_io/basic_istream/extractors_arithmetic/char/12.cc execution test
XPASS: 27_io/basic_istream/extractors_arithmetic/wchar_t/12.cc execution test
=== libstdc++ Summary for unix/-m64 ===
# of expected passes 6688
# of unexpected successes 2
# of expected failures 92
# of unsupported tests 436
=== libstdc++ Summary ===
# of expected passes 13375
# of unexpected failures 1
# of unexpected successes 4
# of expected failures 184
# of unsupported tests 872
=== libstdc++ Summary ===
Compiler version: 4.5.1 20100520 (prerelease) (GCC)
Platform: sparc-sun-solaris2.11
configure flags: --prefix=/vol/gcc --target=sparc-sun-solaris2.11 --with-as=/usr/sfw/bin/gas --with-gnu-as --with-gmp=/vol/gcc --with-mpfr=/vol/gcc --with-mpc=/vol/gcc --enable-languages=all,ada
BOOT_CFLAGS=-g -O2