This is the mail archive of the
gcc-testresults@gcc.gnu.org
mailing list for the GCC project.
Results for 4.6.0 20100509 (experimental) [trunk revision 159195] (GCC) testsuite on hppa-unknown-linux-gnu
- From: dave at gsyprf11 dot external dot hp dot com (John David Anglin)
- To: dave dot anglin at nrc-cnrc dot gc dot ca, gcc-testresults at gcc dot gnu dot org
- Date: Mon, 10 May 2010 18:06:16 -0700 (PDT)
- Subject: Results for 4.6.0 20100509 (experimental) [trunk revision 159195] (GCC) testsuite on hppa-unknown-linux-gnu
LAST_UPDATED: Tue May 11 01:04:07 UTC 2010 (revision 159251)
=== acats tests ===
=== acats Summary ===
# of expected passes 2321
# of unexpected failures 0
Native configuration is hppa-unknown-linux-gnu
=== g++ tests ===
Running target unix
=== g++ Summary ===
# of expected passes 22429
# of expected failures 151
# of unsupported tests 191
/home2/dave/gcc-4.6/objdir/gcc/testsuite/g++/../../g++ version 4.6.0 20100509 (experimental) [trunk revision 159195] (GCC)
=== gcc tests ===
Running target unix
FAIL: gcc.dg/cproj-fails-with-broken-glibc.c execution test
FAIL: gcc.dg/pr34668-1.c (internal compiler error)
FAIL: gcc.dg/pr34668-1.c (test for excess errors)
WARNING: program timed out.
FAIL: gcc.dg/pr43058.c (test for excess errors)
FAIL: gcc.dg/ipa/ipa-pta-10.c scan-ipa-dump pta "ESCAPED = { }"
FAIL: gcc.dg/lto/20090126-1 c_lto_20090126-1_0.o-c_lto_20090126-1_0.o link, (internal compiler error)
UNRESOLVED: gcc.dg/lto/20090126-1 c_lto_20090126-1_0.o-c_lto_20090126-1_0.o execute -O0 -fwhopr
FAIL: gcc.dg/torture/builtin-cproj-1.c -O1 (test for excess errors)
XPASS: gcc.dg/tree-ssa/loop-1.c scan-assembler-times foo 5
=== gcc Summary ===
# of expected passes 63801
# of unexpected failures 7
# of unexpected successes 1
# of expected failures 88
# of unresolved testcases 1
# of unsupported tests 722
/home2/dave/gcc-4.6/objdir/gcc/xgcc version 4.6.0 20100509 (experimental) [trunk revision 159195] (GCC)
=== gfortran tests ===
Running target unix
FAIL: gfortran.dg/array_constructor_11.f90 -O3 -g (internal compiler error)
FAIL: gfortran.dg/array_constructor_11.f90 -O3 -g (test for excess errors)
UNRESOLVED: gfortran.dg/array_constructor_11.f90 -O3 -g compilation failed to produce executable
FAIL: gfortran.dg/pr41928.f90 -O (internal compiler error)
FAIL: gfortran.dg/pr41928.f90 -O (test for excess errors)
=== gfortran Summary ===
# of expected passes 33398
# of unexpected failures 4
# of expected failures 21
# of unresolved testcases 1
# of unsupported tests 288
/home2/dave/gcc-4.6/objdir/gcc/testsuite/gfortran/../../gfortran version 4.6.0 20100509 (experimental) [trunk revision 159195] (GCC)
=== gnat tests ===
Running target unix
FAIL: gnat.dg/lto1.adb (internal compiler error)
FAIL: gnat.dg/lto1.adb (test for excess errors)
UNRESOLVED: gnat.dg/lto1.adb compilation failed to produce executable
=== gnat Summary ===
# of expected passes 790
# of unexpected failures 2
# of expected failures 10
# of unresolved testcases 1
# of unsupported tests 1
=== obj-c++ tests ===
Running target unix
FAIL: obj-c++.dg/const-str-5.mm -fgnu-runtime (test for excess errors)
FAIL: obj-c++.dg/const-str-6.mm -fgnu-runtime (test for excess errors)
UNRESOLVED: obj-c++.dg/lookup-2.mm -fgnu-runtime compilation failed to produce executable
UNRESOLVED: obj-c++.dg/try-catch-2.mm -fgnu-runtime compilation failed to produce executable
UNRESOLVED: obj-c++.dg/try-catch-9.mm -fgnu-runtime compilation failed to produce executable
=== obj-c++ Summary ===
# of expected passes 438
# of unexpected failures 2
# of expected failures 3
# of unresolved testcases 3
# of unsupported tests 14
/home2/dave/gcc-4.6/objdir/gcc/testsuite/obj-c++/../../g++ version 4.6.0 20100509 (experimental) [trunk revision 159195] (GCC)
=== objc tests ===
Running target unix
=== objc Summary ===
# of expected passes 1874
# of expected failures 15
# of unsupported tests 20
/home2/dave/gcc-4.6/objdir/gcc/xgcc version 4.6.0 20100509 (experimental) [trunk revision 159195] (GCC)
=== libffi tests ===
Running target unix
=== libffi Summary ===
# of expected passes 1624
# of expected failures 10
# of unsupported tests 15
=== libgomp tests ===
Running target unix
=== libgomp Summary ===
# of expected passes 2480
# of unsupported tests 7
=== libjava tests ===
Running target unix
=== libjava Summary ===
# of expected passes 2574
=== libmudflap tests ===
Running target unix
FAIL: libmudflap.c/pass46-frag.c (-O2) (test for excess errors)
FAIL: libmudflap.c/pass46-frag.c (-O2) (test for excess errors)
FAIL: libmudflap.c/pass46-frag.c (-O3) (test for excess errors)
FAIL: libmudflap.c/pass46-frag.c (-O3) (test for excess errors)
FAIL: libmudflap.c++/pass57-frag.cxx (test for excess errors)
FAIL: libmudflap.c++/pass57-frag.cxx (-static) (test for excess errors)
FAIL: libmudflap.c++/pass57-frag.cxx ( -O) (test for excess errors)
FAIL: libmudflap.c++/pass57-frag.cxx (-O2) (test for excess errors)
FAIL: libmudflap.c++/pass57-frag.cxx (-O3) (test for excess errors)
=== libmudflap Summary ===
# of expected passes 1885
# of unexpected failures 9
=== libstdc++ tests ===
Running target unix
FAIL: ext/profile/all.cc (test for excess errors)
FAIL: ext/profile/mh.cc (test for excess errors)
=== libstdc++ Summary ===
# of expected passes 6846
# of unexpected failures 2
# of expected failures 93
# of unsupported tests 355
Compiler version: 4.6.0 20100509 (experimental) [trunk revision 159195] (GCC)
Platform: hppa-unknown-linux-gnu
configure flags: --with-gnu-as --with-gnu-ld --enable-shared --enable-nls --prefix=/home2/dave/opt/gnu/gcc/gcc-4.6.0 --with-local-prefix=/home2/dave/opt/gnu --enable-threads=posix --enable-__cxa_atexit --build=hppa-linux --enable-clocale=gnu --enable-java-gc=boehm --enable-java-awt=xlib --enable-languages=c,c++,objc,fortran,obj-c++,java,ada