This is the mail archive of the
gcc-testresults@gcc.gnu.org
mailing list for the GCC project.
Results for 4.6.0 20100424 (experimental) (GCC) testsuite on i686-pc-cygwin
- From: Tim Prince <n8tm at aol dot com>
- To: gcc-testresults at gcc dot gnu dot org
- Date: Mon, 26 Apr 2010 22:08:31 -0700
- Subject: Results for 4.6.0 20100424 (experimental) (GCC) testsuite on i686-pc-cygwin
- Reply-to: tprince at computer dot org
LAST_UPDATED: Obtained from SVN: trunk revision 158693
Native configuration is i686-pc-cygwin
=== g++ tests ===
Running target unix
FAIL: g++.dg/compat/decimal/pass-1 cp_compat_x_tst.o-cp_compat_y_tst.o link
UNRESOLVED: g++.dg/compat/decimal/pass-1
cp_compat_x_tst.o-cp_compat_y_tst.o execute
FAIL: g++.dg/compat/decimal/pass-2 cp_compat_x_tst.o-cp_compat_y_tst.o link
UNRESOLVED: g++.dg/compat/decimal/pass-2
cp_compat_x_tst.o-cp_compat_y_tst.o execute
FAIL: g++.dg/compat/decimal/pass-3 cp_compat_x_tst.o-cp_compat_y_tst.o link
UNRESOLVED: g++.dg/compat/decimal/pass-3
cp_compat_x_tst.o-cp_compat_y_tst.o execute
FAIL: g++.dg/compat/decimal/pass-4 cp_compat_x_tst.o-cp_compat_y_tst.o link
UNRESOLVED: g++.dg/compat/decimal/pass-4
cp_compat_x_tst.o-cp_compat_y_tst.o execute
FAIL: g++.dg/compat/decimal/pass-5 cp_compat_x_tst.o-cp_compat_y_tst.o link
UNRESOLVED: g++.dg/compat/decimal/pass-5
cp_compat_x_tst.o-cp_compat_y_tst.o execute
FAIL: g++.dg/compat/decimal/pass-6 cp_compat_x_tst.o-cp_compat_y_tst.o link
UNRESOLVED: g++.dg/compat/decimal/pass-6
cp_compat_x_tst.o-cp_compat_y_tst.o execute
FAIL: g++.dg/compat/decimal/return-1 cp_compat_x_tst.o-cp_compat_y_tst.o
link
UNRESOLVED: g++.dg/compat/decimal/return-1
cp_compat_x_tst.o-cp_compat_y_tst.o execute
FAIL: g++.dg/compat/decimal/return-2 cp_compat_x_tst.o-cp_compat_y_tst.o
link
UNRESOLVED: g++.dg/compat/decimal/return-2
cp_compat_x_tst.o-cp_compat_y_tst.o execute
FAIL: g++.dg/compat/decimal/return-3 cp_compat_x_tst.o-cp_compat_y_tst.o
link
UNRESOLVED: g++.dg/compat/decimal/return-3
cp_compat_x_tst.o-cp_compat_y_tst.o execute
FAIL: g++.dg/compat/decimal/return-4 cp_compat_x_tst.o-cp_compat_y_tst.o
link
UNRESOLVED: g++.dg/compat/decimal/return-4
cp_compat_x_tst.o-cp_compat_y_tst.o execute
FAIL: g++.dg/compat/decimal/return-5 cp_compat_x_tst.o-cp_compat_y_tst.o
link
UNRESOLVED: g++.dg/compat/decimal/return-5
cp_compat_x_tst.o-cp_compat_y_tst.o execute
FAIL: g++.dg/compat/decimal/return-6 cp_compat_x_tst.o-cp_compat_y_tst.o
link
UNRESOLVED: g++.dg/compat/decimal/return-6
cp_compat_x_tst.o-cp_compat_y_tst.o execute
FAIL: g++.dg/debug/debug9.C -gstabs -O2 (test for excess errors)
FAIL: c-c++-common/dfp/func-vararg-mixed-2.c (test for excess errors)
WARNING: c-c++-common/dfp/func-vararg-mixed-2.c compilation failed to
produce executable
FAIL: c-c++-common/dfp/pr36800.c (test for excess errors)
WARNING: c-c++-common/dfp/pr36800.c compilation failed to produce executable
FAIL: c-c++-common/dfp/pr39034.c (test for excess errors)
WARNING: c-c++-common/dfp/pr39034.c compilation failed to produce executable
FAIL: c-c++-common/dfp/pr39035.c (test for excess errors)
WARNING: c-c++-common/dfp/pr39035.c compilation failed to produce executable
FAIL: g++.dg/abi/local1.C execution test
FAIL: g++.dg/abi/mangle40.C scan-assembler weak[^\\n]*_Z1fIU8__vectorfEvT_
FAIL: g++.dg/abi/mangle40.C scan-assembler weak[^\\n]*_ZN1AIDv4_fE1tE
FAIL: g++.dg/abi/mangle40.C scan-assembler weak[^\\n]*_ZN1AIU8__vectorfE1tE
FAIL: g++.dg/abi/thunk5.C scan-assembler weak.*ZTv
FAIL: g++.dg/eh/weak1.C execution test
FAIL: g++.dg/ext/dllimport7.C C++ specific error (test for errors, line 24)
FAIL: g++.dg/ext/selectany1.C scan-assembler-dem \\nguard variable for x:
FAIL: g++.dg/init/cleanup3.C scan-assembler-not _tcf
XPASS: g++.old-deja/g++.ext/attrib5.C execution test
WARNING: program timed out.
FAIL: g++.old-deja/g++.jason/cleanup.C (test for excess errors)
FAIL: g++.old-deja/g++.other/init5.C execution test
=== g++ Summary ===
# of expected passes 22283
# of unexpected failures 28
# of unexpected successes 1
# of expected failures 149
# of unresolved testcases 12
# of unsupported tests 205
/cygdrive/e/gnu/xp/gcc/testsuite/g++/../../g++ version 4.6.0 20100424
(experimental) (GCC)
Running target unix
=== gfortran tests ===
Running target unix
FAIL: gfortran.dg/atan2_1.f90 -O0 execution test
WARNING: program timed out.
FAIL: gfortran.dg/inquire.f90 -O3 -g (test for excess errors)
=== gfortran Summary ===
# of expected passes 33688
# of unexpected failures 2
# of expected failures 39
# of unsupported tests 321
/cygdrive/e/gnu/xp/gcc/testsuite/gfortran/../../gfortran version 4.6.0
20100424 (experimental) (GCC)
=== libstdc++ tests ===
Running target unix
FAIL: 21_strings/basic_string/cons/wchar_t/42261.cc (test for excess errors)
WARNING: 21_strings/basic_string/cons/wchar_t/42261.cc compilation
failed to produce executable
FAIL: 22_locale/ctype/scan/wchar_t/1.cc execution test
FAIL: 22_locale/locale/cons/unicode.cc execution test
Compiler version: 4.6.0 20100424 (experimental) (GCC)
Platform: i686-pc-cygwin
configure flags: --prefix=/usr/local/gcc46 --enable-languages='c c++
fortran' --enable-threads=posix --disable-sjlj-exceptions
--enable-maintainer-mode --disable-shared --disable-mudflap
--with-dwarf2 --enable-decimal-float --disable-libssp
--
Tim Prince