This is the mail archive of the
gcc-testresults@gcc.gnu.org
mailing list for the GCC project.
Results for 4.5.0 20091021 (experimental) [trunk revision 153055] (GCC) testsuite on hppa64-hp-hpux11.11
- From: John David Anglin <dave at hiauly3 dot hia dot nrc dot ca>
- To: dave at hiauly3 dot hia dot nrc dot ca, gcc-testresults at gcc dot gnu dot org
- Date: Sat, 24 Apr 2010 18:41:33 -0400 (EDT)
- Subject: Results for 4.5.0 20091021 (experimental) [trunk revision 153055] (GCC) testsuite on hppa64-hp-hpux11.11
Native configuration is hppa64-hp-hpux11.11
=== gcc tests ===
Running target unix
XPASS: gcc.dg/Warray-bounds.c (test for warnings, line 59)
XPASS: gcc.dg/Warray-bounds.c (test for warnings, line 65)
XPASS: gcc.dg/Wunreachable-8.c (test for bogus messages, line 7)
XPASS: gcc.dg/funcorder.c scan-assembler-not link_error,%r
WARNING: program timed out.
UNRESOLVED: selfassign.c compilation, -I. -I/mnt/gnu/gcc/gcc/gcc/testsuite -I/mnt/gnu/gcc/gcc/gcc/testsuite/../../gcc -I/mnt/gnu/gcc/objdir-test/gcc/testsuite/gcc/../../../gcc -I/mnt/gnu/gcc/gcc/gcc/testsuite/../../include -I/mnt/gnu/gcc/gcc/gcc/testsuite/../../libcpp/include -I/opt/gnu64/gcc/gcc-4.5.0/include -O -DIN_GCC -fPIC -shared
UNRESOLVED: ggcplug.c compilation, -I. -I/mnt/gnu/gcc/gcc/gcc/testsuite -I/mnt/gnu/gcc/gcc/gcc/testsuite/../../gcc -I/mnt/gnu/gcc/objdir-test/gcc/testsuite/gcc/../../../gcc -I/mnt/gnu/gcc/gcc/gcc/testsuite/../../include -I/mnt/gnu/gcc/gcc/gcc/testsuite/../../libcpp/include -I/opt/gnu64/gcc/gcc-4.5.0/include -O -DIN_GCC -fPIC -shared
UNRESOLVED: one_time_plugin.c compilation, -I. -I/mnt/gnu/gcc/gcc/gcc/testsuite -I/mnt/gnu/gcc/gcc/gcc/testsuite/../../gcc -I/mnt/gnu/gcc/objdir-test/gcc/testsuite/gcc/../../../gcc -I/mnt/gnu/gcc/gcc/gcc/testsuite/../../include -I/mnt/gnu/gcc/gcc/gcc/testsuite/../../libcpp/include -I/opt/gnu64/gcc/gcc-4.5.0/include -DIN_GCC -fPIC -shared
UNRESOLVED: start_unit_plugin.c compilation, -I. -I/mnt/gnu/gcc/gcc/gcc/testsuite -I/mnt/gnu/gcc/gcc/gcc/testsuite/../../gcc -I/mnt/gnu/gcc/objdir-test/gcc/testsuite/gcc/../../../gcc -I/mnt/gnu/gcc/gcc/gcc/testsuite/../../include -I/mnt/gnu/gcc/gcc/gcc/testsuite/../../libcpp/include -I/opt/gnu64/gcc/gcc-4.5.0/include -DIN_GCC -fPIC -shared
UNRESOLVED: finish_unit_plugin.c compilation, -I. -I/mnt/gnu/gcc/gcc/gcc/testsuite -I/mnt/gnu/gcc/gcc/gcc/testsuite/../../gcc -I/mnt/gnu/gcc/objdir-test/gcc/testsuite/gcc/../../../gcc -I/mnt/gnu/gcc/gcc/gcc/testsuite/../../include -I/mnt/gnu/gcc/gcc/gcc/testsuite/../../libcpp/include -I/opt/gnu64/gcc/gcc-4.5.0/include -DIN_GCC -fPIC -shared
XPASS: gcc.dg/struct/wo_prof_array_through_pointer.c scan-ipa-dump ipa_struct_reorg "Number of structures to transform is 1"
FAIL: gcc.dg/torture/pr26565.c -O1 execution test
FAIL: gcc.dg/torture/pr26565.c -O2 execution test
FAIL: gcc.dg/torture/pr26565.c -Os execution test
FAIL: gcc.dg/tree-prof/pr34999.c compilation, -fprofile-use -D_PROFILE_USE
UNRESOLVED: gcc.dg/tree-prof/pr34999.c execution, -fprofile-use -D_PROFILE_USE
FAIL: gcc.dg/tree-ssa/20031015-1.c (internal compiler error)
FAIL: gcc.dg/tree-ssa/20031015-1.c (test for excess errors)
FAIL: gcc.dg/tree-ssa/asm-1.c (internal compiler error)
FAIL: gcc.dg/tree-ssa/asm-1.c (test for excess errors)
FAIL: gcc.dg/tree-ssa/asm-1.c scan-tree-dump-times optimized "63" 1
FAIL: gcc.dg/tree-ssa/asm-2.c (internal compiler error)
FAIL: gcc.dg/tree-ssa/asm-2.c (test for excess errors)
FAIL: gcc.dg/tree-ssa/asm-2.c scan-tree-dump-times optimized "asm[^\\r\\n]*xyzzy" 1
FAIL: gcc.dg/tree-ssa/asmgoto-1.c (internal compiler error)
FAIL: gcc.dg/tree-ssa/asmgoto-1.c (test for excess errors)
FAIL: gcc.dg/tree-ssa/asmgoto-1.c scan-tree-dump-times optimized "XYZZY" 1
FAIL: gcc.dg/tree-ssa/inline_asm-1.c (internal compiler error)
FAIL: gcc.dg/tree-ssa/inline_asm-1.c (test for excess errors)
FAIL: gcc.dg/tree-ssa/inline_asm-1.c scan-tree-dump-times optimized "test_function" 2: dump file does not exist
FAIL: gcc.dg/tree-ssa/pr23848-4.c (internal compiler error)
FAIL: gcc.dg/tree-ssa/pr23848-4.c (test for excess errors)
FAIL: gcc.dg/tree-ssa/pr38533.c (internal compiler error)
FAIL: gcc.dg/tree-ssa/pr38533.c (test for excess errors)
FAIL: gcc.dg/tree-ssa/pr38533.c scan-tree-dump-times reassoc1 "__asm__[^;
FAIL: gcc.dg/tree-ssa/stdarg-2.c (internal compiler error)
FAIL: gcc.dg/tree-ssa/stdarg-2.c (test for excess errors)
=== gcc Summary ===
# of expected passes 51006
# of unexpected failures 25
# of unexpected successes 5
# of expected failures 90
# of unresolved testcases 6
# of unsupported tests 677
/mnt/gnu/gcc/objdir-test/gcc/xgcc version 4.5.0 20091021 (experimental) [trunk revision 153055] (GCC)
=== libgomp tests ===
Running target unix
=== libgomp Summary ===
# of expected passes 242
# of unsupported tests 9
Compiler version: 4.5.0 20091021 (experimental) [trunk revision 153055] (GCC)
Platform: hppa64-hp-hpux11.11
configure flags:Test Run By dave on Sat Apr 24 12:09:58 2010