This is the mail archive of the
gcc-testresults@gcc.gnu.org
mailing list for the GCC project.
Results for 4.6.0 20100413 (experimental) [trunk revision 158285] (GCC) testsuite on powerpc64-unknown-linux-gnu
- From: ghazi at gcc40 dot fsffrance dot org
- To: gcc-testresults at gcc dot gnu dot org
- Date: Tue, 20 Apr 2010 17:30:38 +0200
- Subject: Results for 4.6.0 20100413 (experimental) [trunk revision 158285] (GCC) testsuite on powerpc64-unknown-linux-gnu
LAST_UPDATED: Wed Apr 14 00:10:09 UTC 2010 (revision 158285)
Native configuration is powerpc64-unknown-linux-gnu
=== g++ tests ===
Running target unix/-m32/-fPIC
FAIL: g++.dg/bprob/g++-bprob-1.C execution, -Os -fprofile-use
WARNING: program timed out.
FAIL: g++.dg/bprob/g++-bprob-2.C execution, -Os -fprofile-use
=== g++ Summary for unix/-m32/-fPIC ===
# of expected passes 21755
# of unexpected failures 2
# of expected failures 149
# of unsupported tests 155
Running target unix/-m32/-fpic
FAIL: g++.dg/bprob/g++-bprob-1.C execution, -Os -fprofile-use
WARNING: program timed out.
FAIL: g++.dg/bprob/g++-bprob-2.C execution, -Os -fprofile-use
=== g++ Summary for unix/-m32/-fpic ===
# of expected passes 21755
# of unexpected failures 2
# of expected failures 149
# of unsupported tests 155
Running target unix/-m32
WARNING: program timed out.
FAIL: g++.dg/bprob/g++-bprob-2.C execution, -Os -fprofile-use
=== g++ Summary for unix/-m32 ===
# of expected passes 21756
# of unexpected failures 1
# of expected failures 149
# of unsupported tests 155
Running target unix/-fPIC
=== g++ Summary for unix/-fPIC ===
# of expected passes 21717
# of expected failures 149
# of unsupported tests 157
Running target unix/-fpic
=== g++ Summary for unix/-fpic ===
# of expected passes 21717
# of expected failures 149
# of unsupported tests 157
Running target unix
=== g++ Summary for unix ===
# of expected passes 21717
# of expected failures 149
# of unsupported tests 157
=== g++ Summary ===
# of expected passes 130417
# of unexpected failures 5
# of expected failures 894
# of unsupported tests 936
/home/ghazi/gcc-testing/46/build/gcc/testsuite/g++/../../g++ version 4.6.0 20100413 (experimental) [trunk revision 158285] (GCC)
=== gcc tests ===
Running target unix/-m32/-fPIC
FAIL: gcc.c-torture/compile/limits-structnest.c -O2 (test for excess errors)
FAIL: gcc.c-torture/compile/limits-structnest.c -O3 -fomit-frame-pointer (test for excess errors)
FAIL: gcc.c-torture/compile/limits-structnest.c -O3 -g (test for excess errors)
FAIL: gcc.c-torture/compile/limits-structnest.c -Os (test for excess errors)
FAIL: gcc.c-torture/execute/20000603-1.c execution, -O2
FAIL: gcc.c-torture/execute/20000603-1.c execution, -O3 -fomit-frame-pointer
FAIL: gcc.c-torture/execute/20000603-1.c execution, -O3 -g
FAIL: gcc.c-torture/execute/20000603-1.c execution, -Os
FAIL: gcc.dg/20020103-1.c scan-assembler-not LC[0-9]
FAIL: gcc.dg/and-1.c scan-assembler-not nand
FAIL: gcc.dg/sms-2.c scan-rtl-dump-times sms "SMS succeeded" 1
FAIL: gcc.dg/sms-4.c scan-rtl-dump-times sms "SMS succeeded" 1
FAIL: gcc.dg/sms-6.c scan-rtl-dump-times sms "SMS succeeded" 3
FAIL: gcc.dg/sms-7.c scan-rtl-dump-times sms "SMS succeeded" 3
FAIL: gcc.dg/sms-8.c scan-rtl-dump-times sms "SMS succeeded" 1
XPASS: gcc.dg/guality/example.c -O0 execution test
XPASS: gcc.dg/guality/example.c -O1 execution test
XPASS: gcc.dg/guality/example.c -O2 execution test
XPASS: gcc.dg/guality/example.c -O3 -fomit-frame-pointer execution test
XPASS: gcc.dg/guality/example.c -O3 -g execution test
XPASS: gcc.dg/guality/example.c -Os execution test
XPASS: gcc.dg/guality/guality.c -O0 execution test
XPASS: gcc.dg/guality/guality.c -O1 execution test
XPASS: gcc.dg/guality/guality.c -O2 execution test
XPASS: gcc.dg/guality/guality.c -O3 -fomit-frame-pointer execution test
XPASS: gcc.dg/guality/guality.c -O3 -g execution test
XPASS: gcc.dg/guality/guality.c -Os execution test
FAIL: gcc.dg/guality/inline-params.c -O0 execution test
FAIL: gcc.dg/guality/inline-params.c -O1 execution test
FAIL: gcc.dg/guality/pr36728-1.c -O1 line 12 arg7 == 30
FAIL: gcc.dg/guality/pr36728-1.c -O1 line 14 arg7 == 30
FAIL: gcc.dg/guality/pr36728-1.c -O2 line 12 arg7 == 30
FAIL: gcc.dg/guality/pr36728-1.c -O2 line 14 arg7 == 30
FAIL: gcc.dg/guality/pr36728-1.c -O3 -fomit-frame-pointer line 12 arg7 == 30
FAIL: gcc.dg/guality/pr36728-1.c -O3 -fomit-frame-pointer line 14 arg7 == 30
FAIL: gcc.dg/guality/pr36728-1.c -O3 -g line 12 arg7 == 30
FAIL: gcc.dg/guality/pr36728-1.c -O3 -g line 14 arg7 == 30
FAIL: gcc.dg/guality/pr36728-1.c -Os line 12 arg7 == 30
FAIL: gcc.dg/guality/pr36728-1.c -Os line 14 arg7 == 30
XPASS: gcc.dg/guality/pr41353-1.c -O0 line 28 j == 28 + 37
XPASS: gcc.dg/guality/pr41447-1.c -O0 execution test
XPASS: gcc.dg/guality/pr41447-1.c -O1 execution test
XPASS: gcc.dg/guality/pr41447-1.c -O2 execution test
XPASS: gcc.dg/guality/pr41447-1.c -O3 -fomit-frame-pointer execution test
XPASS: gcc.dg/guality/pr41447-1.c -O3 -g execution test
XPASS: gcc.dg/guality/pr41447-1.c -Os execution test
XPASS: gcc.dg/guality/pr41616-1.c -O0 execution test
FAIL: gcc.dg/guality/pr43077-1.c -O1 line 42 c == 3
FAIL: gcc.dg/guality/pr43077-1.c -O2 line 42 c == 3
FAIL: gcc.dg/guality/pr43077-1.c -O3 -fomit-frame-pointer line 42 c == 3
FAIL: gcc.dg/guality/pr43077-1.c -O3 -g line 42 c == 3
FAIL: gcc.dg/guality/pr43077-1.c -Os line 42 c == 3
FAIL: gcc.dg/guality/vla-1.c -O0 line 17 sizeof (a) == 6
FAIL: gcc.dg/guality/vla-1.c -O0 line 24 sizeof (a) == 17 * sizeof (short)
FAIL: gcc.dg/guality/vla-1.c -O1 line 17 sizeof (a) == 6
FAIL: gcc.dg/guality/vla-1.c -O1 line 24 sizeof (a) == 17 * sizeof (short)
FAIL: gcc.dg/guality/vla-1.c -O2 line 17 sizeof (a) == 6
FAIL: gcc.dg/guality/vla-1.c -O2 line 24 sizeof (a) == 17 * sizeof (short)
FAIL: gcc.dg/guality/vla-1.c -O3 -fomit-frame-pointer line 17 sizeof (a) == 6
FAIL: gcc.dg/guality/vla-1.c -O3 -fomit-frame-pointer line 24 sizeof (a) == 17 * sizeof (short)
FAIL: gcc.dg/guality/vla-1.c -O3 -g line 17 sizeof (a) == 6
FAIL: gcc.dg/guality/vla-1.c -O3 -g line 24 sizeof (a) == 17 * sizeof (short)
FAIL: gcc.dg/guality/vla-1.c -Os line 17 sizeof (a) == 6
FAIL: gcc.dg/guality/vla-1.c -Os line 24 sizeof (a) == 17 * sizeof (short)
FAIL: gcc.dg/tree-ssa/pr42585.c scan-tree-dump-times optimized "struct _fat_ptr _ans" 0
FAIL: gcc.dg/tree-ssa/pr42585.c scan-tree-dump-times optimized "struct _fat_ptr _T2" 0
FAIL: gcc.dg/tree-ssa/vrp47.c scan-tree-dump-times vrp1 "[xy][^ ]* !=" 0
FAIL: gcc.dg/tree-ssa/vrp47.c scan-tree-dump-times dom1 "x[^ ]* & y" 1
FAIL: gcc.dg/vect/costmodel/ppc/costmodel-vect-31d.c scan-tree-dump-times vect "vectorization not profitable" 1
FAIL: gcc.dg/vect/costmodel/ppc/costmodel-vect-68d.c scan-tree-dump-times vect "vectorization not profitable" 1
FAIL: gcc.dg/vect/costmodel/ppc/costmodel-vect-76a.c scan-tree-dump-times vect "vectorized 1 loops" 1
FAIL: gcc.dg/vect/costmodel/ppc/costmodel-vect-76b.c scan-tree-dump-times vect "vectorization not profitable" 1
FAIL: gcc.dg/vect/pr35821-altivec.c scan-tree-dump-times vect "vectorized 1 loops" 1
FAIL: gcc.target/powerpc/405-dlmzb-strlen-1.c scan-assembler dlmzb\\\\.
FAIL: gcc.target/powerpc/440-dlmzb-strlen-1.c scan-assembler dlmzb\\\\.
FAIL: gcc.target/powerpc/dfp-dd.c scan-assembler dadd
FAIL: gcc.target/powerpc/dfp-dd.c scan-assembler ddiv
FAIL: gcc.target/powerpc/dfp-dd.c scan-assembler dmul
FAIL: gcc.target/powerpc/dfp-dd.c scan-assembler dsub
FAIL: gcc.target/powerpc/dfp-dd.c scan-assembler-times dcmpu 6
FAIL: gcc.target/powerpc/dfp-dd.c scan-assembler-times dctfix 2
FAIL: gcc.target/powerpc/dfp-dd.c scan-assembler-times drintn 2
FAIL: gcc.target/powerpc/dfp-dd.c scan-assembler-times dcffixq 2
FAIL: gcc.target/powerpc/dfp-td.c scan-assembler daddq
FAIL: gcc.target/powerpc/dfp-td.c scan-assembler ddivq
FAIL: gcc.target/powerpc/dfp-td.c scan-assembler dmulq
FAIL: gcc.target/powerpc/dfp-td.c scan-assembler dsubq
FAIL: gcc.target/powerpc/dfp-td.c scan-assembler-times dcmpuq 6
FAIL: gcc.target/powerpc/dfp-td.c scan-assembler-times dctfixq 2
FAIL: gcc.target/powerpc/dfp-td.c scan-assembler-times drintnq 2
FAIL: gcc.target/powerpc/dfp-td.c scan-assembler-times dcffixq 2
FAIL: gcc.target/powerpc/gcse-1.c scan-assembler-times @ha 1
FAIL: gcc.target/powerpc/popcount-2.c scan-assembler popcntw
FAIL: gcc.target/powerpc/ppu-intrinsics.c (test for excess errors)
=== gcc Summary for unix/-m32/-fPIC ===
# of expected passes 58435
# of unexpected failures 74
# of unexpected successes 20
# of expected failures 169
# of unsupported tests 884
Running target unix/-m32/-fpic
FAIL: gcc.c-torture/compile/limits-structnest.c -O2 (test for excess errors)
FAIL: gcc.c-torture/compile/limits-structnest.c -O3 -fomit-frame-pointer (test for excess errors)
FAIL: gcc.c-torture/compile/limits-structnest.c -O3 -g (test for excess errors)
FAIL: gcc.c-torture/compile/limits-structnest.c -Os (test for excess errors)
FAIL: gcc.c-torture/execute/20000603-1.c execution, -O2
FAIL: gcc.c-torture/execute/20000603-1.c execution, -O3 -fomit-frame-pointer
FAIL: gcc.c-torture/execute/20000603-1.c execution, -O3 -g
FAIL: gcc.c-torture/execute/20000603-1.c execution, -Os
FAIL: gcc.dg/and-1.c scan-assembler-not nand
FAIL: gcc.dg/sms-2.c scan-rtl-dump-times sms "SMS succeeded" 1
FAIL: gcc.dg/sms-4.c scan-rtl-dump-times sms "SMS succeeded" 1
FAIL: gcc.dg/sms-6.c scan-rtl-dump-times sms "SMS succeeded" 3
FAIL: gcc.dg/sms-7.c scan-rtl-dump-times sms "SMS succeeded" 3
FAIL: gcc.dg/sms-8.c scan-rtl-dump-times sms "SMS succeeded" 1
XPASS: gcc.dg/guality/example.c -O0 execution test
XPASS: gcc.dg/guality/example.c -O1 execution test
XPASS: gcc.dg/guality/example.c -O2 execution test
XPASS: gcc.dg/guality/example.c -O3 -fomit-frame-pointer execution test
XPASS: gcc.dg/guality/example.c -O3 -g execution test
XPASS: gcc.dg/guality/example.c -Os execution test
XPASS: gcc.dg/guality/guality.c -O0 execution test
XPASS: gcc.dg/guality/guality.c -O1 execution test
XPASS: gcc.dg/guality/guality.c -O2 execution test
XPASS: gcc.dg/guality/guality.c -O3 -fomit-frame-pointer execution test
XPASS: gcc.dg/guality/guality.c -O3 -g execution test
XPASS: gcc.dg/guality/guality.c -Os execution test
FAIL: gcc.dg/guality/inline-params.c -O0 execution test
FAIL: gcc.dg/guality/inline-params.c -O1 execution test
FAIL: gcc.dg/guality/pr36728-1.c -O1 line 12 arg7 == 30
FAIL: gcc.dg/guality/pr36728-1.c -O1 line 14 arg7 == 30
FAIL: gcc.dg/guality/pr36728-1.c -O2 line 12 arg7 == 30
FAIL: gcc.dg/guality/pr36728-1.c -O2 line 14 arg7 == 30
FAIL: gcc.dg/guality/pr36728-1.c -O3 -fomit-frame-pointer line 12 arg7 == 30
FAIL: gcc.dg/guality/pr36728-1.c -O3 -fomit-frame-pointer line 14 arg7 == 30
FAIL: gcc.dg/guality/pr36728-1.c -O3 -g line 12 arg7 == 30
FAIL: gcc.dg/guality/pr36728-1.c -O3 -g line 14 arg7 == 30
FAIL: gcc.dg/guality/pr36728-1.c -Os line 12 arg7 == 30
FAIL: gcc.dg/guality/pr36728-1.c -Os line 14 arg7 == 30
XPASS: gcc.dg/guality/pr41353-1.c -O0 line 28 j == 28 + 37
XPASS: gcc.dg/guality/pr41447-1.c -O0 execution test
XPASS: gcc.dg/guality/pr41447-1.c -O1 execution test
XPASS: gcc.dg/guality/pr41447-1.c -O2 execution test
XPASS: gcc.dg/guality/pr41447-1.c -O3 -fomit-frame-pointer execution test
XPASS: gcc.dg/guality/pr41447-1.c -O3 -g execution test
XPASS: gcc.dg/guality/pr41447-1.c -Os execution test
XPASS: gcc.dg/guality/pr41616-1.c -O0 execution test
FAIL: gcc.dg/guality/pr43077-1.c -O1 line 42 c == 3
FAIL: gcc.dg/guality/pr43077-1.c -O2 line 42 c == 3
FAIL: gcc.dg/guality/pr43077-1.c -O3 -fomit-frame-pointer line 42 c == 3
FAIL: gcc.dg/guality/pr43077-1.c -O3 -g line 42 c == 3
FAIL: gcc.dg/guality/pr43077-1.c -Os line 42 c == 3
FAIL: gcc.dg/guality/vla-1.c -O0 line 17 sizeof (a) == 6
FAIL: gcc.dg/guality/vla-1.c -O0 line 24 sizeof (a) == 17 * sizeof (short)
FAIL: gcc.dg/guality/vla-1.c -O1 line 17 sizeof (a) == 6
FAIL: gcc.dg/guality/vla-1.c -O1 line 24 sizeof (a) == 17 * sizeof (short)
FAIL: gcc.dg/guality/vla-1.c -O2 line 17 sizeof (a) == 6
FAIL: gcc.dg/guality/vla-1.c -O2 line 24 sizeof (a) == 17 * sizeof (short)
FAIL: gcc.dg/guality/vla-1.c -O3 -fomit-frame-pointer line 17 sizeof (a) == 6
FAIL: gcc.dg/guality/vla-1.c -O3 -fomit-frame-pointer line 24 sizeof (a) == 17 * sizeof (short)
FAIL: gcc.dg/guality/vla-1.c -O3 -g line 17 sizeof (a) == 6
FAIL: gcc.dg/guality/vla-1.c -O3 -g line 24 sizeof (a) == 17 * sizeof (short)
FAIL: gcc.dg/guality/vla-1.c -Os line 17 sizeof (a) == 6
FAIL: gcc.dg/guality/vla-1.c -Os line 24 sizeof (a) == 17 * sizeof (short)
FAIL: gcc.dg/tree-ssa/pr42585.c scan-tree-dump-times optimized "struct _fat_ptr _ans" 0
FAIL: gcc.dg/tree-ssa/pr42585.c scan-tree-dump-times optimized "struct _fat_ptr _T2" 0
FAIL: gcc.dg/tree-ssa/vrp47.c scan-tree-dump-times vrp1 "[xy][^ ]* !=" 0
FAIL: gcc.dg/tree-ssa/vrp47.c scan-tree-dump-times dom1 "x[^ ]* & y" 1
FAIL: gcc.dg/vect/costmodel/ppc/costmodel-vect-31d.c scan-tree-dump-times vect "vectorization not profitable" 1
FAIL: gcc.dg/vect/costmodel/ppc/costmodel-vect-68d.c scan-tree-dump-times vect "vectorization not profitable" 1
FAIL: gcc.dg/vect/costmodel/ppc/costmodel-vect-76a.c scan-tree-dump-times vect "vectorized 1 loops" 1
FAIL: gcc.dg/vect/costmodel/ppc/costmodel-vect-76b.c scan-tree-dump-times vect "vectorization not profitable" 1
FAIL: gcc.dg/vect/pr35821-altivec.c scan-tree-dump-times vect "vectorized 1 loops" 1
FAIL: gcc.target/powerpc/405-dlmzb-strlen-1.c scan-assembler dlmzb\\\\.
FAIL: gcc.target/powerpc/440-dlmzb-strlen-1.c scan-assembler dlmzb\\\\.
FAIL: gcc.target/powerpc/dfp-dd.c scan-assembler dadd
FAIL: gcc.target/powerpc/dfp-dd.c scan-assembler ddiv
FAIL: gcc.target/powerpc/dfp-dd.c scan-assembler dmul
FAIL: gcc.target/powerpc/dfp-dd.c scan-assembler dsub
FAIL: gcc.target/powerpc/dfp-dd.c scan-assembler-times dcmpu 6
FAIL: gcc.target/powerpc/dfp-dd.c scan-assembler-times dctfix 2
FAIL: gcc.target/powerpc/dfp-dd.c scan-assembler-times drintn 2
FAIL: gcc.target/powerpc/dfp-dd.c scan-assembler-times dcffixq 2
FAIL: gcc.target/powerpc/dfp-td.c scan-assembler daddq
FAIL: gcc.target/powerpc/dfp-td.c scan-assembler ddivq
FAIL: gcc.target/powerpc/dfp-td.c scan-assembler dmulq
FAIL: gcc.target/powerpc/dfp-td.c scan-assembler dsubq
FAIL: gcc.target/powerpc/dfp-td.c scan-assembler-times dcmpuq 6
FAIL: gcc.target/powerpc/dfp-td.c scan-assembler-times dctfixq 2
FAIL: gcc.target/powerpc/dfp-td.c scan-assembler-times drintnq 2
FAIL: gcc.target/powerpc/dfp-td.c scan-assembler-times dcffixq 2
FAIL: gcc.target/powerpc/gcse-1.c scan-assembler-times @ha 1
FAIL: gcc.target/powerpc/popcount-2.c scan-assembler popcntw
FAIL: gcc.target/powerpc/ppu-intrinsics.c (test for excess errors)
=== gcc Summary for unix/-m32/-fpic ===
# of expected passes 58436
# of unexpected failures 73
# of unexpected successes 20
# of expected failures 169
# of unsupported tests 884
Running target unix/-m32
FAIL: gcc.c-torture/compile/limits-structnest.c -O2 (test for excess errors)
FAIL: gcc.c-torture/compile/limits-structnest.c -O3 -fomit-frame-pointer (test for excess errors)
FAIL: gcc.c-torture/compile/limits-structnest.c -O3 -g (test for excess errors)
FAIL: gcc.c-torture/compile/limits-structnest.c -Os (test for excess errors)
FAIL: gcc.dg/and-1.c scan-assembler-not nand
FAIL: gcc.dg/pr34668-1.c (internal compiler error)
FAIL: gcc.dg/pr34668-1.c (test for excess errors)
FAIL: gcc.dg/sms-2.c scan-rtl-dump-times sms "SMS succeeded" 1
FAIL: gcc.dg/sms-4.c scan-rtl-dump-times sms "SMS succeeded" 1
FAIL: gcc.dg/sms-6.c scan-rtl-dump-times sms "SMS succeeded" 3
FAIL: gcc.dg/sms-7.c scan-rtl-dump-times sms "SMS succeeded" 3
FAIL: gcc.dg/sms-8.c scan-rtl-dump-times sms "SMS succeeded" 1
XPASS: gcc.dg/guality/example.c -O0 execution test
XPASS: gcc.dg/guality/example.c -O1 execution test
XPASS: gcc.dg/guality/example.c -O2 execution test
XPASS: gcc.dg/guality/guality.c -O0 execution test
XPASS: gcc.dg/guality/guality.c -O1 execution test
XPASS: gcc.dg/guality/guality.c -O2 execution test
XPASS: gcc.dg/guality/guality.c -O3 -fomit-frame-pointer execution test
XPASS: gcc.dg/guality/guality.c -O3 -g execution test
FAIL: gcc.dg/guality/inline-params.c -O0 execution test
FAIL: gcc.dg/guality/inline-params.c -O1 execution test
FAIL: gcc.dg/guality/pr36728-1.c -O1 line 12 arg7 == 30
FAIL: gcc.dg/guality/pr36728-1.c -O1 line 14 arg7 == 30
FAIL: gcc.dg/guality/pr36728-1.c -O2 line 12 arg7 == 30
FAIL: gcc.dg/guality/pr36728-1.c -O2 line 14 arg7 == 30
FAIL: gcc.dg/guality/pr36728-1.c -O3 -fomit-frame-pointer line 12 arg7 == 30
FAIL: gcc.dg/guality/pr36728-1.c -O3 -fomit-frame-pointer line 14 arg7 == 30
FAIL: gcc.dg/guality/pr36728-1.c -O3 -g line 12 arg7 == 30
FAIL: gcc.dg/guality/pr36728-1.c -O3 -g line 14 arg7 == 30
FAIL: gcc.dg/guality/pr36728-1.c -Os line 12 arg7 == 30
FAIL: gcc.dg/guality/pr36728-1.c -Os line 14 arg7 == 30
XPASS: gcc.dg/guality/pr41353-1.c -O0 line 28 j == 28 + 37
XPASS: gcc.dg/guality/pr41447-1.c -O0 execution test
XPASS: gcc.dg/guality/pr41447-1.c -O1 execution test
XPASS: gcc.dg/guality/pr41447-1.c -O2 execution test
XPASS: gcc.dg/guality/pr41616-1.c -O0 execution test
FAIL: gcc.dg/guality/pr43077-1.c -O1 line 42 c == 3
FAIL: gcc.dg/guality/pr43077-1.c -O2 line 42 c == 3
FAIL: gcc.dg/guality/pr43077-1.c -O3 -fomit-frame-pointer line 42 c == 3
FAIL: gcc.dg/guality/pr43077-1.c -O3 -g line 42 c == 3
FAIL: gcc.dg/guality/pr43077-1.c -Os line 42 c == 3
FAIL: gcc.dg/guality/vla-1.c -O0 line 17 sizeof (a) == 6
FAIL: gcc.dg/guality/vla-1.c -O0 line 24 sizeof (a) == 17 * sizeof (short)
FAIL: gcc.dg/guality/vla-1.c -O1 line 17 sizeof (a) == 6
FAIL: gcc.dg/guality/vla-1.c -O1 line 24 sizeof (a) == 17 * sizeof (short)
FAIL: gcc.dg/guality/vla-1.c -O2 line 17 sizeof (a) == 6
FAIL: gcc.dg/guality/vla-1.c -O2 line 24 sizeof (a) == 17 * sizeof (short)
FAIL: gcc.dg/guality/vla-1.c -O3 -fomit-frame-pointer line 17 sizeof (a) == 6
FAIL: gcc.dg/guality/vla-1.c -O3 -fomit-frame-pointer line 24 sizeof (a) == 17 * sizeof (short)
FAIL: gcc.dg/guality/vla-1.c -O3 -g line 17 sizeof (a) == 6
FAIL: gcc.dg/guality/vla-1.c -O3 -g line 24 sizeof (a) == 17 * sizeof (short)
FAIL: gcc.dg/guality/vla-1.c -Os line 17 sizeof (a) == 6
FAIL: gcc.dg/guality/vla-1.c -Os line 24 sizeof (a) == 17 * sizeof (short)
FAIL: gcc.dg/tree-ssa/pr42585.c scan-tree-dump-times optimized "struct _fat_ptr _ans" 0
FAIL: gcc.dg/tree-ssa/pr42585.c scan-tree-dump-times optimized "struct _fat_ptr _T2" 0
FAIL: gcc.dg/tree-ssa/vrp47.c scan-tree-dump-times vrp1 "[xy][^ ]* !=" 0
FAIL: gcc.dg/tree-ssa/vrp47.c scan-tree-dump-times dom1 "x[^ ]* & y" 1
FAIL: gcc.dg/vect/costmodel/ppc/costmodel-vect-31d.c scan-tree-dump-times vect "vectorization not profitable" 1
FAIL: gcc.dg/vect/costmodel/ppc/costmodel-vect-68d.c scan-tree-dump-times vect "vectorization not profitable" 1
FAIL: gcc.dg/vect/costmodel/ppc/costmodel-vect-76a.c scan-tree-dump-times vect "vectorized 1 loops" 1
FAIL: gcc.dg/vect/costmodel/ppc/costmodel-vect-76b.c scan-tree-dump-times vect "vectorization not profitable" 1
FAIL: gcc.dg/vect/pr35821-altivec.c scan-tree-dump-times vect "vectorized 1 loops" 1
FAIL: gcc.target/powerpc/405-dlmzb-strlen-1.c scan-assembler dlmzb\\\\.
FAIL: gcc.target/powerpc/440-dlmzb-strlen-1.c scan-assembler dlmzb\\\\.
FAIL: gcc.target/powerpc/dfp-dd.c scan-assembler dadd
FAIL: gcc.target/powerpc/dfp-dd.c scan-assembler ddiv
FAIL: gcc.target/powerpc/dfp-dd.c scan-assembler dmul
FAIL: gcc.target/powerpc/dfp-dd.c scan-assembler dsub
FAIL: gcc.target/powerpc/dfp-dd.c scan-assembler-times dcmpu 6
FAIL: gcc.target/powerpc/dfp-dd.c scan-assembler-times dctfix 2
FAIL: gcc.target/powerpc/dfp-dd.c scan-assembler-times drintn 2
FAIL: gcc.target/powerpc/dfp-dd.c scan-assembler-times dcffixq 2
FAIL: gcc.target/powerpc/dfp-td.c scan-assembler daddq
FAIL: gcc.target/powerpc/dfp-td.c scan-assembler ddivq
FAIL: gcc.target/powerpc/dfp-td.c scan-assembler dmulq
FAIL: gcc.target/powerpc/dfp-td.c scan-assembler dsubq
FAIL: gcc.target/powerpc/dfp-td.c scan-assembler-times dcmpuq 6
FAIL: gcc.target/powerpc/dfp-td.c scan-assembler-times dctfixq 2
FAIL: gcc.target/powerpc/dfp-td.c scan-assembler-times drintnq 2
FAIL: gcc.target/powerpc/dfp-td.c scan-assembler-times dcffixq 2
FAIL: gcc.target/powerpc/popcount-2.c scan-assembler popcntw
FAIL: gcc.target/powerpc/ppu-intrinsics.c (test for excess errors)
=== gcc Summary for unix/-m32 ===
# of expected passes 58486
# of unexpected failures 70
# of unexpected successes 13
# of expected failures 176
# of unsupported tests 868
Running target unix/-fPIC
FAIL: gcc.c-torture/compile/limits-structnest.c -O2 (test for excess errors)
FAIL: gcc.c-torture/compile/limits-structnest.c -O3 -fomit-frame-pointer (test for excess errors)
FAIL: gcc.c-torture/compile/limits-structnest.c -O3 -g (test for excess errors)
FAIL: gcc.c-torture/compile/limits-structnest.c -Os (test for excess errors)
FAIL: gcc.c-torture/execute/20000603-1.c execution, -O2
FAIL: gcc.c-torture/execute/20000603-1.c execution, -O3 -fomit-frame-pointer
FAIL: gcc.c-torture/execute/20000603-1.c execution, -O3 -g
FAIL: gcc.c-torture/execute/20000603-1.c execution, -Os
FAIL: gcc.c-torture/execute/vector-2.c execution, -O2
FAIL: gcc.c-torture/execute/vector-2.c execution, -O3 -fomit-frame-pointer
FAIL: gcc.c-torture/execute/vector-2.c execution, -O3 -g
FAIL: gcc.dg/and-1.c scan-assembler-not nand
FAIL: gcc.dg/sms-2.c scan-rtl-dump-times sms "SMS succeeded" 1
FAIL: gcc.dg/sms-4.c scan-rtl-dump-times sms "SMS succeeded" 1
FAIL: gcc.dg/sms-5.c scan-rtl-dump-times sms "SMS succeeded" 1
FAIL: gcc.dg/sms-6.c scan-rtl-dump-times sms "SMS succeeded" 3
FAIL: gcc.dg/sms-7.c scan-rtl-dump-times sms "SMS succeeded" 3
FAIL: gcc.dg/sms-8.c scan-rtl-dump-times sms "SMS succeeded" 1
FAIL: gcc.dg/tree-ssa/pr42585.c scan-tree-dump-times optimized "struct _fat_ptr _ans" 0
FAIL: gcc.dg/tree-ssa/pr42585.c scan-tree-dump-times optimized "struct _fat_ptr _T2" 0
FAIL: gcc.dg/tree-ssa/vrp47.c scan-tree-dump-times vrp1 "[xy][^ ]* !=" 0
FAIL: gcc.dg/tree-ssa/vrp47.c scan-tree-dump-times dom1 "x[^ ]* & y" 1
FAIL: gcc.dg/vect/costmodel/ppc/costmodel-vect-31d.c scan-tree-dump-times vect "vectorization not profitable" 1
FAIL: gcc.dg/vect/costmodel/ppc/costmodel-vect-68d.c scan-tree-dump-times vect "vectorization not profitable" 1
FAIL: gcc.dg/vect/costmodel/ppc/costmodel-vect-76a.c scan-tree-dump-times vect "vectorized 1 loops" 1
FAIL: gcc.dg/vect/costmodel/ppc/costmodel-vect-76b.c scan-tree-dump-times vect "vectorization not profitable" 1
FAIL: gcc.dg/vect/pr35821-altivec.c scan-tree-dump-times vect "vectorized 1 loops" 1
FAIL: gcc.target/powerpc/dfp-dd.c scan-assembler dadd
FAIL: gcc.target/powerpc/dfp-dd.c scan-assembler ddiv
FAIL: gcc.target/powerpc/dfp-dd.c scan-assembler dmul
FAIL: gcc.target/powerpc/dfp-dd.c scan-assembler dsub
FAIL: gcc.target/powerpc/dfp-dd.c scan-assembler-times dcmpu 6
FAIL: gcc.target/powerpc/dfp-dd.c scan-assembler-times dctfix 2
FAIL: gcc.target/powerpc/dfp-dd.c scan-assembler-times drintn 2
FAIL: gcc.target/powerpc/dfp-dd.c scan-assembler-times dcffixq 2
FAIL: gcc.target/powerpc/dfp-td.c scan-assembler daddq
FAIL: gcc.target/powerpc/dfp-td.c scan-assembler ddivq
FAIL: gcc.target/powerpc/dfp-td.c scan-assembler dmulq
FAIL: gcc.target/powerpc/dfp-td.c scan-assembler dsubq
FAIL: gcc.target/powerpc/dfp-td.c scan-assembler-times dcmpuq 6
FAIL: gcc.target/powerpc/dfp-td.c scan-assembler-times dctfixq 2
FAIL: gcc.target/powerpc/dfp-td.c scan-assembler-times drintnq 2
FAIL: gcc.target/powerpc/dfp-td.c scan-assembler-times dcffixq 2
FAIL: gcc.target/powerpc/optimize-bswapdi-3.c scan-assembler ldbrx
FAIL: gcc.target/powerpc/optimize-bswapdi-3.c scan-assembler stdbrx
FAIL: gcc.target/powerpc/popcount-3.c scan-assembler popcntd
FAIL: gcc.target/powerpc/ppc64-abi-dfp-1.c execution test
FAIL: gcc.target/powerpc/ppc64-double-1.c scan-assembler-not stfd
FAIL: gcc.target/powerpc/ppu-intrinsics.c (test for excess errors)
=== gcc Summary for unix/-fPIC ===
# of expected passes 57763
# of unexpected failures 49
# of expected failures 161
# of unsupported tests 768
Running target unix/-fpic
FAIL: gcc.c-torture/compile/limits-structnest.c -O2 (test for excess errors)
FAIL: gcc.c-torture/compile/limits-structnest.c -O3 -fomit-frame-pointer (test for excess errors)
FAIL: gcc.c-torture/compile/limits-structnest.c -O3 -g (test for excess errors)
FAIL: gcc.c-torture/compile/limits-structnest.c -Os (test for excess errors)
FAIL: gcc.c-torture/execute/20000603-1.c execution, -O2
FAIL: gcc.c-torture/execute/20000603-1.c execution, -O3 -fomit-frame-pointer
FAIL: gcc.c-torture/execute/20000603-1.c execution, -O3 -g
FAIL: gcc.c-torture/execute/20000603-1.c execution, -Os
FAIL: gcc.c-torture/execute/vector-2.c execution, -O2
FAIL: gcc.c-torture/execute/vector-2.c execution, -O3 -fomit-frame-pointer
FAIL: gcc.c-torture/execute/vector-2.c execution, -O3 -g
FAIL: gcc.dg/and-1.c scan-assembler-not nand
FAIL: gcc.dg/sms-2.c scan-rtl-dump-times sms "SMS succeeded" 1
FAIL: gcc.dg/sms-4.c scan-rtl-dump-times sms "SMS succeeded" 1
FAIL: gcc.dg/sms-5.c scan-rtl-dump-times sms "SMS succeeded" 1
FAIL: gcc.dg/sms-6.c scan-rtl-dump-times sms "SMS succeeded" 3
FAIL: gcc.dg/sms-7.c scan-rtl-dump-times sms "SMS succeeded" 3
FAIL: gcc.dg/sms-8.c scan-rtl-dump-times sms "SMS succeeded" 1
FAIL: gcc.dg/tree-ssa/pr42585.c scan-tree-dump-times optimized "struct _fat_ptr _ans" 0
FAIL: gcc.dg/tree-ssa/pr42585.c scan-tree-dump-times optimized "struct _fat_ptr _T2" 0
FAIL: gcc.dg/tree-ssa/vrp47.c scan-tree-dump-times vrp1 "[xy][^ ]* !=" 0
FAIL: gcc.dg/tree-ssa/vrp47.c scan-tree-dump-times dom1 "x[^ ]* & y" 1
FAIL: gcc.dg/vect/costmodel/ppc/costmodel-vect-31d.c scan-tree-dump-times vect "vectorization not profitable" 1
FAIL: gcc.dg/vect/costmodel/ppc/costmodel-vect-68d.c scan-tree-dump-times vect "vectorization not profitable" 1
FAIL: gcc.dg/vect/costmodel/ppc/costmodel-vect-76a.c scan-tree-dump-times vect "vectorized 1 loops" 1
FAIL: gcc.dg/vect/costmodel/ppc/costmodel-vect-76b.c scan-tree-dump-times vect "vectorization not profitable" 1
FAIL: gcc.dg/vect/pr35821-altivec.c scan-tree-dump-times vect "vectorized 1 loops" 1
FAIL: gcc.target/powerpc/dfp-dd.c scan-assembler dadd
FAIL: gcc.target/powerpc/dfp-dd.c scan-assembler ddiv
FAIL: gcc.target/powerpc/dfp-dd.c scan-assembler dmul
FAIL: gcc.target/powerpc/dfp-dd.c scan-assembler dsub
FAIL: gcc.target/powerpc/dfp-dd.c scan-assembler-times dcmpu 6
FAIL: gcc.target/powerpc/dfp-dd.c scan-assembler-times dctfix 2
FAIL: gcc.target/powerpc/dfp-dd.c scan-assembler-times drintn 2
FAIL: gcc.target/powerpc/dfp-dd.c scan-assembler-times dcffixq 2
FAIL: gcc.target/powerpc/dfp-td.c scan-assembler daddq
FAIL: gcc.target/powerpc/dfp-td.c scan-assembler ddivq
FAIL: gcc.target/powerpc/dfp-td.c scan-assembler dmulq
FAIL: gcc.target/powerpc/dfp-td.c scan-assembler dsubq
FAIL: gcc.target/powerpc/dfp-td.c scan-assembler-times dcmpuq 6
FAIL: gcc.target/powerpc/dfp-td.c scan-assembler-times dctfixq 2
FAIL: gcc.target/powerpc/dfp-td.c scan-assembler-times drintnq 2
FAIL: gcc.target/powerpc/dfp-td.c scan-assembler-times dcffixq 2
FAIL: gcc.target/powerpc/optimize-bswapdi-3.c scan-assembler ldbrx
FAIL: gcc.target/powerpc/optimize-bswapdi-3.c scan-assembler stdbrx
FAIL: gcc.target/powerpc/popcount-3.c scan-assembler popcntd
FAIL: gcc.target/powerpc/ppc64-abi-dfp-1.c execution test
FAIL: gcc.target/powerpc/ppc64-double-1.c scan-assembler-not stfd
FAIL: gcc.target/powerpc/ppu-intrinsics.c (test for excess errors)
=== gcc Summary for unix/-fpic ===
# of expected passes 57763
# of unexpected failures 49
# of expected failures 161
# of unsupported tests 768
Running target unix
FAIL: gcc.c-torture/compile/limits-structnest.c -O2 (test for excess errors)
FAIL: gcc.c-torture/compile/limits-structnest.c -O3 -fomit-frame-pointer (test for excess errors)
FAIL: gcc.c-torture/compile/limits-structnest.c -O3 -g (test for excess errors)
FAIL: gcc.c-torture/compile/limits-structnest.c -Os (test for excess errors)
FAIL: gcc.dg/and-1.c scan-assembler-not nand
FAIL: gcc.dg/pr34668-1.c (internal compiler error)
FAIL: gcc.dg/pr34668-1.c (test for excess errors)
FAIL: gcc.dg/sms-2.c scan-rtl-dump-times sms "SMS succeeded" 1
FAIL: gcc.dg/sms-4.c scan-rtl-dump-times sms "SMS succeeded" 1
FAIL: gcc.dg/sms-5.c scan-rtl-dump-times sms "SMS succeeded" 1
FAIL: gcc.dg/sms-6.c scan-rtl-dump-times sms "SMS succeeded" 3
FAIL: gcc.dg/sms-7.c scan-rtl-dump-times sms "SMS succeeded" 3
FAIL: gcc.dg/sms-8.c scan-rtl-dump-times sms "SMS succeeded" 1
FAIL: gcc.dg/tree-ssa/pr42585.c scan-tree-dump-times optimized "struct _fat_ptr _ans" 0
FAIL: gcc.dg/tree-ssa/pr42585.c scan-tree-dump-times optimized "struct _fat_ptr _T2" 0
FAIL: gcc.dg/tree-ssa/vrp47.c scan-tree-dump-times vrp1 "[xy][^ ]* !=" 0
FAIL: gcc.dg/tree-ssa/vrp47.c scan-tree-dump-times dom1 "x[^ ]* & y" 1
FAIL: gcc.dg/vect/costmodel/ppc/costmodel-vect-31d.c scan-tree-dump-times vect "vectorization not profitable" 1
FAIL: gcc.dg/vect/costmodel/ppc/costmodel-vect-68d.c scan-tree-dump-times vect "vectorization not profitable" 1
FAIL: gcc.dg/vect/costmodel/ppc/costmodel-vect-76a.c scan-tree-dump-times vect "vectorized 1 loops" 1
FAIL: gcc.dg/vect/costmodel/ppc/costmodel-vect-76b.c scan-tree-dump-times vect "vectorization not profitable" 1
FAIL: gcc.dg/vect/pr35821-altivec.c scan-tree-dump-times vect "vectorized 1 loops" 1
FAIL: gcc.target/powerpc/dfp-dd.c scan-assembler dadd
FAIL: gcc.target/powerpc/dfp-dd.c scan-assembler ddiv
FAIL: gcc.target/powerpc/dfp-dd.c scan-assembler dmul
FAIL: gcc.target/powerpc/dfp-dd.c scan-assembler dsub
FAIL: gcc.target/powerpc/dfp-dd.c scan-assembler-times dcmpu 6
FAIL: gcc.target/powerpc/dfp-dd.c scan-assembler-times dctfix 2
FAIL: gcc.target/powerpc/dfp-dd.c scan-assembler-times drintn 2
FAIL: gcc.target/powerpc/dfp-dd.c scan-assembler-times dcffixq 2
FAIL: gcc.target/powerpc/dfp-td.c scan-assembler daddq
FAIL: gcc.target/powerpc/dfp-td.c scan-assembler ddivq
FAIL: gcc.target/powerpc/dfp-td.c scan-assembler dmulq
FAIL: gcc.target/powerpc/dfp-td.c scan-assembler dsubq
FAIL: gcc.target/powerpc/dfp-td.c scan-assembler-times dcmpuq 6
FAIL: gcc.target/powerpc/dfp-td.c scan-assembler-times dctfixq 2
FAIL: gcc.target/powerpc/dfp-td.c scan-assembler-times drintnq 2
FAIL: gcc.target/powerpc/dfp-td.c scan-assembler-times dcffixq 2
FAIL: gcc.target/powerpc/optimize-bswapdi-3.c scan-assembler ldbrx
FAIL: gcc.target/powerpc/optimize-bswapdi-3.c scan-assembler stdbrx
FAIL: gcc.target/powerpc/popcount-3.c scan-assembler popcntd
FAIL: gcc.target/powerpc/ppc64-abi-dfp-1.c execution test
FAIL: gcc.target/powerpc/ppc64-double-1.c scan-assembler-not stfd
FAIL: gcc.target/powerpc/ppu-intrinsics.c (test for excess errors)
=== gcc Summary for unix ===
# of expected passes 57805
# of unexpected failures 44
# of expected failures 161
# of unsupported tests 754
=== gcc Summary ===
# of expected passes 348688
# of unexpected failures 359
# of unexpected successes 53
# of expected failures 997
# of unsupported tests 4926
/home/ghazi/gcc-testing/46/build/gcc/xgcc version 4.6.0 20100413 (experimental) [trunk revision 158285] (GCC)
=== gfortran tests ===
Running target unix/-m32/-fPIC
FAIL: gfortran.dg/complex_intrinsic_5.f90 -O0 execution test
FAIL: gfortran.dg/complex_intrinsic_5.f90 -O1 execution test
FAIL: gfortran.dg/complex_intrinsic_5.f90 -O2 execution test
FAIL: gfortran.dg/complex_intrinsic_5.f90 -O3 -fomit-frame-pointer execution test
FAIL: gfortran.dg/complex_intrinsic_5.f90 -O3 -fomit-frame-pointer -funroll-loops execution test
FAIL: gfortran.dg/complex_intrinsic_5.f90 -O3 -fomit-frame-pointer -funroll-all-loops -finline-functions execution test
FAIL: gfortran.dg/complex_intrinsic_5.f90 -O3 -g execution test
FAIL: gfortran.dg/complex_intrinsic_5.f90 -Os execution test
=== gfortran Summary for unix/-m32/-fPIC ===
# of expected passes 33666
# of unexpected failures 8
# of expected failures 21
# of unsupported tests 289
Running target unix/-m32/-fpic
FAIL: gfortran.dg/complex_intrinsic_5.f90 -O0 execution test
FAIL: gfortran.dg/complex_intrinsic_5.f90 -O1 execution test
FAIL: gfortran.dg/complex_intrinsic_5.f90 -O2 execution test
FAIL: gfortran.dg/complex_intrinsic_5.f90 -O3 -fomit-frame-pointer execution test
FAIL: gfortran.dg/complex_intrinsic_5.f90 -O3 -fomit-frame-pointer -funroll-loops execution test
FAIL: gfortran.dg/complex_intrinsic_5.f90 -O3 -fomit-frame-pointer -funroll-all-loops -finline-functions execution test
FAIL: gfortran.dg/complex_intrinsic_5.f90 -O3 -g execution test
FAIL: gfortran.dg/complex_intrinsic_5.f90 -Os execution test
=== gfortran Summary for unix/-m32/-fpic ===
# of expected passes 33666
# of unexpected failures 8
# of expected failures 21
# of unsupported tests 289
Running target unix/-m32
FAIL: gfortran.dg/complex_intrinsic_5.f90 -O0 execution test
FAIL: gfortran.dg/complex_intrinsic_5.f90 -O1 execution test
FAIL: gfortran.dg/complex_intrinsic_5.f90 -O2 execution test
FAIL: gfortran.dg/complex_intrinsic_5.f90 -O3 -fomit-frame-pointer execution test
FAIL: gfortran.dg/complex_intrinsic_5.f90 -O3 -fomit-frame-pointer -funroll-loops execution test
FAIL: gfortran.dg/complex_intrinsic_5.f90 -O3 -fomit-frame-pointer -funroll-all-loops -finline-functions execution test
FAIL: gfortran.dg/complex_intrinsic_5.f90 -O3 -g execution test
FAIL: gfortran.dg/complex_intrinsic_5.f90 -Os execution test
=== gfortran Summary for unix/-m32 ===
# of expected passes 33666
# of unexpected failures 8
# of expected failures 21
# of unsupported tests 289
Running target unix/-fPIC
FAIL: gfortran.dg/complex_intrinsic_5.f90 -O0 execution test
FAIL: gfortran.dg/complex_intrinsic_5.f90 -O1 execution test
FAIL: gfortran.dg/complex_intrinsic_5.f90 -O2 execution test
FAIL: gfortran.dg/complex_intrinsic_5.f90 -O3 -fomit-frame-pointer execution test
FAIL: gfortran.dg/complex_intrinsic_5.f90 -O3 -fomit-frame-pointer -funroll-loops execution test
FAIL: gfortran.dg/complex_intrinsic_5.f90 -O3 -fomit-frame-pointer -funroll-all-loops -finline-functions execution test
FAIL: gfortran.dg/complex_intrinsic_5.f90 -O3 -g execution test
FAIL: gfortran.dg/complex_intrinsic_5.f90 -Os execution test
=== gfortran Summary for unix/-fPIC ===
# of expected passes 33824
# of unexpected failures 8
# of expected failures 21
# of unsupported tests 217
Running target unix/-fpic
FAIL: gfortran.dg/complex_intrinsic_5.f90 -O0 execution test
FAIL: gfortran.dg/complex_intrinsic_5.f90 -O1 execution test
FAIL: gfortran.dg/complex_intrinsic_5.f90 -O2 execution test
FAIL: gfortran.dg/complex_intrinsic_5.f90 -O3 -fomit-frame-pointer execution test
FAIL: gfortran.dg/complex_intrinsic_5.f90 -O3 -fomit-frame-pointer -funroll-loops execution test
FAIL: gfortran.dg/complex_intrinsic_5.f90 -O3 -fomit-frame-pointer -funroll-all-loops -finline-functions execution test
FAIL: gfortran.dg/complex_intrinsic_5.f90 -O3 -g execution test
FAIL: gfortran.dg/complex_intrinsic_5.f90 -Os execution test
=== gfortran Summary for unix/-fpic ===
# of expected passes 33824
# of unexpected failures 8
# of expected failures 21
# of unsupported tests 217
Running target unix
FAIL: gfortran.dg/complex_intrinsic_5.f90 -O0 execution test
FAIL: gfortran.dg/complex_intrinsic_5.f90 -O1 execution test
FAIL: gfortran.dg/complex_intrinsic_5.f90 -O2 execution test
FAIL: gfortran.dg/complex_intrinsic_5.f90 -O3 -fomit-frame-pointer execution test
FAIL: gfortran.dg/complex_intrinsic_5.f90 -O3 -fomit-frame-pointer -funroll-loops execution test
FAIL: gfortran.dg/complex_intrinsic_5.f90 -O3 -fomit-frame-pointer -funroll-all-loops -finline-functions execution test
FAIL: gfortran.dg/complex_intrinsic_5.f90 -O3 -g execution test
FAIL: gfortran.dg/complex_intrinsic_5.f90 -Os execution test
=== gfortran Summary for unix ===
# of expected passes 33824
# of unexpected failures 8
# of expected failures 21
# of unsupported tests 217
=== gfortran Summary ===
# of expected passes 202470
# of unexpected failures 48
# of expected failures 126
# of unsupported tests 1518
/home/ghazi/gcc-testing/46/build/gcc/testsuite/gfortran/../../gfortran version 4.6.0 20100413 (experimental) [trunk revision 158285] (GCC)
=== obj-c++ tests ===
Running target unix/-m32/-fPIC
FAIL: obj-c++.dg/const-str-5.mm -fgnu-runtime (test for excess errors)
FAIL: obj-c++.dg/const-str-6.mm -fgnu-runtime (test for excess errors)
UNRESOLVED: obj-c++.dg/lookup-2.mm -fgnu-runtime compilation failed to produce executable
UNRESOLVED: obj-c++.dg/try-catch-2.mm -fgnu-runtime compilation failed to produce executable
UNRESOLVED: obj-c++.dg/try-catch-9.mm -fgnu-runtime compilation failed to produce executable
=== obj-c++ Summary for unix/-m32/-fPIC ===
# of expected passes 436
# of unexpected failures 2
# of expected failures 6
# of unresolved testcases 3
# of unsupported tests 12
Running target unix/-m32/-fpic
FAIL: obj-c++.dg/const-str-5.mm -fgnu-runtime (test for excess errors)
FAIL: obj-c++.dg/const-str-6.mm -fgnu-runtime (test for excess errors)
UNRESOLVED: obj-c++.dg/lookup-2.mm -fgnu-runtime compilation failed to produce executable
UNRESOLVED: obj-c++.dg/try-catch-2.mm -fgnu-runtime compilation failed to produce executable
UNRESOLVED: obj-c++.dg/try-catch-9.mm -fgnu-runtime compilation failed to produce executable
=== obj-c++ Summary for unix/-m32/-fpic ===
# of expected passes 436
# of unexpected failures 2
# of expected failures 6
# of unresolved testcases 3
# of unsupported tests 12
Running target unix/-m32
FAIL: obj-c++.dg/const-str-5.mm -fgnu-runtime (test for excess errors)
FAIL: obj-c++.dg/const-str-6.mm -fgnu-runtime (test for excess errors)
UNRESOLVED: obj-c++.dg/lookup-2.mm -fgnu-runtime compilation failed to produce executable
UNRESOLVED: obj-c++.dg/try-catch-2.mm -fgnu-runtime compilation failed to produce executable
UNRESOLVED: obj-c++.dg/try-catch-9.mm -fgnu-runtime compilation failed to produce executable
=== obj-c++ Summary for unix/-m32 ===
# of expected passes 436
# of unexpected failures 2
# of expected failures 6
# of unresolved testcases 3
# of unsupported tests 12
Running target unix/-fPIC
FAIL: obj-c++.dg/const-str-5.mm -fgnu-runtime (test for excess errors)
FAIL: obj-c++.dg/const-str-6.mm -fgnu-runtime (test for excess errors)
UNRESOLVED: obj-c++.dg/lookup-2.mm -fgnu-runtime compilation failed to produce executable
UNRESOLVED: obj-c++.dg/try-catch-2.mm -fgnu-runtime compilation failed to produce executable
UNRESOLVED: obj-c++.dg/try-catch-9.mm -fgnu-runtime compilation failed to produce executable
=== obj-c++ Summary for unix/-fPIC ===
# of expected passes 428
# of unexpected failures 2
# of expected failures 14
# of unresolved testcases 3
# of unsupported tests 12
Running target unix/-fpic
FAIL: obj-c++.dg/const-str-5.mm -fgnu-runtime (test for excess errors)
FAIL: obj-c++.dg/const-str-6.mm -fgnu-runtime (test for excess errors)
UNRESOLVED: obj-c++.dg/lookup-2.mm -fgnu-runtime compilation failed to produce executable
UNRESOLVED: obj-c++.dg/try-catch-2.mm -fgnu-runtime compilation failed to produce executable
UNRESOLVED: obj-c++.dg/try-catch-9.mm -fgnu-runtime compilation failed to produce executable
=== obj-c++ Summary for unix/-fpic ===
# of expected passes 428
# of unexpected failures 2
# of expected failures 14
# of unresolved testcases 3
# of unsupported tests 12
Running target unix
FAIL: obj-c++.dg/const-str-5.mm -fgnu-runtime (test for excess errors)
FAIL: obj-c++.dg/const-str-6.mm -fgnu-runtime (test for excess errors)
UNRESOLVED: obj-c++.dg/lookup-2.mm -fgnu-runtime compilation failed to produce executable
UNRESOLVED: obj-c++.dg/try-catch-2.mm -fgnu-runtime compilation failed to produce executable
UNRESOLVED: obj-c++.dg/try-catch-9.mm -fgnu-runtime compilation failed to produce executable
=== obj-c++ Summary for unix ===
# of expected passes 428
# of unexpected failures 2
# of expected failures 14
# of unresolved testcases 3
# of unsupported tests 12
=== obj-c++ Summary ===
# of expected passes 2592
# of unexpected failures 12
# of expected failures 60
# of unresolved testcases 18
# of unsupported tests 72
/home/ghazi/gcc-testing/46/build/gcc/testsuite/obj-c++/../../g++ version 4.6.0 20100413 (experimental) [trunk revision 158285] (GCC)
=== objc tests ===
Running target unix/-m32/-fPIC
=== objc Summary for unix/-m32/-fPIC ===
# of expected passes 1869
# of expected failures 15
# of unsupported tests 20
Running target unix/-m32/-fpic
=== objc Summary for unix/-m32/-fpic ===
# of expected passes 1869
# of expected failures 15
# of unsupported tests 20
Running target unix/-m32
=== objc Summary for unix/-m32 ===
# of expected passes 1869
# of expected failures 15
# of unsupported tests 20
Running target unix/-fPIC
=== objc Summary for unix/-fPIC ===
# of expected passes 1869
# of expected failures 15
# of unsupported tests 20
Running target unix/-fpic
=== objc Summary for unix/-fpic ===
# of expected passes 1869
# of expected failures 15
# of unsupported tests 20
Running target unix
=== objc Summary for unix ===
# of expected passes 1869
# of expected failures 15
# of unsupported tests 20
=== objc Summary ===
# of expected passes 11214
# of expected failures 90
# of unsupported tests 120
/home/ghazi/gcc-testing/46/build/gcc/xgcc version 4.6.0 20100413 (experimental) [trunk revision 158285] (GCC)
=== libffi tests ===
Running target unix/-m32/-fPIC
FAIL: libffi.call/cls_align_longdouble_split.c -O0 -W -Wall output pattern test, is 1 0 2 0 3 0 4 3.69321e+19 nan nan 1.29073e-231 3.60739e-313 1.29775e-231 1.41956e-231: 8 0 9 0 10 0 11
FAIL: libffi.call/cls_align_longdouble_split2.c -O0 -W -Wall output pattern test, is 1 0 2 0 3 0 4 3.69321e+19 nan nan 1.29073e-231 1.29555e-231 1.41726e-231 8: 0 9 0 10 0 11 2.32383
FAIL: libffi.call/cls_longdouble.c -O0 -W -Wall output pattern test, is 1 2 3 4 5 6 7 8: 2.32383
FAIL: libffi.call/huge_struct.c -O0 -W -Wall output pattern test, is 1 2 3 4 5 6 7 8 9 10 11 0x12345678 1 2 3 4 5 6 7 8 9 10 11 0x12345678 1 2 3 4 5 6 7 8 9 10 3 0x12345678 1 2 3 4 5 6 7 8 262144 10 11 0x3a468acf 0 2: 212 1073911604 41128 1075970048 0 1076101120 2 12884901892 0 0 0 0 9 1076101120 0 1076232192 0 1077215232 0 1311768469162688515 0 0 0 0 9 0 10 1076363264 0 1076494336 4626604192193052672 0 0 0 0 0x9 0 0 10 0 11 1075208192 4613937818241073152 4613937818241073152 0 0 0 0x4 12 1091567620
FAIL: libffi.call/cls_align_longdouble_split.c -O2 output pattern test, is 1 0 2 0 3 0 4 3.69321e+19 nan nan 1.29073e-231 3.60739e-313 nan 1.41687e-231: 8 0 9 0 10 0 11
FAIL: libffi.call/cls_align_longdouble_split2.c -O2 output pattern test, is 1 0 2 0 3 0 4 3.69321e+19 nan nan 1.29073e-231 nan 1.41585e-231 8: 0 9 0 10 0 11 2.32383
FAIL: libffi.call/cls_longdouble.c -O2 output pattern test, is 1 2 3 4 5 6 7 8: 2.32383
FAIL: libffi.call/huge_struct.c -O2 output pattern test, is 1 2 3 4 5 6 7 8 9 10 11 0x12345678 1 2 3 4 5 6 7 8 9 10 11 0x12345678 1 2 3 4 5 6 7 8 9 10 3 0x12345678 1 2 3 4 5 6 7 8 262144 10 11 0x3a468acf 0 2: 212 1073911604 41128 1075970048 0 1076101120 2 12884901892 0 0 0 0 9 1076101120 0 1076232192 0 1077215232 0 1311768469162688515 0 0 0 0 9 0 10 1076363264 0 1076494336 4626604192193052672 0 0 0 0 0x9 0 0 10 0 11 1075208192 4613937818241073152 4613937818241073152 0 0 0 0x4 12 1091567620
FAIL: libffi.call/cls_align_longdouble_split.c -O3 output pattern test, is 1 0 2 0 3 0 4 3.69321e+19 nan nan 1.29073e-231 3.60739e-313 nan 1.41687e-231: 8 0 9 0 10 0 11
FAIL: libffi.call/cls_align_longdouble_split2.c -O3 output pattern test, is 1 0 2 0 3 0 4 3.69321e+19 nan nan 1.29073e-231 nan 1.41585e-231 8: 0 9 0 10 0 11 2.32383
FAIL: libffi.call/cls_longdouble.c -O3 output pattern test, is 1 2 3 4 5 6 7 8: 2.32383
FAIL: libffi.call/huge_struct.c -O3 output pattern test, is 1 2 3 4 5 6 7 8 9 10 11 0x12345678 1 2 3 4 5 6 7 8 9 10 11 0x12345678 1 2 3 4 5 6 7 8 9 10 3 0x12345678 1 2 3 4 5 6 7 8 262144 10 11 0x3a468acf 0 2: 212 1073911604 41128 1075970048 0 1076101120 2 12884901892 0 0 0 0 9 1076101120 0 1076232192 0 1077215232 0 1311768469162688515 0 0 0 0 9 0 10 1076363264 0 1076494336 4626604192193052672 0 0 0 0 0x9 0 0 10 0 11 1075208192 4613937818241073152 4613937818241073152 0 0 0 0x4 12 1091567620
FAIL: libffi.call/cls_align_longdouble_split.c -Os output pattern test, is 1 0 2 0 3 0 4 3.69321e+19 nan nan 1.29077e-231 3.60739e-313 nan 1.41691e-231: 8 0 9 0 10 0 11
FAIL: libffi.call/cls_align_longdouble_split2.c -Os output pattern test, is 1 0 2 0 3 0 4 3.69321e+19 nan nan 1.29077e-231 nan 1.41611e-231 8: 0 9 0 10 0 11 2.32383
FAIL: libffi.call/cls_longdouble.c -Os output pattern test, is 1 2 3 4 5 6 7 8: 2.32383
FAIL: libffi.call/huge_struct.c -Os output pattern test, is 1 2 3 4 5 6 7 8 9 10 11 0x12345678 1 2 3 4 5 6 7 8 9 10 11 0x12345678 1 2 3 4 5 6 7 8 9 10 3 0x12345678 1 2 3 4 5 6 7 8 262144 10 11 0x3a468acf 0 2: 212 1073911604 41128 1075970048 0 1076101120 2 12884901892 0 0 0 0 9 1076101120 0 1076232192 0 1077215232 0 1311768469162688515 0 0 0 0 9 0 10 1076363264 0 1076494336 4626604192193052672 0 0 0 0 0x9 136 0 10 0 11 1075208192 4613937818241073152 4613937818241073152 0 0 0 0x4 12 1091567620
FAIL: libffi.call/cls_align_longdouble_split.c -O2 -fomit-frame-pointer output pattern test, is 1 0 2 0 3 0 4 3.69321e+19 nan nan 1.29073e-231 3.60739e-313 nan 1.41687e-231: 8 0 9 0 10 0 11
FAIL: libffi.call/cls_align_longdouble_split2.c -O2 -fomit-frame-pointer output pattern test, is 1 0 2 0 3 0 4 3.69321e+19 nan nan 1.29073e-231 nan 1.41585e-231 8: 0 9 0 10 0 11 2.32383
FAIL: libffi.call/cls_longdouble.c -O2 -fomit-frame-pointer output pattern test, is 1 2 3 4 5 6 7 8: 2.32383
FAIL: libffi.call/huge_struct.c -O2 -fomit-frame-pointer output pattern test, is 1 2 3 4 5 6 7 8 9 10 11 0x12345678 1 2 3 4 5 6 7 8 9 10 11 0x12345678 1 2 3 4 5 6 7 8 9 10 3 0x12345678 1 2 3 4 5 6 7 8 262144 10 11 0x3a468acf 0 2: 212 1073911604 41128 1075970048 0 1076101120 2 12884901892 0 0 0 0 9 1076101120 0 1076232192 0 1077215232 0 1311768469162688515 0 0 0 0 9 0 10 1076363264 0 1076494336 4626604192193052672 0 0 0 0 0x9 0 0 10 0 11 1075208192 4613937818241073152 4613937818241073152 0 0 0 0x4 12 1091567620
=== libffi Summary for unix/-m32/-fPIC ===
# of expected passes 1604
# of unexpected failures 20
# of expected failures 10
# of unsupported tests 15
Running target unix/-m32/-fpic
FAIL: libffi.call/cls_align_longdouble_split.c -O0 -W -Wall output pattern test, is 1 0 2 0 3 0 4 3.69321e+19 nan nan 1.29079e-231 3.60739e-313 1.29777e-231 1.37969e-231: 8 0 9 0 10 0 11
FAIL: libffi.call/cls_align_longdouble_split2.c -O0 -W -Wall output pattern test, is 1 0 2 0 3 0 4 3.69321e+19 nan nan 1.29079e-231 1.29557e-231 1.37738e-231 8: 0 9 0 10 0 11 2.32383
FAIL: libffi.call/cls_longdouble.c -O0 -W -Wall output pattern test, is 1 2 3 4 5 6 7 8: 2.32383
FAIL: libffi.call/huge_struct.c -O0 -W -Wall output pattern test, is 1 2 3 4 5 6 7 8 9 10 11 0x12345678 1 2 3 4 5 6 7 8 9 10 11 0x12345678 1 2 3 4 5 6 7 8 9 10 3 0x12345678 1 2 3 4 5 6 7 8 262144 10 11 0x3a468acf 0 2: 212 1073911604 41128 1075970048 0 1076101120 2 12884901892 0 0 0 0 9 1076101120 0 1076232192 0 1077215232 0 1311768469162688515 0 0 0 0 9 0 10 1076363264 0 1076494336 4626604192193052672 0 0 0 0 0x9 0 0 10 0 11 1075208192 4613937818241073152 4613937818241073152 0 0 0 0x4 12 1091567620
FAIL: libffi.call/cls_align_longdouble_split.c -O2 output pattern test, is 1 0 2 0 3 0 4 3.69321e+19 nan nan 1.29079e-231 3.60739e-313 nan 1.377e-231: 8 0 9 0 10 0 11
FAIL: libffi.call/cls_align_longdouble_split2.c -O2 output pattern test, is 1 0 2 0 3 0 4 3.69321e+19 nan nan 1.29079e-231 nan 1.37597e-231 8: 0 9 0 10 0 11 2.32383
FAIL: libffi.call/cls_longdouble.c -O2 output pattern test, is 1 2 3 4 5 6 7 8: 2.32383
FAIL: libffi.call/huge_struct.c -O2 output pattern test, is 1 2 3 4 5 6 7 8 9 10 11 0x12345678 1 2 3 4 5 6 7 8 9 10 11 0x12345678 1 2 3 4 5 6 7 8 9 10 3 0x12345678 1 2 3 4 5 6 7 8 262144 10 11 0x3a468acf 0 2: 212 1073911604 41128 1075970048 0 1076101120 2 12884901892 0 0 0 0 9 1076101120 0 1076232192 0 1077215232 0 1311768469162688515 0 0 0 0 9 0 10 1076363264 0 1076494336 4626604192193052672 0 0 0 0 0x9 228 0 10 0 11 1075208192 4613937818241073152 4613937818241073152 0 0 0 0x4 12 1091567620
FAIL: libffi.call/cls_align_longdouble_split.c -O3 output pattern test, is 1 0 2 0 3 0 4 3.69321e+19 nan nan 1.29079e-231 3.60739e-313 nan 1.377e-231: 8 0 9 0 10 0 11
FAIL: libffi.call/cls_align_longdouble_split2.c -O3 output pattern test, is 1 0 2 0 3 0 4 3.69321e+19 nan nan 1.29079e-231 nan 1.37597e-231 8: 0 9 0 10 0 11 2.32383
FAIL: libffi.call/cls_longdouble.c -O3 output pattern test, is 1 2 3 4 5 6 7 8: 2.32383
FAIL: libffi.call/huge_struct.c -O3 output pattern test, is 1 2 3 4 5 6 7 8 9 10 11 0x12345678 1 2 3 4 5 6 7 8 9 10 11 0x12345678 1 2 3 4 5 6 7 8 9 10 3 0x12345678 1 2 3 4 5 6 7 8 262144 10 11 0x3a468acf 0 2: 212 1073911604 41128 1075970048 0 1076101120 2 12884901892 0 0 0 0 9 1076101120 0 1076232192 0 1077215232 0 1311768469162688515 0 0 0 0 9 0 10 1076363264 0 1076494336 4626604192193052672 0 0 0 0 0x9 228 0 10 0 11 1075208192 4613937818241073152 4613937818241073152 0 0 0 0x4 12 1091567620
FAIL: libffi.call/cls_align_longdouble_split.c -Os output pattern test, is 1 0 2 0 3 0 4 3.69321e+19 nan nan 1.29082e-231 3.60739e-313 nan 1.37704e-231: 8 0 9 0 10 0 11
FAIL: libffi.call/cls_align_longdouble_split2.c -Os output pattern test, is 1 0 2 0 3 0 4 3.69321e+19 nan nan 1.29082e-231 nan 1.37625e-231 8: 0 9 0 10 0 11 2.32383
FAIL: libffi.call/cls_longdouble.c -Os output pattern test, is 1 2 3 4 5 6 7 8: 2.32383
FAIL: libffi.call/huge_struct.c -Os output pattern test, is 1 2 3 4 5 6 7 8 9 10 11 0x12345678 1 2 3 4 5 6 7 8 9 10 11 0x12345678 1 2 3 4 5 6 7 8 9 10 3 0x12345678 1 2 3 4 5 6 7 8 262144 10 11 0x3a468acf 0 2: 212 1073911604 41128 1075970048 0 1076101120 2 12884901892 0 0 0 0 9 1076101120 0 1076232192 0 1077215232 0 1311768469162688515 0 0 0 0 9 0 10 1076363264 0 1076494336 4626604192193052672 0 0 0 0 0x9 136 0 10 0 11 1075208192 4613937818241073152 4613937818241073152 0 0 0 0x4 12 1091567620
FAIL: libffi.call/cls_align_longdouble_split.c -O2 -fomit-frame-pointer output pattern test, is 1 0 2 0 3 0 4 3.69321e+19 nan nan 1.29079e-231 3.60739e-313 nan 1.377e-231: 8 0 9 0 10 0 11
FAIL: libffi.call/cls_align_longdouble_split2.c -O2 -fomit-frame-pointer output pattern test, is 1 0 2 0 3 0 4 3.69321e+19 nan nan 1.29079e-231 nan 1.37597e-231 8: 0 9 0 10 0 11 2.32383
FAIL: libffi.call/cls_longdouble.c -O2 -fomit-frame-pointer output pattern test, is 1 2 3 4 5 6 7 8: 2.32383
FAIL: libffi.call/huge_struct.c -O2 -fomit-frame-pointer output pattern test, is 1 2 3 4 5 6 7 8 9 10 11 0x12345678 1 2 3 4 5 6 7 8 9 10 11 0x12345678 1 2 3 4 5 6 7 8 9 10 3 0x12345678 1 2 3 4 5 6 7 8 262144 10 11 0x3a468acf 0 2: 212 1073911604 41128 1075970048 0 1076101120 2 12884901892 0 0 0 0 9 1076101120 0 1076232192 0 1077215232 0 1311768469162688515 0 0 0 0 9 0 10 1076363264 0 1076494336 4626604192193052672 0 0 0 0 0x9 228 0 10 0 11 1075208192 4613937818241073152 4613937818241073152 0 0 0 0x4 12 1091567620
=== libffi Summary for unix/-m32/-fpic ===
# of expected passes 1604
# of unexpected failures 20
# of expected failures 10
# of unsupported tests 15
Running target unix/-m32
FAIL: libffi.call/cls_align_longdouble_split.c -O0 -W -Wall output pattern test, is 1 0 2 0 3 0 4 3.69321e+19 nan nan 1.29073e-231 3.60739e-313 1.29781e-231 7.54707e-232: 8 0 9 0 10 0 11
FAIL: libffi.call/cls_align_longdouble_split2.c -O0 -W -Wall output pattern test, is 1 0 2 0 3 0 4 3.69321e+19 nan nan 1.29073e-231 1.29555e-231 7.54707e-232 8: 0 9 0 10 0 11 2.32383
FAIL: libffi.call/cls_longdouble.c -O0 -W -Wall output pattern test, is 1 2 3 4 5 6 7 8: 2.32383
FAIL: libffi.call/huge_struct.c -O0 -W -Wall output pattern test, is 1 2 3 4 5 6 7 8 9 10 11 0x12345678 1 2 3 4 5 6 7 8 9 10 11 0x12345678 1 2 3 4 5 6 7 8 9 10 3 0x12345678 1 2 3 4 5 6 7 8 262144 10 11 0x3a468acf 0 2: 212 1073911604 41128 1075970048 0 1076101120 2 12884901892 0 0 0 0 9 1076101120 0 1076232192 0 1077215232 0 1311768469162688515 0 0 0 0 9 0 10 1076363264 0 1076494336 4626604192193052672 0 0 0 0 0x9 0 0 10 0 11 1075208192 4613937818241073152 4613937818241073152 0 0 0 0x4 12 1091567620
FAIL: libffi.call/cls_align_longdouble_split.c -O2 output pattern test, is 1 0 2 0 3 0 4 3.69321e+19 nan nan 1.29073e-231 3.60739e-313 nan nan: 8 0 9 0 10 0 11
FAIL: libffi.call/cls_align_longdouble_split2.c -O2 output pattern test, is 1 0 2 0 3 0 4 3.69321e+19 nan nan 1.29073e-231 nan nan 8: 0 9 0 10 0 11 2.32383
FAIL: libffi.call/cls_longdouble.c -O2 output pattern test, is 1 2 3 4 5 6 7 8: 2.32383
FAIL: libffi.call/huge_struct.c -O2 output pattern test, is 1 2 3 4 5 6 7 8 9 10 11 0x12345678 1 2 3 4 5 6 7 8 9 10 11 0x12345678 1 2 3 4 5 6 7 8 9 10 3 0x12345678 1 2 3 4 5 6 7 8 262144 10 11 0x3a468acf 0 2: 212 1073911604 41128 1075970048 0 1076101120 2 12884901892 0 0 0 0 9 1076101120 0 1076232192 0 1077215232 0 1311768469162688515 0 0 0 0 9 0 10 1076363264 0 1076494336 4626604192193052672 0 0 0 0 0x9 228 0 10 0 11 1075208192 4613937818241073152 4613937818241073152 0 0 0 0x4 12 1091567620
FAIL: libffi.call/cls_align_longdouble_split.c -O3 output pattern test, is 1 0 2 0 3 0 4 3.69321e+19 nan nan 1.29073e-231 3.60739e-313 nan nan: 8 0 9 0 10 0 11
FAIL: libffi.call/cls_align_longdouble_split2.c -O3 output pattern test, is 1 0 2 0 3 0 4 3.69321e+19 nan nan 1.29073e-231 nan nan 8: 0 9 0 10 0 11 2.32383
FAIL: libffi.call/cls_longdouble.c -O3 output pattern test, is 1 2 3 4 5 6 7 8: 2.32383
FAIL: libffi.call/huge_struct.c -O3 output pattern test, is 1 2 3 4 5 6 7 8 9 10 11 0x12345678 1 2 3 4 5 6 7 8 9 10 11 0x12345678 1 2 3 4 5 6 7 8 9 10 3 0x12345678 1 2 3 4 5 6 7 8 262144 10 11 0x3a468acf 0 2: 212 1073911604 41128 1075970048 0 1076101120 2 12884901892 0 0 0 0 9 1076101120 0 1076232192 0 1077215232 0 1311768469162688515 0 0 0 0 9 0 10 1076363264 0 1076494336 4626604192193052672 0 0 0 0 0x9 228 0 10 0 11 1075208192 4613937818241073152 4613937818241073152 0 0 0 0x4 12 1091567620
FAIL: libffi.call/cls_align_longdouble_split.c -Os output pattern test, is 1 0 2 0 3 0 4 3.69321e+19 nan nan 1.29077e-231 3.60739e-313 1.29552e-231 nan: 8 0 9 0 10 0 11
FAIL: libffi.call/cls_align_longdouble_split2.c -Os output pattern test, is 1 0 2 0 3 0 4 3.69321e+19 nan nan 1.29077e-231 1.28823e-231 nan 8: 0 9 0 10 0 11 2.32383
FAIL: libffi.call/cls_longdouble.c -Os output pattern test, is 1 2 3 4 5 6 7 8: 2.32383
FAIL: libffi.call/huge_struct.c -Os output pattern test, is 1 2 3 4 5 6 7 8 9 10 11 0x12345678 1 2 3 4 5 6 7 8 9 10 11 0x12345678 1 2 3 4 5 6 7 8 9 10 3 0x12345678 1 2 3 4 5 6 7 8 262144 10 11 0x3a468acf 0 2: 212 1073911604 41128 1075970048 0 1076101120 2 12884901892 0 0 0 0 9 1076101120 0 1076232192 0 1077215232 0 1311768469162688515 0 0 0 0 9 0 10 1076363264 0 1076494336 4626604192193052672 0 0 0 0 0x9 128 0 10 0 11 1075208192 4613937818241073152 4613937818241073152 0 0 0 0x4 12 1091567620
FAIL: libffi.call/cls_align_longdouble_split.c -O2 -fomit-frame-pointer output pattern test, is 1 0 2 0 3 0 4 3.69321e+19 nan nan 1.29073e-231 3.60739e-313 nan nan: 8 0 9 0 10 0 11
FAIL: libffi.call/cls_align_longdouble_split2.c -O2 -fomit-frame-pointer output pattern test, is 1 0 2 0 3 0 4 3.69321e+19 nan nan 1.29073e-231 nan nan 8: 0 9 0 10 0 11 2.32383
FAIL: libffi.call/cls_longdouble.c -O2 -fomit-frame-pointer output pattern test, is 1 2 3 4 5 6 7 8: 2.32383
FAIL: libffi.call/huge_struct.c -O2 -fomit-frame-pointer output pattern test, is 1 2 3 4 5 6 7 8 9 10 11 0x12345678 1 2 3 4 5 6 7 8 9 10 11 0x12345678 1 2 3 4 5 6 7 8 9 10 3 0x12345678 1 2 3 4 5 6 7 8 262144 10 11 0x3a468acf 0 2: 212 1073911604 41128 1075970048 0 1076101120 2 12884901892 0 0 0 0 9 1076101120 0 1076232192 0 1077215232 0 1311768469162688515 0 0 0 0 9 0 10 1076363264 0 1076494336 4626604192193052672 0 0 0 0 0x9 228 0 10 0 11 1075208192 4613937818241073152 4613937818241073152 0 0 0 0x4 12 1091567620
=== libffi Summary for unix/-m32 ===
# of expected passes 1604
# of unexpected failures 20
# of expected failures 10
# of unsupported tests 15
Running target unix/-fPIC
FAIL: libffi.call/cls_align_longdouble_split.c -O0 -W -Wall output pattern test, is 1 0 2 0 3 0 4 8 0 9 0 10 0 11: 1.09415e-314 8.69169e-311 1 0 2 0 3
FAIL: libffi.call/cls_align_longdouble_split2.c -O0 -W -Wall output pattern test, is 1 0 2 0 3 0 4 8 0 9 0 0 11 1.09415e-314: 8.69169e-311 1 0 2 0 3 0
FAIL: libffi.call/cls_longdouble.c -O0 -W -Wall output pattern test, is 1 2 3 4 5 6 7 8: 2.17292e-311
FAIL: libffi.call/huge_struct.c -O0 -W -Wall output pattern test, is 1 2 3 4 5 6 7 8 9 10 11 0x4022000000000000 1 2 3 4 5 6 7 8 262144 10 11 0x4022000000000000 0 2 3 4 5 6 7 8 262144 10 11 0x4022000000000000 0 0 3 4 5 6 7 8 0 10 11 0 1 2: 0 0 0 0 2 3 4 5 0 0 0 0x9 0 0 0 0 2 4 5 6 0 0 0 0xa 42 0 0 0 0 4 6 7 0 0 0 0xb 67 3 0 0 0 0 6 8 0 0 0 0xc 5 4
FAIL: libffi.call/cls_align_longdouble_split.c -O2 output pattern test, is 1 0 2 0 3 0 4 8 0 9 0 10 0 11: 1.09415e-314 8.69169e-311 1 0 2 0 3
FAIL: libffi.call/cls_align_longdouble_split2.c -O2 output pattern test, is 1 0 2 0 3 0 4 8 0 9 0 0 11 1.09415e-314: 8.69169e-311 1 0 2 0 3 0
FAIL: libffi.call/cls_longdouble.c -O2 output pattern test, is 1 2 3 4 5 6 7 8: 2.17292e-311
FAIL: libffi.call/huge_struct.c -O2 output pattern test, is 1 2 3 4 5 6 7 8 9 10 11 0x4022000000000000 1 2 3 4 5 6 7 8 262144 10 11 0x4022000000000000 0 2 3 4 5 6 7 8 262144 10 11 0x4022000000000000 0 0 3 4 5 6 7 8 0 10 11 0x88000422 1 2: 0 0 0 0 2 3 4 5 0 0 0 0x9 0 0 0 0 2 4 5 6 0 0 0 0xa 2 0 0 0 0 4 6 7 0 0 0 0xb 19 3 0 0 0 0 6 8 0 0 0 0xc 4 4
FAIL: libffi.call/cls_align_longdouble_split.c -O3 output pattern test, is 1 0 2 0 3 0 4 8 0 9 0 10 0 11: 1.09415e-314 8.69169e-311 1 0 2 0 3
FAIL: libffi.call/cls_align_longdouble_split2.c -O3 output pattern test, is 1 0 2 0 3 0 4 8 0 9 0 0 11 1.09415e-314: 8.69169e-311 1 0 2 0 3 0
FAIL: libffi.call/cls_longdouble.c -O3 output pattern test, is 1 2 3 4 5 6 7 8: 2.17292e-311
FAIL: libffi.call/huge_struct.c -O3 output pattern test, is 1 2 3 4 5 6 7 8 9 10 11 0x4022000000000000 1 2 3 4 5 6 7 8 262144 10 11 0x4022000000000000 0 2 3 4 5 6 7 8 262144 10 11 0x4022000000000000 0 0 3 4 5 6 7 8 0 10 11 0x88000422 1 2: 0 0 0 0 2 3 4 5 0 0 0 0x9 0 0 0 0 2 4 5 6 0 0 0 0xa 2 0 0 0 0 4 6 7 0 0 0 0xb 19 3 0 0 0 0 6 8 0 0 0 0xc 4 4
FAIL: libffi.call/cls_align_longdouble_split.c -Os output pattern test, is 1 0 2 0 3 0 4 8 0 9 0 10 0 11: 1.09415e-314 8.69169e-311 1 0 2 0 3
FAIL: libffi.call/cls_align_longdouble_split2.c -Os output pattern test, is 1 0 2 0 3 0 4 8 0 9 0 0 11 1.09415e-314: 8.69169e-311 1 0 2 0 3 0
FAIL: libffi.call/cls_longdouble.c -Os output pattern test, is 1 2 3 4 5 6 7 8: 2.17292e-311
FAIL: libffi.call/huge_struct.c -Os output pattern test, is 1 2 3 4 5 6 7 8 9 10 11 0x4022000000000000 1 2 3 4 5 6 7 8 262144 10 11 0x4022000000000000 0 2 3 4 5 6 7 8 262144 10 11 0x4022000000000000 0 0 3 4 5 6 7 8 0 10 11 0x88000422 1 2: 0 0 0 0 2 3 4 5 0 0 0 0x9 0 0 0 0 2 4 5 6 0 0 0 0xa 2 0 0 0 0 4 6 7 0 0 0 0xb 67 3 0 0 0 0 6 8 0 0 0 0xc 5 4
FAIL: libffi.call/cls_align_longdouble_split.c -O2 -fomit-frame-pointer output pattern test, is 1 0 2 0 3 0 4 8 0 9 0 10 0 11: 1.09415e-314 8.69169e-311 1 0 2 0 3
FAIL: libffi.call/cls_align_longdouble_split2.c -O2 -fomit-frame-pointer output pattern test, is 1 0 2 0 3 0 4 8 0 9 0 0 11 1.09415e-314: 8.69169e-311 1 0 2 0 3 0
FAIL: libffi.call/cls_longdouble.c -O2 -fomit-frame-pointer output pattern test, is 1 2 3 4 5 6 7 8: 2.17292e-311
FAIL: libffi.call/huge_struct.c -O2 -fomit-frame-pointer output pattern test, is 1 2 3 4 5 6 7 8 9 10 11 0x4022000000000000 1 2 3 4 5 6 7 8 262144 10 11 0x4022000000000000 0 2 3 4 5 6 7 8 262144 10 11 0x4022000000000000 0 0 3 4 5 6 7 8 0 10 11 0x88000422 1 2: 0 0 0 0 2 3 4 5 0 0 0 0x9 0 0 0 0 2 4 5 6 0 0 0 0xa 2 0 0 0 0 4 6 7 0 0 0 0xb 19 3 0 0 0 0 6 8 0 0 0 0xc 4 4
=== libffi Summary for unix/-fPIC ===
# of expected passes 1604
# of unexpected failures 20
# of expected failures 10
# of unsupported tests 15
Running target unix/-fpic
FAIL: libffi.call/cls_align_longdouble_split.c -O0 -W -Wall output pattern test, is 1 0 2 0 3 0 4 8 0 9 0 10 0 11: 1.09415e-314 8.69169e-311 1 0 2 0 3
FAIL: libffi.call/cls_align_longdouble_split2.c -O0 -W -Wall output pattern test, is 1 0 2 0 3 0 4 8 0 9 0 0 11 1.09415e-314: 8.69169e-311 1 0 2 0 3 0
FAIL: libffi.call/cls_longdouble.c -O0 -W -Wall output pattern test, is 1 2 3 4 5 6 7 8: 2.17292e-311
FAIL: libffi.call/huge_struct.c -O0 -W -Wall output pattern test, is 1 2 3 4 5 6 7 8 9 10 11 0x4022000000000000 1 2 3 4 5 6 7 8 262144 10 11 0x4022000000000000 0 2 3 4 5 6 7 8 262144 10 11 0x4022000000000000 0 0 3 4 5 6 7 8 0 10 11 0 1 2: 0 0 0 0 2 3 4 5 0 0 0 0x9 0 0 0 0 2 4 5 6 0 0 0 0xa 42 0 0 0 0 4 6 7 0 0 0 0xb 67 3 0 0 0 0 6 8 0 0 0 0xc 5 4
FAIL: libffi.call/cls_align_longdouble_split.c -O2 output pattern test, is 1 0 2 0 3 0 4 8 0 9 0 10 0 11: 1.09415e-314 8.69169e-311 1 0 2 0 3
FAIL: libffi.call/cls_align_longdouble_split2.c -O2 output pattern test, is 1 0 2 0 3 0 4 8 0 9 0 0 11 1.09415e-314: 8.69169e-311 1 0 2 0 3 0
FAIL: libffi.call/cls_longdouble.c -O2 output pattern test, is 1 2 3 4 5 6 7 8: 2.17292e-311
FAIL: libffi.call/huge_struct.c -O2 output pattern test, is 1 2 3 4 5 6 7 8 9 10 11 0x4022000000000000 1 2 3 4 5 6 7 8 262144 10 11 0x4022000000000000 0 2 3 4 5 6 7 8 262144 10 11 0x4022000000000000 0 0 3 4 5 6 7 8 0 10 11 0x88000422 1 2: 0 0 0 0 2 3 4 5 0 0 0 0x9 0 0 0 0 2 4 5 6 0 0 0 0xa 2 0 0 0 0 4 6 7 0 0 0 0xb 19 3 0 0 0 0 6 8 0 0 0 0xc 4 4
FAIL: libffi.call/cls_align_longdouble_split.c -O3 output pattern test, is 1 0 2 0 3 0 4 8 0 9 0 10 0 11: 1.09415e-314 8.69169e-311 1 0 2 0 3
FAIL: libffi.call/cls_align_longdouble_split2.c -O3 output pattern test, is 1 0 2 0 3 0 4 8 0 9 0 0 11 1.09415e-314: 8.69169e-311 1 0 2 0 3 0
FAIL: libffi.call/cls_longdouble.c -O3 output pattern test, is 1 2 3 4 5 6 7 8: 2.17292e-311
FAIL: libffi.call/huge_struct.c -O3 output pattern test, is 1 2 3 4 5 6 7 8 9 10 11 0x4022000000000000 1 2 3 4 5 6 7 8 262144 10 11 0x4022000000000000 0 2 3 4 5 6 7 8 262144 10 11 0x4022000000000000 0 0 3 4 5 6 7 8 0 10 11 0x88000422 1 2: 0 0 0 0 2 3 4 5 0 0 0 0x9 0 0 0 0 2 4 5 6 0 0 0 0xa 2 0 0 0 0 4 6 7 0 0 0 0xb 19 3 0 0 0 0 6 8 0 0 0 0xc 4 4
FAIL: libffi.call/cls_align_longdouble_split.c -Os output pattern test, is 1 0 2 0 3 0 4 8 0 9 0 10 0 11: 1.09415e-314 8.69169e-311 1 0 2 0 3
FAIL: libffi.call/cls_align_longdouble_split2.c -Os output pattern test, is 1 0 2 0 3 0 4 8 0 9 0 0 11 1.09415e-314: 8.69169e-311 1 0 2 0 3 0
FAIL: libffi.call/cls_longdouble.c -Os output pattern test, is 1 2 3 4 5 6 7 8: 2.17292e-311
FAIL: libffi.call/huge_struct.c -Os output pattern test, is 1 2 3 4 5 6 7 8 9 10 11 0x4022000000000000 1 2 3 4 5 6 7 8 262144 10 11 0x4022000000000000 0 2 3 4 5 6 7 8 262144 10 11 0x4022000000000000 0 0 3 4 5 6 7 8 0 10 11 0x88000422 1 2: 0 0 0 0 2 3 4 5 0 0 0 0x9 0 0 0 0 2 4 5 6 0 0 0 0xa 2 0 0 0 0 4 6 7 0 0 0 0xb 67 3 0 0 0 0 6 8 0 0 0 0xc 5 4
FAIL: libffi.call/cls_align_longdouble_split.c -O2 -fomit-frame-pointer output pattern test, is 1 0 2 0 3 0 4 8 0 9 0 10 0 11: 1.09415e-314 8.69169e-311 1 0 2 0 3
FAIL: libffi.call/cls_align_longdouble_split2.c -O2 -fomit-frame-pointer output pattern test, is 1 0 2 0 3 0 4 8 0 9 0 0 11 1.09415e-314: 8.69169e-311 1 0 2 0 3 0
FAIL: libffi.call/cls_longdouble.c -O2 -fomit-frame-pointer output pattern test, is 1 2 3 4 5 6 7 8: 2.17292e-311
FAIL: libffi.call/huge_struct.c -O2 -fomit-frame-pointer output pattern test, is 1 2 3 4 5 6 7 8 9 10 11 0x4022000000000000 1 2 3 4 5 6 7 8 262144 10 11 0x4022000000000000 0 2 3 4 5 6 7 8 262144 10 11 0x4022000000000000 0 0 3 4 5 6 7 8 0 10 11 0x88000422 1 2: 0 0 0 0 2 3 4 5 0 0 0 0x9 0 0 0 0 2 4 5 6 0 0 0 0xa 2 0 0 0 0 4 6 7 0 0 0 0xb 19 3 0 0 0 0 6 8 0 0 0 0xc 4 4
=== libffi Summary for unix/-fpic ===
# of expected passes 1604
# of unexpected failures 20
# of expected failures 10
# of unsupported tests 15
Running target unix
FAIL: libffi.call/cls_align_longdouble_split.c -O0 -W -Wall output pattern test, is 1 0 2 0 3 0 4 8 0 9 0 10 0 11: 1.09415e-314 8.69169e-311 1 0 2 0 3
FAIL: libffi.call/cls_align_longdouble_split2.c -O0 -W -Wall output pattern test, is 1 0 2 0 3 0 4 8 0 9 0 0 11 1.09415e-314: 8.69169e-311 1 0 2 0 3 0
FAIL: libffi.call/cls_longdouble.c -O0 -W -Wall output pattern test, is 1 2 3 4 5 6 7 8: 2.17292e-311
FAIL: libffi.call/huge_struct.c -O0 -W -Wall output pattern test, is 1 2 3 4 5 6 7 8 9 10 11 0x4022000000000000 1 2 3 4 5 6 7 8 262144 10 11 0x4022000000000000 0 2 3 4 5 6 7 8 262144 10 11 0x4022000000000000 0 0 3 4 5 6 7 8 0 10 11 0 1 2: 0 0 0 0 2 3 4 5 0 0 0 0x9 0 0 0 0 2 4 5 6 0 0 0 0xa 42 0 0 0 0 4 6 7 0 0 0 0xb 67 3 0 0 0 0 6 8 0 0 0 0xc 5 4
FAIL: libffi.call/cls_align_longdouble_split.c -O2 output pattern test, is 1 0 2 0 3 0 4 8 0 9 0 10 0 11: 1.09415e-314 8.69169e-311 1 0 2 0 3
FAIL: libffi.call/cls_align_longdouble_split2.c -O2 output pattern test, is 1 0 2 0 3 0 4 8 0 9 0 0 11 1.09415e-314: 8.69169e-311 1 0 2 0 3 0
FAIL: libffi.call/cls_longdouble.c -O2 output pattern test, is 1 2 3 4 5 6 7 8: 2.17292e-311
FAIL: libffi.call/huge_struct.c -O2 output pattern test, is 1 2 3 4 5 6 7 8 9 10 11 0x4022000000000000 1 2 3 4 5 6 7 8 262144 10 11 0x4022000000000000 0 2 3 4 5 6 7 8 262144 10 11 0x4022000000000000 0 0 3 4 5 6 7 8 0 10 11 0x82000422 1 2: 0 0 0 0 2 3 4 5 0 0 0 0x9 0 0 0 0 2 4 5 6 0 0 0 0xa 2 0 0 0 0 4 6 7 0 0 0 0xb 35 3 0 0 0 0 6 8 0 0 0 0xc 4 4
FAIL: libffi.call/cls_align_longdouble_split.c -O3 output pattern test, is 1 0 2 0 3 0 4 8 0 9 0 10 0 11: 1.09415e-314 8.69169e-311 1 0 2 0 3
FAIL: libffi.call/cls_align_longdouble_split2.c -O3 output pattern test, is 1 0 2 0 3 0 4 8 0 9 0 0 11 1.09415e-314: 8.69169e-311 1 0 2 0 3 0
FAIL: libffi.call/cls_longdouble.c -O3 output pattern test, is 1 2 3 4 5 6 7 8: 2.17292e-311
FAIL: libffi.call/huge_struct.c -O3 output pattern test, is 1 2 3 4 5 6 7 8 9 10 11 0x4022000000000000 1 2 3 4 5 6 7 8 262144 10 11 0x4022000000000000 0 2 3 4 5 6 7 8 262144 10 11 0x4022000000000000 0 0 3 4 5 6 7 8 0 10 11 0x82000422 1 2: 0 0 0 0 2 3 4 5 0 0 0 0x9 0 0 0 0 2 4 5 6 0 0 0 0xa 2 0 0 0 0 4 6 7 0 0 0 0xb 35 3 0 0 0 0 6 8 0 0 0 0xc 4 4
FAIL: libffi.call/cls_align_longdouble_split.c -Os output pattern test, is 1 0 2 0 3 0 4 8 0 9 0 10 0 11: 1.09415e-314 8.69169e-311 1 0 2 0 3
FAIL: libffi.call/cls_align_longdouble_split2.c -Os output pattern test, is 1 0 2 0 3 0 4 8 0 9 0 0 11 1.09415e-314: 8.69169e-311 1 0 2 0 3 0
FAIL: libffi.call/cls_longdouble.c -Os output pattern test, is 1 2 3 4 5 6 7 8: 2.17292e-311
FAIL: libffi.call/huge_struct.c -Os output pattern test, is 1 2 3 4 5 6 7 8 9 10 11 0x4022000000000000 1 2 3 4 5 6 7 8 262144 10 11 0x4022000000000000 0 2 3 4 5 6 7 8 262144 10 11 0x4022000000000000 0 0 3 4 5 6 7 8 0 10 11 0x88000422 1 2: 0 0 0 0 2 3 4 5 0 0 0 0x9 0 0 0 0 2 4 5 6 0 0 0 0xa 2 0 0 0 0 4 6 7 0 0 0 0xb 67 3 0 0 0 0 6 8 0 0 0 0xc 5 4
FAIL: libffi.call/cls_align_longdouble_split.c -O2 -fomit-frame-pointer output pattern test, is 1 0 2 0 3 0 4 8 0 9 0 10 0 11: 1.09415e-314 8.69169e-311 1 0 2 0 3
FAIL: libffi.call/cls_align_longdouble_split2.c -O2 -fomit-frame-pointer output pattern test, is 1 0 2 0 3 0 4 8 0 9 0 0 11 1.09415e-314: 8.69169e-311 1 0 2 0 3 0
FAIL: libffi.call/cls_longdouble.c -O2 -fomit-frame-pointer output pattern test, is 1 2 3 4 5 6 7 8: 2.17292e-311
FAIL: libffi.call/huge_struct.c -O2 -fomit-frame-pointer output pattern test, is 1 2 3 4 5 6 7 8 9 10 11 0x4022000000000000 1 2 3 4 5 6 7 8 262144 10 11 0x4022000000000000 0 2 3 4 5 6 7 8 262144 10 11 0x4022000000000000 0 0 3 4 5 6 7 8 0 10 11 0x82000422 1 2: 0 0 0 0 2 3 4 5 0 0 0 0x9 0 0 0 0 2 4 5 6 0 0 0 0xa 2 0 0 0 0 4 6 7 0 0 0 0xb 35 3 0 0 0 0 6 8 0 0 0 0xc 4 4
=== libffi Summary for unix ===
# of expected passes 1604
# of unexpected failures 20
# of expected failures 10
# of unsupported tests 15
=== libffi Summary ===
# of expected passes 9624
# of unexpected failures 120
# of expected failures 60
# of unsupported tests 90
=== libjava tests ===
Running target unix/-m32/-fPIC
=== libjava Summary for unix/-m32/-fPIC ===
# of expected passes 2574
Running target unix/-m32/-fpic
=== libjava Summary for unix/-m32/-fpic ===
# of expected passes 2574
Running target unix/-m32
=== libjava Summary for unix/-m32 ===
# of expected passes 2574
Running target unix/-fPIC
FAIL: getlocalvartable output
=== libjava Summary for unix/-fPIC ===
# of expected passes 2573
# of unexpected failures 1
Running target unix/-fpic
FAIL: getlocalvartable output
=== libjava Summary for unix/-fpic ===
# of expected passes 2573
# of unexpected failures 1
Running target unix
FAIL: getlocalvartable output
=== libjava Summary for unix ===
# of expected passes 2573
# of unexpected failures 1
=== libjava Summary ===
# of expected passes 15441
# of unexpected failures 3
=== libmudflap tests ===
Running target unix/-m32/-fPIC
FAIL: libmudflap.c++/pass41-frag.cxx (test for excess errors)
FAIL: libmudflap.c++/pass41-frag.cxx execution test
FAIL: libmudflap.c++/pass57-frag.cxx (test for excess errors)
FAIL: libmudflap.c++/pass41-frag.cxx (-static) (test for excess errors)
FAIL: libmudflap.c++/pass41-frag.cxx (-static) execution test
FAIL: libmudflap.c++/pass57-frag.cxx (-static) (test for excess errors)
FAIL: libmudflap.c++/pass41-frag.cxx ( -O) (test for excess errors)
FAIL: libmudflap.c++/pass41-frag.cxx ( -O) execution test
FAIL: libmudflap.c++/pass57-frag.cxx ( -O) (test for excess errors)
FAIL: libmudflap.c++/pass41-frag.cxx (-O2) (test for excess errors)
FAIL: libmudflap.c++/pass41-frag.cxx (-O2) execution test
FAIL: libmudflap.c++/pass57-frag.cxx (-O2) (test for excess errors)
FAIL: libmudflap.c++/pass41-frag.cxx (-O3) (test for excess errors)
FAIL: libmudflap.c++/pass41-frag.cxx (-O3) execution test
FAIL: libmudflap.c++/pass57-frag.cxx (-O3) (test for excess errors)
=== libmudflap Summary for unix/-m32/-fPIC ===
# of expected passes 1879
# of unexpected failures 15
Running target unix/-m32/-fpic
FAIL: libmudflap.c++/pass41-frag.cxx (test for excess errors)
FAIL: libmudflap.c++/pass41-frag.cxx execution test
FAIL: libmudflap.c++/pass57-frag.cxx (test for excess errors)
FAIL: libmudflap.c++/pass41-frag.cxx (-static) (test for excess errors)
FAIL: libmudflap.c++/pass41-frag.cxx (-static) execution test
FAIL: libmudflap.c++/pass57-frag.cxx (-static) (test for excess errors)
FAIL: libmudflap.c++/pass41-frag.cxx ( -O) (test for excess errors)
FAIL: libmudflap.c++/pass41-frag.cxx ( -O) execution test
FAIL: libmudflap.c++/pass57-frag.cxx ( -O) (test for excess errors)
FAIL: libmudflap.c++/pass41-frag.cxx (-O2) (test for excess errors)
FAIL: libmudflap.c++/pass41-frag.cxx (-O2) execution test
FAIL: libmudflap.c++/pass57-frag.cxx (-O2) (test for excess errors)
FAIL: libmudflap.c++/pass41-frag.cxx (-O3) (test for excess errors)
FAIL: libmudflap.c++/pass41-frag.cxx (-O3) execution test
FAIL: libmudflap.c++/pass57-frag.cxx (-O3) (test for excess errors)
=== libmudflap Summary for unix/-m32/-fpic ===
# of expected passes 1879
# of unexpected failures 15
Running target unix/-m32
FAIL: libmudflap.c/fail31-frag.c (-O3) crash test
FAIL: libmudflap.c/fail31-frag.c (-O3) output pattern test
FAIL: libmudflap.c/pass45-frag.c (-O3) execution test
FAIL: libmudflap.c/pass45-frag.c (-O3) output pattern test
FAIL: libmudflap.c/pass45-frag.c (-O3) execution test
FAIL: libmudflap.c/pass45-frag.c (-O3) output pattern test
FAIL: libmudflap.c++/pass41-frag.cxx (test for excess errors)
FAIL: libmudflap.c++/pass41-frag.cxx execution test
FAIL: libmudflap.c++/pass57-frag.cxx (test for excess errors)
FAIL: libmudflap.c++/pass41-frag.cxx (-static) (test for excess errors)
FAIL: libmudflap.c++/pass41-frag.cxx (-static) execution test
FAIL: libmudflap.c++/pass57-frag.cxx (-static) (test for excess errors)
FAIL: libmudflap.c++/pass41-frag.cxx ( -O) (test for excess errors)
FAIL: libmudflap.c++/pass41-frag.cxx ( -O) execution test
FAIL: libmudflap.c++/pass57-frag.cxx ( -O) (test for excess errors)
FAIL: libmudflap.c++/pass41-frag.cxx (-O2) (test for excess errors)
FAIL: libmudflap.c++/pass41-frag.cxx (-O2) execution test
FAIL: libmudflap.c++/pass57-frag.cxx (-O2) (test for excess errors)
FAIL: libmudflap.c++/pass41-frag.cxx (-O3) (test for excess errors)
FAIL: libmudflap.c++/pass41-frag.cxx (-O3) execution test
FAIL: libmudflap.c++/pass57-frag.cxx (-O3) (test for excess errors)
=== libmudflap Summary for unix/-m32 ===
# of expected passes 1873
# of unexpected failures 21
Running target unix/-fPIC
FAIL: libmudflap.c++/pass41-frag.cxx (test for excess errors)
FAIL: libmudflap.c++/pass41-frag.cxx execution test
FAIL: libmudflap.c++/pass57-frag.cxx (test for excess errors)
FAIL: libmudflap.c++/pass41-frag.cxx (-static) (test for excess errors)
FAIL: libmudflap.c++/pass41-frag.cxx (-static) execution test
FAIL: libmudflap.c++/pass57-frag.cxx (-static) (test for excess errors)
FAIL: libmudflap.c++/pass41-frag.cxx ( -O) (test for excess errors)
FAIL: libmudflap.c++/pass41-frag.cxx ( -O) execution test
FAIL: libmudflap.c++/pass57-frag.cxx ( -O) (test for excess errors)
FAIL: libmudflap.c++/pass41-frag.cxx (-O2) (test for excess errors)
FAIL: libmudflap.c++/pass41-frag.cxx (-O2) execution test
FAIL: libmudflap.c++/pass57-frag.cxx (-O2) (test for excess errors)
FAIL: libmudflap.c++/pass41-frag.cxx (-O3) (test for excess errors)
FAIL: libmudflap.c++/pass41-frag.cxx (-O3) execution test
FAIL: libmudflap.c++/pass57-frag.cxx (-O3) (test for excess errors)
=== libmudflap Summary for unix/-fPIC ===
# of expected passes 1879
# of unexpected failures 15
Running target unix/-fpic
FAIL: libmudflap.c++/pass41-frag.cxx (test for excess errors)
FAIL: libmudflap.c++/pass41-frag.cxx execution test
FAIL: libmudflap.c++/pass57-frag.cxx (test for excess errors)
FAIL: libmudflap.c++/pass41-frag.cxx (-static) (test for excess errors)
FAIL: libmudflap.c++/pass41-frag.cxx (-static) execution test
FAIL: libmudflap.c++/pass57-frag.cxx (-static) (test for excess errors)
FAIL: libmudflap.c++/pass41-frag.cxx ( -O) (test for excess errors)
FAIL: libmudflap.c++/pass41-frag.cxx ( -O) execution test
FAIL: libmudflap.c++/pass57-frag.cxx ( -O) (test for excess errors)
FAIL: libmudflap.c++/pass41-frag.cxx (-O2) (test for excess errors)
FAIL: libmudflap.c++/pass41-frag.cxx (-O2) execution test
FAIL: libmudflap.c++/pass57-frag.cxx (-O2) (test for excess errors)
FAIL: libmudflap.c++/pass41-frag.cxx (-O3) (test for excess errors)
FAIL: libmudflap.c++/pass41-frag.cxx (-O3) execution test
FAIL: libmudflap.c++/pass57-frag.cxx (-O3) (test for excess errors)
=== libmudflap Summary for unix/-fpic ===
# of expected passes 1879
# of unexpected failures 15
Running target unix
FAIL: libmudflap.c/fail31-frag.c (-O3) crash test
FAIL: libmudflap.c/fail31-frag.c (-O3) output pattern test
FAIL: libmudflap.c/pass45-frag.c (-O3) execution test
FAIL: libmudflap.c/pass45-frag.c (-O3) output pattern test
FAIL: libmudflap.c/pass45-frag.c (-O3) execution test
FAIL: libmudflap.c/pass45-frag.c (-O3) output pattern test
FAIL: libmudflap.c++/pass41-frag.cxx (test for excess errors)
FAIL: libmudflap.c++/pass41-frag.cxx execution test
FAIL: libmudflap.c++/pass57-frag.cxx (test for excess errors)
FAIL: libmudflap.c++/pass41-frag.cxx (-static) (test for excess errors)
FAIL: libmudflap.c++/pass41-frag.cxx (-static) execution test
FAIL: libmudflap.c++/pass57-frag.cxx (-static) (test for excess errors)
FAIL: libmudflap.c++/pass41-frag.cxx ( -O) (test for excess errors)
FAIL: libmudflap.c++/pass41-frag.cxx ( -O) execution test
FAIL: libmudflap.c++/pass57-frag.cxx ( -O) (test for excess errors)
FAIL: libmudflap.c++/pass41-frag.cxx (-O2) (test for excess errors)
FAIL: libmudflap.c++/pass41-frag.cxx (-O2) execution test
FAIL: libmudflap.c++/pass57-frag.cxx (-O2) (test for excess errors)
FAIL: libmudflap.c++/pass41-frag.cxx (-O3) (test for excess errors)
FAIL: libmudflap.c++/pass41-frag.cxx (-O3) execution test
FAIL: libmudflap.c++/pass57-frag.cxx (-O3) (test for excess errors)
=== libmudflap Summary for unix ===
# of expected passes 1873
# of unexpected failures 21
=== libmudflap Summary ===
# of expected passes 11262
# of unexpected failures 102
=== libstdc++ tests ===
Running target unix/-m32/-fPIC
FAIL: abi_check
=== libstdc++ Summary for unix/-m32/-fPIC ===
# of expected passes 7052
# of unexpected failures 1
# of expected failures 95
# of unsupported tests 341
Running target unix/-m32/-fpic
FAIL: abi_check
=== libstdc++ Summary for unix/-m32/-fpic ===
# of expected passes 7052
# of unexpected failures 1
# of expected failures 95
# of unsupported tests 341
Running target unix/-m32
FAIL: abi_check
=== libstdc++ Summary for unix/-m32 ===
# of expected passes 7052
# of unexpected failures 1
# of expected failures 95
# of unsupported tests 341
Running target unix/-fPIC
FAIL: abi_check
=== libstdc++ Summary for unix/-fPIC ===
# of expected passes 7052
# of unexpected failures 1
# of expected failures 95
# of unsupported tests 341
Running target unix/-fpic
FAIL: abi_check
=== libstdc++ Summary for unix/-fpic ===
# of expected passes 7052
# of unexpected failures 1
# of expected failures 95
# of unsupported tests 341
Running target unix
FAIL: abi_check
=== libstdc++ Summary for unix ===
# of expected passes 7052
# of unexpected failures 1
# of expected failures 95
# of unsupported tests 341
=== libstdc++ Summary ===
# of expected passes 42312
# of unexpected failures 6
# of expected failures 570
# of unsupported tests 2046
Compiler version: 4.6.0 20100413 (experimental) [trunk revision 158285] (GCC)
Platform: powerpc64-unknown-linux-gnu
configure flags: --enable-languages=c,c++,objc,f95,obj-c++,java --disable-libgomp --with-mpc=/opt/cfarm/mpc-0.8-64 --with-mpfr=/opt/cfarm/mpfr-2.4.1-64 --with-gmp=/opt/cfarm/gmp-4.2.4-64