This is the mail archive of the
gcc-testresults@gcc.gnu.org
mailing list for the GCC project.
Results for 4.6.0 20100414 (experimental) [trunk revision 158289] (GCC) testsuite on i686-apple-darwin9
- From: dave at hiauly1 dot hia dot nrc dot ca (John David Anglin)
- To: dave at hiauly1 dot hia dot nrc dot ca, gcc-testresults at gcc dot gnu dot org
- Date: Thu, 15 Apr 2010 20:57:44 -0400 (EDT)
- Subject: Results for 4.6.0 20100414 (experimental) [trunk revision 158289] (GCC) testsuite on i686-apple-darwin9
LAST_UPDATED: Wed 14 Apr 2010 01:07:36 UTC (revision 158289)
=== acats tests ===
=== acats Summary ===
# of expected passes 2321
# of unexpected failures 0
Native configuration is i686-apple-darwin9
=== g++ tests ===
Running target unix
WARNING: Could not compile g++.dg/compat/struct-layout-1 generator
FAIL: g++.dg/abi/mangle40.C scan-assembler weak[^\\n]*_Z1fIDv4_fEvT_
FAIL: g++.dg/abi/mangle40.C scan-assembler weak[^\\n]*_ZN1AIDv4_fE1tE
WARNING: g++.dg/ext/label13.C compilation failed to produce executable
=== g++ Summary ===
# of expected passes 21626
# of unexpected failures 2
# of expected failures 150
# of unsupported tests 179
/Users/dave/gnu/gcc/objdir/gcc/testsuite/g++/../../g++ version 4.6.0 20100414 (experimental) [trunk revision 158289] (GCC)
=== gcc tests ===
Running target unix
WARNING: Could not compile gcc.dg/compat/struct-layout-1 generator
FAIL: gcc.dg/debug/dwarf2/aranges-fnsec-1.c scan-assembler DW_AT_ranges
FAIL: gcc.dg/plugindir1.c (test for excess errors)
FAIL: gcc.dg/plugindir2.c (test for excess errors)
FAIL: gcc.dg/plugindir3.c (test for excess errors)
FAIL: gcc.dg/plugindir4.c (test for excess errors)
FAIL: gcc.dg/pr34668-1.c (internal compiler error)
FAIL: gcc.dg/pr34668-1.c (test for excess errors)
FAIL: gcc.dg/pragma-darwin.c (test for excess errors)
=== gcc Summary ===
# of expected passes 59121
# of unexpected failures 8
# of expected failures 166
# of unsupported tests 1186
/Users/dave/gnu/gcc/objdir/gcc/xgcc version 4.6.0 20100414 (experimental) [trunk revision 158289] (GCC)
=== gfortran tests ===
Running target unix
=== gfortran Summary ===
# of expected passes 33872
# of expected failures 28
# of unsupported tests 143
/Users/dave/gnu/gcc/objdir/gcc/testsuite/gfortran/../../gfortran version 4.6.0 20100414 (experimental) [trunk revision 158289] (GCC)
=== gnat tests ===
Running target unix
=== gnat Summary ===
# of expected passes 769
# of expected failures 7
=== obj-c++ tests ===
Running target unix
FAIL: obj-c++.dg/const-str-5.mm -fgnu-runtime (test for excess errors)
FAIL: obj-c++.dg/const-str-6.mm -fgnu-runtime (test for excess errors)
WARNING: obj-c++.dg/lookup-2.mm -fgnu-runtime compilation failed to produce executable
FAIL: obj-c++.dg/stubify-2.mm -fgnu-runtime (test for excess errors)
ERROR: obj-c++.dg/stubify-2.mm: error executing dg-final: couldn't open "stubify-2.mm.147r.jump": no such file or directory
UNRESOLVED: obj-c++.dg/stubify-2.mm: error executing dg-final: couldn't open "stubify-2.mm.147r.jump": no such file or directory
WARNING: obj-c++.dg/try-catch-2.mm -fgnu-runtime compilation failed to produce executable
WARNING: obj-c++.dg/try-catch-9.mm -fgnu-runtime compilation failed to produce executable
FAIL: obj-c++.dg/const-str-5.mm -fnext-runtime (test for excess errors)
FAIL: obj-c++.dg/const-str-6.mm -fnext-runtime (test for excess errors)
FAIL: obj-c++.dg/cxx-ivars-3.mm -fnext-runtime execution test
FAIL: obj-c++.dg/stubify-2.mm -fnext-runtime (test for excess errors)
ERROR: obj-c++.dg/stubify-2.mm: error executing dg-final: couldn't open "stubify-2.mm.147r.jump": no such file or directory
UNRESOLVED: obj-c++.dg/stubify-2.mm: error executing dg-final: couldn't open "stubify-2.mm.147r.jump": no such file or directory
=== obj-c++ Summary ===
# of expected passes 903
# of unexpected failures 7
# of expected failures 9
# of unresolved testcases 2
# of unsupported tests 11
/Users/dave/gnu/gcc/objdir/gcc/testsuite/obj-c++/../../g++ version 4.6.0 20100414 (experimental) [trunk revision 158289] (GCC)
=== objc tests ===
Running target unix
FAIL: objc/execute/exceptions/catchall-1.m execution, -O3 -fomit-frame-pointer -fnext-runtime
FAIL: objc/execute/exceptions/catchall-1.m execution, -O3 -g -fnext-runtime
FAIL: objc/execute/exceptions/local-variables-1.m execution, -O3 -fomit-frame-pointer -fnext-runtime
FAIL: objc/execute/exceptions/local-variables-1.m execution, -O3 -g -fnext-runtime
FAIL: objc.dg/headers.m -fnext-runtime (test for excess errors)
FAIL: objc.dg/no-extra-load.m -fnext-runtime (test for excess errors)
ERROR: objc.dg/no-extra-load.m: error executing dg-final: couldn't open "no-extra-load.s": no such file or directory
UNRESOLVED: objc.dg/no-extra-load.m: error executing dg-final: couldn't open "no-extra-load.s": no such file or directory
FAIL: objc.dg/stret-2.m scan-assembler objc_msgSend_stret
FAIL: objc.dg/stret-2.m scan-assembler-not objc_msgSend[^_S]
FAIL: objc.dg/stret-2.m scan-assembler-not objc_msgSendSuper[^_]
FAIL: objc.dg/stubify-1.m -fnext-runtime (test for excess errors)
ERROR: objc.dg/stubify-1.m: error executing dg-final: couldn't open "stubify-1.s": no such file or directory
UNRESOLVED: objc.dg/stubify-1.m: error executing dg-final: couldn't open "stubify-1.s": no such file or directory
FAIL: objc.dg/stubify-2.m -fnext-runtime (test for excess errors)
FAIL: objc.dg/stubify-2.m -fnext-runtime scan-rtl-dump-not jump "symbol_ref.*"objc_msgSend"": dump file does not exist
FAIL: objc.dg/symtab-1.m scan-assembler L_OBJC_SYMBOLS.*:\\n\\t.long\\t0\\n\\t.long\\t0\\n\\t.short\\t2\\n\\t.short\\t0\\n\\t.long\\tL_OBJC_CLASS_Derived.*\\n\\t.long\\tL_OBJC_CLASS_Base.*\\n
WARNING: Could not compile objc.dg/gnu-encoding/struct-layout-encoding-1 generator
=== objc Summary ===
# of expected passes 3642
# of unexpected failures 13
# of unresolved testcases 2
# of unsupported tests 24
/Users/dave/gnu/gcc/objdir/gcc/xgcc version 4.6.0 20100414 (experimental) [trunk revision 158289] (GCC)
=== libffi tests ===
Running target unix
=== libffi Summary ===
# of expected passes 1624
# of expected failures 10
# of unsupported tests 15
=== libgomp tests ===
Running target unix
=== libgomp Summary ===
# of expected passes 2456
# of unsupported tests 2
=== libjava tests ===
Running target unix
=== libjava Summary ===
# of expected passes 2574
=== libstdc++ tests ===
Running target unix
XPASS: 21_strings/basic_string/element_access/char/21674.cc execution test
XPASS: 21_strings/basic_string/element_access/wchar_t/21674.cc execution test
FAIL: ext/mt_allocator/deallocate_global_thread-1.cc execution test
FAIL: ext/mt_allocator/deallocate_global_thread-3.cc execution test
=== libstdc++ Summary ===
# of expected passes 6462
# of unexpected failures 2
# of unexpected successes 2
# of expected failures 87
# of unsupported tests 546
Compiler version: 4.6.0 20100414 (experimental) [trunk revision 158289] (GCC)
Platform: i686-apple-darwin9
configure flags: --build=i686-apple-darwin9 --host=i686-apple-darwin9 --target=i686-apple-darwin9 --with-gnu-as --with-tune=generic --prefix=/opt/gnu/gcc/gcc-4.5.0 --with-gmp=/opt/gnu/gcc/gcc-4.5.0 --enable-debug=no --disable-nls --enable-languages=c,c++,objc,fortran,obj-c++,java,ada --enable-threads=posix --enable-__cxa_atexit --enable-java-gc=boehm