This is the mail archive of the
gcc-testresults@gcc.gnu.org
mailing list for the GCC project.
Results for 4.4.4 20100408 (prerelease) [gcc-4_4-branch revision 158139] (GCC) gcc testsuite on cris-axis-elf
- From: Mike Stein <mstein dot lists at googlemail dot com>
- To: gcc-testresults at gcc dot gnu dot org
- Date: Fri, 9 Apr 2010 23:55:08 +0200
- Subject: Results for 4.4.4 20100408 (prerelease) [gcc-4_4-branch revision 158139] (GCC) gcc testsuite on cris-axis-elf
- Reply-to: gcc at gcc dot gnu dot org
Debian 5 on x86_64
cross tool versions:
GNU assembler (GNU Binutils) 2.18.50.20080419
GNU gdb 6.8.50.20080419-cvs
GNU ld (GNU Binutils) 2.18.50.20080419
GNU Make 3.81
expect version 5.43.0
host gcc version: gcc (GCC) 4.6.0 20100406 (experimental) [trunk revision 158031]
LAST_UPDATED: Thu Apr 8 22:22:48 UTC 2010 (revision 158139)
Target is cris-axis-elf
Host is x86_64-unknown-linux-gnu
=== gcc tests ===
Running target cris-sim
FAIL: gcc.c-torture/compile/pr42956.c -O1 (internal compiler error)
FAIL: gcc.c-torture/compile/pr42956.c -O1 (test for excess errors)
FAIL: gcc.c-torture/compile/pr42956.c -O2 (internal compiler error)
FAIL: gcc.c-torture/compile/pr42956.c -O2 (test for excess errors)
FAIL: gcc.c-torture/compile/pr42956.c -O3 -fomit-frame-pointer (internal compiler error)
FAIL: gcc.c-torture/compile/pr42956.c -O3 -fomit-frame-pointer (test for excess errors)
FAIL: gcc.c-torture/compile/pr42956.c -O3 -fomit-frame-pointer -funroll-loops (internal compiler error)
FAIL: gcc.c-torture/compile/pr42956.c -O3 -fomit-frame-pointer -funroll-loops (test for excess errors)
FAIL: gcc.c-torture/compile/pr42956.c -O3 -fomit-frame-pointer -funroll-all-loops -finline-functions (internal compiler error)
FAIL: gcc.c-torture/compile/pr42956.c -O3 -fomit-frame-pointer -funroll-all-loops -finline-functions (test for excess errors)
FAIL: gcc.c-torture/compile/pr42956.c -O3 -g (internal compiler error)
FAIL: gcc.c-torture/compile/pr42956.c -O3 -g (test for excess errors)
FAIL: gcc.c-torture/compile/pr42956.c -Os (internal compiler error)
FAIL: gcc.c-torture/compile/pr42956.c -Os (test for excess errors)
WARNING: Could not compile gcc.dg/compat/struct-layout-1 generator
FAIL: gcc.dg/large-size-array-2.c (internal compiler error)
FAIL: gcc.dg/large-size-array-2.c (test for errors, line 6)
FAIL: gcc.dg/large-size-array-2.c (test for excess errors)
FAIL: gcc.dg/large-size-array-4.c (internal compiler error)
FAIL: gcc.dg/large-size-array-4.c (test for errors, line 6)
FAIL: gcc.dg/large-size-array-4.c (test for excess errors)
FAIL: gcc.dg/pr42427.c (test for excess errors)
FAIL: gcc.dg/trampoline-1.c execution test
FAIL: gcc.dg/tree-ssa/vrp47.c scan-tree-dump-times vrp1 "[xy][^ ]* !=" 0
FAIL: gcc.dg/tree-ssa/vrp47.c scan-tree-dump-times dom1 "x[^ ]* & y" 1
FAIL: gcc.dg/tree-ssa/vrp47.c scan-tree-dump-times vrp1 "x[^ ]* [|] y" 1
=== gcc Summary ===
# of expected passes 49686
# of unexpected failures 25
# of expected failures 109
# of unsupported tests 643
/home/mstein/sim/gcc-4_4-branch/cris-elf/build/gcc/xgcc version 4.4.4 20100408 (prerelease) [gcc-4_4-branch revision 158139] (GCC)
Compiler version: 4.4.4 20100408 (prerelease) [gcc-4_4-branch revision 158139] (GCC) gcc
Platform: cris-axis-elf
configure flags: --target=cris-elf --prefix=/home/mstein/cross-local/cris-elf --enable-languages=c --disable-nls --disable-build-warnings --with-sysroot=/home/mstein/cross-local/cris-elf --with-build-sysroot=/home/mstein/cross-local/cris-elf --with-ld=/home/mstein/cross-local/cris-elf/usr/bin/ld --with-as=/home/mstein/cross-local/cris-elf/usr/bin/as --disable-libssp --with-mpfr=/opt/cfarm/mpfr-2.3.2