This is the mail archive of the
gcc-testresults@gcc.gnu.org
mailing list for the GCC project.
Results for 4.6.0 20100407 (experimental) [158099-patched] (GCC) testsuite on powerpc-apple-darwin9
- From: IainS <developer at sandoe-acoustics dot co dot uk>
- To: gcc-testresults at gcc dot gnu dot org
- Date: Thu, 8 Apr 2010 13:38:41 +0100
- Subject: Results for 4.6.0 20100407 (experimental) [158099-patched] (GCC) testsuite on powerpc-apple-darwin9
Revision: 158099
Patched for bootstrap with:
http://gcc.gnu.org/ml/gcc-patches/2010-04/msg00345.html
http://gcc.gnu.org/ml/gcc-patches/2010-04/msg00338.html
http://gcc.gnu.org/ml/gcc-patches/2010-04/msg00331.html
http://gcc.gnu.org/ml/gcc-patches/2010-04/msg00329.html
+
http://gcc.gnu.org/bugzilla/show_bug.cgi?id=43681/comment 1
uname -v : Darwin Kernel Version 9.8.0: Wed Jul 15 16:57:01 PDT 2009;
root:xnu-1228.15.4~1/RELEASE_PPC
arch : ppc machine : ppc970
box description: Dual 970MP
BOOTSTRAPped with gcc version 4.0.1 (Apple Inc. build 5493)
ld: @(#)PROGRAM:ld PROJECT:ld64-85.2.1m4 (GNU M4) 1.4.13
autoconf (GNU Autoconf) 2.64
automake (GNU automake) 1.11
dejagnurc: setting tool_timeout: 120 sec
Expect version is 5.42.0
Tcl version is 8.4
Framework version is 1.4.4
Built compiler: GNU C version 4.6.0 20100407 (experimental) [trunk
revision 158099], GMP version 4.3.2, MPFR version 2.4.2, MPC version
0.8.1
GMP version 4.3.2, MPFR version 2.4.2, MPC version 0.8.1
LAST_UPDATED: Wed 7 Apr 2010 22:46:23 UTC (revision 158099)
Native configuration is powerpc-apple-darwin9
=== g++ tests ===
Running target unix/-m32
FAIL: g++.dg/eh/simd-3.C execution test
FAIL: g++.dg/eh/simd-4.C execution test
FAIL: g++.dg/ext/alignof2.C execution test
WARNING: g++.dg/ext/label13.C compilation failed to produce executable
=== g++ Summary for unix/-m32 ===
# of expected passes 21159
# of unexpected failures 3
# of expected failures 150
# of unsupported tests 209
Running target unix/-m64
FAIL: tmpdir-g++.dg-struct-layout-1/t003 cp_compat_x_tst.o-
cp_compat_y_tst.o execute
FAIL: tmpdir-g++.dg-struct-layout-1/t006 cp_compat_x_tst.o-
cp_compat_y_tst.o execute
FAIL: tmpdir-g++.dg-struct-layout-1/t007 cp_compat_x_tst.o-
cp_compat_y_tst.o execute
FAIL: tmpdir-g++.dg-struct-layout-1/t008 cp_compat_x_tst.o-
cp_compat_y_tst.o execute
FAIL: tmpdir-g++.dg-struct-layout-1/t010 cp_compat_x_tst.o-
cp_compat_y_tst.o execute
FAIL: tmpdir-g++.dg-struct-layout-1/t011 cp_compat_x_tst.o-
cp_compat_y_tst.o execute
FAIL: tmpdir-g++.dg-struct-layout-1/t020 cp_compat_x_tst.o-
cp_compat_y_tst.o execute
FAIL: tmpdir-g++.dg-struct-layout-1/t026 cp_compat_x_tst.o-
cp_compat_y_tst.o execute
FAIL: tmpdir-g++.dg-struct-layout-1/t027 cp_compat_x_tst.o-
cp_compat_y_tst.o execute
FAIL: g++.dg/eh/simd-4.C execution test
WARNING: g++.dg/ext/label13.C compilation failed to produce executable
=== g++ Summary for unix/-m64 ===
# of expected passes 21113
# of unexpected failures 10
# of expected failures 150
# of unsupported tests 210
=== g++ Summary ===
# of expected passes 42272
# of unexpected failures 13
# of expected failures 300
# of unsupported tests 419
/Volumes/ScratchCS/gcc-4-6-trunk-build/gcc/testsuite/g++/../../g++
version 4.6.0 20100407 (experimental) [trunk revision 158099] (GCC)
=== gcc tests ===
Running target unix/-m32
FAIL: gcc.dg/debug/dwarf2/aranges-fnsec-1.c scan-assembler DW_AT_ranges
FAIL: gcc.dg/and-1.c scan-assembler-not nand
FAIL: gcc.dg/pr34668-1.c (internal compiler error)
FAIL: gcc.dg/pr34668-1.c (test for excess errors)
FAIL: gcc.dg/pragma-darwin.c (test for excess errors)
FAIL: gcc.dg/sms-2.c scan-rtl-dump-times sms "SMS succeeded" 1
FAIL: gcc.dg/sms-3.c scan-rtl-dump-times sms "SMS succeeded" 1
FAIL: gcc.dg/sms-4.c scan-rtl-dump-times sms "SMS succeeded" 1
FAIL: gcc.dg/sms-5.c scan-rtl-dump-times sms "SMS succeeded" 1
FAIL: gcc.dg/sms-6.c scan-rtl-dump-times sms "SMS succeeded" 3
FAIL: gcc.dg/sms-7.c scan-rtl-dump-times sms "SMS succeeded" 3
FAIL: gcc.dg/sms-8.c scan-rtl-dump-times sms "SMS succeeded" 1
FAIL: gcc.dg/tree-ssa/pr42585.c scan-tree-dump-times optimized "struct
_fat_ptr _ans" 0
FAIL: gcc.dg/tree-ssa/pr42585.c scan-tree-dump-times optimized "struct
_fat_ptr _T2" 0
FAIL: gcc.dg/tree-ssa/vrp47.c scan-tree-dump-times vrp1 "[xy][^ ]* !=" 0
FAIL: gcc.dg/tree-ssa/vrp47.c scan-tree-dump-times dom1 "x[^ ]* & y" 1
FAIL: gcc.dg/vect/costmodel/ppc/costmodel-vect-31d.c scan-tree-dump-
times vect "vectorization not profitable" 1
FAIL: gcc.dg/vect/costmodel/ppc/costmodel-vect-68d.c scan-tree-dump-
times vect "vectorization not profitable" 1
FAIL: gcc.dg/vect/costmodel/ppc/costmodel-vect-76a.c scan-tree-dump-
times vect "vectorized 1 loops" 1
FAIL: gcc.dg/vect/costmodel/ppc/costmodel-vect-76b.c scan-tree-dump-
times vect "vectorization not profitable" 1
FAIL: gcc.dg/vect/pr35821-altivec.c scan-tree-dump-times vect
"vectorized 1 loops" 1
FAIL: gcc.dg/vect/section-anchors-pr27770.c (test for excess errors)
FAIL: gcc.dg/vect/section-anchors-vect-69.c (test for excess errors)
FAIL: gcc.dg/vect/section-anchors-vect-69.c scan-tree-dump-times vect
"Alignment of access forced using peeling" 4
FAIL: gcc.dg/vect/aligned-section-anchors-nest-1.c (test for excess
errors)
FAIL: gcc.dg/vect/aligned-section-anchors-nest-1.c scan-ipa-dump-times
increase_alignment "Increasing alignment of decl" 3: dump file does
not exist
FAIL: gcc.target/powerpc/405-dlmzb-strlen-1.c scan-assembler dlmzb\\\\.
FAIL: gcc.target/powerpc/440-dlmzb-strlen-1.c scan-assembler dlmzb\\\\.
FAIL: gcc.target/powerpc/asm-es-2.c scan-assembler asm1 3,4
FAIL: gcc.target/powerpc/asm-es-2.c scan-assembler asm2u 16\\\\(3\\\\)
FAIL: gcc.target/powerpc/asm-es-2.c scan-assembler asm3 0\\\\(3\\\\)
FAIL: gcc.target/powerpc/asm-es-2.c scan-assembler asm4 400\\\\(3\\\\)
=== gcc Summary for unix/-m32 ===
# of expected passes 56571
# of unexpected failures 32
# of expected failures 157
# of unsupported tests 784
Running target unix/-m64
FAIL: tmpdir-gcc.dg-struct-layout-1/t001 c_compat_x_tst.o-
c_compat_y_tst.o execute
FAIL: tmpdir-gcc.dg-struct-layout-1/t003 c_compat_x_tst.o-
c_compat_y_tst.o execute
FAIL: tmpdir-gcc.dg-struct-layout-1/t005 c_compat_x_tst.o-
c_compat_y_tst.o execute
FAIL: tmpdir-gcc.dg-struct-layout-1/t006 c_compat_x_tst.o-
c_compat_y_tst.o execute
FAIL: tmpdir-gcc.dg-struct-layout-1/t008 c_compat_x_tst.o-
c_compat_y_tst.o execute
FAIL: tmpdir-gcc.dg-struct-layout-1/t016 c_compat_x_tst.o-
c_compat_y_tst.o execute
FAIL: tmpdir-gcc.dg-struct-layout-1/t024 c_compat_x_tst.o-
c_compat_y_tst.o execute
FAIL: tmpdir-gcc.dg-struct-layout-1/t026 c_compat_x_tst.o-
c_compat_y_tst.o execute
FAIL: tmpdir-gcc.dg-struct-layout-1/t027 c_compat_x_tst.o-
c_compat_y_tst.o execute
FAIL: gcc.dg/debug/dwarf2/aranges-fnsec-1.c scan-assembler DW_AT_ranges
FAIL: gcc.dg/and-1.c scan-assembler-not nand
FAIL: gcc.dg/pr34668-1.c (internal compiler error)
FAIL: gcc.dg/pr34668-1.c (test for excess errors)
FAIL: gcc.dg/pragma-darwin.c (test for excess errors)
FAIL: gcc.dg/sms-2.c scan-rtl-dump-times sms "SMS succeeded" 1
FAIL: gcc.dg/sms-3.c scan-rtl-dump-times sms "SMS succeeded" 1
FAIL: gcc.dg/sms-5.c scan-rtl-dump-times sms "SMS succeeded" 1
FAIL: gcc.dg/sms-6.c scan-rtl-dump-times sms "SMS succeeded" 3
FAIL: gcc.dg/sms-7.c scan-rtl-dump-times sms "SMS succeeded" 3
FAIL: gcc.dg/sms-8.c scan-rtl-dump-times sms "SMS succeeded" 1
FAIL: gcc.dg/tree-ssa/pr42585.c scan-tree-dump-times optimized "struct
_fat_ptr _ans" 0
FAIL: gcc.dg/tree-ssa/pr42585.c scan-tree-dump-times optimized "struct
_fat_ptr _T2" 0
FAIL: gcc.dg/tree-ssa/vrp47.c scan-tree-dump-times vrp1 "[xy][^ ]* !=" 0
FAIL: gcc.dg/tree-ssa/vrp47.c scan-tree-dump-times dom1 "x[^ ]* & y" 1
FAIL: gcc.dg/vect/costmodel/ppc/costmodel-pr37194.c scan-tree-dump-
times vect "vectorization not profitable" 1
FAIL: gcc.dg/vect/costmodel/ppc/costmodel-pr37194.c scan-tree-dump-
times vect "vectorized 1 loops" 1
FAIL: gcc.dg/vect/costmodel/ppc/costmodel-vect-31d.c scan-tree-dump-
times vect "vectorization not profitable" 1
FAIL: gcc.dg/vect/costmodel/ppc/costmodel-vect-68d.c scan-tree-dump-
times vect "vectorization not profitable" 1
FAIL: gcc.dg/vect/costmodel/ppc/costmodel-vect-76a.c scan-tree-dump-
times vect "vectorized 1 loops" 1
FAIL: gcc.dg/vect/costmodel/ppc/costmodel-vect-76b.c scan-tree-dump-
times vect "vectorized 1 loops" 1
FAIL: gcc.dg/vect/pr35821-altivec.c scan-tree-dump-times vect
"vectorized 1 loops" 1
FAIL: gcc.dg/vect/section-anchors-pr27770.c (test for excess errors)
FAIL: gcc.dg/vect/section-anchors-vect-69.c (test for excess errors)
FAIL: gcc.dg/vect/section-anchors-vect-69.c scan-tree-dump-times vect
"Alignment of access forced using versioning" 4
FAIL: gcc.dg/vect/aligned-section-anchors-nest-1.c (test for excess
errors)
FAIL: gcc.dg/vect/aligned-section-anchors-nest-1.c scan-ipa-dump-times
increase_alignment "Increasing alignment of decl" 3: dump file does
not exist
FAIL: gcc.target/powerpc/asm-es-2.c scan-assembler asm1 3,4
FAIL: gcc.target/powerpc/asm-es-2.c scan-assembler asm2u 16\\\\(3\\\\)
FAIL: gcc.target/powerpc/asm-es-2.c scan-assembler asm3 0\\\\(3\\\\)
FAIL: gcc.target/powerpc/asm-es-2.c scan-assembler asm4 400\\\\(3\\\\)
FAIL: gcc.target/powerpc/optimize-bswapdi-3.c scan-assembler ldbrx
FAIL: gcc.target/powerpc/optimize-bswapdi-3.c scan-assembler stdbrx
FAIL: gcc.target/powerpc/ppc64-abi-1.c (test for excess errors)
WARNING: gcc.target/powerpc/ppc64-abi-1.c compilation failed to
produce executable
FAIL: gcc.target/powerpc/ppc64-double-1.c scan-assembler-not stfd
=== gcc Summary for unix/-m64 ===
# of expected passes 56440
# of unexpected failures 44
# of expected failures 165
# of unsupported tests 851
=== gcc Summary ===
# of expected passes 113011
# of unexpected failures 76
# of expected failures 322
# of unsupported tests 1635
/Volumes/ScratchCS/gcc-4-6-trunk-build/gcc/xgcc version 4.6.0
20100407 (experimental) [trunk revision 158099] (GCC)
=== gfortran tests ===
Running target unix/-m32
FAIL: gfortran.dg/large_real_kind_3.F90 -O0 execution test
FAIL: gfortran.fortran-torture/execute/where_2.f90 execution, -O3 -g
=== gfortran Summary for unix/-m32 ===
# of expected passes 33734
# of unexpected failures 2
# of expected failures 53
# of unsupported tests 167
Running target unix/-m64
FAIL: gfortran.dg/large_real_kind_3.F90 -O0 execution test
FAIL: gfortran.fortran-torture/execute/where_2.f90 execution, -O3 -g
=== gfortran Summary for unix/-m64 ===
# of expected passes 33916
# of unexpected failures 2
# of expected failures 59
# of unsupported tests 78
=== gfortran Summary ===
# of expected passes 67650
# of unexpected failures 4
# of expected failures 112
# of unsupported tests 245
/Volumes/ScratchCS/gcc-4-6-trunk-build/gcc/testsuite/gfortran/../../
gfortran version 4.6.0 20100407 (experimental) [trunk revision
158099] (GCC)
=== obj-c++ tests ===
Running target unix/-m32
FAIL: obj-c++.dg/const-str-5.mm -fgnu-runtime (test for excess errors)
FAIL: obj-c++.dg/const-str-6.mm -fgnu-runtime (test for excess errors)
WARNING: obj-c++.dg/lookup-2.mm -fgnu-runtime compilation failed to
produce executable
ERROR: obj-c++.dg/stubify-2.mm: error executing dg-final: couldn't
open "stubify-2.mm.147r.jump": no such file or directory
UNRESOLVED: obj-c++.dg/stubify-2.mm: error executing dg-final:
couldn't open "stubify-2.mm.147r.jump": no such file or directory
WARNING: obj-c++.dg/try-catch-2.mm -fgnu-runtime compilation failed to
produce executable
WARNING: obj-c++.dg/try-catch-9.mm -fgnu-runtime compilation failed to
produce executable
FAIL: obj-c++.dg/const-str-5.mm -fnext-runtime (test for excess errors)
FAIL: obj-c++.dg/const-str-6.mm -fnext-runtime (test for excess errors)
FAIL: obj-c++.dg/cxx-ivars-3.mm -fnext-runtime execution test
ERROR: obj-c++.dg/stubify-2.mm: error executing dg-final: couldn't
open "stubify-2.mm.147r.jump": no such file or directory
UNRESOLVED: obj-c++.dg/stubify-2.mm: error executing dg-final:
couldn't open "stubify-2.mm.147r.jump": no such file or directory
=== obj-c++ Summary for unix/-m32 ===
# of expected passes 917
# of unexpected failures 5
# of expected failures 9
# of unresolved testcases 2
# of unsupported tests 9
Running target unix/-m64
FAIL: obj-c++.dg/const-str-5.mm -fgnu-runtime (test for excess errors)
FAIL: obj-c++.dg/const-str-6.mm -fgnu-runtime (test for excess errors)
WARNING: obj-c++.dg/lookup-2.mm -fgnu-runtime compilation failed to
produce executable
ERROR: obj-c++.dg/stubify-2.mm: error executing dg-final: couldn't
open "stubify-2.mm.147r.jump": no such file or directory
UNRESOLVED: obj-c++.dg/stubify-2.mm: error executing dg-final:
couldn't open "stubify-2.mm.147r.jump": no such file or directory
FAIL: obj-c++.dg/try-catch-2.mm -fgnu-runtime (test for excess errors)
WARNING: obj-c++.dg/try-catch-2.mm -fgnu-runtime compilation failed to
produce executable
FAIL: obj-c++.dg/try-catch-9.mm -fgnu-runtime (test for excess errors)
WARNING: obj-c++.dg/try-catch-9.mm -fgnu-runtime compilation failed to
produce executable
FAIL: obj-c++.dg/const-str-5.mm -fnext-runtime (test for excess errors)
FAIL: obj-c++.dg/const-str-6.mm -fnext-runtime (test for excess errors)
ERROR: obj-c++.dg/stubify-2.mm: error executing dg-final: couldn't
open "stubify-2.mm.147r.jump": no such file or directory
UNRESOLVED: obj-c++.dg/stubify-2.mm: error executing dg-final:
couldn't open "stubify-2.mm.147r.jump": no such file or directory
WARNING: obj-c++.dg/try-catch-2.mm -fnext-runtime compilation failed
to produce executable
WARNING: obj-c++.dg/try-catch-9.mm -fnext-runtime compilation failed
to produce executable
=== obj-c++ Summary for unix/-m64 ===
# of expected passes 875
# of unexpected failures 6
# of expected failures 48
# of unresolved testcases 2
# of unsupported tests 9
=== obj-c++ Summary ===
# of expected passes 1792
# of unexpected failures 11
# of expected failures 57
# of unresolved testcases 4
# of unsupported tests 18
/Volumes/ScratchCS/gcc-4-6-trunk-build/gcc/testsuite/obj-c++/../../g+
+ version 4.6.0 20100407 (experimental) [trunk revision 158099] (GCC)
=== objc tests ===
Running target unix/-m32
FAIL: objc/execute/exceptions/catchall-1.m execution, -O3 -fomit-
frame-pointer -fnext-runtime
FAIL: objc/execute/exceptions/catchall-1.m execution, -O3 -g -fnext-
runtime
FAIL: objc/execute/exceptions/local-variables-1.m execution, -O3 -
fomit-frame-pointer -fnext-runtime
FAIL: objc/execute/exceptions/local-variables-1.m execution, -O3 -g -
fnext-runtime
FAIL: objc/execute/forward-1.m execution, -O0 -fgnu-runtime
FAIL: objc/execute/forward-1.m execution, -O1 -fgnu-runtime
FAIL: objc/execute/forward-1.m execution, -O2 -fgnu-runtime
FAIL: objc/execute/forward-1.m execution, -O3 -fomit-frame-pointer -
fgnu-runtime
FAIL: objc/execute/forward-1.m execution, -O3 -fomit-frame-pointer -
funroll-loops -fgnu-runtime
FAIL: objc/execute/forward-1.m execution, -O3 -fomit-frame-pointer -
funroll-all-loops -finline-functions -fgnu-runtime
FAIL: objc/execute/forward-1.m execution, -O3 -g -fgnu-runtime
FAIL: objc/execute/forward-1.m execution, -Os -fgnu-runtime
FAIL: objc.dg/headers.m -fnext-runtime (test for excess errors)
FAIL: objc.dg/no-extra-load.m -fnext-runtime (test for excess errors)
ERROR: objc.dg/no-extra-load.m: error executing dg-final: couldn't
open "no-extra-load.s": no such file or directory
UNRESOLVED: objc.dg/no-extra-load.m: error executing dg-final:
couldn't open "no-extra-load.s": no such file or directory
FAIL: objc.dg-struct-layout-encoding-1/t001_main.m execution test
FAIL: objc.dg-struct-layout-encoding-1/t005_main.m execution test
FAIL: objc.dg-struct-layout-encoding-1/t009_main.m execution test
FAIL: objc.dg-struct-layout-encoding-1/t010_main.m execution test
FAIL: objc.dg-struct-layout-encoding-1/t013_main.m execution test
FAIL: objc.dg-struct-layout-encoding-1/t014_main.m execution test
FAIL: objc.dg-struct-layout-encoding-1/t016_main.m execution test
FAIL: objc.dg-struct-layout-encoding-1/t017_main.m execution test
FAIL: objc.dg-struct-layout-encoding-1/t018_main.m execution test
FAIL: objc.dg-struct-layout-encoding-1/t019_main.m execution test
FAIL: objc.dg-struct-layout-encoding-1/t020_main.m execution test
FAIL: objc.dg-struct-layout-encoding-1/t021_main.m execution test
FAIL: objc.dg-struct-layout-encoding-1/t023_main.m execution test
FAIL: objc.dg-struct-layout-encoding-1/t024_main.m execution test
=== objc Summary for unix/-m32 ===
# of expected passes 3679
# of unexpected failures 28
# of expected failures 17
# of unresolved testcases 1
# of unsupported tests 24
Running target unix/-m64
FAIL: objc/execute/bf-10.m execution, -O0 -fgnu-runtime
FAIL: objc/execute/bf-10.m execution, -O1 -fgnu-runtime
FAIL: objc/execute/bf-10.m execution, -O2 -fgnu-runtime
FAIL: objc/execute/bf-10.m execution, -O3 -fomit-frame-pointer -fgnu-
runtime
FAIL: objc/execute/bf-10.m execution, -O3 -g -fgnu-runtime
FAIL: objc/execute/bf-10.m execution, -Os -fgnu-runtime
FAIL: objc/execute/bf-14.m execution, -O0 -fgnu-runtime
FAIL: objc/execute/bf-14.m execution, -O1 -fgnu-runtime
FAIL: objc/execute/bf-14.m execution, -O2 -fgnu-runtime
FAIL: objc/execute/bf-14.m execution, -O3 -fomit-frame-pointer -fgnu-
runtime
FAIL: objc/execute/bf-14.m execution, -O3 -g -fgnu-runtime
FAIL: objc/execute/bf-14.m execution, -Os -fgnu-runtime
FAIL: objc/execute/bf-16.m execution, -O0 -fgnu-runtime
FAIL: objc/execute/bf-16.m execution, -O1 -fgnu-runtime
FAIL: objc/execute/bf-16.m execution, -O2 -fgnu-runtime
FAIL: objc/execute/bf-16.m execution, -O3 -fomit-frame-pointer -fgnu-
runtime
FAIL: objc/execute/bf-16.m execution, -O3 -g -fgnu-runtime
FAIL: objc/execute/bf-16.m execution, -Os -fgnu-runtime
FAIL: objc/execute/bf-17.m execution, -O0 -fgnu-runtime
FAIL: objc/execute/bf-17.m execution, -O1 -fgnu-runtime
FAIL: objc/execute/bf-17.m execution, -O2 -fgnu-runtime
FAIL: objc/execute/bf-17.m execution, -O3 -fomit-frame-pointer -fgnu-
runtime
FAIL: objc/execute/bf-17.m execution, -O3 -g -fgnu-runtime
FAIL: objc/execute/bf-17.m execution, -Os -fgnu-runtime
FAIL: objc/execute/bf-19.m execution, -O0 -fgnu-runtime
FAIL: objc/execute/bf-19.m execution, -O1 -fgnu-runtime
FAIL: objc/execute/bf-19.m execution, -O2 -fgnu-runtime
FAIL: objc/execute/bf-19.m execution, -O3 -fomit-frame-pointer -fgnu-
runtime
FAIL: objc/execute/bf-19.m execution, -O3 -g -fgnu-runtime
FAIL: objc/execute/bf-19.m execution, -Os -fgnu-runtime
FAIL: objc/execute/bf-5.m execution, -O0 -fgnu-runtime
FAIL: objc/execute/bf-5.m execution, -O1 -fgnu-runtime
FAIL: objc/execute/bf-5.m execution, -O2 -fgnu-runtime
FAIL: objc/execute/bf-5.m execution, -O3 -fomit-frame-pointer -fgnu-
runtime
FAIL: objc/execute/bf-5.m execution, -O3 -g -fgnu-runtime
FAIL: objc/execute/bf-5.m execution, -Os -fgnu-runtime
FAIL: objc/execute/bf-6.m execution, -O0 -fgnu-runtime
FAIL: objc/execute/bf-6.m execution, -O1 -fgnu-runtime
FAIL: objc/execute/bf-6.m execution, -O2 -fgnu-runtime
FAIL: objc/execute/bf-6.m execution, -O3 -fomit-frame-pointer -fgnu-
runtime
FAIL: objc/execute/bf-6.m execution, -O3 -g -fgnu-runtime
FAIL: objc/execute/bf-6.m execution, -Os -fgnu-runtime
FAIL: objc/execute/bf-7.m execution, -O0 -fgnu-runtime
FAIL: objc/execute/bf-7.m execution, -O1 -fgnu-runtime
FAIL: objc/execute/bf-7.m execution, -O2 -fgnu-runtime
FAIL: objc/execute/bf-7.m execution, -O3 -fomit-frame-pointer -fgnu-
runtime
FAIL: objc/execute/bf-7.m execution, -O3 -g -fgnu-runtime
FAIL: objc/execute/bf-7.m execution, -Os -fgnu-runtime
FAIL: objc/execute/bf-8.m execution, -O0 -fgnu-runtime
FAIL: objc/execute/bf-8.m execution, -O1 -fgnu-runtime
FAIL: objc/execute/bf-8.m execution, -O2 -fgnu-runtime
FAIL: objc/execute/bf-8.m execution, -O3 -fomit-frame-pointer -fgnu-
runtime
FAIL: objc/execute/bf-8.m execution, -O3 -g -fgnu-runtime
FAIL: objc/execute/bf-8.m execution, -Os -fgnu-runtime
FAIL: objc/execute/bf-9.m execution, -O0 -fgnu-runtime
FAIL: objc/execute/bf-9.m execution, -O1 -fgnu-runtime
FAIL: objc/execute/bf-9.m execution, -O2 -fgnu-runtime
FAIL: objc/execute/bf-9.m execution, -O3 -fomit-frame-pointer -fgnu-
runtime
FAIL: objc/execute/bf-9.m execution, -O3 -g -fgnu-runtime
FAIL: objc/execute/bf-9.m execution, -Os -fgnu-runtime
FAIL: objc.dg/encode-8.m -fgnu-runtime execution test
FAIL: objc.dg/headers.m -fnext-runtime (test for excess errors)
FAIL: objc.dg/next-runtime-1.m scan-assembler L_OBJC_MODULES:\\n[ \
\t]*.long\\t6\\n
FAIL: objc.dg/no-extra-load.m -fnext-runtime (test for excess errors)
ERROR: objc.dg/no-extra-load.m: error executing dg-final: couldn't
open "no-extra-load.s": no such file or directory
UNRESOLVED: objc.dg/no-extra-load.m: error executing dg-final:
couldn't open "no-extra-load.s": no such file or directory
FAIL: objc.dg/stret-2.m scan-assembler objc_msgSend_stret
FAIL: objc.dg/stret-2.m scan-assembler objc_msgSendSuper_stret
FAIL: objc.dg/stret-2.m scan-assembler-not objc_msgSend[^_S]
FAIL: objc.dg/stret-2.m scan-assembler-not objc_msgSendSuper[^_]
FAIL: objc.dg/symtab-1.m scan-assembler L_OBJC_SYMBOLS.*:\\n\\t.long\
\t0\\n\\t.long\\t0\\n\\t.short\\t2\\n\\t.short\\t0\\n\\t.long\
\tL_OBJC_CLASS_Derived.*\\n\\t.long\\tL_OBJC_CLASS_Base.*\\n
FAIL: objc.dg-struct-layout-encoding-1/t001_main.m execution test
FAIL: objc.dg-struct-layout-encoding-1/t005_main.m execution test
FAIL: objc.dg-struct-layout-encoding-1/t009_main.m execution test
FAIL: objc.dg-struct-layout-encoding-1/t010_main.m execution test
FAIL: objc.dg-struct-layout-encoding-1/t013_main.m execution test
FAIL: objc.dg-struct-layout-encoding-1/t014_main.m execution test
FAIL: objc.dg-struct-layout-encoding-1/t016_main.m execution test
FAIL: objc.dg-struct-layout-encoding-1/t017_main.m execution test
FAIL: objc.dg-struct-layout-encoding-1/t018_main.m execution test
FAIL: objc.dg-struct-layout-encoding-1/t019_main.m execution test
FAIL: objc.dg-struct-layout-encoding-1/t020_main.m execution test
FAIL: objc.dg-struct-layout-encoding-1/t021_main.m execution test
FAIL: objc.dg-struct-layout-encoding-1/t023_main.m execution test
FAIL: objc.dg-struct-layout-encoding-1/t024_main.m execution test
=== objc Summary for unix/-m64 ===
# of expected passes 2350
# of unexpected failures 83
# of expected failures 50
# of unresolved testcases 1
# of unsupported tests 25
=== objc Summary ===
# of expected passes 6029
# of unexpected failures 111
# of expected failures 67
# of unresolved testcases 2
# of unsupported tests 49
/Volumes/ScratchCS/gcc-4-6-trunk-build/gcc/xgcc version 4.6.0
20100407 (experimental) [trunk revision 158099] (GCC)
=== libgomp tests ===
Running target unix/-m32
=== libgomp Summary for unix/-m32 ===
# of expected passes 2456
# of unsupported tests 2
Running target unix/-m64
=== libgomp Summary for unix/-m64 ===
# of expected passes 2456
# of unsupported tests 2
=== libgomp Summary ===
# of expected passes 4912
# of unsupported tests 4
=== libstdc++ tests ===
Running target unix/-m32
XPASS: 21_strings/basic_string/element_access/char/21674.cc execution
test
XPASS: 21_strings/basic_string/element_access/wchar_t/21674.cc
execution test
FAIL: ext/mt_allocator/deallocate_global_thread-1.cc execution test
FAIL: ext/mt_allocator/deallocate_global_thread-3.cc execution test
=== libstdc++ Summary for unix/-m32 ===
# of expected passes 6462
# of unexpected failures 2
# of unexpected successes 2
# of expected failures 87
# of unsupported tests 546
Running target unix/-m64
XPASS: 21_strings/basic_string/element_access/char/21674.cc execution
test
XPASS: 21_strings/basic_string/element_access/wchar_t/21674.cc
execution test
FAIL: ext/mt_allocator/deallocate_global_thread-1.cc execution test
FAIL: ext/mt_allocator/deallocate_global_thread-3.cc execution test
=== libstdc++ Summary for unix/-m64 ===
# of expected passes 6460
# of unexpected failures 2
# of unexpected successes 2
# of expected failures 87
# of unsupported tests 547
=== libstdc++ Summary ===
# of expected passes 12922
# of unexpected failures 4
# of unexpected successes 4
# of expected failures 174
# of unsupported tests 1093
=== libstdc++ Summary ===
Compiler version: 4.6.0 20100407 (experimental) [trunk revision
158099] (GCC)
Platform: powerpc-apple-darwin9
configure flags: --enable-bootstrap --prefix=/GCC/gcc-4-6-install --
target=powerpc-apple-darwin9 --host=powerpc-apple-darwin9 --
build=powerpc-apple-darwin9 --enable-languages=c,objc,c++,obj-c+
+,fortran --enable-version-specific-runtime-libs --enable-threads --
enable-checking=yes --with-libiconv-prefix=/usr --with-system-zlib --
program-suffix=-4.6trunk