This is the mail archive of the
gcc-testresults@gcc.gnu.org
mailing list for the GCC project.
Results for 4.4.3 (GCC) testsuite on x86_64-apple-darwin10.3.0
- From: "Венцислав Жечев (Ventsislav Zhechev)" <contact at ventsislavzhechev dot eu>
- To: gcc-testresults at gcc dot gnu dot org
- Date: Wed, 7 Apr 2010 09:42:19 +0100
- Subject: Results for 4.4.3 (GCC) testsuite on x86_64-apple-darwin10.3.0
21_strings/basic_string/element_access/{char|wchar_t}/21674.cc fails and (w)string operations do not work properly in programs compiled using GCC afterwards
LAST_UPDATED: Obtained from SVN: tags/gcc_4_4_3_release revision 156151
Native configuration is x86_64-apple-darwin10.3.0
=== g++ tests ===
Running target unix
FAIL: g++.dg/debug/dwarf2/pubnames-1.C scan-assembler-times .debug_pubnames 1
FAIL: g++.dg/debug/dwarf2/pubnames-1.C scan-assembler-times "main".*external name 1
FAIL: g++.dg/debug/dwarf2/typedef1.C scan-assembler-times DW_AT_name: "foo<1u>" 1
FAIL: g++.dg/debug/dwarf2/typedef1.C scan-assembler-times DW_AT_name: "typedef foo<1u>::type type" 1
=== g++ Summary ===
# of expected passes 19649
# of unexpected failures 4
# of expected failures 156
# of unsupported tests 297
/Users/ventzi/source/gcc-4.4.3/build/gcc/testsuite/g++/../../g++ version 4.4.3 (GCC)
=== gcc tests ===
Running target unix
FAIL: gcc.c-torture/compile/simd-5.c -O1 (test for excess errors)
FAIL: gcc.c-torture/compile/simd-5.c -O2 (test for excess errors)
FAIL: gcc.c-torture/compile/simd-5.c -O3 -fomit-frame-pointer (test for excess errors)
FAIL: gcc.c-torture/compile/simd-5.c -O3 -g (test for excess errors)
FAIL: gcc.c-torture/compile/simd-5.c -Os (test for excess errors)
FAIL: gcc.c-torture/execute/20050316-1.c compilation, -O0
UNRESOLVED: gcc.c-torture/execute/20050316-1.c execution, -O0
FAIL: gcc.c-torture/execute/20050316-1.c compilation, -O1
UNRESOLVED: gcc.c-torture/execute/20050316-1.c execution, -O1
FAIL: gcc.c-torture/execute/20050316-1.c compilation, -O2
UNRESOLVED: gcc.c-torture/execute/20050316-1.c execution, -O2
FAIL: gcc.c-torture/execute/20050316-1.c compilation, -O3 -fomit-frame-pointer
UNRESOLVED: gcc.c-torture/execute/20050316-1.c execution, -O3 -fomit-frame-pointer
FAIL: gcc.c-torture/execute/20050316-1.c compilation, -O3 -g
UNRESOLVED: gcc.c-torture/execute/20050316-1.c execution, -O3 -g
FAIL: gcc.c-torture/execute/20050316-1.c compilation, -Os
UNRESOLVED: gcc.c-torture/execute/20050316-1.c execution, -Os
FAIL: gcc.c-torture/execute/20050316-3.c compilation, -O0
UNRESOLVED: gcc.c-torture/execute/20050316-3.c execution, -O0
FAIL: gcc.c-torture/execute/20050316-3.c compilation, -O1
UNRESOLVED: gcc.c-torture/execute/20050316-3.c execution, -O1
FAIL: gcc.c-torture/execute/20050316-3.c compilation, -O2
UNRESOLVED: gcc.c-torture/execute/20050316-3.c execution, -O2
FAIL: gcc.c-torture/execute/20050316-3.c compilation, -O3 -fomit-frame-pointer
UNRESOLVED: gcc.c-torture/execute/20050316-3.c execution, -O3 -fomit-frame-pointer
FAIL: gcc.c-torture/execute/20050316-3.c compilation, -O3 -g
UNRESOLVED: gcc.c-torture/execute/20050316-3.c execution, -O3 -g
FAIL: gcc.c-torture/execute/20050316-3.c compilation, -Os
UNRESOLVED: gcc.c-torture/execute/20050316-3.c execution, -Os
FAIL: gcc.c-torture/execute/pr23135.c compilation, -O1
UNRESOLVED: gcc.c-torture/execute/pr23135.c execution, -O1
FAIL: gcc.c-torture/execute/pr23135.c compilation, -O2
UNRESOLVED: gcc.c-torture/execute/pr23135.c execution, -O2
FAIL: gcc.c-torture/execute/pr23135.c compilation, -O3 -fomit-frame-pointer
UNRESOLVED: gcc.c-torture/execute/pr23135.c execution, -O3 -fomit-frame-pointer
FAIL: gcc.c-torture/execute/pr23135.c compilation, -O3 -g
UNRESOLVED: gcc.c-torture/execute/pr23135.c execution, -O3 -g
FAIL: gcc.c-torture/execute/pr23135.c compilation, -Os
UNRESOLVED: gcc.c-torture/execute/pr23135.c execution, -Os
FAIL: gcc.c-torture/execute/simd-6.c compilation, -O0
UNRESOLVED: gcc.c-torture/execute/simd-6.c execution, -O0
FAIL: gcc.c-torture/execute/simd-6.c compilation, -O1
UNRESOLVED: gcc.c-torture/execute/simd-6.c execution, -O1
FAIL: gcc.c-torture/execute/simd-6.c compilation, -O2
UNRESOLVED: gcc.c-torture/execute/simd-6.c execution, -O2
FAIL: gcc.c-torture/execute/simd-6.c compilation, -O3 -fomit-frame-pointer
UNRESOLVED: gcc.c-torture/execute/simd-6.c execution, -O3 -fomit-frame-pointer
FAIL: gcc.c-torture/execute/simd-6.c compilation, -O3 -g
UNRESOLVED: gcc.c-torture/execute/simd-6.c execution, -O3 -g
FAIL: gcc.c-torture/execute/simd-6.c compilation, -Os
UNRESOLVED: gcc.c-torture/execute/simd-6.c execution, -Os
FAIL: gcc.dg/compat/vector-1 c_compat_x_tst.o compile
UNRESOLVED: gcc.dg/compat/vector-1 c_compat_x_tst.o-c_compat_y_tst.o link
UNRESOLVED: gcc.dg/compat/vector-1 c_compat_x_tst.o-c_compat_y_tst.o execute
FAIL: gcc.dg/darwin-weakimport-1.c scan-assembler-not weak_[a-z \\t]*_b
FAIL: gcc.dg/darwin-weakimport-3.c scan-assembler-not coalesced
FAIL: gcc.dg/framework-1.c (test for excess errors)
FAIL: gcc.dg/torture/pr16104-1.c -O0 (test for excess errors)
WARNING: gcc.dg/torture/pr16104-1.c -O0 compilation failed to produce executable
FAIL: gcc.dg/torture/pr16104-1.c -O1 (test for excess errors)
WARNING: gcc.dg/torture/pr16104-1.c -O1 compilation failed to produce executable
FAIL: gcc.dg/torture/pr16104-1.c -O2 (test for excess errors)
WARNING: gcc.dg/torture/pr16104-1.c -O2 compilation failed to produce executable
FAIL: gcc.dg/torture/pr16104-1.c -O3 -fomit-frame-pointer (test for excess errors)
WARNING: gcc.dg/torture/pr16104-1.c -O3 -fomit-frame-pointer compilation failed to produce executable
FAIL: gcc.dg/torture/pr16104-1.c -O3 -g (test for excess errors)
WARNING: gcc.dg/torture/pr16104-1.c -O3 -g compilation failed to produce executable
FAIL: gcc.dg/torture/pr16104-1.c -Os (test for excess errors)
WARNING: gcc.dg/torture/pr16104-1.c -Os compilation failed to produce executable
FAIL: gcc.target/i386/3dnow-1.c (test for excess errors)
FAIL: gcc.target/i386/3dnow-2.c (test for excess errors)
FAIL: gcc.target/i386/mmx-8.c (test for excess errors)
WARNING: gcc.target/i386/mmx-8.c compilation failed to produce executable
FAIL: gcc.target/i386/sse2-mmx.c (test for excess errors)
WARNING: gcc.target/i386/sse2-mmx.c compilation failed to produce executable
FAIL: gcc.target/i386/sse2-movq-2.c (test for excess errors)
WARNING: gcc.target/i386/sse2-movq-2.c compilation failed to produce executable
FAIL: gcc.target/x86_64/abi/test_m64m128_returning.c compilation, -O0
UNRESOLVED: gcc.target/x86_64/abi/test_m64m128_returning.c execution, -O0
FAIL: gcc.target/x86_64/abi/test_m64m128_returning.c compilation, -O1
UNRESOLVED: gcc.target/x86_64/abi/test_m64m128_returning.c execution, -O1
FAIL: gcc.target/x86_64/abi/test_m64m128_returning.c compilation, -O2
UNRESOLVED: gcc.target/x86_64/abi/test_m64m128_returning.c execution, -O2
FAIL: gcc.target/x86_64/abi/test_m64m128_returning.c compilation, -O3 -fomit-frame-pointer
UNRESOLVED: gcc.target/x86_64/abi/test_m64m128_returning.c execution, -O3 -fomit-frame-pointer
FAIL: gcc.target/x86_64/abi/test_m64m128_returning.c compilation, -O3 -g
UNRESOLVED: gcc.target/x86_64/abi/test_m64m128_returning.c execution, -O3 -g
FAIL: gcc.target/x86_64/abi/test_m64m128_returning.c compilation, -Os
UNRESOLVED: gcc.target/x86_64/abi/test_m64m128_returning.c execution, -Os
FAIL: gcc.target/x86_64/abi/test_passing_m64m128.c compilation, -O0
UNRESOLVED: gcc.target/x86_64/abi/test_passing_m64m128.c execution, -O0
FAIL: gcc.target/x86_64/abi/test_passing_m64m128.c compilation, -O1
UNRESOLVED: gcc.target/x86_64/abi/test_passing_m64m128.c execution, -O1
FAIL: gcc.target/x86_64/abi/test_passing_m64m128.c compilation, -O2
UNRESOLVED: gcc.target/x86_64/abi/test_passing_m64m128.c execution, -O2
FAIL: gcc.target/x86_64/abi/test_passing_m64m128.c compilation, -O3 -fomit-frame-pointer
UNRESOLVED: gcc.target/x86_64/abi/test_passing_m64m128.c execution, -O3 -fomit-frame-pointer
FAIL: gcc.target/x86_64/abi/test_passing_m64m128.c compilation, -O3 -fomit-frame-pointer -funroll-loops
UNRESOLVED: gcc.target/x86_64/abi/test_passing_m64m128.c execution, -O3 -fomit-frame-pointer -funroll-loops
FAIL: gcc.target/x86_64/abi/test_passing_m64m128.c compilation, -O3 -fomit-frame-pointer -funroll-all-loops -finline-functions
UNRESOLVED: gcc.target/x86_64/abi/test_passing_m64m128.c execution, -O3 -fomit-frame-pointer -funroll-all-loops -finline-functions
FAIL: gcc.target/x86_64/abi/test_passing_m64m128.c compilation, -O3 -g
UNRESOLVED: gcc.target/x86_64/abi/test_passing_m64m128.c execution, -O3 -g
FAIL: gcc.target/x86_64/abi/test_passing_m64m128.c compilation, -Os
UNRESOLVED: gcc.target/x86_64/abi/test_passing_m64m128.c execution, -Os
=== gcc Summary ===
# of expected passes 55092
# of unexpected failures 57
# of expected failures 191
# of unresolved testcases 39
# of unsupported tests 1338
/Users/ventzi/source/gcc-4.4.3/build/gcc/xgcc version 4.4.3 (GCC)
=== gfortran tests ===
Running target unix
=== gfortran Summary ===
# of expected passes 29866
# of expected failures 14
# of unsupported tests 66
/Users/ventzi/source/gcc-4.4.3/build/gcc/testsuite/gfortran/../../gfortran version 4.4.3 (GCC)
=== objc tests ===
Running target unix
FAIL: objc/execute/exceptions/catchall-1.m execution, -O0 -fgnu-runtime
FAIL: objc/execute/exceptions/catchall-1.m execution, -O1 -fgnu-runtime
FAIL: objc/execute/exceptions/catchall-1.m execution, -O2 -fgnu-runtime
FAIL: objc/execute/exceptions/catchall-1.m execution, -O3 -fomit-frame-pointer -fgnu-runtime
FAIL: objc/execute/exceptions/catchall-1.m execution, -O3 -g -fgnu-runtime
FAIL: objc/execute/exceptions/catchall-1.m execution, -Os -fgnu-runtime
FAIL: objc/execute/exceptions/finally-1.m execution, -O0 -fgnu-runtime
FAIL: objc/execute/exceptions/finally-1.m execution, -O1 -fgnu-runtime
FAIL: objc/execute/exceptions/finally-1.m execution, -O2 -fgnu-runtime
FAIL: objc/execute/exceptions/finally-1.m execution, -O3 -fomit-frame-pointer -fgnu-runtime
FAIL: objc/execute/exceptions/finally-1.m execution, -O3 -g -fgnu-runtime
FAIL: objc/execute/exceptions/finally-1.m execution, -Os -fgnu-runtime
FAIL: objc/execute/exceptions/foward-1.m execution, -O0 -fgnu-runtime
FAIL: objc/execute/exceptions/foward-1.m execution, -O1 -fgnu-runtime
FAIL: objc/execute/exceptions/foward-1.m execution, -O2 -fgnu-runtime
FAIL: objc/execute/exceptions/foward-1.m execution, -O3 -fomit-frame-pointer -fgnu-runtime
FAIL: objc/execute/exceptions/foward-1.m execution, -O3 -fomit-frame-pointer -funroll-loops -fgnu-runtime
FAIL: objc/execute/exceptions/foward-1.m execution, -O3 -fomit-frame-pointer -funroll-all-loops -finline-functions -fgnu-runtime
FAIL: objc/execute/exceptions/foward-1.m execution, -O3 -g -fgnu-runtime
FAIL: objc/execute/exceptions/foward-1.m execution, -Os -fgnu-runtime
FAIL: objc/execute/exceptions/handler-1.m execution, -O0 -fgnu-runtime
FAIL: objc/execute/exceptions/handler-1.m execution, -O1 -fgnu-runtime
FAIL: objc/execute/exceptions/handler-1.m execution, -O2 -fgnu-runtime
FAIL: objc/execute/exceptions/handler-1.m execution, -O3 -fomit-frame-pointer -fgnu-runtime
FAIL: objc/execute/exceptions/handler-1.m execution, -O3 -g -fgnu-runtime
FAIL: objc/execute/exceptions/handler-1.m execution, -Os -fgnu-runtime
FAIL: objc/execute/exceptions/local-variables-1.m execution, -O0 -fgnu-runtime
FAIL: objc/execute/exceptions/local-variables-1.m execution, -O1 -fgnu-runtime
FAIL: objc/execute/exceptions/local-variables-1.m execution, -O2 -fgnu-runtime
FAIL: objc/execute/exceptions/local-variables-1.m execution, -O3 -fomit-frame-pointer -fgnu-runtime
FAIL: objc/execute/exceptions/local-variables-1.m execution, -O3 -g -fgnu-runtime
FAIL: objc/execute/exceptions/local-variables-1.m execution, -Os -fgnu-runtime
FAIL: objc/execute/forward-1.m execution, -O0 -fgnu-runtime
FAIL: objc/execute/forward-1.m execution, -O1 -fgnu-runtime
FAIL: objc/execute/forward-1.m execution, -O2 -fgnu-runtime
FAIL: objc/execute/forward-1.m execution, -O3 -fomit-frame-pointer -fgnu-runtime
FAIL: objc/execute/forward-1.m execution, -O3 -fomit-frame-pointer -funroll-loops -fgnu-runtime
FAIL: objc/execute/forward-1.m execution, -O3 -fomit-frame-pointer -funroll-all-loops -finline-functions -fgnu-runtime
FAIL: objc/execute/forward-1.m execution, -O3 -g -fgnu-runtime
FAIL: objc/execute/forward-1.m execution, -Os -fgnu-runtime
FAIL: objc.dg/bitfield-1.m (test for excess errors)
WARNING: objc.dg/bitfield-1.m compilation failed to produce executable
FAIL: objc.dg/bitfield-3.m (test for excess errors)
FAIL: objc.dg/bitfield-5.m (test for excess errors)
FAIL: objc.dg/call-super-1.m (test for excess errors)
WARNING: objc.dg/call-super-1.m compilation failed to produce executable
FAIL: objc.dg/call-super-3.m (test for excess errors)
WARNING: objc.dg/call-super-3.m compilation failed to produce executable
FAIL: objc.dg/category-1.m (test for excess errors)
WARNING: objc.dg/category-1.m compilation failed to produce executable
FAIL: objc.dg/const-str-10.m (test for excess errors)
FAIL: objc.dg/const-str-10.m scan-assembler .long\\t__NSConstantStringClassReference\\n\\t.long\\t.*\\n\\t.long\\t5\\n\\t.data
FAIL: objc.dg/const-str-11.m (test for excess errors)
FAIL: objc.dg/const-str-11.m scan-assembler .long\\t__XStrClassReference\\n\\t.long\\t.*\\n\\t.long\\t5\\n\\t.data
FAIL: objc.dg/const-str-3.m (test for excess errors)
WARNING: objc.dg/const-str-3.m compilation failed to produce executable
FAIL: objc.dg/const-str-7.m (test for excess errors)
WARNING: objc.dg/const-str-7.m compilation failed to produce executable
FAIL: objc.dg/const-str-8.m (test for excess errors)
WARNING: objc.dg/const-str-8.m compilation failed to produce executable
FAIL: objc.dg/const-str-9.m (test for excess errors)
FAIL: objc.dg/const-str-9.m scan-assembler .long\\t__NSConstantStringClassReference\\n\\t.long\\t.*\\n\\t.long\\t5\\n\\t.data
FAIL: objc.dg/defs.m (test for excess errors)
WARNING: objc.dg/defs.m compilation failed to produce executable
FAIL: objc.dg/desig-init-1.m (test for excess errors)
WARNING: objc.dg/desig-init-1.m compilation failed to produce executable
FAIL: objc.dg/encode-2.m (test for excess errors)
WARNING: objc.dg/encode-2.m compilation failed to produce executable
FAIL: objc.dg/encode-3.m (test for excess errors)
WARNING: objc.dg/encode-3.m compilation failed to produce executable
FAIL: objc.dg/encode-4.m (test for excess errors)
WARNING: objc.dg/encode-4.m compilation failed to produce executable
FAIL: objc.dg/encode-5.m (test for excess errors)
FAIL: objc.dg/fix-and-continue-1.m (test for excess errors)
WARNING: objc.dg/fix-and-continue-1.m compilation failed to produce executable
FAIL: objc.dg/func-ptr-1.m (test for excess errors)
WARNING: objc.dg/func-ptr-1.m compilation failed to produce executable
FAIL: objc.dg/func-ptr-2.m (test for excess errors)
WARNING: objc.dg/func-ptr-2.m compilation failed to produce executable
FAIL: objc.dg/headers.m (test for excess errors)
FAIL: objc.dg/layout-1.m (test for excess errors)
FAIL: objc.dg/lookup-1.m (test for excess errors)
WARNING: objc.dg/lookup-1.m compilation failed to produce executable
FAIL: objc.dg/method-10.m (test for excess errors)
WARNING: objc.dg/method-10.m compilation failed to produce executable
FAIL: objc.dg/method-13.m execution test
FAIL: objc.dg/method-3.m (test for excess errors)
WARNING: objc.dg/method-3.m compilation failed to produce executable
FAIL: objc.dg/method-6.m (test for excess errors)
FAIL: objc.dg/next-runtime-1.m scan-assembler L_OBJC_MODULES:\\n[ \\t]*.long\\t6\\n
FAIL: objc.dg/no-extra-load.m (test for excess errors)
ERROR: objc.dg/no-extra-load.m: error executing dg-final: couldn't open "no-extra-load.s": no such file or directory
UNRESOLVED: objc.dg/no-extra-load.m: error executing dg-final: couldn't open "no-extra-load.s": no such file or directory
FAIL: objc.dg/proto-lossage-3.m (test for excess errors)
WARNING: objc.dg/proto-lossage-3.m compilation failed to produce executable
FAIL: objc.dg/proto-qual-1.m (test for excess errors)
WARNING: objc.dg/proto-qual-1.m compilation failed to produce executable
FAIL: objc.dg/sizeof-1.m (test for excess errors)
WARNING: objc.dg/sizeof-1.m compilation failed to produce executable
FAIL: objc.dg/stret-1.m (test for excess errors)
WARNING: objc.dg/stret-1.m compilation failed to produce executable
FAIL: objc.dg/stret-2.m scan-assembler objc_msgSend_stret
FAIL: objc.dg/stret-2.m scan-assembler-not objc_msgSend[^_S]
FAIL: objc.dg/stret-2.m scan-assembler-not objc_msgSendSuper[^_]
FAIL: objc.dg/stubify-1.m (test for excess errors)
ERROR: objc.dg/stubify-1.m: error executing dg-final: couldn't open "stubify-1.s": no such file or directory
UNRESOLVED: objc.dg/stubify-1.m: error executing dg-final: couldn't open "stubify-1.s": no such file or directory
FAIL: objc.dg/stubify-2.m (test for excess errors)
FAIL: objc.dg/stubify-2.m scan-rtl-dump-not jump "symbol_ref.*"objc_msgSend"": dump file does not exist
FAIL: objc.dg/super-class-3.m (test for excess errors)
WARNING: objc.dg/super-class-3.m compilation failed to produce executable
FAIL: objc.dg/symtab-1.m scan-assembler L_OBJC_SYMBOLS.*:\\n\\t.long\\t0\\n\\t.long\\t0\\n\\t.short\\t2\\n\\t.short\\t0\\n\\t.long\\tL_OBJC_CLASS_Derived.*\\n\\t.long\\tL_OBJC_CLASS_Base.*\\n
FAIL: objc.dg/type-size-2.m (test for excess errors)
FAIL: objc.dg/type-size-2.m execution test
FAIL: objc.dg/va-meth-1.m (test for excess errors)
WARNING: objc.dg/va-meth-1.m compilation failed to produce executable
FAIL: objc.dg/zero-link-3.m (test for excess errors)
WARNING: objc.dg/zero-link-3.m compilation failed to produce executable
FAIL: objc.dg/special/unclaimed-category-1.m unclaimed-category-1a.o (test for excess errors)
FAIL: objc.dg/special/unclaimed-category-1.m unclaimed-category-1a.o execution test
=== objc Summary ===
# of expected passes 1802
# of unexpected failures 91
# of expected failures 7
# of unresolved testcases 2
# of unsupported tests 2
/Users/ventzi/source/gcc-4.4.3/build/gcc/xgcc version 4.4.3 (GCC)
=== libffi tests ===
Running target unix
=== libffi Summary ===
# of expected passes 1389
# of unsupported tests 10
=== libgomp tests ===
Running target unix
=== libgomp Summary ===
# of expected passes 2168
# of unsupported tests 128
=== libjava tests ===
Running target unix
FAIL: PR16923 run
FAIL: StackTrace2 output - source compiled test
FAIL: StackTrace2 -findirect-dispatch output - source compiled test
FAIL: StackTrace2 -O3 output - source compiled test
FAIL: StackTrace2 -O3 -findirect-dispatch output - source compiled test
FAIL: Thread_Sleep_2 output - source compiled test
FAIL: Thread_Sleep_2 -O3 -findirect-dispatch output - source compiled test
FAIL: Throw_3 output - source compiled test
FAIL: Throw_3 -findirect-dispatch output - source compiled test
FAIL: Throw_3 -O3 output - source compiled test
FAIL: Throw_3 -O3 -findirect-dispatch output - source compiled test
FAIL: WalkerTest execution - source compiled test
FAIL: WalkerTest -findirect-dispatch execution - source compiled test
FAIL: WalkerTest -O3 execution - source compiled test
FAIL: WalkerTest -O3 -findirect-dispatch execution - source compiled test
FAIL: stacktrace -O3 output - source compiled test
=== libjava Summary ===
# of expected passes 2554
# of unexpected failures 16
# of untested testcases 5
=== libstdc++ tests ===
Running target unix
FAIL: 21_strings/basic_string/element_access/char/21674.cc execution test
FAIL: 21_strings/basic_string/element_access/wchar_t/21674.cc execution test
=== libstdc++ Summary ===
# of expected passes 5633
# of unexpected failures 2
# of expected failures 75
# of unsupported tests 455
Compiler version: 4.4.3 (GCC)
Platform: x86_64-apple-darwin10.3.0
configure flags: --prefix=/sw --program-suffix=-4.4.3 --with-local-prefix=/sw --enable-shared --enable-threads --with-cpu=core2 --with-arch=core2 --with-tune=core2 --enable-version-specific-runtime-libs --enable-languages=all --with-dwarf2 --enable-targets=all --with-gc=page --enable-nls CPPFLAGS='-I/sw/include -I/usr/include' LDFLAGS='-L/sw/lib -L/usr/lib' CC=/usr/bin/gcc-4.2 CXX=/usr/bin/g++-4.2