This is the mail archive of the
gcc-testresults@gcc.gnu.org
mailing list for the GCC project.
Results for 4.4.3 (GCC) testsuite on sparc-sun-solaris2.8
- From: Dennis Clarke <dclarke at blastwave dot org>
- To: gcc-testresults at gcc dot gnu dot org
- Date: Tue, 06 Apr 2010 03:24:28 -0400 (EDT)
- Subject: Results for 4.4.3 (GCC) testsuite on sparc-sun-solaris2.8
- Reply-to: dclarke at blastwave dot org
Build System :
----------------------------------------------------------------------------
bash-4.0$ uname -a
SunOS socrates 5.8 Generic_127721-03 sun4u sparc SUNW,Sun-Fire-480R
$ cat /etc/release
Solaris 8 2/04 s28s_hw4wos_05a SPARC
Copyright 2004 Sun Microsystems, Inc. All Rights Reserved.
Assembled 08 January 2004
$ psrinfo -pv
The UltraSPARC-III+ physical processor has 1 virtual processor (0)
The UltraSPARC-III+ physical processor has 1 virtual processor (2)
$ psrinfo -v
Status of virtual processor 0 as of: 04/06/10 07:10:28
on-line since 04/03/10 08:19:24.
The sparcv9 processor operates at 900 MHz,
and has a sparcv9 floating point processor.
Status of virtual processor 2 as of: 04/06/10 07:10:28
on-line since 04/03/10 08:19:24.
The sparcv9 processor operates at 900 MHz,
and has a sparcv9 floating point processor.
$ /opt/studio/SOS11/SUNWspro/bin/fpversion
A SPARC-based CPU is available.
Kernel says CPU's clock rate is 900.0 MHz.
Kernel says main memory's clock rate is 150.0 MHz.
Sun-4 floating-point controller version 0 found.
An UltraSPARC chip is available.
Use "-xtarget=ultra3cu -xcache=64/32/4:8192/512/2" code-generation option.
----------------------------------------------------------------------------
Build tools:
ASSEMBLER:
as from GNU Binutils 2.20.1.20100303 thus :
$ as --version
GNU assembler (GNU Binutils) 2.20.1.20100303
Copyright 2009 Free Software Foundation, Inc.
This program is free software; you may redistribute it under the terms of
the GNU General Public License version 3 or later.
This program has absolutely no warranty.
This assembler was configured for a target of `sparc-sun-solaris2.8'.
LINKER:
The linker used was the Sun/Vendor provided /usr/ccs/bin/sparcv9/ld
# file /usr/ccs/bin/sparcv9/ld
/usr/ccs/bin/sparcv9/ld: ELF 64-bit MSB executable SPARCV9 Version
1, dynamically linked, stripped
patch rev 109147-44 thus :
Patch-ID# 109147-44
Keywords: security dlsym dlclose linker initfirst crle rtld
symlinks link_audit brandz
Synopsis: SunOS 5.8: linker patch
Date: Sep/17/2007
bugid 4955802 /usr/ccs/bin/ld dumps core in process_reld()
$ autoconf --version
autoconf (GNU Autoconf) 2.65
Copyright (C) 2009 Free Software Foundation, Inc.
$ automake --version
automake (GNU automake) 1.11.1
$ bison --version
bison (GNU Bison) 2.4.2
Written by Robert Corbett and Richard Stallman.
$ awk --version
GNU Awk 3.1.7
Copyright (C) 1989, 1991-2009 Free Software Foundation.
$ gettext --version
gettext (GNU gettext-runtime) 0.17
Copyright (C) 1995-1997, 2000-2007 Free Software Foundation, Inc.
License GPLv3+: GNU GPL version 3 or later <http://gnu.org/licenses/gpl.html>
This is free software: you are free to change and redistribute it.
There is NO WARRANTY, to the extent permitted by law.
Written by Ulrich Drepper.
$ iconv --version
iconv (GNU libiconv 1.13)
Copyright (C) 2000-2009 Free Software Foundation, Inc.
License GPLv3+: GNU GPL version 3 or later <http://gnu.org/licenses/gpl.html>
This is free software: you are free to change and redistribute it.
There is NO WARRANTY, to the extent permitted by law.
Written by Bruno Haible.
This is a triple bootstrap in that this release version is built with gcc
4.3.4 which in turn was bootstrapped with gcc 4.3.4.
----------------------------------------------------------------------------
Configure Line :
$ ../gcc-4.4.3/configure --build=sparc-sun-solaris2.8 --with-gnu-as \
--with-as=/usr/local/bin/as --without-gnu-ld \
--with-ld=/usr/ccs/bin/ld --with-cpu=v7 --enable-stage1-languages=c \
--enable-nls --with-libiconv-prefix=/usr/local --enable-threads=posix \
--prefix=/usr/local/gcc4 --with-local-prefix=/usr/local \
--enable-shared --enable-multilib --with-system-zlib \
--with-gmp=/usr/local --with-mpfr=/usr/local --with-mpc=/usr/local \
--enable-languages=c,c++,objc,fortran,ada --enable-bootstrap
$ date
Tue Apr 6 07:20:37 GMT 2010
LAST_UPDATED: Obtained from SVN: tags/gcc_4_4_3_release revision 156151
=== acats tests ===
=== acats Summary ===
# of expected passes 2315
# of unexpected failures 0
Native configuration is sparc-sun-solaris2.8
=== g++ tests ===
Running target unix
XPASS: g++.dg/other/ucnid-1.C (test for excess errors)
FAIL: g++.dg/warn/miss-format-1.C (test for errors, line 25)
FAIL: g++.dg/warn/miss-format-1.C (test for excess errors)
XPASS: g++.old-deja/g++.other/init19.C execution test
=== g++ Summary ===
# of expected passes 19204
# of unexpected failures 2
# of unexpected successes 2
# of expected failures 158
# of unsupported tests 258
/opt/csw/src/GCC/gcc-4.4.3-001/gcc/testsuite/g++/../../g++ version 4.4.3
(Blastwave.org Inc. Sun Apr 4 03:14:15 GMT 2010)
=== gcc tests ===
Running target unix
FAIL: gcc.dg/debug/dwarf2/inline2.c scan-assembler-times \\(DIE \\(.*?\\)
DW_TAG_inlined_subroutine 6
FAIL: gcc.dg/debug/dwarf2/inline2.c scan-assembler-times \\(DIE \\(.*?\\)
DW_TAG_lexical_block 6
WARNING: program timed out.
FAIL: gcc.dg/pr28796-2.c execution test
FAIL: gcc.dg/pthread-init-1.c (test for excess errors)
FAIL: gcc.dg/pthread-init-2.c (test for excess errors)
XPASS: gcc.dg/ucnid-2.c (test for excess errors)
XPASS: gcc.dg/ucnid-3.c (test for excess errors)
XPASS: gcc.dg/ucnid-4.c (test for excess errors)
FAIL: gcc.dg/torture/pr41555.c -O0 (test for excess errors)
WARNING: gcc.dg/torture/pr41555.c -O0 compilation failed to produce
executable
FAIL: gcc.dg/torture/pr41555.c -O1 (test for excess errors)
WARNING: gcc.dg/torture/pr41555.c -O1 compilation failed to produce
executable
FAIL: gcc.dg/torture/pr41555.c -O2 (test for excess errors)
WARNING: gcc.dg/torture/pr41555.c -O2 compilation failed to produce
executable
FAIL: gcc.dg/torture/pr41555.c -O3 -fomit-frame-pointer (test for excess
errors)
WARNING: gcc.dg/torture/pr41555.c -O3 -fomit-frame-pointer compilation
failed to produce executable
FAIL: gcc.dg/torture/pr41555.c -O3 -fomit-frame-pointer -funroll-loops
(test for excess errors)
WARNING: gcc.dg/torture/pr41555.c -O3 -fomit-frame-pointer -funroll-loops
compilation failed to produce executable
FAIL: gcc.dg/torture/pr41555.c -O3 -fomit-frame-pointer
-funroll-all-loops -finline-functions (test for excess errors)
WARNING: gcc.dg/torture/pr41555.c -O3 -fomit-frame-pointer
-funroll-all-loops -finline-functions compilation failed to produce
executable
FAIL: gcc.dg/torture/pr41555.c -O3 -g (test for excess errors)
WARNING: gcc.dg/torture/pr41555.c -O3 -g compilation failed to produce
executable
FAIL: gcc.dg/torture/pr41555.c -Os (test for excess errors)
WARNING: gcc.dg/torture/pr41555.c -Os compilation failed to produce
executable
FAIL: gcc.dg/vect/vect-35.c scan-tree-dump-times vect "vectorized 1 loops" 1
FAIL: gcc.dg/vect/slp-multitypes-2.c execution test
=== gcc Summary ===
# of expected passes 50906
# of unexpected failures 15
# of unexpected successes 3
# of expected failures 222
# of unsupported tests 757
/opt/csw/src/GCC/gcc-4.4.3-001/gcc/xgcc version 4.4.3 (Blastwave.org Inc.
Sun Apr 4 03:14:15 GMT 2010)
=== gfortran tests ===
Running target unix
FAIL: gfortran.dg/nint_2.f90 -O0 execution test
=== gfortran Summary ===
# of expected passes 29374
# of unexpected failures 1
# of expected failures 12
# of unsupported tests 294
/opt/csw/src/GCC/gcc-4.4.3-001/gcc/testsuite/gfortran/../../gfortran
version 4.4.3 (Blastwave.org Inc. Sun Apr 4 03:14:15 GMT 2010)
=== gnat tests ===
Running target unix
=== gnat Summary ===
# of expected passes 616
# of expected failures 6
=== objc tests ===
Running target unix
FAIL: objc/execute/forward-1.m execution, -O0 -fgnu-runtime
FAIL: objc/execute/forward-1.m execution, -O1 -fgnu-runtime
FAIL: objc/execute/forward-1.m execution, -O2 -fgnu-runtime
FAIL: objc/execute/forward-1.m execution, -O3 -fomit-frame-pointer
-fgnu-runtime
FAIL: objc/execute/forward-1.m execution, -O3 -fomit-frame-pointer
-funroll-loops -fgnu-runtime
FAIL: objc/execute/forward-1.m execution, -O3 -fomit-frame-pointer
-funroll-all-loops -finline-functions -fgnu-runtime
FAIL: objc/execute/forward-1.m execution, -O3 -g -fgnu-runtime
FAIL: objc/execute/forward-1.m execution, -Os -fgnu-runtime
=== objc Summary ===
# of expected passes 1866
# of unexpected failures 8
# of expected failures 7
# of unsupported tests 24
/opt/csw/src/GCC/gcc-4.4.3-001/gcc/xgcc version 4.4.3 (Blastwave.org Inc.
Sun Apr 4 03:14:15 GMT 2010)
=== libgomp tests ===
Running target unix
=== libgomp Summary ===
# of expected passes 2406
# of unsupported tests 9
=== libstdc++ tests ===
Running target unix
=== libstdc++ Summary ===
# of expected passes 5455
# of expected failures 73
# of unsupported tests 552
Compiler version: 4.4.3 (Blastwave.org Inc. Sun Apr 4 03:14:15 GMT 2010)
Platform: sparc-sun-solaris2.8
configure flags: --build=sparc-sun-solaris2.8 --with-gnu-as
--with-as=/usr/local/bin/as --without-gnu-ld --with-ld=/usr/ccs/bin/ld
--with-cpu=v7 --enable-stage1-languages=c --enable-nls
--with-libiconv-prefix=/usr/local --enable-threads=posix
--prefix=/usr/local/gcc4 --with-local-prefix=/usr/local --enable-shared
--enable-multilib --with-system-zlib --with-gmp=/usr/local
--with-mpfr=/usr/local --with-mpc=/usr/local
--with-pkgversion='Blastwave.org Inc. Sun Apr 4 03:14:15 GMT 2010'
--with-bugurl=http://www.blastwave.org/support
--enable-languages=c,c++,objc,fortran,ada --enable-bootstrap
EOF
Mail -s "Results for 4.4.3 (Blastwave.org Inc. Sun Apr 4 03:14:15 GMT
2010) testsuite on sparc-sun-solaris2.8" gcc-testresults@gcc.gnu.org &&
mv /opt/csw/src/GCC/gcc-4.4.3-001/./gcc/testsuite/ada/acats/acats.sum
/opt/csw/src/GCC/gcc-4.4.3-001/./gcc/testsuite/ada/acats/acats.sum.sent &&
mv /opt/csw/src/GCC/gcc-4.4.3-001/./gcc/testsuite/g++/g++.sum
/opt/csw/src/GCC/gcc-4.4.3-001/./gcc/testsuite/g++/g++.sum.sent &&
mv /opt/csw/src/GCC/gcc-4.4.3-001/./gcc/testsuite/gcc/gcc.sum
/opt/csw/src/GCC/gcc-4.4.3-001/./gcc/testsuite/gcc/gcc.sum.sent &&
mv /opt/csw/src/GCC/gcc-4.4.3-001/./gcc/testsuite/gfortran/gfortran.sum
/opt/csw/src/GCC/gcc-4.4.3-001/./gcc/testsuite/gfortran/gfortran.sum.sent
&&
mv /opt/csw/src/GCC/gcc-4.4.3-001/./gcc/testsuite/gnat/gnat.sum
/opt/csw/src/GCC/gcc-4.4.3-001/./gcc/testsuite/gnat/gnat.sum.sent &&
mv /opt/csw/src/GCC/gcc-4.4.3-001/./gcc/testsuite/objc/objc.sum
/opt/csw/src/GCC/gcc-4.4.3-001/./gcc/testsuite/objc/objc.sum.sent &&
mv
/opt/csw/src/GCC/gcc-4.4.3-001/./sparc-sun-solaris2.8/libgomp/testsuite/libgomp.sum
/opt/csw/src/GCC/gcc-4.4.3-001/./sparc-sun-solaris2.8/libgomp/testsuite/libgomp.sum.sent
&&
mv
/opt/csw/src/GCC/gcc-4.4.3-001/./sparc-sun-solaris2.8/libstdc++-v3/testsuite/libstdc++.sum
/opt/csw/src/GCC/gcc-4.4.3-001/./sparc-sun-solaris2.8/libstdc++-v3/testsuite/libstdc++.sum.sent
&&
mv /opt/csw/src/GCC/gcc-4.4.3-001/./gcc/testsuite/ada/acats/acats.log
/opt/csw/src/GCC/gcc-4.4.3-001/./gcc/testsuite/ada/acats/acats.log.sent &&
mv /opt/csw/src/GCC/gcc-4.4.3-001/./gcc/testsuite/g++/g++.log
/opt/csw/src/GCC/gcc-4.4.3-001/./gcc/testsuite/g++/g++.log.sent &&
mv /opt/csw/src/GCC/gcc-4.4.3-001/./gcc/testsuite/gcc/gcc.log
/opt/csw/src/GCC/gcc-4.4.3-001/./gcc/testsuite/gcc/gcc.log.sent &&
mv /opt/csw/src/GCC/gcc-4.4.3-001/./gcc/testsuite/gfortran/gfortran.log
/opt/csw/src/GCC/gcc-4.4.3-001/./gcc/testsuite/gfortran/gfortran.log.sent
&&
mv /opt/csw/src/GCC/gcc-4.4.3-001/./gcc/testsuite/gnat/gnat.log
/opt/csw/src/GCC/gcc-4.4.3-001/./gcc/testsuite/gnat/gnat.log.sent &&
mv /opt/csw/src/GCC/gcc-4.4.3-001/./gcc/testsuite/objc/objc.log
/opt/csw/src/GCC/gcc-4.4.3-001/./gcc/testsuite/objc/objc.log.sent &&
mv
/opt/csw/src/GCC/gcc-4.4.3-001/./sparc-sun-solaris2.8/libgomp/testsuite/libgomp.log
/opt/csw/src/GCC/gcc-4.4.3-001/./sparc-sun-solaris2.8/libgomp/testsuite/libgomp.log.sent
&&
mv
/opt/csw/src/GCC/gcc-4.4.3-001/./sparc-sun-solaris2.8/libstdc++-v3/testsuite/libstdc++.log
/opt/csw/src/GCC/gcc-4.4.3-001/./sparc-sun-solaris2.8/libstdc++-v3/testsuite/libstdc++.log.sent
&&
true
--
Dennis Clarke Tue Apr 6 07:20:37 GMT 2010
dclarke@opensolaris.ca <- Email related to the open source Solaris
dclarke@blastwave.org <- Email related to open source for Solaris