This is the mail archive of the gcc-testresults@gcc.gnu.org mailing list for the GCC project.
Index Nav: | [Date Index] [Subject Index] [Author Index] [Thread Index] | |
---|---|---|
Message Nav: | [Date Prev] [Date Next] | [Thread Prev] [Thread Next] |
Other format: | [Raw text] |
Native configuration is i386-unknown-freebsd6.4 === g++ tests === Running target unix FAIL: g++.dg/eh/gcsec1.C (test for excess errors) FAIL: c-c++-common/Wconversion-real.c (test for warnings, line 27) FAIL: c-c++-common/Wconversion-real.c (test for warnings, line 28) UNRESOLVED: attribute_plugin.c compilation, -I. -I/scratch/tmp/gerald/gcc-HEAD/gcc/testsuite -I/scratch/tmp/gerald/gcc-HEAD/gcc/testsuite/../../gcc -I/scratch/tmp/gerald/OBJ-0405-2235/gcc/testsuite/g++/../../../gcc -I/scratch/tmp/gerald/gcc-HEAD/gcc/testsuite/../../include -I/scratch/tmp/gerald/gcc-HEAD/gcc/testsuite/../../libcpp/include -I/home/gerald/6-i386/include -DIN_GCC -fPIC -shared UNRESOLVED: pragma_plugin.c compilation, -I. -I/scratch/tmp/gerald/gcc-HEAD/gcc/testsuite -I/scratch/tmp/gerald/gcc-HEAD/gcc/testsuite/../../gcc -I/scratch/tmp/gerald/OBJ-0405-2235/gcc/testsuite/g++/../../../gcc -I/scratch/tmp/gerald/gcc-HEAD/gcc/testsuite/../../include -I/scratch/tmp/gerald/gcc-HEAD/gcc/testsuite/../../libcpp/include -I/home/gerald/6-i386/include -DIN_GCC -fPIC -shared UNRESOLVED: selfassign.c compilation, -I. -I/scratch/tmp/gerald/gcc-HEAD/gcc/testsuite -I/scratch/tmp/gerald/gcc-HEAD/gcc/testsuite/../../gcc -I/scratch/tmp/gerald/OBJ-0405-2235/gcc/testsuite/g++/../../../gcc -I/scratch/tmp/gerald/gcc-HEAD/gcc/testsuite/../../include -I/scratch/tmp/gerald/gcc-HEAD/gcc/testsuite/../../libcpp/include -I/home/gerald/6-i386/include -O -DIN_GCC -fPIC -shared UNRESOLVED: dumb_plugin.c compilation, -I. -I/scratch/tmp/gerald/gcc-HEAD/gcc/testsuite -I/scratch/tmp/gerald/gcc-HEAD/gcc/testsuite/../../gcc -I/scratch/tmp/gerald/OBJ-0405-2235/gcc/testsuite/g++/../../../gcc -I/scratch/tmp/gerald/gcc-HEAD/gcc/testsuite/../../include -I/scratch/tmp/gerald/gcc-HEAD/gcc/testsuite/../../libcpp/include -I/home/gerald/6-i386/include -DIN_GCC -fPIC -shared UNRESOLVED: header_plugin.c compilation, -I. -I/scratch/tmp/gerald/gcc-HEAD/gcc/testsuite -I/scratch/tmp/gerald/gcc-HEAD/gcc/testsuite/../../gcc -I/scratch/tmp/gerald/OBJ-0405-2235/gcc/testsuite/g++/../../../gcc -I/scratch/tmp/gerald/gcc-HEAD/gcc/testsuite/../../include -I/scratch/tmp/gerald/gcc-HEAD/gcc/testsuite/../../libcpp/include -I/home/gerald/6-i386/include -DIN_GCC -fPIC -shared FAIL: g++.old-deja/g++.law/profile1.C (test for excess errors) FAIL: g++.old-deja/g++.other/init18.C execution test FAIL: g++.old-deja/g++.other/init19.C execution test === g++ Summary === # of expected passes 21809 # of unexpected failures 6 # of expected failures 149 # of unresolved testcases 5 # of unsupported tests 151 /scratch/tmp/gerald/OBJ-0405-2235/gcc/testsuite/g++/../../g++ version 4.5.0 20100405 (experimental) (GCC) === gcc tests === Running target unix WARNING: program timed out. FAIL: gcc.c-torture/compile/limits-fnargs.c -O3 -g (test for excess errors) FAIL: gcc.c-torture/execute/conversion.c execution, -O0 FAIL: gcc.c-torture/execute/conversion.c execution, -O1 FAIL: gcc.c-torture/execute/ieee/copysign1.c execution, -O2 FAIL: gcc.c-torture/execute/ieee/copysign1.c execution, -O3 -fomit-frame-pointer FAIL: gcc.c-torture/execute/ieee/copysign1.c execution, -O3 -fomit-frame-pointer -funroll-loops FAIL: gcc.c-torture/execute/ieee/copysign1.c execution, -O3 -fomit-frame-pointer -funroll-all-loops -finline-functions FAIL: gcc.c-torture/execute/ieee/copysign1.c execution, -O3 -g FAIL: gcc.c-torture/execute/ieee/copysign2.c execution, -O1 FAIL: gcc.dg/nest.c (test for excess errors) FAIL: gcc.dg/nested-func-4.c (test for excess errors) FAIL: gcc.dg/pr32450.c (test for excess errors) FAIL: gcc.dg/pr34668-1.c (internal compiler error) FAIL: gcc.dg/pr34668-1.c (test for excess errors) WARNING: program timed out. FAIL: gcc.dg/pr43058.c (test for excess errors) FAIL: gcc.dg/utf-array-short-wchar.c (test for errors, line 39) FAIL: gcc.dg/utf-array-short-wchar.c (test for errors, line 41) FAIL: gcc.dg/utf-array-short-wchar.c (test for excess errors) FAIL: c-c++-common/Wconversion-real.c -Wc++-compat (test for warnings, line 27) FAIL: c-c++-common/Wconversion-real.c -Wc++-compat (test for warnings, line 28) WARNING: program timed out. FAIL: largefile.c -O0 -g -I. (test for excess errors) FAIL: gcc.dg/pch/largefile.c -O0 -g assembly comparison WARNING: program timed out. FAIL: largefile.c -O0 -I. (test for excess errors) FAIL: gcc.dg/pch/largefile.c -O0 assembly comparison WARNING: program timed out. FAIL: largefile.c -O1 -I. (test for excess errors) FAIL: gcc.dg/pch/largefile.c -O1 assembly comparison WARNING: program timed out. FAIL: largefile.c -O2 -I. (test for excess errors) FAIL: gcc.dg/pch/largefile.c -O2 assembly comparison WARNING: program timed out. FAIL: largefile.c -O3 -fomit-frame-pointer -I. (test for excess errors) FAIL: gcc.dg/pch/largefile.c -O3 -fomit-frame-pointer assembly comparison WARNING: program timed out. FAIL: largefile.c -O3 -g -I. (test for excess errors) FAIL: gcc.dg/pch/largefile.c -O3 -g assembly comparison WARNING: program timed out. FAIL: largefile.c -Os -I. (test for excess errors) FAIL: gcc.dg/pch/largefile.c -Os assembly comparison UNRESOLVED: selfassign.c compilation, -I. -I/scratch/tmp/gerald/gcc-HEAD/gcc/testsuite -I/scratch/tmp/gerald/gcc-HEAD/gcc/testsuite/../../gcc -I/scratch/tmp/gerald/OBJ-0405-2235/gcc/testsuite/gcc/../../../gcc -I/scratch/tmp/gerald/gcc-HEAD/gcc/testsuite/../../include -I/scratch/tmp/gerald/gcc-HEAD/gcc/testsuite/../../libcpp/include -I/home/gerald/6-i386/include -O -DIN_GCC -fPIC -shared UNRESOLVED: ggcplug.c compilation, -I. -I/scratch/tmp/gerald/gcc-HEAD/gcc/testsuite -I/scratch/tmp/gerald/gcc-HEAD/gcc/testsuite/../../gcc -I/scratch/tmp/gerald/OBJ-0405-2235/gcc/testsuite/gcc/../../../gcc -I/scratch/tmp/gerald/gcc-HEAD/gcc/testsuite/../../include -I/scratch/tmp/gerald/gcc-HEAD/gcc/testsuite/../../libcpp/include -I/home/gerald/6-i386/include -O -DIN_GCC -fPIC -shared UNRESOLVED: one_time_plugin.c compilation, -I. -I/scratch/tmp/gerald/gcc-HEAD/gcc/testsuite -I/scratch/tmp/gerald/gcc-HEAD/gcc/testsuite/../../gcc -I/scratch/tmp/gerald/OBJ-0405-2235/gcc/testsuite/gcc/../../../gcc -I/scratch/tmp/gerald/gcc-HEAD/gcc/testsuite/../../include -I/scratch/tmp/gerald/gcc-HEAD/gcc/testsuite/../../libcpp/include -I/home/gerald/6-i386/include -DIN_GCC -fPIC -shared UNRESOLVED: start_unit_plugin.c compilation, -I. -I/scratch/tmp/gerald/gcc-HEAD/gcc/testsuite -I/scratch/tmp/gerald/gcc-HEAD/gcc/testsuite/../../gcc -I/scratch/tmp/gerald/OBJ-0405-2235/gcc/testsuite/gcc/../../../gcc -I/scratch/tmp/gerald/gcc-HEAD/gcc/testsuite/../../include -I/scratch/tmp/gerald/gcc-HEAD/gcc/testsuite/../../libcpp/include -I/home/gerald/6-i386/include -DIN_GCC -fPIC -shared UNRESOLVED: finish_unit_plugin.c compilation, -I. -I/scratch/tmp/gerald/gcc-HEAD/gcc/testsuite -I/scratch/tmp/gerald/gcc-HEAD/gcc/testsuite/../../gcc -I/scratch/tmp/gerald/OBJ-0405-2235/gcc/testsuite/gcc/../../../gcc -I/scratch/tmp/gerald/gcc-HEAD/gcc/testsuite/../../include -I/scratch/tmp/gerald/gcc-HEAD/gcc/testsuite/../../libcpp/include -I/home/gerald/6-i386/include -DIN_GCC -fPIC -shared FAIL: gcc.dg/torture/fp-int-convert-float.c -O0 execution test FAIL: gcc.dg/torture/fp-int-convert-float.c -O1 execution test FAIL: gcc.dg/torture/fp-int-convert-float.c -O2 execution test FAIL: gcc.dg/torture/fp-int-convert-float.c -O3 -fomit-frame-pointer execution test FAIL: gcc.dg/torture/fp-int-convert-float.c -O3 -g execution test FAIL: gcc.dg/torture/fp-int-convert-float.c -Os execution test FAIL: gcc.dg/torture/fp-int-convert-float128-timode.c -O0 (test for excess errors) WARNING: gcc.dg/torture/fp-int-convert-float128-timode.c -O0 compilation failed to produce executable FAIL: gcc.dg/torture/fp-int-convert-float128-timode.c -O1 (test for excess errors) WARNING: gcc.dg/torture/fp-int-convert-float128-timode.c -O1 compilation failed to produce executable FAIL: gcc.dg/torture/fp-int-convert-float128-timode.c -O2 (test for excess errors) WARNING: gcc.dg/torture/fp-int-convert-float128-timode.c -O2 compilation failed to produce executable FAIL: gcc.dg/torture/fp-int-convert-float128-timode.c -O3 -fomit-frame-pointer (test for excess errors) WARNING: gcc.dg/torture/fp-int-convert-float128-timode.c -O3 -fomit-frame-pointer compilation failed to produce executable FAIL: gcc.dg/torture/fp-int-convert-float128-timode.c -O3 -g (test for excess errors) WARNING: gcc.dg/torture/fp-int-convert-float128-timode.c -O3 -g compilation failed to produce executable FAIL: gcc.dg/torture/fp-int-convert-float128-timode.c -Os (test for excess errors) WARNING: gcc.dg/torture/fp-int-convert-float128-timode.c -Os compilation failed to produce executable FAIL: gcc.dg/torture/fp-int-convert-float128.c -O0 (test for excess errors) WARNING: gcc.dg/torture/fp-int-convert-float128.c -O0 compilation failed to produce executable FAIL: gcc.dg/torture/fp-int-convert-float128.c -O1 (test for excess errors) WARNING: gcc.dg/torture/fp-int-convert-float128.c -O1 compilation failed to produce executable FAIL: gcc.dg/torture/fp-int-convert-float128.c -O2 (test for excess errors) WARNING: gcc.dg/torture/fp-int-convert-float128.c -O2 compilation failed to produce executable FAIL: gcc.dg/torture/fp-int-convert-float128.c -O3 -fomit-frame-pointer (test for excess errors) WARNING: gcc.dg/torture/fp-int-convert-float128.c -O3 -fomit-frame-pointer compilation failed to produce executable FAIL: gcc.dg/torture/fp-int-convert-float128.c -O3 -g (test for excess errors) WARNING: gcc.dg/torture/fp-int-convert-float128.c -O3 -g compilation failed to produce executable FAIL: gcc.dg/torture/fp-int-convert-float128.c -Os (test for excess errors) WARNING: gcc.dg/torture/fp-int-convert-float128.c -Os compilation failed to produce executable FAIL: gcc.dg/torture/fp-int-convert-float80.c -O0 execution test FAIL: gcc.dg/torture/fp-int-convert-float80.c -O1 execution test FAIL: gcc.dg/torture/fp-int-convert-float80.c -O2 execution test FAIL: gcc.dg/torture/fp-int-convert-float80.c -O3 -fomit-frame-pointer execution test FAIL: gcc.dg/torture/fp-int-convert-float80.c -O3 -g execution test FAIL: gcc.dg/torture/fp-int-convert-float80.c -Os execution test FAIL: gcc.dg/torture/fp-int-convert-long-double.c -O0 execution test FAIL: gcc.dg/torture/fp-int-convert-long-double.c -O1 execution test FAIL: gcc.dg/torture/fp-int-convert-long-double.c -O2 execution test FAIL: gcc.dg/torture/fp-int-convert-long-double.c -O3 -fomit-frame-pointer execution test FAIL: gcc.dg/torture/fp-int-convert-long-double.c -O3 -g execution test FAIL: gcc.dg/torture/fp-int-convert-long-double.c -Os execution test XPASS: gcc.dg/tree-ssa/20040204-1.c scan-tree-dump-times optimized "link_error" 0 FAIL: gcc.dg/tree-ssa/ltrans-1.c scan-tree-dump-times ltrans "converted loop nest to perfect loop nest" 1 FAIL: gcc.dg/tree-ssa/ltrans-1.c scan-tree-dump-times ltrans "transformed loop" 1 FAIL: gcc.dg/tree-ssa/ltrans-3.c scan-tree-dump-times ltrans "transformed loop" 1 FAIL: gcc.dg/tree-ssa/ltrans-4.c scan-tree-dump-times ltrans "transformed loop" 1 FAIL: gcc.dg/tree-ssa/ltrans-5.c scan-tree-dump-times ltrans "transformed loop" 1 FAIL: gcc.dg/tree-ssa/ltrans-6.c scan-tree-dump-times ltrans "transformed loop" 1 FAIL: gcc.dg/tree-ssa/ltrans-8.c scan-tree-dump-times ltrans "transformed loop" 1 FAIL: gcc.dg/tree-ssa/vrp47.c scan-tree-dump-times vrp1 "[xy][^ ]* !=" 0 FAIL: gcc.dg/tree-ssa/vrp47.c scan-tree-dump-times dom1 "x[^ ]* & y" 1 FAIL: gcc.dg/tree-ssa/vrp47.c scan-tree-dump-times vrp1 "x[^ ]* [|] y" 1 FAIL: gcc.target/i386/excess-precision-1.c execution test FAIL: gcc.target/i386/excess-precision-3.c execution test FAIL: gcc.target/i386/pr36578-1.c execution test FAIL: gcc.target/i386/pr36578-2.c execution test === gcc Summary === # of expected passes 58896 # of unexpected failures 78 # of unexpected successes 1 # of expected failures 168 # of unresolved testcases 5 # of unsupported tests 1217 /scratch/tmp/gerald/OBJ-0405-2235/gcc/xgcc version 4.5.0 20100405 (experimental) (GCC) === gfortran tests === Running target unix FAIL: gfortran.dg/atan2_1.f90 -O0 execution test FAIL: gfortran.dg/ltrans-7.f90 -O scan-tree-dump-times ltrans "transformed loop" 1 === gfortran Summary === # of expected passes 33511 # of unexpected failures 2 # of expected failures 29 # of unsupported tests 266 /scratch/tmp/gerald/OBJ-0405-2235/gcc/testsuite/gfortran/../../gfortran version 4.5.0 20100405 (experimental) (GCC) === objc tests === Running target unix === objc Summary === # of expected passes 1876 # of expected failures 7 # of unsupported tests 21 /scratch/tmp/gerald/OBJ-0405-2235/gcc/xgcc version 4.5.0 20100405 (experimental) (GCC) === libffi tests === Running target unix === libffi Summary === # of expected passes 1624 # of expected failures 10 # of unsupported tests 15 === libgomp tests === Running target unix WARNING: program timed out. FAIL: libgomp.c/appendix-a/a.39.1.c execution test WARNING: program timed out. FAIL: libgomp.c/lib-1.c execution test FAIL: libgomp.c/lock-1.c execution test FAIL: libgomp.c/lock-2.c execution test WARNING: program timed out. FAIL: libgomp.c/sort-1.c execution test WARNING: program timed out. FAIL: libgomp.fortran/appendix-a/a.39.1.f90 -O0 execution test WARNING: program timed out. FAIL: libgomp.fortran/appendix-a/a.39.1.f90 -O1 execution test WARNING: program timed out. FAIL: libgomp.fortran/appendix-a/a.39.1.f90 -O2 execution test WARNING: program timed out. FAIL: libgomp.fortran/appendix-a/a.39.1.f90 -O3 -fomit-frame-pointer execution test WARNING: program timed out. FAIL: libgomp.fortran/appendix-a/a.39.1.f90 -O3 -fomit-frame-pointer -funroll-loops execution test WARNING: program timed out. FAIL: libgomp.fortran/appendix-a/a.39.1.f90 -O3 -fomit-frame-pointer -funroll-all-loops -finline-functions execution test WARNING: program timed out. FAIL: libgomp.fortran/appendix-a/a.39.1.f90 -O3 -g execution test WARNING: program timed out. FAIL: libgomp.fortran/appendix-a/a.39.1.f90 -Os execution test FAIL: libgomp.fortran/condinc2.f -O (test for excess errors) WARNING: libgomp.fortran/condinc2.f -O compilation failed to produce executable FAIL: libgomp.fortran/condinc4.f90 -O (test for excess errors) WARNING: libgomp.fortran/condinc4.f90 -O compilation failed to produce executable WARNING: program timed out. FAIL: libgomp.fortran/lib1.f90 -O0 execution test WARNING: program timed out. FAIL: libgomp.fortran/lib1.f90 -O1 execution test WARNING: program timed out. FAIL: libgomp.fortran/lib1.f90 -O2 execution test WARNING: program timed out. FAIL: libgomp.fortran/lib1.f90 -O3 -fomit-frame-pointer execution test WARNING: program timed out. FAIL: libgomp.fortran/lib1.f90 -O3 -fomit-frame-pointer -funroll-loops execution test WARNING: program timed out. FAIL: libgomp.fortran/lib1.f90 -O3 -fomit-frame-pointer -funroll-all-loops -finline-functions execution test WARNING: program timed out. FAIL: libgomp.fortran/lib1.f90 -O3 -g execution test WARNING: program timed out. FAIL: libgomp.fortran/lib1.f90 -Os execution test WARNING: program timed out. FAIL: libgomp.fortran/lib2.f -O0 execution test WARNING: program timed out. FAIL: libgomp.fortran/lib2.f -O1 execution test WARNING: program timed out. FAIL: libgomp.fortran/lib2.f -O2 execution test WARNING: program timed out. FAIL: libgomp.fortran/lib2.f -O3 -fomit-frame-pointer execution test WARNING: program timed out. FAIL: libgomp.fortran/lib2.f -O3 -fomit-frame-pointer -funroll-loops execution test WARNING: program timed out. FAIL: libgomp.fortran/lib2.f -O3 -fomit-frame-pointer -funroll-all-loops -finline-functions execution test WARNING: program timed out. FAIL: libgomp.fortran/lib2.f -O3 -g execution test WARNING: program timed out. FAIL: libgomp.fortran/lib2.f -Os execution test WARNING: program timed out. FAIL: libgomp.fortran/lib3.f -O0 execution test WARNING: program timed out. FAIL: libgomp.fortran/lib3.f -O1 execution test WARNING: program timed out. FAIL: libgomp.fortran/lib3.f -O2 execution test WARNING: program timed out. FAIL: libgomp.fortran/lib3.f -O3 -fomit-frame-pointer execution test WARNING: program timed out. FAIL: libgomp.fortran/lib3.f -O3 -fomit-frame-pointer -funroll-loops execution test WARNING: program timed out. FAIL: libgomp.fortran/lib3.f -O3 -fomit-frame-pointer -funroll-all-loops -finline-functions execution test WARNING: program timed out. FAIL: libgomp.fortran/lib3.f -O3 -g execution test WARNING: program timed out. FAIL: libgomp.fortran/lib3.f -Os execution test WARNING: program timed out. FAIL: libgomp.fortran/lock-1.f90 -O0 execution test WARNING: program timed out. FAIL: libgomp.fortran/lock-1.f90 -O1 execution test WARNING: program timed out. FAIL: libgomp.fortran/lock-1.f90 -O2 execution test WARNING: program timed out. FAIL: libgomp.fortran/lock-1.f90 -O3 -fomit-frame-pointer execution test WARNING: program timed out. FAIL: libgomp.fortran/lock-1.f90 -O3 -fomit-frame-pointer -funroll-loops execution test WARNING: program timed out. FAIL: libgomp.fortran/lock-1.f90 -O3 -fomit-frame-pointer -funroll-all-loops -finline-functions execution test WARNING: program timed out. FAIL: libgomp.fortran/lock-1.f90 -O3 -g execution test WARNING: program timed out. FAIL: libgomp.fortran/lock-1.f90 -Os execution test WARNING: program timed out. FAIL: libgomp.fortran/lock-2.f90 -O0 execution test WARNING: program timed out. FAIL: libgomp.fortran/lock-2.f90 -O1 execution test WARNING: program timed out. FAIL: libgomp.fortran/lock-2.f90 -O2 execution test WARNING: program timed out. FAIL: libgomp.fortran/lock-2.f90 -O3 -fomit-frame-pointer execution test WARNING: program timed out. FAIL: libgomp.fortran/lock-2.f90 -O3 -fomit-frame-pointer -funroll-loops execution test WARNING: program timed out. FAIL: libgomp.fortran/lock-2.f90 -O3 -fomit-frame-pointer -funroll-all-loops -finline-functions execution test WARNING: program timed out. FAIL: libgomp.fortran/lock-2.f90 -O3 -g execution test WARNING: program timed out. FAIL: libgomp.fortran/lock-2.f90 -Os execution test FAIL: libgomp.fortran/omp_cond2.f -O (test for excess errors) WARNING: libgomp.fortran/omp_cond2.f -O compilation failed to produce executable FAIL: libgomp.fortran/omp_cond4.F90 -O (test for excess errors) WARNING: libgomp.fortran/omp_cond4.F90 -O compilation failed to produce executable === libgomp Summary === # of expected passes 2395 # of unexpected failures 57 # of unsupported tests 2 === libjava tests === Running target unix ERROR: ./shortfield does not exist in unix_load. UNRESOLVED: shortfield run FAIL: TestClosureGC run FAIL: PR16923.c compilation FAIL: PR18699 execution - source compiled test FAIL: PR18699 -O3 execution - source compiled test FAIL: Throw_2 execution - source compiled test FAIL: Throw_2 -findirect-dispatch execution - source compiled test FAIL: Throw_2 -O3 execution - source compiled test FAIL: Throw_2 -O3 -findirect-dispatch execution - source compiled test FAIL: /scratch/tmp/gerald/OBJ-0405-2235/i386-unknown-freebsd6.4/libjava/testsuite/TestEarlyGC.exe execution - /scratch/tmp/gerald/OBJ-0405-2235/i386-unknown-freebsd6.4/libjava/testsuite/TestEarlyGC.exe === libjava Summary === # of expected passes 2556 # of unexpected failures 9 # of unresolved testcases 1 # of untested testcases 9 === libmudflap tests === Running target unix FAIL: libmudflap.c/fail31-frag.c (-O3) output pattern test FAIL: libmudflap.c/pass45-frag.c (-O3) execution test FAIL: libmudflap.c/pass45-frag.c (-O3) output pattern test FAIL: libmudflap.c/pass45-frag.c (-O3) execution test FAIL: libmudflap.c/pass45-frag.c (-O3) output pattern test FAIL: libmudflap.c++/pass41-frag.cxx execution test FAIL: libmudflap.c++/pass41-frag.cxx (-static) execution test FAIL: libmudflap.c++/pass41-frag.cxx ( -O) execution test FAIL: libmudflap.c++/pass41-frag.cxx (-O2) execution test FAIL: libmudflap.c++/pass41-frag.cxx (-O3) execution test FAIL: libmudflap.cth/pass37-frag.c execution test FAIL: libmudflap.cth/pass37-frag.c output pattern test FAIL: libmudflap.cth/pass37-frag.c (rerun 1) execution test FAIL: libmudflap.cth/pass37-frag.c (rerun 1) output pattern test FAIL: libmudflap.cth/pass37-frag.c (rerun 2) execution test FAIL: libmudflap.cth/pass37-frag.c (rerun 2) output pattern test FAIL: libmudflap.cth/pass37-frag.c (rerun 3) execution test FAIL: libmudflap.cth/pass37-frag.c (rerun 3) output pattern test FAIL: libmudflap.cth/pass37-frag.c (rerun 4) execution test FAIL: libmudflap.cth/pass37-frag.c (rerun 4) output pattern test FAIL: libmudflap.cth/pass37-frag.c (rerun 5) execution test FAIL: libmudflap.cth/pass37-frag.c (rerun 5) output pattern test FAIL: libmudflap.cth/pass37-frag.c (rerun 6) execution test FAIL: libmudflap.cth/pass37-frag.c (rerun 6) output pattern test FAIL: libmudflap.cth/pass37-frag.c (rerun 7) execution test FAIL: libmudflap.cth/pass37-frag.c (rerun 7) output pattern test FAIL: libmudflap.cth/pass37-frag.c (rerun 8) execution test FAIL: libmudflap.cth/pass37-frag.c (rerun 8) output pattern test FAIL: libmudflap.cth/pass37-frag.c (rerun 9) execution test FAIL: libmudflap.cth/pass37-frag.c (rerun 9) output pattern test FAIL: libmudflap.cth/pass37-frag.c (rerun 10) execution test FAIL: libmudflap.cth/pass37-frag.c (rerun 10) output pattern test FAIL: libmudflap.cth/pass37-frag.c (rerun 11) execution test FAIL: libmudflap.cth/pass37-frag.c (rerun 11) output pattern test FAIL: libmudflap.cth/pass37-frag.c (rerun 12) execution test FAIL: libmudflap.cth/pass37-frag.c (rerun 12) output pattern test FAIL: libmudflap.cth/pass37-frag.c (rerun 13) execution test FAIL: libmudflap.cth/pass37-frag.c (rerun 13) output pattern test FAIL: libmudflap.cth/pass37-frag.c (rerun 14) execution test FAIL: libmudflap.cth/pass37-frag.c (rerun 14) output pattern test FAIL: libmudflap.cth/pass37-frag.c (rerun 15) execution test FAIL: libmudflap.cth/pass37-frag.c (rerun 15) output pattern test FAIL: libmudflap.cth/pass37-frag.c (rerun 16) execution test FAIL: libmudflap.cth/pass37-frag.c (rerun 16) output pattern test FAIL: libmudflap.cth/pass37-frag.c (rerun 17) execution test FAIL: libmudflap.cth/pass37-frag.c (rerun 17) output pattern test FAIL: libmudflap.cth/pass37-frag.c (rerun 18) execution test FAIL: libmudflap.cth/pass37-frag.c (rerun 18) output pattern test FAIL: libmudflap.cth/pass37-frag.c (rerun 19) execution test FAIL: libmudflap.cth/pass37-frag.c (rerun 19) output pattern test FAIL: libmudflap.cth/pass39-frag.c execution test FAIL: libmudflap.cth/pass39-frag.c output pattern test FAIL: libmudflap.cth/pass39-frag.c (rerun 1) execution test FAIL: libmudflap.cth/pass39-frag.c (rerun 1) output pattern test FAIL: libmudflap.cth/pass39-frag.c (rerun 2) execution test FAIL: libmudflap.cth/pass39-frag.c (rerun 2) output pattern test FAIL: libmudflap.cth/pass39-frag.c (rerun 3) execution test FAIL: libmudflap.cth/pass39-frag.c (rerun 3) output pattern test FAIL: libmudflap.cth/pass39-frag.c (rerun 4) execution test FAIL: libmudflap.cth/pass39-frag.c (rerun 4) output pattern test FAIL: libmudflap.cth/pass39-frag.c (rerun 5) execution test FAIL: libmudflap.cth/pass39-frag.c (rerun 5) output pattern test FAIL: libmudflap.cth/pass39-frag.c (rerun 6) execution test FAIL: libmudflap.cth/pass39-frag.c (rerun 6) output pattern test FAIL: libmudflap.cth/pass39-frag.c (rerun 7) execution test FAIL: libmudflap.cth/pass39-frag.c (rerun 7) output pattern test FAIL: libmudflap.cth/pass39-frag.c (rerun 8) execution test FAIL: libmudflap.cth/pass39-frag.c (rerun 8) output pattern test FAIL: libmudflap.cth/pass39-frag.c (rerun 9) execution test FAIL: libmudflap.cth/pass39-frag.c (rerun 9) output pattern test FAIL: libmudflap.cth/pass39-frag.c (rerun 10) execution test FAIL: libmudflap.cth/pass39-frag.c (rerun 10) output pattern test FAIL: libmudflap.cth/pass39-frag.c (rerun 11) execution test FAIL: libmudflap.cth/pass39-frag.c (rerun 11) output pattern test FAIL: libmudflap.cth/pass39-frag.c (rerun 12) execution test FAIL: libmudflap.cth/pass39-frag.c (rerun 12) output pattern test FAIL: libmudflap.cth/pass39-frag.c (rerun 13) execution test FAIL: libmudflap.cth/pass39-frag.c (rerun 13) output pattern test FAIL: libmudflap.cth/pass39-frag.c (rerun 14) execution test FAIL: libmudflap.cth/pass39-frag.c (rerun 14) output pattern test FAIL: libmudflap.cth/pass39-frag.c (rerun 15) execution test FAIL: libmudflap.cth/pass39-frag.c (rerun 15) output pattern test FAIL: libmudflap.cth/pass39-frag.c (rerun 16) execution test FAIL: libmudflap.cth/pass39-frag.c (rerun 16) output pattern test FAIL: libmudflap.cth/pass39-frag.c (rerun 17) execution test FAIL: libmudflap.cth/pass39-frag.c (rerun 17) output pattern test FAIL: libmudflap.cth/pass39-frag.c (rerun 18) execution test FAIL: libmudflap.cth/pass39-frag.c (rerun 18) output pattern test FAIL: libmudflap.cth/pass39-frag.c (rerun 19) execution test FAIL: libmudflap.cth/pass39-frag.c (rerun 19) output pattern test FAIL: libmudflap.cth/pass40-frag.c execution test FAIL: libmudflap.cth/pass40-frag.c output pattern test FAIL: libmudflap.cth/pass59-frag.c execution test FAIL: libmudflap.cth/pass59-frag.c output pattern test FAIL: libmudflap.cth/pass37-frag.c (-O2) execution test FAIL: libmudflap.cth/pass37-frag.c (-O2) output pattern test FAIL: libmudflap.cth/pass37-frag.c (-O2) (rerun 1) execution test FAIL: libmudflap.cth/pass37-frag.c (-O2) (rerun 1) output pattern test FAIL: libmudflap.cth/pass37-frag.c (-O2) (rerun 2) execution test FAIL: libmudflap.cth/pass37-frag.c (-O2) (rerun 2) output pattern test FAIL: libmudflap.cth/pass37-frag.c (-O2) (rerun 3) execution test FAIL: libmudflap.cth/pass37-frag.c (-O2) (rerun 3) output pattern test FAIL: libmudflap.cth/pass37-frag.c (-O2) (rerun 4) execution test FAIL: libmudflap.cth/pass37-frag.c (-O2) (rerun 4) output pattern test FAIL: libmudflap.cth/pass37-frag.c (-O2) (rerun 5) execution test FAIL: libmudflap.cth/pass37-frag.c (-O2) (rerun 5) output pattern test FAIL: libmudflap.cth/pass37-frag.c (-O2) (rerun 6) execution test FAIL: libmudflap.cth/pass37-frag.c (-O2) (rerun 6) output pattern test FAIL: libmudflap.cth/pass37-frag.c (-O2) (rerun 7) execution test FAIL: libmudflap.cth/pass37-frag.c (-O2) (rerun 7) output pattern test FAIL: libmudflap.cth/pass37-frag.c (-O2) (rerun 8) execution test FAIL: libmudflap.cth/pass37-frag.c (-O2) (rerun 8) output pattern test FAIL: libmudflap.cth/pass37-frag.c (-O2) (rerun 9) execution test FAIL: libmudflap.cth/pass37-frag.c (-O2) (rerun 9) output pattern test FAIL: libmudflap.cth/pass37-frag.c (-O2) (rerun 10) execution test FAIL: libmudflap.cth/pass37-frag.c (-O2) (rerun 10) output pattern test FAIL: libmudflap.cth/pass37-frag.c (-O2) (rerun 11) execution test FAIL: libmudflap.cth/pass37-frag.c (-O2) (rerun 11) output pattern test FAIL: libmudflap.cth/pass37-frag.c (-O2) (rerun 12) execution test FAIL: libmudflap.cth/pass37-frag.c (-O2) (rerun 12) output pattern test FAIL: libmudflap.cth/pass37-frag.c (-O2) (rerun 13) execution test FAIL: libmudflap.cth/pass37-frag.c (-O2) (rerun 13) output pattern test FAIL: libmudflap.cth/pass37-frag.c (-O2) (rerun 14) execution test FAIL: libmudflap.cth/pass37-frag.c (-O2) (rerun 14) output pattern test FAIL: libmudflap.cth/pass37-frag.c (-O2) (rerun 15) execution test FAIL: libmudflap.cth/pass37-frag.c (-O2) (rerun 15) output pattern test FAIL: libmudflap.cth/pass37-frag.c (-O2) (rerun 16) execution test FAIL: libmudflap.cth/pass37-frag.c (-O2) (rerun 16) output pattern test FAIL: libmudflap.cth/pass37-frag.c (-O2) (rerun 17) execution test FAIL: libmudflap.cth/pass37-frag.c (-O2) (rerun 17) output pattern test FAIL: libmudflap.cth/pass37-frag.c (-O2) (rerun 18) execution test FAIL: libmudflap.cth/pass37-frag.c (-O2) (rerun 18) output pattern test FAIL: libmudflap.cth/pass37-frag.c (-O2) (rerun 19) execution test FAIL: libmudflap.cth/pass37-frag.c (-O2) (rerun 19) output pattern test FAIL: libmudflap.cth/pass39-frag.c (-O2) execution test FAIL: libmudflap.cth/pass39-frag.c (-O2) output pattern test FAIL: libmudflap.cth/pass39-frag.c (-O2) (rerun 1) execution test FAIL: libmudflap.cth/pass39-frag.c (-O2) (rerun 1) output pattern test FAIL: libmudflap.cth/pass39-frag.c (-O2) (rerun 2) execution test FAIL: libmudflap.cth/pass39-frag.c (-O2) (rerun 2) output pattern test FAIL: libmudflap.cth/pass39-frag.c (-O2) (rerun 3) execution test FAIL: libmudflap.cth/pass39-frag.c (-O2) (rerun 3) output pattern test FAIL: libmudflap.cth/pass39-frag.c (-O2) (rerun 4) execution test FAIL: libmudflap.cth/pass39-frag.c (-O2) (rerun 4) output pattern test FAIL: libmudflap.cth/pass39-frag.c (-O2) (rerun 5) execution test FAIL: libmudflap.cth/pass39-frag.c (-O2) (rerun 5) output pattern test FAIL: libmudflap.cth/pass39-frag.c (-O2) (rerun 6) execution test FAIL: libmudflap.cth/pass39-frag.c (-O2) (rerun 6) output pattern test FAIL: libmudflap.cth/pass39-frag.c (-O2) (rerun 7) execution test FAIL: libmudflap.cth/pass39-frag.c (-O2) (rerun 7) output pattern test FAIL: libmudflap.cth/pass39-frag.c (-O2) (rerun 8) execution test FAIL: libmudflap.cth/pass39-frag.c (-O2) (rerun 8) output pattern test FAIL: libmudflap.cth/pass39-frag.c (-O2) (rerun 9) execution test FAIL: libmudflap.cth/pass39-frag.c (-O2) (rerun 9) output pattern test FAIL: libmudflap.cth/pass39-frag.c (-O2) (rerun 10) execution test FAIL: libmudflap.cth/pass39-frag.c (-O2) (rerun 10) output pattern test FAIL: libmudflap.cth/pass39-frag.c (-O2) (rerun 11) execution test FAIL: libmudflap.cth/pass39-frag.c (-O2) (rerun 11) output pattern test FAIL: libmudflap.cth/pass39-frag.c (-O2) (rerun 12) execution test FAIL: libmudflap.cth/pass39-frag.c (-O2) (rerun 12) output pattern test FAIL: libmudflap.cth/pass39-frag.c (-O2) (rerun 13) execution test FAIL: libmudflap.cth/pass39-frag.c (-O2) (rerun 13) output pattern test FAIL: libmudflap.cth/pass39-frag.c (-O2) (rerun 14) execution test FAIL: libmudflap.cth/pass39-frag.c (-O2) (rerun 14) output pattern test FAIL: libmudflap.cth/pass39-frag.c (-O2) (rerun 15) execution test FAIL: libmudflap.cth/pass39-frag.c (-O2) (rerun 15) output pattern test FAIL: libmudflap.cth/pass39-frag.c (-O2) (rerun 16) execution test FAIL: libmudflap.cth/pass39-frag.c (-O2) (rerun 16) output pattern test FAIL: libmudflap.cth/pass39-frag.c (-O2) (rerun 17) execution test FAIL: libmudflap.cth/pass39-frag.c (-O2) (rerun 17) output pattern test FAIL: libmudflap.cth/pass39-frag.c (-O2) (rerun 18) execution test FAIL: libmudflap.cth/pass39-frag.c (-O2) (rerun 18) output pattern test FAIL: libmudflap.cth/pass39-frag.c (-O2) (rerun 19) execution test FAIL: libmudflap.cth/pass39-frag.c (-O2) (rerun 19) output pattern test FAIL: libmudflap.cth/pass40-frag.c (-O2) execution test FAIL: libmudflap.cth/pass40-frag.c (-O2) output pattern test FAIL: libmudflap.cth/pass59-frag.c (-O2) execution test FAIL: libmudflap.cth/pass59-frag.c (-O2) output pattern test FAIL: libmudflap.cth/pass37-frag.c (-O3) execution test FAIL: libmudflap.cth/pass37-frag.c (-O3) output pattern test FAIL: libmudflap.cth/pass37-frag.c (-O3) (rerun 1) execution test FAIL: libmudflap.cth/pass37-frag.c (-O3) (rerun 1) output pattern test FAIL: libmudflap.cth/pass37-frag.c (-O3) (rerun 2) execution test FAIL: libmudflap.cth/pass37-frag.c (-O3) (rerun 2) output pattern test FAIL: libmudflap.cth/pass37-frag.c (-O3) (rerun 3) execution test FAIL: libmudflap.cth/pass37-frag.c (-O3) (rerun 3) output pattern test FAIL: libmudflap.cth/pass37-frag.c (-O3) (rerun 4) execution test FAIL: libmudflap.cth/pass37-frag.c (-O3) (rerun 4) output pattern test FAIL: libmudflap.cth/pass37-frag.c (-O3) (rerun 5) execution test FAIL: libmudflap.cth/pass37-frag.c (-O3) (rerun 5) output pattern test FAIL: libmudflap.cth/pass37-frag.c (-O3) (rerun 6) execution test FAIL: libmudflap.cth/pass37-frag.c (-O3) (rerun 6) output pattern test FAIL: libmudflap.cth/pass37-frag.c (-O3) (rerun 7) execution test FAIL: libmudflap.cth/pass37-frag.c (-O3) (rerun 7) output pattern test FAIL: libmudflap.cth/pass37-frag.c (-O3) (rerun 8) execution test FAIL: libmudflap.cth/pass37-frag.c (-O3) (rerun 8) output pattern test FAIL: libmudflap.cth/pass37-frag.c (-O3) (rerun 9) execution test FAIL: libmudflap.cth/pass37-frag.c (-O3) (rerun 9) output pattern test FAIL: libmudflap.cth/pass37-frag.c (-O3) (rerun 10) execution test FAIL: libmudflap.cth/pass37-frag.c (-O3) (rerun 10) output pattern test FAIL: libmudflap.cth/pass37-frag.c (-O3) (rerun 11) execution test FAIL: libmudflap.cth/pass37-frag.c (-O3) (rerun 11) output pattern test FAIL: libmudflap.cth/pass37-frag.c (-O3) (rerun 12) execution test FAIL: libmudflap.cth/pass37-frag.c (-O3) (rerun 12) output pattern test FAIL: libmudflap.cth/pass37-frag.c (-O3) (rerun 13) execution test FAIL: libmudflap.cth/pass37-frag.c (-O3) (rerun 13) output pattern test FAIL: libmudflap.cth/pass37-frag.c (-O3) (rerun 14) execution test FAIL: libmudflap.cth/pass37-frag.c (-O3) (rerun 14) output pattern test FAIL: libmudflap.cth/pass37-frag.c (-O3) (rerun 15) execution test FAIL: libmudflap.cth/pass37-frag.c (-O3) (rerun 15) output pattern test FAIL: libmudflap.cth/pass37-frag.c (-O3) (rerun 16) execution test FAIL: libmudflap.cth/pass37-frag.c (-O3) (rerun 16) output pattern test FAIL: libmudflap.cth/pass37-frag.c (-O3) (rerun 17) execution test FAIL: libmudflap.cth/pass37-frag.c (-O3) (rerun 17) output pattern test FAIL: libmudflap.cth/pass37-frag.c (-O3) (rerun 18) execution test FAIL: libmudflap.cth/pass37-frag.c (-O3) (rerun 18) output pattern test FAIL: libmudflap.cth/pass37-frag.c (-O3) (rerun 19) execution test FAIL: libmudflap.cth/pass37-frag.c (-O3) (rerun 19) output pattern test FAIL: libmudflap.cth/pass39-frag.c (-O3) execution test FAIL: libmudflap.cth/pass39-frag.c (-O3) output pattern test FAIL: libmudflap.cth/pass39-frag.c (-O3) (rerun 1) execution test FAIL: libmudflap.cth/pass39-frag.c (-O3) (rerun 1) output pattern test FAIL: libmudflap.cth/pass39-frag.c (-O3) (rerun 2) execution test FAIL: libmudflap.cth/pass39-frag.c (-O3) (rerun 2) output pattern test FAIL: libmudflap.cth/pass39-frag.c (-O3) (rerun 3) execution test FAIL: libmudflap.cth/pass39-frag.c (-O3) (rerun 3) output pattern test FAIL: libmudflap.cth/pass39-frag.c (-O3) (rerun 4) execution test FAIL: libmudflap.cth/pass39-frag.c (-O3) (rerun 4) output pattern test FAIL: libmudflap.cth/pass39-frag.c (-O3) (rerun 5) execution test FAIL: libmudflap.cth/pass39-frag.c (-O3) (rerun 5) output pattern test FAIL: libmudflap.cth/pass39-frag.c (-O3) (rerun 6) execution test FAIL: libmudflap.cth/pass39-frag.c (-O3) (rerun 6) output pattern test FAIL: libmudflap.cth/pass39-frag.c (-O3) (rerun 7) execution test FAIL: libmudflap.cth/pass39-frag.c (-O3) (rerun 7) output pattern test FAIL: libmudflap.cth/pass39-frag.c (-O3) (rerun 8) execution test FAIL: libmudflap.cth/pass39-frag.c (-O3) (rerun 8) output pattern test FAIL: libmudflap.cth/pass39-frag.c (-O3) (rerun 9) execution test FAIL: libmudflap.cth/pass39-frag.c (-O3) (rerun 9) output pattern test FAIL: libmudflap.cth/pass39-frag.c (-O3) (rerun 10) execution test FAIL: libmudflap.cth/pass39-frag.c (-O3) (rerun 10) output pattern test FAIL: libmudflap.cth/pass39-frag.c (-O3) (rerun 11) execution test FAIL: libmudflap.cth/pass39-frag.c (-O3) (rerun 11) output pattern test FAIL: libmudflap.cth/pass39-frag.c (-O3) (rerun 12) execution test FAIL: libmudflap.cth/pass39-frag.c (-O3) (rerun 12) output pattern test FAIL: libmudflap.cth/pass39-frag.c (-O3) (rerun 13) execution test FAIL: libmudflap.cth/pass39-frag.c (-O3) (rerun 13) output pattern test FAIL: libmudflap.cth/pass39-frag.c (-O3) (rerun 14) execution test FAIL: libmudflap.cth/pass39-frag.c (-O3) (rerun 14) output pattern test FAIL: libmudflap.cth/pass39-frag.c (-O3) (rerun 15) execution test FAIL: libmudflap.cth/pass39-frag.c (-O3) (rerun 15) output pattern test FAIL: libmudflap.cth/pass39-frag.c (-O3) (rerun 16) execution test FAIL: libmudflap.cth/pass39-frag.c (-O3) (rerun 16) output pattern test FAIL: libmudflap.cth/pass39-frag.c (-O3) (rerun 17) execution test FAIL: libmudflap.cth/pass39-frag.c (-O3) (rerun 17) output pattern test FAIL: libmudflap.cth/pass39-frag.c (-O3) (rerun 18) execution test FAIL: libmudflap.cth/pass39-frag.c (-O3) (rerun 18) output pattern test FAIL: libmudflap.cth/pass39-frag.c (-O3) (rerun 19) execution test FAIL: libmudflap.cth/pass39-frag.c (-O3) (rerun 19) output pattern test FAIL: libmudflap.cth/pass40-frag.c (-O3) execution test FAIL: libmudflap.cth/pass40-frag.c (-O3) output pattern test FAIL: libmudflap.cth/pass59-frag.c (-O3) execution test FAIL: libmudflap.cth/pass59-frag.c (-O3) output pattern test === libmudflap Summary === # of expected passes 1632 # of unexpected failures 262 === libstdc++ tests === Running target unix FAIL: 21_strings/basic_string/inserters_extractors/wchar_t/28277.cc execution test FAIL: 26_numerics/headers/cmath/c99_classification_macros_c.cc (test for excess errors) FAIL: 27_io/basic_istream/extractors_arithmetic/char/12.cc execution test FAIL: 27_io/basic_istream/extractors_arithmetic/wchar_t/12.cc execution test FAIL: 27_io/basic_ostream/inserters_character/wchar_t/28277-3.cc execution test FAIL: 27_io/basic_ostream/inserters_character/wchar_t/28277-4.cc execution test FAIL: ext/vstring/inserters_extractors/wchar_t/28277.cc execution test === libstdc++ Summary === # of expected passes 6359 # of unexpected failures 7 # of expected failures 88 # of unsupported tests 597 === libstdc++ Summary === Compiler version: 4.5.0 20100405 (experimental) (GCC) Platform: i386-unknown-freebsd6.4 configure flags: --prefix=/home/gerald/gcc-ref6-i386 --with-gmp=/home/gerald/6-i386
Index Nav: | [Date Index] [Subject Index] [Author Index] [Thread Index] | |
---|---|---|
Message Nav: | [Date Prev] [Date Next] | [Thread Prev] [Thread Next] |