This is the mail archive of the
gcc-testresults@gcc.gnu.org
mailing list for the GCC project.
Results for 4.5.0 20100402 (GCC) testsuite on sparc64-sun-solaris2.10
- From: botcazou at eu dot adacore dot com (Eric Botcazou)
- To: gcc-testresults at gcc dot gnu dot org
- Date: Sun, 4 Apr 2010 12:43:18 +0200 (CEST)
- Subject: Results for 4.5.0 20100402 (GCC) testsuite on sparc64-sun-solaris2.10
=== acats tests ===
=== acats Summary ===
# of expected passes 2321
# of unexpected failures 0
Native configuration is sparc64-sun-solaris2.10
=== g++ tests ===
Running target unix
FAIL: c-c++-common/raw-string-1.c execution test
FAIL: g++.dg/lto/20090303 cp_lto_20090303_0.o-cp_lto_20090303_0.o link
UNRESOLVED: g++.dg/lto/20090303 cp_lto_20090303_0.o-cp_lto_20090303_0.o execute -fwhopr
XPASS: g++.old-deja/g++.other/init19.C execution test
=== g++ Summary ===
# of expected passes 21919
# of unexpected failures 2
# of unexpected successes 1
# of expected failures 152
# of unresolved testcases 1
# of unsupported tests 221
/nfs/nile/nile.build/botcazou/gcc-head/sparc64-sun-solaris2.10/gcc/testsuite/g++/../../g++ version 4.5.0 20100402 for GNAT Pro 6.4.0w (20100401) (GCC)
=== gcc tests ===
Running target unix
FAIL: gcc.dg/cpp/trad/include.c (internal compiler error)
FAIL: gcc.dg/cpp/trad/include.c (test for excess errors)
FAIL: gcc.dg/20020425-1.c (test for excess errors)
FAIL: gcc.dg/pr34668-1.c (internal compiler error)
FAIL: gcc.dg/pr34668-1.c (test for excess errors)
FAIL: c-c++-common/raw-string-1.c -Wc++-compat execution test
FAIL: gcc.dg/lto/20090210 c_lto_20090210_0.o-c_lto_20090210_1.o link
UNRESOLVED: gcc.dg/lto/20090210 c_lto_20090210_0.o-c_lto_20090210_1.o execute -O0 -fwhopr
FAIL: gcc.dg/lto/20090210 c_lto_20090210_0.o-c_lto_20090210_1.o link
UNRESOLVED: gcc.dg/lto/20090210 c_lto_20090210_0.o-c_lto_20090210_1.o execute -O2 -fwhopr
FAIL: gcc.dg/lto/20090210 c_lto_20090210_0.o-c_lto_20090210_1.o link
UNRESOLVED: gcc.dg/lto/20090210 c_lto_20090210_0.o-c_lto_20090210_1.o execute -O0 -flto
FAIL: gcc.dg/lto/20090210 c_lto_20090210_0.o-c_lto_20090210_1.o link
UNRESOLVED: gcc.dg/lto/20090210 c_lto_20090210_0.o-c_lto_20090210_1.o execute -O2 -flto
FAIL: gcc.dg/lto/20090729 c_lto_20090729_0.o-c_lto_20090729_1.o link
UNRESOLVED: gcc.dg/lto/20090729 c_lto_20090729_0.o-c_lto_20090729_1.o execute -w
FAIL: largefile.c -O0 -g -I. (test for excess errors)
FAIL: gcc.dg/pch/largefile.c -O0 -g assembly comparison
FAIL: largefile.c -O0 -I. (test for excess errors)
FAIL: gcc.dg/pch/largefile.c -O0 assembly comparison
FAIL: largefile.c -O1 -I. (test for excess errors)
FAIL: gcc.dg/pch/largefile.c -O1 assembly comparison
FAIL: largefile.c -O2 -I. (test for excess errors)
FAIL: gcc.dg/pch/largefile.c -O2 assembly comparison
FAIL: largefile.c -O3 -fomit-frame-pointer -I. (test for excess errors)
FAIL: gcc.dg/pch/largefile.c -O3 -fomit-frame-pointer assembly comparison
FAIL: largefile.c -O3 -g -I. (test for excess errors)
FAIL: gcc.dg/pch/largefile.c -O3 -g assembly comparison
FAIL: largefile.c -Os -I. (test for excess errors)
FAIL: gcc.dg/pch/largefile.c -Os assembly comparison
FAIL: gcc.dg/vect/pr43430-1.c (test for excess errors)
WARNING: gcc.dg/vect/pr43430-1.c compilation failed to produce executable
FAIL: gcc.dg/vect/pr43430-1.c scan-tree-dump-times vect "vectorized 1 loops" 1: dump file does not exist
=== gcc Summary ===
# of expected passes 64025
# of unexpected failures 27
# of expected failures 192
# of unresolved testcases 5
# of unsupported tests 884
/nfs/nile/nile.build/botcazou/gcc-head/sparc64-sun-solaris2.10/gcc/xgcc version 4.5.0 20100402 for GNAT Pro 6.4.0w (20100401) (GCC)
=== gfortran tests ===
Running target unix
FAIL: gfortran.dg/lto/20091015-1 f_lto_20091015-1_0.o-f_lto_20091015-1_2.o link
UNRESOLVED: gfortran.dg/lto/20091015-1 f_lto_20091015-1_0.o-f_lto_20091015-1_2.o execute -O0 -fwhopr
FAIL: gfortran.dg/lto/20091015-1 f_lto_20091015-1_0.o-f_lto_20091015-1_2.o link
UNRESOLVED: gfortran.dg/lto/20091015-1 f_lto_20091015-1_0.o-f_lto_20091015-1_2.o execute -O2 -fwhopr
FAIL: gfortran.dg/lto/20091015-1 f_lto_20091015-1_0.o-f_lto_20091015-1_2.o link
UNRESOLVED: gfortran.dg/lto/20091015-1 f_lto_20091015-1_0.o-f_lto_20091015-1_2.o execute -O0 -flto
FAIL: gfortran.dg/lto/20091015-1 f_lto_20091015-1_0.o-f_lto_20091015-1_2.o link
UNRESOLVED: gfortran.dg/lto/20091015-1 f_lto_20091015-1_0.o-f_lto_20091015-1_2.o execute -O2 -flto
=== gfortran Summary ===
# of expected passes 34022
# of unexpected failures 4
# of expected failures 24
# of unresolved testcases 4
# of unsupported tests 81
/nfs/nile/nile.build/botcazou/gcc-head/sparc64-sun-solaris2.10/gcc/testsuite/gfortran/../../gfortran version 4.5.0 20100402 for GNAT Pro 6.4.0w (20100401) (GCC)
=== gnat tests ===
Running target unix
=== gnat Summary ===
# of expected passes 755
# of expected failures 7
# of unsupported tests 2
=== obj-c++ tests ===
Running target unix
WARNING: obj-c++.dg/lookup-2.mm -fgnu-runtime compilation failed to produce executable
WARNING: obj-c++.dg/try-catch-2.mm -fgnu-runtime compilation failed to produce executable
WARNING: obj-c++.dg/try-catch-9.mm -fgnu-runtime compilation failed to produce executable
=== obj-c++ Summary ===
# of expected passes 430
# of expected failures 15
# of unsupported tests 13
/nfs/nile/nile.build/botcazou/gcc-head/sparc64-sun-solaris2.10/gcc/testsuite/obj-c++/../../g++ version 4.5.0 20100402 for GNAT Pro 6.4.0w (20100401) (GCC)
=== objc tests ===
Running target unix
=== objc Summary ===
# of expected passes 1868
# of expected failures 15
# of unsupported tests 21
/nfs/nile/nile.build/botcazou/gcc-head/sparc64-sun-solaris2.10/gcc/xgcc version 4.5.0 20100402 for GNAT Pro 6.4.0w (20100401) (GCC)
=== libgomp tests ===
Running target unix
=== libgomp Summary ===
# of expected passes 2456
# of unsupported tests 2
=== libstdc++ tests ===
Running target unix
FAIL: 22_locale/num_put/put/char/14220.cc execution test
FAIL: 22_locale/num_put/put/wchar_t/14220.cc execution test
XPASS: 27_io/basic_istream/extractors_arithmetic/char/12.cc execution test
XPASS: 27_io/basic_istream/extractors_arithmetic/wchar_t/12.cc execution test
FAIL: ext/profile/all.cc (test for excess errors)
=== libstdc++ Summary ===
# of expected passes 6308
# of unexpected failures 3
# of unexpected successes 2
# of expected failures 88
# of unsupported tests 630
=== libstdc++ Summary ===
Compiler version: 4.5.0 20100402 for GNAT Pro 6.4.0w (20100401) (GCC)
Platform: sparc64-sun-solaris2.10
configure flags: --build=sparc64-sun-solaris2.10 --prefix=/nile.build/botcazou/gcc-head/install_sparc64 --with-as=/nile.build/botcazou/gcc-head/install_sparc64/bin/as --with-gmp=/nile.build/botcazou/support/sparc --with-gmp-lib=/nile.build/botcazou/support/sparc/lib/sparcv9 --with-mpfr=/nile.build/botcazou/support/sparc --with-mpfr-lib=/nile.build/botcazou/support/sparc/lib/sparcv9 --with-mpc=/nile.build/botcazou/support/sparc --with-mpc-lib=/nile.build/botcazou/support/sparc/lib/sparcv9 --with-libelf=/nile.build/botcazou/support/sparc --with-libelf-lib=/nile.build/botcazou/support/sparc/lib/sparcv9 --enable-languages=c,c++,objc,obj-c++,fortran,ada --disable-libstdcxx-pch --disable-nls
BOOT_CFLAGS=-g -O2