This is the mail archive of the
gcc-testresults@gcc.gnu.org
mailing list for the GCC project.
Results for 4.5.0 20100401 (experimental) [trunk revision 157903] on x86_64-unknown-linux-gnu
- From: "Andreas Meier" <andreasmeier80 at gmx dot de>
- To: gcc-testresults at gcc dot gnu dot org
- Date: Thu, 01 Apr 2010 15:16:31 +0200
- Subject: Results for 4.5.0 20100401 (experimental) [trunk revision 157903] on x86_64-unknown-linux-gnu
LAST_UPDATED: Do 1. Apr 11:06:23 UTC 2010 (revision 157903)
=== acats tests ===
FAIL: c95021a
=== acats Summary ===
# of expected passes 2320
# of unexpected failures 1
Native configuration is x86_64-unknown-linux-gnu
=== gcc tests ===
Running target unix
FAIL: gcc.dg/pr34668-1.c (internal compiler error)
FAIL: gcc.dg/pr34668-1.c (test for excess errors)
FAIL: gcc.dg/graphite/pr43012.c execution test
XPASS: gcc.dg/guality/example.c -O0 execution test
XPASS: gcc.dg/guality/example.c -O1 execution test
XPASS: gcc.dg/guality/example.c -O2 execution test
XPASS: gcc.dg/guality/example.c -O2 -flto execution test
XPASS: gcc.dg/guality/example.c -O2 -fwhopr execution test
XPASS: gcc.dg/guality/guality.c -O0 execution test
XPASS: gcc.dg/guality/guality.c -O1 execution test
XPASS: gcc.dg/guality/guality.c -O2 execution test
XPASS: gcc.dg/guality/guality.c -O3 -fomit-frame-pointer execution test
XPASS: gcc.dg/guality/guality.c -O3 -g execution test
XPASS: gcc.dg/guality/guality.c -Os execution test
XPASS: gcc.dg/guality/guality.c -O2 -flto execution test
XPASS: gcc.dg/guality/guality.c -O2 -fwhopr execution test
FAIL: gcc.dg/guality/inline-params.c -O0 execution test
FAIL: gcc.dg/guality/inline-params.c -O1 execution test
FAIL: gcc.dg/guality/inline-params.c -O2 -fwhopr execution test
XPASS: gcc.dg/guality/pr41353-1.c -O0 line 28 j == 28 + 37
FAIL: gcc.dg/guality/pr41353-1.c -O2 -flto line 28 i == 37
FAIL: gcc.dg/guality/pr41353-1.c -O2 -fwhopr line 28 i == 37
XPASS: gcc.dg/guality/pr41447-1.c -O0 execution test
XPASS: gcc.dg/guality/pr41616-1.c -O0 execution test
FAIL: gcc.dg/guality/vla-1.c -O0 line 17 sizeof (a) == 6
FAIL: gcc.dg/guality/vla-1.c -O0 line 24 sizeof (a) == 17 * sizeof (short)
FAIL: gcc.dg/guality/vla-1.c -O1 line 24 sizeof (a) == 17 * sizeof (short)
FAIL: gcc.dg/guality/vla-1.c -O2 line 24 sizeof (a) == 17 * sizeof (short)
FAIL: gcc.dg/guality/vla-1.c -O3 -fomit-frame-pointer line 24 sizeof (a) == 17 * sizeof (short)
FAIL: gcc.dg/guality/vla-1.c -O3 -g line 24 sizeof (a) == 17 * sizeof (short)
FAIL: gcc.dg/guality/vla-1.c -Os line 24 sizeof (a) == 17 * sizeof (short)
FAIL: gcc.dg/guality/vla-1.c -O2 -flto line 17 sizeof (a) == 6
FAIL: gcc.dg/guality/vla-1.c -O2 -flto line 24 sizeof (a) == 17 * sizeof (short)
FAIL: gcc.dg/guality/vla-1.c -O2 -fwhopr line 17 sizeof (a) == 6
FAIL: gcc.dg/guality/vla-1.c -O2 -fwhopr line 24 sizeof (a) == 17 * sizeof (short)
FAIL: gcc.target/i386/avx-vmovntdq-256-1.c (test for excess errors)
WARNING: gcc.target/i386/avx-vmovntdq-256-1.c compilation failed to produce executable
FAIL: gcc.target/i386/avx-vmovntpd-256-1.c (test for excess errors)
WARNING: gcc.target/i386/avx-vmovntpd-256-1.c compilation failed to produce executable
FAIL: gcc.target/i386/avx-vmovntps-256-1.c (test for excess errors)
WARNING: gcc.target/i386/avx-vmovntps-256-1.c compilation failed to produce executable
=== gcc Summary ===
# of expected passes 72086
# of unexpected failures 22
# of unexpected successes 16
# of expected failures 204
# of unsupported tests 1170
/home/xxxxxx/gccobj/gcc/xgcc version 4.5.0 20100401 (experimental) [trunk revision 157903] (GCC)
=== gfortran tests ===
Running target unix
=== gfortran Summary ===
# of expected passes 34115
# of expected failures 32
# of unsupported tests 68
/home/xxxxxx/gccobj/gcc/testsuite/gfortran/../../gfortran version 4.5.0 20100401 (experimental) [trunk revision 157903] (GCC)
=== g++ tests ===
Running target unix
=== g++ Summary ===
# of expected passes 22681
# of expected failures 151
# of unsupported tests 304
/home/xxxxxx/gccobj/gcc/testsuite/g++/../../g++ version 4.5.0 20100401 (experimental) [trunk revision 157903] (GCC)
=== gnat tests ===
Running target unix
=== gnat Summary ===
# of expected passes 758
# of expected failures 7
=== obj-c++ tests ===
Running target unix
WARNING: obj-c++.dg/lookup-2.mm -fgnu-runtime compilation failed to produce executable
WARNING: obj-c++.dg/try-catch-2.mm -fgnu-runtime compilation failed to produce executable
WARNING: obj-c++.dg/try-catch-9.mm -fgnu-runtime compilation failed to produce executable
=== obj-c++ Summary ===
# of expected passes 430
# of expected failures 15
# of unsupported tests 13
/home/xxxxxx/gccobj/gcc/testsuite/obj-c++/../../g++ version 4.5.0 20100401 (experimental) [trunk revision 157903] (GCC)
=== objc tests ===
Running target unix
=== objc Summary ===
# of expected passes 1868
# of expected failures 15
# of unsupported tests 21
/home/xxxxxx/gccobj/gcc/xgcc version 4.5.0 20100401 (experimental) [trunk revision 157903] (GCC)
=== libffi tests ===
Running target unix
=== libffi Summary ===
# of expected passes 1624
# of expected failures 10
# of unsupported tests 15
=== libgomp tests ===
Running target unix
=== libgomp Summary ===
# of expected passes 2506
=== libjava tests ===
Running target unix
=== libjava Summary ===
# of expected passes 2574
=== libmudflap tests ===
Running target unix
FAIL: libmudflap.c/fail31-frag.c (-O3) output pattern test
FAIL: libmudflap.c/pass45-frag.c (-O3) execution test
FAIL: libmudflap.c/pass45-frag.c (-O3) output pattern test
FAIL: libmudflap.c/pass45-frag.c (-O3) execution test
FAIL: libmudflap.c/pass45-frag.c (-O3) output pattern test
FAIL: libmudflap.c++/pass41-frag.cxx execution test
FAIL: libmudflap.c++/pass41-frag.cxx (-static) execution test
FAIL: libmudflap.c++/pass41-frag.cxx ( -O) execution test
FAIL: libmudflap.c++/pass41-frag.cxx (-O2) execution test
FAIL: libmudflap.c++/pass41-frag.cxx (-O3) execution test
=== libmudflap Summary ===
# of expected passes 1884
# of unexpected failures 10
=== libstdc++ tests ===
Running target unix
=== libstdc++ Summary ===
# of expected passes 7709
# of expected failures 95
# of unsupported tests 13
Compiler version: 4.5.0 20100401 (experimental) [trunk revision 157903] (GCC)
Platform: x86_64-unknown-linux-gnu
configure flags: --enable-languages=ada,c,c++,fortran,java,objc,obj-c++
--
NEU: GMX DSL für 19,99 EUR/mtl. und ohne Mindest-Laufzeit!
http://portal.gmx.net/de/go/dsl02