This is the mail archive of the
gcc-testresults@gcc.gnu.org
mailing list for the GCC project.
Results for 4.4.4 20100328 (prerelease) (GCC) testsuite on i686-pc-linux-gnu
- From: CodeSourcery Automatic Testing System <gcc at codesourcery dot com>
- To: gcc-testresults at gcc dot gnu dot org
- Date: Sun, 28 Mar 2010 10:32:22 -0700 (PDT)
- Subject: Results for 4.4.4 20100328 (prerelease) (GCC) testsuite on i686-pc-linux-gnu
LAST_UPDATED: Sun Mar 28 15:17:28 UTC 2010 (/branches/gcc-4_4-branch revision 157783)
Native configuration is i686-pc-linux-gnu
=== gcc tests ===
Running target localhost
WARNING: program timed out.
FAIL: gcc.dg/cleanup-13.c execution test
FAIL: gcc.misc-tests/linkage.c link
=== gcc Summary ===
# of expected passes 58131
# of unexpected failures 2
# of expected failures 193
# of unsupported tests 442
/scratch/gcc/nightly-2010-03-28-4.4/i686-pc-linux-gnu/obj/test-4.4-0-i686-pc-linux-gnu/host-i686-pc-linux-gnu/fsf-4.4/bin/i686-pc-linux-gnu-gcc version 4.4.4 20100328 (prerelease) (GCC)
=== gcc tests ===
Running target localhost/-m64
FAIL: gcc.dg/tree-prof/bb-reorg.c compilation, -fprofile-use -D_PROFILE_USE
UNRESOLVED: gcc.dg/tree-prof/bb-reorg.c execution, -fprofile-use -D_PROFILE_USE
FAIL: gcc.dg/tree-prof/pr34999.c compilation, -fprofile-use -D_PROFILE_USE
UNRESOLVED: gcc.dg/tree-prof/pr34999.c execution, -fprofile-use -D_PROFILE_USE
=== gcc Summary ===
# of expected passes 57775
# of unexpected failures 2
# of expected failures 192
# of unresolved testcases 2
# of unsupported tests 731
/scratch/gcc/nightly-2010-03-28-4.4/i686-pc-linux-gnu/obj/test-4.4-0-i686-pc-linux-gnu/host-i686-pc-linux-gnu/fsf-4.4/bin/i686-pc-linux-gnu-gcc version 4.4.4 20100328 (prerelease) (GCC)
Compiler version: 4.4.4 20100328 (prerelease) (GCC)
Platform: i686-pc-linux-gnu
configure flags: --build=i686-pc-linux-gnu --host=i686-pc-linux-gnu --target=i686-pc-linux-gnu --enable-threads --disable-libmudflap --disable-libssp --disable-libstdcxx-pch --enable-targets=all --with-gnu-as --with-gnu-ld --enable-languages=c,c++ --enable-shared --disable-lto --disable-nls --prefix=/opt/codesourcery --with-gmp=/scratch/gcc/nightly-2010-03-28-4.4/i686-pc-linux-gnu/obj/host-libs-4.4-0-i686-pc-linux-gnu-i686-pc-linux-gnu/usr --with-mpfr=/scratch/gcc/nightly-2010-03-28-4.4/i686-pc-linux-gnu/obj/host-libs-4.4-0-i686-pc-linux-gnu-i686-pc-linux-gnu/usr --with-ppl=/scratch/gcc/nightly-2010-03-28-4.4/i686-pc-linux-gnu/obj/host-libs-4.4-0-i686-pc-linux-gnu-i686-pc-linux-gnu/usr --with-host-libstdcxx='-L/usr/local/tools/gcc-4.3.3/i686-pc-linux-gnu/lib -static-libgcc -Wl,-Bstatic,-lstdc++,-Bdynamic -lm' --with-cloog=/scratch/gcc/nightly-2010-03-28-4.4/i686-pc-linux-gnu/obj/host-libs-4.4-0-i686-pc-linux-gnu-i686-pc-linux-gnu/usr --disable-libgomp --with-build-time-tools=
/scratch/gcc/nightly-2010-03-28-4.4/i686-pc-linux-gnu/install/i686-pc-linux-gnu/bin --with-build-time-tools=/scratch/gcc/nightly-2010-03-28-4.4/i686-pc-linux-gnu/install/i686-pc-linux-gnu/bin