This is the mail archive of the gcc-testresults@gcc.gnu.org mailing list for the GCC project.
Index Nav: | [Date Index] [Subject Index] [Author Index] [Thread Index] | |
---|---|---|
Message Nav: | [Date Prev] [Date Next] | [Thread Prev] [Thread Next] |
Other format: | [Raw text] |
Native configuration is i386-unknown-freebsd7.2 === g++ tests === Running target unix FAIL: g++.dg/eh/gcsec1.C (test for excess errors) FAIL: c-c++-common/Wconversion-real.c (test for warnings, line 27) FAIL: c-c++-common/Wconversion-real.c (test for warnings, line 28) UNRESOLVED: attribute_plugin.c compilation, -I. -I/scratch/tmp/gerald/gcc-HEAD/gcc/testsuite -I/scratch/tmp/gerald/gcc-HEAD/gcc/testsuite/../../gcc -I/scratch/tmp/gerald/OBJ-0302-1822/gcc/testsuite/g++/../../../gcc -I/scratch/tmp/gerald/gcc-HEAD/gcc/testsuite/../../include -I/scratch/tmp/gerald/gcc-HEAD/gcc/testsuite/../../libcpp/include -I/home/gerald/7-i386/include -DIN_GCC -fPIC -shared UNRESOLVED: pragma_plugin.c compilation, -I. -I/scratch/tmp/gerald/gcc-HEAD/gcc/testsuite -I/scratch/tmp/gerald/gcc-HEAD/gcc/testsuite/../../gcc -I/scratch/tmp/gerald/OBJ-0302-1822/gcc/testsuite/g++/../../../gcc -I/scratch/tmp/gerald/gcc-HEAD/gcc/testsuite/../../include -I/scratch/tmp/gerald/gcc-HEAD/gcc/testsuite/../../libcpp/include -I/home/gerald/7-i386/include -DIN_GCC -fPIC -shared UNRESOLVED: selfassign.c compilation, -I. -I/scratch/tmp/gerald/gcc-HEAD/gcc/testsuite -I/scratch/tmp/gerald/gcc-HEAD/gcc/testsuite/../../gcc -I/scratch/tmp/gerald/OBJ-0302-1822/gcc/testsuite/g++/../../../gcc -I/scratch/tmp/gerald/gcc-HEAD/gcc/testsuite/../../include -I/scratch/tmp/gerald/gcc-HEAD/gcc/testsuite/../../libcpp/include -I/home/gerald/7-i386/include -O -DIN_GCC -fPIC -shared UNRESOLVED: dumb_plugin.c compilation, -I. -I/scratch/tmp/gerald/gcc-HEAD/gcc/testsuite -I/scratch/tmp/gerald/gcc-HEAD/gcc/testsuite/../../gcc -I/scratch/tmp/gerald/OBJ-0302-1822/gcc/testsuite/g++/../../../gcc -I/scratch/tmp/gerald/gcc-HEAD/gcc/testsuite/../../include -I/scratch/tmp/gerald/gcc-HEAD/gcc/testsuite/../../libcpp/include -I/home/gerald/7-i386/include -DIN_GCC -fPIC -shared UNRESOLVED: header_plugin.c compilation, -I. -I/scratch/tmp/gerald/gcc-HEAD/gcc/testsuite -I/scratch/tmp/gerald/gcc-HEAD/gcc/testsuite/../../gcc -I/scratch/tmp/gerald/OBJ-0302-1822/gcc/testsuite/g++/../../../gcc -I/scratch/tmp/gerald/gcc-HEAD/gcc/testsuite/../../include -I/scratch/tmp/gerald/gcc-HEAD/gcc/testsuite/../../libcpp/include -I/home/gerald/7-i386/include -DIN_GCC -fPIC -shared FAIL: g++.old-deja/g++.other/init18.C execution test FAIL: g++.old-deja/g++.other/init19.C execution test === g++ Summary === # of expected passes 21747 # of unexpected failures 5 # of expected failures 148 # of unresolved testcases 5 # of unsupported tests 151 /scratch/tmp/gerald/OBJ-0302-1822/gcc/testsuite/g++/../../g++ version 4.5.0 20100302 (experimental) (GCC) === gcc tests === Running target unix FAIL: gcc.c-torture/execute/conversion.c execution, -O0 FAIL: gcc.c-torture/execute/conversion.c execution, -O1 FAIL: gcc.c-torture/execute/ieee/copysign1.c execution, -O1 FAIL: gcc.c-torture/execute/ieee/copysign1.c execution, -O2 FAIL: gcc.c-torture/execute/ieee/copysign1.c execution, -O3 -fomit-frame-pointer FAIL: gcc.c-torture/execute/ieee/copysign1.c execution, -O3 -fomit-frame-pointer -funroll-loops FAIL: gcc.c-torture/execute/ieee/copysign1.c execution, -O3 -fomit-frame-pointer -funroll-all-loops -finline-functions FAIL: gcc.c-torture/execute/ieee/copysign1.c execution, -O3 -g FAIL: gcc.c-torture/execute/ieee/copysign2.c execution, -O1 FAIL: gcc.dg/nest.c execution test FAIL: gcc.dg/nested-func-4.c execution test FAIL: gcc.dg/pr32450.c execution test FAIL: gcc.dg/pr34668-1.c (internal compiler error) FAIL: gcc.dg/pr34668-1.c (test for excess errors) FAIL: gcc.dg/utf-array-short-wchar.c (test for errors, line 39) FAIL: gcc.dg/utf-array-short-wchar.c (test for errors, line 41) FAIL: gcc.dg/utf-array-short-wchar.c (test for excess errors) FAIL: c-c++-common/Wconversion-real.c -Wc++-compat (test for warnings, line 27) FAIL: c-c++-common/Wconversion-real.c -Wc++-compat (test for warnings, line 28) FAIL: largefile.c -O0 -g -I. (test for excess errors) FAIL: gcc.dg/pch/largefile.c -O0 -g assembly comparison FAIL: largefile.c -O0 -I. (test for excess errors) FAIL: gcc.dg/pch/largefile.c -O0 assembly comparison FAIL: largefile.c -O1 -I. (test for excess errors) FAIL: gcc.dg/pch/largefile.c -O1 assembly comparison FAIL: largefile.c -O2 -I. (test for excess errors) FAIL: gcc.dg/pch/largefile.c -O2 assembly comparison FAIL: largefile.c -O3 -fomit-frame-pointer -I. (test for excess errors) FAIL: gcc.dg/pch/largefile.c -O3 -fomit-frame-pointer assembly comparison FAIL: largefile.c -O3 -g -I. (test for excess errors) FAIL: gcc.dg/pch/largefile.c -O3 -g assembly comparison FAIL: largefile.c -Os -I. (test for excess errors) FAIL: gcc.dg/pch/largefile.c -Os assembly comparison UNRESOLVED: selfassign.c compilation, -I. -I/scratch/tmp/gerald/gcc-HEAD/gcc/testsuite -I/scratch/tmp/gerald/gcc-HEAD/gcc/testsuite/../../gcc -I/scratch/tmp/gerald/OBJ-0302-1822/gcc/testsuite/gcc/../../../gcc -I/scratch/tmp/gerald/gcc-HEAD/gcc/testsuite/../../include -I/scratch/tmp/gerald/gcc-HEAD/gcc/testsuite/../../libcpp/include -I/home/gerald/7-i386/include -O -DIN_GCC -fPIC -shared UNRESOLVED: ggcplug.c compilation, -I. -I/scratch/tmp/gerald/gcc-HEAD/gcc/testsuite -I/scratch/tmp/gerald/gcc-HEAD/gcc/testsuite/../../gcc -I/scratch/tmp/gerald/OBJ-0302-1822/gcc/testsuite/gcc/../../../gcc -I/scratch/tmp/gerald/gcc-HEAD/gcc/testsuite/../../include -I/scratch/tmp/gerald/gcc-HEAD/gcc/testsuite/../../libcpp/include -I/home/gerald/7-i386/include -O -DIN_GCC -fPIC -shared UNRESOLVED: one_time_plugin.c compilation, -I. -I/scratch/tmp/gerald/gcc-HEAD/gcc/testsuite -I/scratch/tmp/gerald/gcc-HEAD/gcc/testsuite/../../gcc -I/scratch/tmp/gerald/OBJ-0302-1822/gcc/testsuite/gcc/../../../gcc -I/scratch/tmp/gerald/gcc-HEAD/gcc/testsuite/../../include -I/scratch/tmp/gerald/gcc-HEAD/gcc/testsuite/../../libcpp/include -I/home/gerald/7-i386/include -DIN_GCC -fPIC -shared UNRESOLVED: start_unit_plugin.c compilation, -I. -I/scratch/tmp/gerald/gcc-HEAD/gcc/testsuite -I/scratch/tmp/gerald/gcc-HEAD/gcc/testsuite/../../gcc -I/scratch/tmp/gerald/OBJ-0302-1822/gcc/testsuite/gcc/../../../gcc -I/scratch/tmp/gerald/gcc-HEAD/gcc/testsuite/../../include -I/scratch/tmp/gerald/gcc-HEAD/gcc/testsuite/../../libcpp/include -I/home/gerald/7-i386/include -DIN_GCC -fPIC -shared UNRESOLVED: finish_unit_plugin.c compilation, -I. -I/scratch/tmp/gerald/gcc-HEAD/gcc/testsuite -I/scratch/tmp/gerald/gcc-HEAD/gcc/testsuite/../../gcc -I/scratch/tmp/gerald/OBJ-0302-1822/gcc/testsuite/gcc/../../../gcc -I/scratch/tmp/gerald/gcc-HEAD/gcc/testsuite/../../include -I/scratch/tmp/gerald/gcc-HEAD/gcc/testsuite/../../libcpp/include -I/home/gerald/7-i386/include -DIN_GCC -fPIC -shared FAIL: gcc.dg/torture/fp-int-convert-float.c -O0 execution test FAIL: gcc.dg/torture/fp-int-convert-float.c -O1 execution test FAIL: gcc.dg/torture/fp-int-convert-float.c -O2 execution test FAIL: gcc.dg/torture/fp-int-convert-float.c -O3 -fomit-frame-pointer execution test FAIL: gcc.dg/torture/fp-int-convert-float.c -O3 -g execution test FAIL: gcc.dg/torture/fp-int-convert-float.c -Os execution test FAIL: gcc.dg/torture/fp-int-convert-float128-timode.c -O0 (test for excess errors) WARNING: gcc.dg/torture/fp-int-convert-float128-timode.c -O0 compilation failed to produce executable FAIL: gcc.dg/torture/fp-int-convert-float128-timode.c -O1 (test for excess errors) WARNING: gcc.dg/torture/fp-int-convert-float128-timode.c -O1 compilation failed to produce executable FAIL: gcc.dg/torture/fp-int-convert-float128-timode.c -O2 (test for excess errors) WARNING: gcc.dg/torture/fp-int-convert-float128-timode.c -O2 compilation failed to produce executable FAIL: gcc.dg/torture/fp-int-convert-float128-timode.c -O3 -fomit-frame-pointer (test for excess errors) WARNING: gcc.dg/torture/fp-int-convert-float128-timode.c -O3 -fomit-frame-pointer compilation failed to produce executable FAIL: gcc.dg/torture/fp-int-convert-float128-timode.c -O3 -g (test for excess errors) WARNING: gcc.dg/torture/fp-int-convert-float128-timode.c -O3 -g compilation failed to produce executable FAIL: gcc.dg/torture/fp-int-convert-float128-timode.c -Os (test for excess errors) WARNING: gcc.dg/torture/fp-int-convert-float128-timode.c -Os compilation failed to produce executable FAIL: gcc.dg/torture/fp-int-convert-float128.c -O0 (test for excess errors) WARNING: gcc.dg/torture/fp-int-convert-float128.c -O0 compilation failed to produce executable FAIL: gcc.dg/torture/fp-int-convert-float128.c -O1 (test for excess errors) WARNING: gcc.dg/torture/fp-int-convert-float128.c -O1 compilation failed to produce executable FAIL: gcc.dg/torture/fp-int-convert-float128.c -O2 (test for excess errors) WARNING: gcc.dg/torture/fp-int-convert-float128.c -O2 compilation failed to produce executable FAIL: gcc.dg/torture/fp-int-convert-float128.c -O3 -fomit-frame-pointer (test for excess errors) WARNING: gcc.dg/torture/fp-int-convert-float128.c -O3 -fomit-frame-pointer compilation failed to produce executable FAIL: gcc.dg/torture/fp-int-convert-float128.c -O3 -g (test for excess errors) WARNING: gcc.dg/torture/fp-int-convert-float128.c -O3 -g compilation failed to produce executable FAIL: gcc.dg/torture/fp-int-convert-float128.c -Os (test for excess errors) WARNING: gcc.dg/torture/fp-int-convert-float128.c -Os compilation failed to produce executable FAIL: gcc.dg/torture/fp-int-convert-float80.c -O0 execution test FAIL: gcc.dg/torture/fp-int-convert-float80.c -O1 execution test FAIL: gcc.dg/torture/fp-int-convert-float80.c -O2 execution test FAIL: gcc.dg/torture/fp-int-convert-float80.c -O3 -fomit-frame-pointer execution test FAIL: gcc.dg/torture/fp-int-convert-float80.c -O3 -g execution test FAIL: gcc.dg/torture/fp-int-convert-float80.c -Os execution test FAIL: gcc.dg/torture/fp-int-convert-long-double.c -O0 execution test FAIL: gcc.dg/torture/fp-int-convert-long-double.c -O1 execution test FAIL: gcc.dg/torture/fp-int-convert-long-double.c -O2 execution test FAIL: gcc.dg/torture/fp-int-convert-long-double.c -O3 -fomit-frame-pointer execution test FAIL: gcc.dg/torture/fp-int-convert-long-double.c -O3 -g execution test FAIL: gcc.dg/torture/fp-int-convert-long-double.c -Os execution test XPASS: gcc.dg/tree-ssa/20040204-1.c scan-tree-dump-times optimized "link_error" 0 FAIL: gcc.dg/tree-ssa/ltrans-1.c scan-tree-dump-times ltrans "converted loop nest to perfect loop nest" 1 FAIL: gcc.dg/tree-ssa/ltrans-1.c scan-tree-dump-times ltrans "transformed loop" 1 FAIL: gcc.dg/tree-ssa/ltrans-3.c scan-tree-dump-times ltrans "transformed loop" 1 FAIL: gcc.dg/tree-ssa/ltrans-4.c scan-tree-dump-times ltrans "transformed loop" 1 FAIL: gcc.dg/tree-ssa/ltrans-5.c scan-tree-dump-times ltrans "transformed loop" 1 FAIL: gcc.dg/tree-ssa/ltrans-6.c scan-tree-dump-times ltrans "transformed loop" 1 FAIL: gcc.dg/tree-ssa/ltrans-8.c scan-tree-dump-times ltrans "transformed loop" 1 FAIL: gcc.dg/tree-ssa/vrp47.c scan-tree-dump-times vrp1 "[xy][^ ]* !=" 0 FAIL: gcc.dg/tree-ssa/vrp47.c scan-tree-dump-times dom1 "x[^ ]* & y" 1 FAIL: gcc.dg/tree-ssa/vrp47.c scan-tree-dump-times vrp1 "x[^ ]* [|] y" 1 FAIL: gcc.target/i386/excess-precision-1.c execution test FAIL: gcc.target/i386/excess-precision-3.c execution test FAIL: gcc.target/i386/pr36578-1.c execution test FAIL: gcc.target/i386/pr36578-2.c execution test === gcc Summary === # of expected passes 58720 # of unexpected failures 77 # of unexpected successes 1 # of expected failures 168 # of unresolved testcases 5 # of unsupported tests 1210 /scratch/tmp/gerald/OBJ-0302-1822/gcc/xgcc version 4.5.0 20100302 (experimental) (GCC) === gfortran tests === Running target unix FAIL: gfortran.dg/ltrans-7.f90 -O scan-tree-dump-times ltrans "transformed loop" 1 FAIL: gfortran.dg/secnds.f -O1 execution test === gfortran Summary === # of expected passes 33283 # of unexpected failures 2 # of expected failures 29 # of unsupported tests 266 /scratch/tmp/gerald/OBJ-0302-1822/gcc/testsuite/gfortran/../../gfortran version 4.5.0 20100302 (experimental) (GCC) === objc tests === Running target unix === objc Summary === # of expected passes 1875 # of expected failures 7 # of unsupported tests 24 /scratch/tmp/gerald/OBJ-0302-1822/gcc/xgcc version 4.5.0 20100302 (experimental) (GCC) === libffi tests === Running target unix === libffi Summary === # of expected passes 1624 # of expected failures 10 # of unsupported tests 15 === libgomp tests === Running target unix FAIL: libgomp.fortran/condinc2.f -O (test for excess errors) WARNING: libgomp.fortran/condinc2.f -O compilation failed to produce executable FAIL: libgomp.fortran/condinc4.f90 -O (test for excess errors) WARNING: libgomp.fortran/condinc4.f90 -O compilation failed to produce executable FAIL: libgomp.fortran/omp_cond2.f -O (test for excess errors) WARNING: libgomp.fortran/omp_cond2.f -O compilation failed to produce executable FAIL: libgomp.fortran/omp_cond4.F90 -O (test for excess errors) WARNING: libgomp.fortran/omp_cond4.F90 -O compilation failed to produce executable === libgomp Summary === # of expected passes 2446 # of unexpected failures 4 # of unsupported tests 2 === libjava tests === Running target unix FAIL: PR16923.c compilation FAIL: Throw_2 execution - source compiled test FAIL: Throw_2 -findirect-dispatch execution - source compiled test FAIL: Throw_2 -O3 execution - source compiled test FAIL: Throw_2 -O3 -findirect-dispatch execution - source compiled test === libjava Summary === # of expected passes 2564 # of unexpected failures 5 # of untested testcases 4 === libmudflap tests === Running target unix FAIL: libmudflap.c/fail31-frag.c (-O3) output pattern test FAIL: libmudflap.c/pass45-frag.c (-O3) execution test FAIL: libmudflap.c/pass45-frag.c (-O3) output pattern test FAIL: libmudflap.c/pass45-frag.c (-O3) execution test FAIL: libmudflap.c/pass45-frag.c (-O3) output pattern test FAIL: libmudflap.c++/pass41-frag.cxx execution test FAIL: libmudflap.c++/pass41-frag.cxx (-static) execution test FAIL: libmudflap.c++/pass41-frag.cxx ( -O) execution test FAIL: libmudflap.c++/pass41-frag.cxx (-O2) execution test FAIL: libmudflap.c++/pass41-frag.cxx (-O3) execution test === libmudflap Summary === # of expected passes 1884 # of unexpected failures 10 === libstdc++ tests === Running target unix FAIL: 20_util/shared_ptr/thread/default_weaktoshared.cc execution test FAIL: 26_numerics/headers/cmath/c99_classification_macros_c.cc (test for excess errors) FAIL: 27_io/basic_istream/extractors_arithmetic/char/12.cc execution test FAIL: 27_io/basic_istream/extractors_arithmetic/wchar_t/12.cc execution test WARNING: program timed out. === libstdc++ Summary === # of expected passes 6497 # of unexpected failures 4 # of expected failures 92 # of unsupported tests 460 === libstdc++ Summary === Compiler version: 4.5.0 20100302 (experimental) (GCC) Platform: i386-unknown-freebsd7.2 configure flags: --prefix=/home/gerald/gcc-ref7-i386 --with-gmp=/home/gerald/7-i386
Index Nav: | [Date Index] [Subject Index] [Author Index] [Thread Index] | |
---|---|---|
Message Nav: | [Date Prev] [Date Next] | [Thread Prev] [Thread Next] |