This is the mail archive of the
gcc-testresults@gcc.gnu.org
mailing list for the GCC project.
Results for 4.5.0 20100215 (experimental) [trunk revision 156535] (GCC) testsuite on ia64-unknown-linux-gnu
- From: "Laurent GUERBY gcc60" <guerby at Babe dot esiee dot fr>
- To: gcc-testresults at gcc dot gnu dot org
- Date: Wed, 17 Feb 2010 02:31:32 +0100
- Subject: Results for 4.5.0 20100215 (experimental) [trunk revision 156535] (GCC) testsuite on ia64-unknown-linux-gnu
=== acats tests ===
FAIL: cb1010c
FAIL: cb1010d
FAIL: cxa4017
FAIL: cxa4018
FAIL: cxa4019
FAIL: cxa4020
FAIL: cxa4021
FAIL: cxa4022
FAIL: cxa4023
FAIL: cxa4024
FAIL: cxa4025
FAIL: cxa4026
FAIL: cxa4027
FAIL: cxa4028
FAIL: cxa4029
FAIL: cxa4030
FAIL: cxa4031
FAIL: cxa4032
FAIL: cxa4033
FAIL: cxa4034
FAIL: cxa5011
FAIL: cxa5012
FAIL: cxa5015
FAIL: cxa5a01
FAIL: cxa5a02
FAIL: cxa5a03
FAIL: cxa5a04
FAIL: cxa5a05
FAIL: cxa5a06
FAIL: cxa5a07
FAIL: cxa5a08
FAIL: cxa5a09
FAIL: cxa5a10
FAIL: cxa8001
FAIL: cxa8002
FAIL: cxa8003
FAIL: cxa9001
FAIL: cxa9002
FAIL: cxaa001
FAIL: cxaa002
FAIL: cxaa003
FAIL: cxaa004
FAIL: cxaa005
FAIL: cxaa006
FAIL: cxaa007
FAIL: cxaa008
FAIL: cxaa009
FAIL: cxaa010
FAIL: cxaa011
FAIL: cxaa012
FAIL: cxaa013
FAIL: cxaa014
FAIL: cxaa015
FAIL: cxaa016
FAIL: cxaa017
FAIL: cxaa018
FAIL: cxaa019
FAIL: cxab001
FAIL: cxac001
FAIL: cxac002
FAIL: cxac003
FAIL: cxac004
FAIL: cxac005
FAIL: cxaca01
FAIL: cxaca02
FAIL: cxacb01
FAIL: cxacb02
FAIL: cxacc01
FAIL: cxaf001
FAIL: cxb2001
FAIL: cxb2002
FAIL: cxb2003
FAIL: cxb3001
FAIL: cxb3002
FAIL: cxb3003
FAIL: cxb3004
FAIL: cxb3005
FAIL: cxb3007
FAIL: cxb3008
FAIL: cxb3009
FAIL: cxb3010
FAIL: cxb3011
FAIL: cxb3012
FAIL: cxb3013
FAIL: cxb3014
FAIL: cxb3015
FAIL: cxb3016
FAIL: cxb4001
FAIL: cxb4002
FAIL: cxb4003
FAIL: cxb4004
FAIL: cxb4005
FAIL: cxb4006
FAIL: cxb4007
FAIL: cxb4008
FAIL: cxb5001
FAIL: cxb5002
FAIL: cxb5003
=== acats Summary ===
# of expected passes 2092
# of unexpected failures 98
Native configuration is ia64-unknown-linux-gnu
=== gcc tests ===
Running target unix
FAIL: gcc.dg/builtin-apply4.c execution test
FAIL: gcc.dg/pr34668-1.c (internal compiler error)
FAIL: gcc.dg/pr34668-1.c (test for excess errors)
XPASS: gcc.dg/guality/example.c -O0 execution test
WARNING: program timed out.
XPASS: gcc.dg/guality/guality.c -O0 execution test
WARNING: program timed out.
XPASS: gcc.dg/guality/pr41353-1.c -O0 line 28 j == 28 + 37
FAIL: gcc.dg/guality/pr41353-1.c -O3 -fomit-frame-pointer line 39 i == 12
FAIL: gcc.dg/guality/pr41353-1.c -O3 -g line 39 i == 12
XPASS: gcc.dg/guality/pr41447-1.c -O0 execution test
XPASS: gcc.dg/guality/pr41447-1.c -O2 execution test
XPASS: gcc.dg/guality/pr41447-1.c -O3 -fomit-frame-pointer execution test
XPASS: gcc.dg/guality/pr41447-1.c -O3 -g execution test
WARNING: program timed out.
XPASS: gcc.dg/guality/pr41616-1.c -O0 execution test
XPASS: gcc.dg/tree-ssa/loop-1.c scan-assembler-times foo 5
=== gcc Summary ===
# of expected passes 53625
# of unexpected failures 5
# of unexpected successes 9
# of expected failures 251
# of unsupported tests 681
/home/guerby/build/gcc/xgcc version 4.5.0 20100215 (experimental) [trunk revision 156535] (GCC)
Compiler version: 4.5.0 20100215 (experimental) [trunk revision 156535] (GCC)
Platform: ia64-unknown-linux-gnu
configure flags: === acats configuration ===