This is the mail archive of the
gcc-testresults@gcc.gnu.org
mailing list for the GCC project.
Results for 4.5.0 20100202 (experimental) [trunk revision 156440] (GCC) testsuite on sh4-unknown-linux-gnu
- From: Kaz Kojima <kkojima at rr dot iij4u dot or dot jp>
- To: gcc-testresults at gcc dot gnu dot org
- Date: Wed, 3 Feb 2010 07:04:08 +0900
- Subject: Results for 4.5.0 20100202 (experimental) [trunk revision 156440] (GCC) testsuite on sh4-unknown-linux-gnu
Remote host: linux 2.6.22 sh4
GNU C Library version 2.7.90
LAST_UPDATED: Tue Feb 2 02:50:49 UTC 2010 (revision 156440)
Target is sh4-unknown-linux-gnu
Host is i686-pc-linux-gnu
=== g++ tests ===
Running target unix
WARNING: Assuming target board is the local machine (which is probably wrong).
FAIL: g++.dg/debug/dwarf2/icf.C scan-assembler \\\\.section.*.debug_dcall
FAIL: g++.dg/debug/dwarf2/icf.C scan-assembler New caller
FAIL: g++.dg/debug/dwarf2/icf.C scan-assembler Caller DIE offset
FAIL: g++.dg/debug/dwarf2/icf.C scan-assembler Callee DIE offset
FAIL: g++.dg/other/pr42685.C (test for excess errors)
=== g++ Summary ===
# of expected passes 21559
# of unexpected failures 5
# of expected failures 147
# of unsupported tests 207
/exp/ldroot/dodes/xsh-gcc-orig/gcc/testsuite/g++/../../g++ version 4.5.0 20100202 (experimental) [trunk revision 156440] (GCC)
Host is i686-pc-linux-gnu
=== gcc tests ===
Running target unix
WARNING: Assuming target board is the local machine (which is probably wrong).
FAIL: gcc.c-torture/execute/builtin-prefetch-6.c execution, -O3 -fomit-frame-pointer -funroll-loops
FAIL: gcc.c-torture/execute/builtin-prefetch-6.c execution, -O3 -fomit-frame-pointer -funroll-all-loops -finline-functions
FAIL: gcc.dg/pr34668-1.c (internal compiler error)
FAIL: gcc.dg/pr34668-1.c (test for excess errors)
FAIL: gcc.dg/pr42685.c (test for excess errors)
FAIL: gcc.dg/torture/pr42898.c -O1 scan-tree-dump-times optimized "\\*ptr" 1
FAIL: gcc.dg/torture/pr42898.c -O2 scan-tree-dump-times optimized "\\*ptr" 1
FAIL: gcc.dg/torture/pr42898.c -O3 -fomit-frame-pointer scan-tree-dump-times optimized "\\*ptr" 1
FAIL: gcc.dg/torture/pr42898.c -O3 -g scan-tree-dump-times optimized "\\*ptr" 1
FAIL: gcc.dg/torture/pr42898.c -Os scan-tree-dump-times optimized "\\*ptr" 1
FAIL: gcc.dg/torture/pr42898.c -O2 -flto scan-tree-dump-times optimized "\\*ptr" 1
FAIL: gcc.dg/torture/pr42898.c -O2 -fwhopr scan-tree-dump-times optimized "\\*ptr" 1
FAIL: gcc.dg/tree-ssa/pr42585.c scan-tree-dump-times optimized "struct _fat_ptr _ans" 0
FAIL: gcc.dg/tree-ssa/pr42585.c scan-tree-dump-times optimized "struct _fat_ptr _T2" 0
=== gcc Summary ===
# of expected passes 62638
# of unexpected failures 14
# of expected failures 86
# of unsupported tests 752
/exp/ldroot/dodes/xsh-gcc-orig/gcc/xgcc version 4.5.0 20100202 (experimental) [trunk revision 156440] (GCC)
Host is i686-pc-linux-gnu
=== gfortran tests ===
Running target unix
WARNING: Assuming target board is the local machine (which is probably wrong).
FAIL: gfortran.dg/allocatable_scalar_5.f90 -O0 execution test
FAIL: gfortran.dg/nearest_1.f90 -O0 execution test
FAIL: gfortran.dg/nearest_1.f90 -O1 execution test
FAIL: gfortran.dg/nearest_1.f90 -O2 execution test
FAIL: gfortran.dg/nearest_1.f90 -O3 -fomit-frame-pointer execution test
FAIL: gfortran.dg/nearest_1.f90 -O3 -fomit-frame-pointer -funroll-loops execution test
FAIL: gfortran.dg/nearest_1.f90 -O3 -fomit-frame-pointer -funroll-all-loops -finline-functions execution test
FAIL: gfortran.dg/nearest_1.f90 -O3 -g execution test
FAIL: gfortran.dg/nearest_1.f90 -Os execution test
FAIL: gfortran.dg/lto/pr40725 f_lto_pr40725_0.o-f_lto_pr40725_1.o execute -O2 -fwhopr
FAIL: gfortran.dg/lto/pr40725 f_lto_pr40725_0.o-f_lto_pr40725_1.o execute -O2 -flto
=== gfortran Summary ===
# of expected passes 32573
# of unexpected failures 11
# of expected failures 21
# of unsupported tests 288
/exp/ldroot/dodes/xsh-gcc-orig/gcc/testsuite/gfortran/../../gfortran version 4.5.0 20100202 (experimental) [trunk revision 156440] (GCC)
Host is i686-pc-linux-gnu
=== objc tests ===
Running target unix
WARNING: Assuming target board is the local machine (which is probably wrong).
=== objc Summary ===
# of expected passes 1867
# of expected failures 15
# of unsupported tests 24
/exp/ldroot/dodes/xsh-gcc-orig/gcc/xgcc version 4.5.0 20100202 (experimental) [trunk revision 156440] (GCC)
Host is sh4-unknown-linux-gnu
=== libffi tests ===
Running target unix
WARNING: Assuming target board is the local machine (which is probably wrong).
=== libffi Summary ===
# of expected passes 1624
# of expected failures 10
# of unsupported tests 15
Host is sh4-unknown-linux-gnu
=== libgomp tests ===
Running target unix
WARNING: Assuming target board is the local machine (which is probably wrong).
=== libgomp Summary ===
# of expected passes 2444
# of unsupported tests 7
Host is sh4-unknown-linux-gnu
=== libjava tests ===
Running target unix
WARNING: Assuming target board is the local machine (which is probably wrong).
=== libjava Summary ===
# of expected passes 2405
# of untested testcases 4
Host is sh4-unknown-linux-gnu
=== libmudflap tests ===
Running target unix
WARNING: Assuming target board is the local machine (which is probably wrong).
FAIL: libmudflap.c/pass54-frag.c execution test
FAIL: libmudflap.c/pass54-frag.c execution test
FAIL: libmudflap.c/pass54-frag.c (-static) execution test
FAIL: libmudflap.c/pass54-frag.c (-static) execution test
FAIL: libmudflap.c/fail31-frag.c (-O3) crash test
FAIL: libmudflap.c/fail31-frag.c (-O3) output pattern test
FAIL: libmudflap.c/pass45-frag.c (-O3) execution test
FAIL: libmudflap.c/pass45-frag.c (-O3) output pattern test
FAIL: libmudflap.c/pass45-frag.c (-O3) execution test
FAIL: libmudflap.c/pass45-frag.c (-O3) output pattern test
FAIL: libmudflap.c++/pass41-frag.cxx execution test
FAIL: libmudflap.c++/pass41-frag.cxx (-static) execution test
FAIL: libmudflap.c++/pass41-frag.cxx ( -O) execution test
FAIL: libmudflap.c++/pass41-frag.cxx (-O2) execution test
FAIL: libmudflap.c++/pass41-frag.cxx (-O3) execution test
=== libmudflap Summary ===
# of expected passes 1879
# of unexpected failures 15
Host is sh4-unknown-linux-gnu
=== libstdc++ tests ===
Running target unix
WARNING: Assuming target board is the local machine (which is probably wrong).
=== libstdc++ Summary ===
# of expected passes 6571
# of expected failures 94
# of unsupported tests 395
Compiler version: 4.5.0 20100202 (experimental) [trunk revision 156440] (GCC)
Platform: sh4-unknown-linux-gnu
configure flags: --host=i686-pc-linux-gnu --target=sh4-unknown-linux-gnu --enable-lto --enable-shared --enable-threads=posix --enable-clocale=gnu --enable-libgcj --with-ld=/usr/local/bin/sh4-unknown-linux-gnu-ld --with-as=/usr/local/bin/sh4-unknown-linux-gnu-as --with-sysroot=/exp/ldroot --with-mpfr=/opt2/i686-pc-linux-gnu --with-gmp=/opt2/i686-pc-linux-gnu --with-mpc=/opt2/i686-pc-linux-gnu --with-libelf=/opt2/i686-pc-linux-gnu --with-ppl=no --enable-languages=c,c++,fortran,java,objc