This is the mail archive of the
gcc-testresults@gcc.gnu.org
mailing list for the GCC project.
Results for 4.5.0 20100121 (experimental) (GCC) testsuite on i686-pc-cygwin
- From: Tim Prince <n8tm at aol dot com>
- To: gcc-testresults at gcc dot gnu dot org
- Date: Fri, 22 Jan 2010 15:18:11 -0800
- Subject: Results for 4.5.0 20100121 (experimental) (GCC) testsuite on i686-pc-cygwin
- Reply-to: tprince at computer dot org
Native configuration is i686-pc-cygwin
=== gcc tests ===
Running target unix
WARNING: program timed out.
FAIL: gcc.c-torture/execute/ieee/20001122-1.c compilation, -O1
UNRESOLVED: gcc.c-torture/execute/ieee/20001122-1.c execution, -O1
WARNING: program timed out.
FAIL: gcc.c-torture/execute/ieee/fp-cmp-8e.c compilation, -Os
UNRESOLVED: gcc.c-torture/execute/ieee/fp-cmp-8e.c execution, -Os
WARNING: program timed out.
FAIL: gcc.dg/compat/struct-return-2 c_compat_x_tst.o compile
FAIL: gcc.dg/cpp/include2.c (test for excess errors)
WARNING: program timed out.
FAIL: gcc.dg/debug/redecl-3.c -gcoff (test for excess errors)
WARNING: program timed out.
FAIL: gcc.dg/debug/redecl-5.c -gdwarf-2 -g1 -O (test for excess errors)
FAIL: gcc.dg/dfp/fe-binop.c (test for excess errors)
FAIL: gcc.dg/dfp/fe-convert-1.c (test for excess errors)
FAIL: gcc.dg/dfp/fe-convert-2.c (test for excess errors)
FAIL: gcc.dg/dfp/fe-convert-3.c (test for excess errors)
FAIL: c-c++-common/dfp/func-vararg-mixed-2.c (test for excess errors)
WARNING: c-c++-common/dfp/func-vararg-mixed-2.c compilation failed to
produce executable
FAIL: c-c++-common/dfp/pr36800.c (test for excess errors)
WARNING: c-c++-common/dfp/pr36800.c compilation failed to produce executable
FAIL: c-c++-common/dfp/pr39034.c (test for excess errors)
WARNING: c-c++-common/dfp/pr39034.c compilation failed to produce executable
FAIL: c-c++-common/dfp/pr39035.c (test for excess errors)
WARNING: c-c++-common/dfp/pr39035.c compilation failed to produce executable
WARNING: program timed out.
FAIL: gcc.dg/graphite/block-3.c (test for excess errors)
FAIL: gcc.dg/graphite/block-3.c scan-tree-dump-times graphite "will be
loop blocked" 1
WARNING: program timed out.
FAIL: gcc.dg/graphite/block-4.c (test for excess errors)
FAIL: gcc.dg/graphite/block-4.c scan-tree-dump-times graphite "will be
loop blocked" 1
WARNING: program timed out.
FAIL: gcc.dg/graphite/scop-4.c (test for excess errors)
FAIL: gcc.dg/graphite/run-id-1.c execution test
FAIL: largefile.c -O0 -g -I. (test for excess errors)
FAIL: gcc.dg/pch/largefile.c -O0 -g assembly comparison
FAIL: largefile.c -O0 -I. (test for excess errors)
FAIL: gcc.dg/pch/largefile.c -O0 assembly comparison
FAIL: largefile.c -O1 -I. (test for excess errors)
FAIL: gcc.dg/pch/largefile.c -O1 assembly comparison
FAIL: largefile.c -O2 -I. (test for excess errors)
FAIL: gcc.dg/pch/largefile.c -O2 assembly comparison
FAIL: largefile.c -O3 -fomit-frame-pointer -I. (test for excess errors)
FAIL: gcc.dg/pch/largefile.c -O3 -fomit-frame-pointer assembly comparison
FAIL: largefile.c -O3 -g -I. (test for excess errors)
FAIL: gcc.dg/pch/largefile.c -O3 -g assembly comparison
FAIL: largefile.c -Os -I. (test for excess errors)
FAIL: gcc.dg/pch/largefile.c -Os assembly comparison
WARNING: program timed out.
FAIL: gcc.dg/torture/pr36373-5.c -O3 -fomit-frame-pointer (test for
excess errors)
FAIL: gcc.dg/tree-ssa/pr27781.c scan-tree-dump optimized "func \\(\\);"
FAIL: gcc.dg/tree-ssa/pr36881.c scan-assembler-not CSWTCH
FAIL: gcc.dg/tree-ssa/pr36881.c scan-tree-dump switchconv "need runtime
relocations"
FAIL: gcc.dg/tree-ssa/ssa-store-ccp-2.c scan-tree-dump-times optimized
"conststaticvariable" 1
FAIL: gcc.dg/tree-ssa/ssa-store-ccp-4.c scan-tree-dump-times optimized
"conststaticvariable" 1
=== gcc Summary ===
# of expected passes 20085
# of unexpected failures 40
# of expected failures 128
# of unresolved testcases 2
# of unsupported tests 385
/cygdrive/e/gnu/xp/gcc/xgcc version 4.5.0 20100121 (experimental) (GCC)
Running target unix
=== gfortran tests ===
Running target unix
WARNING: program timed out.
FAIL: gfortran.dg/vect/fast-math-mgrid-resid.f scan-tree-dump-times
optimized "vect_var[^\\n]*\\+ " 13
WARNING: program timed out.
FAIL: gfortran.fortran-torture/compile/defined_type_2.f90, -O2
-fomit-frame-pointer -finline-functions -funroll-loops
WARNING: program timed out.
FAIL: gfortran.fortran-torture/compile/do_1.f90, -O2 -fbounds-check
FAIL: gfortran.fortran-torture/execute/initialization_1.f90 compilation,
-O2 -ftree-vectorize -msse2
=== gfortran Summary ===
# of expected passes 4961
# of unexpected failures 4
# of expected failures 10
# of untested testcases 1
# of unsupported tests 61
/cygdrive/e/gnu/xp/gcc/testsuite/gfortran/../../gfortran version 4.5.0
20100121 (experimental) (GCC)
Running target unix
=== objc tests ===
Running target unix
=== objc Summary ===
# of expected passes 1875
# of expected failures 7
# of unsupported tests 24
/cygdrive/e/gnu/xp/gcc/xgcc version 4.5.0 20100121 (experimental) (GCC)
Compiler version: 4.5.0 20100121 (experimental) (GCC)
Platform: i686-pc-cygwin
configure flags: --prefix=/usr/local/gcc45 --enable-languages='c c++
fortran objc' --enable-threads=posix --disable-sjlj-exceptions
--enable-maintainer-mode --disable-shared --disable-mudflap
--with-dwarf2 --enable-decimal-float --disable-libssp