This is the mail archive of the
gcc-testresults@gcc.gnu.org
mailing list for the GCC project.
Results for 4.5.0 20100117 (experimental) [trunk revision 155979] (Debian 20100117-1) testsuite on arm-unknown-linux-gnueabi
- From: Matthias Klose <doko at debian dot org>
- To: gcc-testresults at gcc dot gnu dot org
- Cc: debian-gcc at lists dot debian dot org
- Date: Wed, 20 Jan 2010 17:54:17 +0000
- Subject: Results for 4.5.0 20100117 (experimental) [trunk revision 155979] (Debian 20100117-1) testsuite on arm-unknown-linux-gnueabi
- Reply-to: Matthias Klose <doko at debian dot org>
LAST_UPDATED: Sun Jan 17 15:19:51 UTC 2010 (revision 155979)
Native configuration is arm-unknown-linux-gnueabi
=== libffi tests ===
Running target unix
XPASS: libffi.call/cls_longdouble.c -O0 -W -Wall execution test
XPASS: libffi.call/cls_longdouble.c -O2 execution test
XPASS: libffi.call/cls_longdouble.c -O3 execution test
XPASS: libffi.call/cls_longdouble.c -Os execution test
XPASS: libffi.call/cls_longdouble.c -O2 -fomit-frame-pointer execution test
=== libffi Summary ===
# of expected passes 1619
# of unexpected successes 5
# of expected failures 10
# of unsupported tests 15
=== libgomp tests ===
Running target unix
WARNING: program timed out.
FAIL: libgomp.fortran/strassen.f90 -O execution test
XPASS: libgomp.graphite/force-parallel-5.c scan-tree-dump-times optimized "loopfn.1" 5
=== libgomp Summary ===
# of expected passes 2472
# of unexpected failures 1
# of unexpected successes 1
# of unsupported tests 7
=== libjava tests ===
Running target unix
FAIL: StackTrace2 output - source compiled test
FAIL: StackTrace2 -findirect-dispatch output - source compiled test
FAIL: StackTrace2 -O3 output - source compiled test
FAIL: StackTrace2 -O3 -findirect-dispatch output - source compiled test
FAIL: Throw_2 execution - source compiled test
FAIL: Throw_2 -findirect-dispatch execution - source compiled test
FAIL: Throw_2 -O3 execution - source compiled test
FAIL: Throw_2 -O3 -findirect-dispatch execution - source compiled test
FAIL: stacktrace output - source compiled test
FAIL: stacktrace -findirect-dispatch output - source compiled test
FAIL: stacktrace -O3 output - source compiled test
FAIL: stacktrace -O3 -findirect-dispatch output - source compiled test
=== libjava Summary ===
# of expected passes 2558
# of unexpected failures 12
# of untested testcases 4
=== libmudflap tests ===
Running target unix
FAIL: libmudflap.c/pass54-frag.c execution test
FAIL: libmudflap.c/pass54-frag.c execution test
FAIL: libmudflap.c/pass54-frag.c (-static) execution test
FAIL: libmudflap.c/pass54-frag.c (-static) execution test
FAIL: libmudflap.c/fail31-frag.c (-O3) crash test
FAIL: libmudflap.c/fail31-frag.c (-O3) output pattern test
FAIL: libmudflap.c/pass45-frag.c (-O3) execution test
FAIL: libmudflap.c/pass45-frag.c (-O3) output pattern test
FAIL: libmudflap.c/pass45-frag.c (-O3) execution test
FAIL: libmudflap.c/pass45-frag.c (-O3) output pattern test
FAIL: libmudflap.c++/pass41-frag.cxx execution test
FAIL: libmudflap.c++/pass41-frag.cxx (-static) execution test
FAIL: libmudflap.c++/pass41-frag.cxx ( -O) execution test
FAIL: libmudflap.c++/pass41-frag.cxx (-O2) execution test
FAIL: libmudflap.c++/pass41-frag.cxx (-O3) execution test
=== libmudflap Summary ===
# of expected passes 1879
# of unexpected failures 15
=== libstdc++ tests ===
Running target unix
XPASS: 26_numerics/headers/cmath/c99_classification_macros_c.cc (test for excess errors)
=== libstdc++ Summary ===
# of expected passes 6595
# of unexpected successes 1
# of expected failures 94
# of unsupported tests 384
Target: arm-linux-gnueabi
gcc version 4.5.0 20100117 (experimental) [trunk revision 155979] (Debian 20100117-1)
=== acats tests ===
FAIL: a83a02b
FAIL: a85013b
FAIL: a87b59a
FAIL: a95001c
FAIL: a95074d
FAIL: a97106a
FAIL: a99006a
FAIL: aa2010a
FAIL: ac3207a
FAIL: ad7201a
FAIL: ad7203b
FAIL: ad7205b
FAIL: ada101a
FAIL: c250002
FAIL: c34007j
FAIL: c34008a
FAIL: c35102a
FAIL: c37402a
FAIL: c37403a
FAIL: c380003
FAIL: c380004
FAIL: c38102d
FAIL: c38202a
FAIL: c390002
FAIL: c39008a
FAIL: c39008b
FAIL: c39008c
FAIL: c392002
FAIL: c392003
FAIL: c392013
FAIL: c393008
FAIL: c393009
FAIL: c3a0003
FAIL: c3a0004
FAIL: c3a0010
FAIL: c3a1001
FAIL: c3a1002
FAIL: c410001
FAIL: c41306a
FAIL: c41306b
FAIL: c41306c
FAIL: c41307d
FAIL: c41401a
FAIL: c43204g
FAIL: c45282b
FAIL: c45291a
FAIL: c46051a
FAIL: c51004a
FAIL: c59002c
FAIL: c64201b
FAIL: c64201c
FAIL: c650001
FAIL: c74004a
FAIL: c74401k
FAIL: c74406a
FAIL: c760013
FAIL: c761001
FAIL: c761006
FAIL: c761007
FAIL: c83023a
FAIL: c85004b
FAIL: c85005a
FAIL: c85005b
FAIL: c85005c
FAIL: c85005d
FAIL: c85005e
FAIL: c85006a
FAIL: c85006b
FAIL: c85006c
FAIL: c85006d
FAIL: c85006e
FAIL: c85014a
FAIL: c85014b
FAIL: c85014c
FAIL: c85018a
FAIL: c85018b
FAIL: c87b26b
FAIL: c87b41a
FAIL: c87b45c
FAIL: c87b54a
FAIL: c87b62d
FAIL: c910001
FAIL: c910002
FAIL: c910003
FAIL: c91004b
FAIL: c91004c
FAIL: c91006a
FAIL: c91007a
FAIL: c92002a
FAIL: c92003a
FAIL: c92005a
FAIL: c92005b
FAIL: c92006a
FAIL: c930001
FAIL: c93001a
FAIL: c93002a
FAIL: c93003a
FAIL: c93004a
FAIL: c93004b
FAIL: c93004c
FAIL: c93004d
FAIL: c93004f
FAIL: c93005a
FAIL: c93005b
FAIL: c93005c
FAIL: c93005d
FAIL: c93005e
FAIL: c93005f
FAIL: c93005g
FAIL: c93005h
FAIL: c93006a
FAIL: c93007a
FAIL: c93008a
FAIL: c93008b
FAIL: c940001
FAIL: c940002
FAIL: c940004
FAIL: c940005
FAIL: c940006
FAIL: c940007
FAIL: c940010
FAIL: c940011
FAIL: c940012
FAIL: c940013
FAIL: c940014
FAIL: c940015
FAIL: c940016
FAIL: c94001a
FAIL: c94001b
FAIL: c94001c
FAIL: c94001e
FAIL: c94001f
FAIL: c94001g
FAIL: c94002a
FAIL: c94002b
FAIL: c94002d
FAIL: c94002e
FAIL: c94002f
FAIL: c94002g
FAIL: c94004a
FAIL: c94004b
FAIL: c94004c
FAIL: c94005a
FAIL: c94005b
FAIL: c94006a
FAIL: c94007a
FAIL: c94007b
FAIL: c94008a
FAIL: c94008b
FAIL: c94008c
FAIL: c94008d
FAIL: c94010a
FAIL: c94011a
FAIL: c94020a
FAIL: c940a03
FAIL: c95008a
FAIL: c95009a
FAIL: c95010a
FAIL: c95011a
FAIL: c95012a
FAIL: c95021a
FAIL: c95022a
FAIL: c95022b
FAIL: c95033a
FAIL: c95033b
FAIL: c95034a
FAIL: c95034b
FAIL: c95035a
FAIL: c95040a
FAIL: c95040b
FAIL: c95040c
FAIL: c95040d
FAIL: c95041a
FAIL: c95065a
FAIL: c95065b
FAIL: c95065c
FAIL: c95065d
FAIL: c95065e
FAIL: c95065f
FAIL: c95066a
FAIL: c95067a
FAIL: c95071a
FAIL: c95072a
FAIL: c95072b
FAIL: c95073a
FAIL: c95074c
FAIL: c95076a
FAIL: c95078a
FAIL: c95080b
FAIL: c95082g
FAIL: c95085a
FAIL: c95085b
FAIL: c95085c
FAIL: c95085d
FAIL: c95085e
FAIL: c95085f
FAIL: c95085g
FAIL: c95085h
FAIL: c95085i
FAIL: c95085j
FAIL: c95085k
FAIL: c95085l
FAIL: c95085m
FAIL: c95085n
FAIL: c95085o
FAIL: c95086a
FAIL: c95086b
FAIL: c95086c
FAIL: c95086d
FAIL: c95086e
FAIL: c95086f
FAIL: c95087a
FAIL: c95087b
FAIL: c95087c
FAIL: c95087d
FAIL: c95088a
FAIL: c95089a
FAIL: c95090a
FAIL: c95092a
FAIL: c95093a
FAIL: c95095a
FAIL: c95095b
FAIL: c95095c
FAIL: c95095d
FAIL: c95095e
FAIL: c951001
FAIL: c951002
FAIL: c953001
FAIL: c953002
FAIL: c953003
FAIL: c954001
FAIL: c954010
FAIL: c954011
FAIL: c954012
FAIL: c954013
FAIL: c954014
FAIL: c954015
FAIL: c954016
FAIL: c954017
FAIL: c954018
FAIL: c954019
FAIL: c954020
FAIL: c954021
FAIL: c954022
FAIL: c954023
FAIL: c954024
FAIL: c954025
FAIL: c954026
FAIL: c954a01
FAIL: c954a02
FAIL: c954a03
FAIL: c960001
FAIL: c960002
FAIL: c960004
FAIL: c97112a
FAIL: c97113a
FAIL: c97114a
FAIL: c97115a
FAIL: c97116a
FAIL: c97117a
FAIL: c97117b
FAIL: c97117c
FAIL: c97118a
FAIL: c97120a
FAIL: c97120b
FAIL: c97201a
FAIL: c97201b
FAIL: c97201c
FAIL: c97201d
FAIL: c97201e
FAIL: c97201g
FAIL: c97201h
FAIL: c97201x
FAIL: c97202a
FAIL: c97203a
FAIL: c97203b
FAIL: c97203c
FAIL: c97204a
FAIL: c97204b
FAIL: c97205a
FAIL: c97205b
FAIL: c97301a
FAIL: c97301b
FAIL: c97301c
FAIL: c97301d
FAIL: c97301e
FAIL: c97302a
FAIL: c97303a
FAIL: c97303b
FAIL: c97303c
FAIL: c97304a
FAIL: c97304b
FAIL: c97305a
FAIL: c97305b
FAIL: c97305c
FAIL: c97305d
FAIL: c97307a
FAIL: c974001
FAIL: c974002
FAIL: c974003
FAIL: c974004
FAIL: c974005
FAIL: c974006
FAIL: c974007
FAIL: c974008
FAIL: c974009
FAIL: c974010
FAIL: c974011
FAIL: c974012
FAIL: c974013
FAIL: c974014
FAIL: c980001
FAIL: c980002
FAIL: c980003
FAIL: c99004a
FAIL: c99005a
FAIL: c9a003a
FAIL: c9a004a
FAIL: c9a007a
FAIL: c9a009a
FAIL: c9a009c
FAIL: c9a009f
FAIL: c9a009g
FAIL: c9a009h
FAIL: c9a010a
FAIL: c9a011a
FAIL: c9a011b
FAIL: ca13001
FAIL: ca5004a
FAIL: cb1010a
FAIL: cb20001
FAIL: cb20004
FAIL: cb20005
FAIL: cb20006
FAIL: cb20007
FAIL: cb40005
FAIL: cb4013a
FAIL: cb41002
FAIL: cb5001a
FAIL: cb5001b
FAIL: cb5002a
FAIL: cc1104c
FAIL: cc1207b
FAIL: cc1225a
FAIL: cc1310a
FAIL: cc3019c
FAIL: cc3106b
FAIL: cc3120b
FAIL: cc3207b
FAIL: cc3225a
FAIL: cc3601c
FAIL: cc3602a
FAIL: cd10002
FAIL: cd1009k
FAIL: cd1009t
FAIL: cd1009u
FAIL: cd1c03e
FAIL: cd1c06a
FAIL: cd2a91c
FAIL: cd2c11a
FAIL: cd2c11d
FAIL: cd5003e
FAIL: cd72a02
FAIL: cdd2a01
FAIL: cdd2a03
FAIL: cxh1001
FAIL: cxh3001
FAIL: cxh3002
FAIL: cxh3003
FAIL: la14010
FAIL: la14027
=== acats Summary ===
# of expected passes 1950
# of unexpected failures 371
=== g++ tests ===
Running target unix
FAIL: g++.dg/abi/local1.C execution test
FAIL: g++.dg/opt/pr30965.C scan-tree-dump-times optimized "variable_..D. = v_..D." 2
XPASS: g++.dg/other/packed1.C execution test
FAIL: g++.dg/template/cond5.C (internal compiler error)
FAIL: g++.dg/template/cond5.C (test for excess errors)
FAIL: g++.dg/tree-ssa/new1.C scan-tree-dump-not forwprop1 "= .* \\+ -"
FAIL: 23:is 1:should be 2
FAIL: g++.dg/gcov/gcov-2.C gcov: 1 failures in line counts, 0 in branch percentages, 0 in return percentages
=== g++ Summary ===
# of expected passes 21646
# of unexpected failures 7
# of unexpected successes 1
# of expected failures 147
# of unsupported tests 151
/build/buildd-gcc-snapshot_20100117-1-armel-2QKPaq/gcc-snapshot-20100117/build/gcc/testsuite/g++/../../g++ version 4.5.0 20100117 (experimental) [trunk revision 155979] (Debian 20100117-1)
=== gcc tests ===
Running target unix
WARNING: program timed out.
FAIL: gcc.c-torture/compile/20001226-1.c -O3 -g (test for excess errors)
FAIL: gcc.c-torture/compile/limits-fnargs.c -O2 (test for excess errors)
FAIL: gcc.c-torture/compile/limits-fnargs.c -O3 -fomit-frame-pointer (test for excess errors)
FAIL: gcc.c-torture/compile/limits-fnargs.c -O3 -g (test for excess errors)
FAIL: gcc.c-torture/compile/limits-fnargs.c -O2 -flto (test for excess errors)
FAIL: gcc.c-torture/compile/limits-fnargs.c -O2 -fwhopr (test for excess errors)
FAIL: gcc.c-torture/execute/builtins/abs-1.c execution, -O2 -fwhopr
FAIL: gcc.dg/c99-stdint-1.c (test for excess errors)
FAIL: gcc.dg/c99-stdint-7.c (test for excess errors)
FAIL: gcc.dg/pr34668-1.c (internal compiler error)
FAIL: gcc.dg/pr34668-1.c (test for excess errors)
FAIL: gcc.dg/uninit-13.c unconditional (test for warnings, line 8)
FAIL: gcc.dg/uninit-13.c (test for excess errors)
WARNING: program timed out.
FAIL: gcc.dg/graphite/block-3.c (test for excess errors)
FAIL: gcc.dg/graphite/block-3.c scan-tree-dump-times graphite "will be loop blocked" 1
FAIL: gcc.dg/lto/20081112 c_lto_20081112_0.o-c_lto_20081112_1.o execute -O2 -fwhopr
FAIL: gcc.dg/vect/vect-35.c scan-tree-dump-times vect "vectorized 2 loops" 1
ERROR: gcc.target/arm/neon-modes-1.c: Unrecognized option type: arm_neon for " dg-add-options 4 arm_neon "
UNRESOLVED: gcc.target/arm/neon-modes-1.c: Unrecognized option type: arm_neon for " dg-add-options 4 arm_neon "
FAIL: gcc.target/arm/neon/vRshrn_ns16.c (test for excess errors)
FAIL: gcc.target/arm/neon/vRshrn_ns32.c (test for excess errors)
FAIL: gcc.target/arm/neon/vRshrn_ns64.c (test for excess errors)
FAIL: gcc.target/arm/neon/vRshrn_nu16.c (test for excess errors)
FAIL: gcc.target/arm/neon/vRshrn_nu32.c (test for excess errors)
FAIL: gcc.target/arm/neon/vRshrn_nu64.c (test for excess errors)
FAIL: gcc.target/arm/neon/vget_lowf32.c scan-assembler vmov[ \\t]+[dD][0-9]+, [dD][0-9]+!?([ \\t]+@[a-zA-Z0-9 ]+)?\\n
FAIL: gcc.target/arm/neon/vget_lowp16.c scan-assembler vmov[ \\t]+[dD][0-9]+, [dD][0-9]+!?([ \\t]+@[a-zA-Z0-9 ]+)?\\n
FAIL: gcc.target/arm/neon/vget_lowp8.c scan-assembler vmov[ \\t]+[dD][0-9]+, [dD][0-9]+!?([ \\t]+@[a-zA-Z0-9 ]+)?\\n
FAIL: gcc.target/arm/neon/vget_lows16.c scan-assembler vmov[ \\t]+[dD][0-9]+, [dD][0-9]+!?([ \\t]+@[a-zA-Z0-9 ]+)?\\n
FAIL: gcc.target/arm/neon/vget_lows32.c scan-assembler vmov[ \\t]+[dD][0-9]+, [dD][0-9]+!?([ \\t]+@[a-zA-Z0-9 ]+)?\\n
FAIL: gcc.target/arm/neon/vget_lows64.c scan-assembler vmov[ \\t]+[dD][0-9]+, [dD][0-9]+!?([ \\t]+@[a-zA-Z0-9 ]+)?\\n
FAIL: gcc.target/arm/neon/vget_lows8.c scan-assembler vmov[ \\t]+[dD][0-9]+, [dD][0-9]+!?([ \\t]+@[a-zA-Z0-9 ]+)?\\n
FAIL: gcc.target/arm/neon/vget_lowu16.c scan-assembler vmov[ \\t]+[dD][0-9]+, [dD][0-9]+!?([ \\t]+@[a-zA-Z0-9 ]+)?\\n
FAIL: gcc.target/arm/neon/vget_lowu32.c scan-assembler vmov[ \\t]+[dD][0-9]+, [dD][0-9]+!?([ \\t]+@[a-zA-Z0-9 ]+)?\\n
FAIL: gcc.target/arm/neon/vget_lowu64.c scan-assembler vmov[ \\t]+[dD][0-9]+, [dD][0-9]+!?([ \\t]+@[a-zA-Z0-9 ]+)?\\n
FAIL: gcc.target/arm/neon/vget_lowu8.c scan-assembler vmov[ \\t]+[dD][0-9]+, [dD][0-9]+!?([ \\t]+@[a-zA-Z0-9 ]+)?\\n
FAIL: gcc.target/arm/neon/vqRshrn_ns16.c (test for excess errors)
FAIL: gcc.target/arm/neon/vqRshrn_ns32.c (test for excess errors)
FAIL: gcc.target/arm/neon/vqRshrn_ns64.c (test for excess errors)
FAIL: gcc.target/arm/neon/vqRshrn_nu16.c (test for excess errors)
FAIL: gcc.target/arm/neon/vqRshrn_nu32.c (test for excess errors)
FAIL: gcc.target/arm/neon/vqRshrn_nu64.c (test for excess errors)
FAIL: gcc.target/arm/neon/vqRshrun_ns16.c (test for excess errors)
FAIL: gcc.target/arm/neon/vqRshrun_ns32.c (test for excess errors)
FAIL: gcc.target/arm/neon/vqRshrun_ns64.c (test for excess errors)
FAIL: gcc.target/arm/neon/vqshrn_ns16.c (test for excess errors)
FAIL: gcc.target/arm/neon/vqshrn_ns32.c (test for excess errors)
FAIL: gcc.target/arm/neon/vqshrn_ns64.c (test for excess errors)
FAIL: gcc.target/arm/neon/vqshrn_nu16.c (test for excess errors)
FAIL: gcc.target/arm/neon/vqshrn_nu32.c (test for excess errors)
FAIL: gcc.target/arm/neon/vqshrn_nu64.c (test for excess errors)
FAIL: gcc.target/arm/neon/vqshrun_ns16.c (test for excess errors)
FAIL: gcc.target/arm/neon/vqshrun_ns32.c (test for excess errors)
FAIL: gcc.target/arm/neon/vqshrun_ns64.c (test for excess errors)
FAIL: gcc.target/arm/neon/vshrn_ns16.c (test for excess errors)
FAIL: gcc.target/arm/neon/vshrn_ns32.c (test for excess errors)
FAIL: gcc.target/arm/neon/vshrn_ns64.c (test for excess errors)
FAIL: gcc.target/arm/neon/vshrn_nu16.c (test for excess errors)
FAIL: gcc.target/arm/neon/vshrn_nu32.c (test for excess errors)
FAIL: gcc.target/arm/neon/vshrn_nu64.c (test for excess errors)
=== gcc Summary ===
# of expected passes 67752
# of unexpected failures 58
# of expected failures 222
# of unresolved testcases 1
# of unsupported tests 706
/build/buildd-gcc-snapshot_20100117-1-armel-2QKPaq/gcc-snapshot-20100117/build/gcc/xgcc version 4.5.0 20100117 (experimental) [trunk revision 155979] (Debian 20100117-1)
=== gfortran tests ===
Running target unix
FAIL: gfortran.dg/lto/pr40725 f_lto_pr40725_0.o-f_lto_pr40725_1.o execute -O2 -fwhopr
FAIL: gfortran.dg/lto/pr40725 f_lto_pr40725_0.o-f_lto_pr40725_1.o execute -O2 -flto
FAIL: gfortran.dg/vect/fast-math-pr38968.f90 scan-tree-dump vect "vectorized 1 loops"
=== gfortran Summary ===
# of expected passes 32592
# of unexpected failures 3
# of expected failures 37
# of unsupported tests 299
/build/buildd-gcc-snapshot_20100117-1-armel-2QKPaq/gcc-snapshot-20100117/build/gcc/testsuite/gfortran/../../gfortran version 4.5.0 20100117 (experimental) [trunk revision 155979] (Debian 20100117-1)
=== gnat tests ===
Running target unix
FAIL: gnat.dg/abstract_with_anonymous_result.adb (test for excess errors)
UNRESOLVED: gnat.dg/abstract_with_anonymous_result.adb compilation failed to produce executable
FAIL: gnat.dg/access1.adb (test for excess errors)
FAIL: gnat.dg/access_discr.adb (test for excess errors)
FAIL: gnat.dg/access_discr2.adb (test for excess errors)
UNRESOLVED: gnat.dg/access_discr2.adb compilation failed to produce executable
FAIL: gnat.dg/access_test.adb (test for excess errors)
UNRESOLVED: gnat.dg/access_test.adb compilation failed to produce executable
FAIL: gnat.dg/aggr2.adb (test for excess errors)
FAIL: gnat.dg/aggr3.adb (test for excess errors)
UNRESOLVED: gnat.dg/aggr3.adb compilation failed to produce executable
FAIL: gnat.dg/aggr7.adb (test for excess errors)
FAIL: gnat.dg/align_max.adb (test for excess errors)
UNRESOLVED: gnat.dg/align_max.adb compilation failed to produce executable
FAIL: gnat.dg/array3.adb (test for excess errors)
UNRESOLVED: gnat.dg/array3.adb compilation failed to produce executable
FAIL: gnat.dg/bip_aggregate_bug.adb (test for excess errors)
UNRESOLVED: gnat.dg/bip_aggregate_bug.adb compilation failed to produce executable
FAIL: gnat.dg/check_displace_generation.adb (test for excess errors)
UNRESOLVED: gnat.dg/check_displace_generation.adb compilation failed to produce executable
FAIL: gnat.dg/class_wide.adb (test for excess errors)
FAIL: gnat.dg/curr_task.adb (test for excess errors)
UNRESOLVED: gnat.dg/curr_task.adb compilation failed to produce executable
FAIL: gnat.dg/discr13.adb (test for excess errors)
FAIL: gnat.dg/discr17.adb (test for excess errors)
FAIL: gnat.dg/discr19.adb (test for excess errors)
FAIL: gnat.dg/discr4.adb (test for excess errors)
UNRESOLVED: gnat.dg/discr4.adb compilation failed to produce executable
FAIL: gnat.dg/discr_range_check.adb (test for excess errors)
FAIL: gnat.dg/discr_test.adb (test for excess errors)
FAIL: gnat.dg/entry_queues.adb (test for excess errors)
UNRESOLVED: gnat.dg/entry_queues.adb compilation failed to produce executable
FAIL: gnat.dg/finalized.adb (test for excess errors)
FAIL: gnat.dg/inline_tagged.adb (test for excess errors)
UNRESOLVED: gnat.dg/inline_tagged.adb compilation failed to produce executable
FAIL: gnat.dg/interface1.adb (test for excess errors)
UNRESOLVED: gnat.dg/interface1.adb compilation failed to produce executable
FAIL: gnat.dg/interface2.adb (test for excess errors)
UNRESOLVED: gnat.dg/interface2.adb compilation failed to produce executable
FAIL: gnat.dg/interface3.adb (test for excess errors)
UNRESOLVED: gnat.dg/interface3.adb compilation failed to produce executable
FAIL: gnat.dg/interface_conv.adb (test for excess errors)
UNRESOLVED: gnat.dg/interface_conv.adb compilation failed to produce executable
FAIL: gnat.dg/iprot_test.adb (test for excess errors)
UNRESOLVED: gnat.dg/iprot_test.adb compilation failed to produce executable
FAIL: gnat.dg/late_overriding.adb (test for excess errors)
FAIL: gnat.dg/lhs_view_convert.adb (test for excess errors)
UNRESOLVED: gnat.dg/lhs_view_convert.adb compilation failed to produce executable
FAIL: gnat.dg/named_test.adb (test for excess errors)
UNRESOLVED: gnat.dg/named_test.adb compilation failed to produce executable
FAIL: gnat.dg/nested_controlled_alloc.adb (test for excess errors)
UNRESOLVED: gnat.dg/nested_controlled_alloc.adb compilation failed to produce executable
FAIL: gnat.dg/nested_proc1.adb (test for excess errors)
UNRESOLVED: gnat.dg/nested_proc1.adb compilation failed to produce executable
FAIL: gnat.dg/no_final.adb (test for excess errors)
UNRESOLVED: gnat.dg/no_final.adb compilation failed to produce executable
FAIL: gnat.dg/null_pointer_deref2.adb (test for excess errors)
UNRESOLVED: gnat.dg/null_pointer_deref2.adb compilation failed to produce executable
FAIL: gnat.dg/prot1.adb (test for excess errors)
FAIL: gnat.dg/prot_def.adb execution test
FAIL: gnat.dg/protected_self_ref1.adb execution test
FAIL: gnat.dg/requeue1.adb (test for excess errors)
UNRESOLVED: gnat.dg/requeue1.adb compilation failed to produce executable
FAIL: gnat.dg/self1.adb (test for excess errors)
FAIL: gnat.dg/stack_check1.adb (test for excess errors)
UNRESOLVED: gnat.dg/stack_check1.adb compilation failed to produce executable
FAIL: gnat.dg/stack_check2.adb (test for excess errors)
UNRESOLVED: gnat.dg/stack_check2.adb compilation failed to produce executable
FAIL: gnat.dg/tag1.adb (test for excess errors)
UNRESOLVED: gnat.dg/tag1.adb compilation failed to produce executable
FAIL: gnat.dg/tagged_alloc_free.adb (test for excess errors)
UNRESOLVED: gnat.dg/tagged_alloc_free.adb compilation failed to produce executable
FAIL: gnat.dg/task_stack_align.adb (test for excess errors)
UNRESOLVED: gnat.dg/task_stack_align.adb compilation failed to produce executable
FAIL: gnat.dg/test_delay.adb execution test
FAIL: gnat.dg/test_iface_aggr.adb (test for excess errors)
UNRESOLVED: gnat.dg/test_iface_aggr.adb compilation failed to produce executable
FAIL: gnat.dg/test_image.adb execution test
FAIL: gnat.dg/test_prio.adb (test for excess errors)
UNRESOLVED: gnat.dg/test_prio.adb compilation failed to produce executable
FAIL: gnat.dg/timer_cancel.adb (test for excess errors)
UNRESOLVED: gnat.dg/timer_cancel.adb compilation failed to produce executable
FAIL: gnat.dg/timing_events.adb (test for excess errors)
UNRESOLVED: gnat.dg/timing_events.adb compilation failed to produce executable
FAIL: gnat.dg/trampoline2.adb (test for excess errors)
UNRESOLVED: gnat.dg/trampoline2.adb compilation failed to produce executable
=== gnat Summary ===
# of expected passes 662
# of unexpected failures 52
# of expected failures 8
# of unresolved testcases 34
# of unsupported tests 1
=== obj-c++ tests ===
Running target unix
UNRESOLVED: obj-c++.dg/lookup-2.mm compilation failed to produce executable
UNRESOLVED: obj-c++.dg/try-catch-2.mm compilation failed to produce executable
UNRESOLVED: obj-c++.dg/try-catch-9.mm compilation failed to produce executable
=== obj-c++ Summary ===
# of expected passes 438
# of expected failures 10
# of unresolved testcases 3
# of unsupported tests 13
/build/buildd-gcc-snapshot_20100117-1-armel-2QKPaq/gcc-snapshot-20100117/build/gcc/testsuite/obj-c++/../../g++ version 4.5.0 20100117 (experimental) [trunk revision 155979] (Debian 20100117-1)
=== objc tests ===
Running target unix
FAIL: objc/execute/class-13.m compilation, -O1 -fgnu-runtime
UNRESOLVED: objc/execute/class-13.m execution, -O1 -fgnu-runtime
FAIL: objc/execute/class-13.m compilation, -O2 -fgnu-runtime
UNRESOLVED: objc/execute/class-13.m execution, -O2 -fgnu-runtime
FAIL: objc/execute/class-13.m compilation, -O3 -fomit-frame-pointer -fgnu-runtime
UNRESOLVED: objc/execute/class-13.m execution, -O3 -fomit-frame-pointer -fgnu-runtime
FAIL: objc/execute/class-13.m compilation, -O3 -g -fgnu-runtime
UNRESOLVED: objc/execute/class-13.m execution, -O3 -g -fgnu-runtime
FAIL: objc/execute/class-13.m compilation, -Os -fgnu-runtime
UNRESOLVED: objc/execute/class-13.m execution, -Os -fgnu-runtime
FAIL: objc/execute/class-6.m compilation, -O1 -fgnu-runtime
UNRESOLVED: objc/execute/class-6.m execution, -O1 -fgnu-runtime
FAIL: objc/execute/class-6.m compilation, -O2 -fgnu-runtime
UNRESOLVED: objc/execute/class-6.m execution, -O2 -fgnu-runtime
FAIL: objc/execute/class-6.m compilation, -O3 -fomit-frame-pointer -fgnu-runtime
UNRESOLVED: objc/execute/class-6.m execution, -O3 -fomit-frame-pointer -fgnu-runtime
FAIL: objc/execute/class-6.m compilation, -O3 -g -fgnu-runtime
UNRESOLVED: objc/execute/class-6.m execution, -O3 -g -fgnu-runtime
FAIL: objc/execute/class-6.m compilation, -Os -fgnu-runtime
UNRESOLVED: objc/execute/class-6.m execution, -Os -fgnu-runtime
FAIL: objc/execute/forward-1.m execution, -O0 -fgnu-runtime
FAIL: objc/execute/forward-1.m compilation, -O1 -fgnu-runtime
UNRESOLVED: objc/execute/forward-1.m execution, -O1 -fgnu-runtime
FAIL: objc/execute/forward-1.m compilation, -O2 -fgnu-runtime
UNRESOLVED: objc/execute/forward-1.m execution, -O2 -fgnu-runtime
FAIL: objc/execute/forward-1.m compilation, -O3 -fomit-frame-pointer -fgnu-runtime
UNRESOLVED: objc/execute/forward-1.m execution, -O3 -fomit-frame-pointer -fgnu-runtime
FAIL: objc/execute/forward-1.m compilation, -O3 -fomit-frame-pointer -funroll-loops -fgnu-runtime
UNRESOLVED: objc/execute/forward-1.m execution, -O3 -fomit-frame-pointer -funroll-loops -fgnu-runtime
FAIL: objc/execute/forward-1.m compilation, -O3 -fomit-frame-pointer -funroll-all-loops -finline-functions -fgnu-runtime
UNRESOLVED: objc/execute/forward-1.m execution, -O3 -fomit-frame-pointer -funroll-all-loops -finline-functions -fgnu-runtime
FAIL: objc/execute/forward-1.m compilation, -O3 -g -fgnu-runtime
UNRESOLVED: objc/execute/forward-1.m execution, -O3 -g -fgnu-runtime
FAIL: objc/execute/forward-1.m compilation, -Os -fgnu-runtime
UNRESOLVED: objc/execute/forward-1.m execution, -Os -fgnu-runtime
FAIL: objc/execute/object_is_class.m compilation, -O1 -fgnu-runtime
UNRESOLVED: objc/execute/object_is_class.m execution, -O1 -fgnu-runtime
FAIL: objc/execute/object_is_class.m compilation, -O2 -fgnu-runtime
UNRESOLVED: objc/execute/object_is_class.m execution, -O2 -fgnu-runtime
FAIL: objc/execute/object_is_class.m compilation, -O3 -fomit-frame-pointer -fgnu-runtime
UNRESOLVED: objc/execute/object_is_class.m execution, -O3 -fomit-frame-pointer -fgnu-runtime
FAIL: objc/execute/object_is_class.m compilation, -O3 -g -fgnu-runtime
UNRESOLVED: objc/execute/object_is_class.m execution, -O3 -g -fgnu-runtime
FAIL: objc/execute/object_is_class.m compilation, -Os -fgnu-runtime
UNRESOLVED: objc/execute/object_is_class.m execution, -Os -fgnu-runtime
FAIL: objc/execute/object_is_meta_class.m compilation, -O1 -fgnu-runtime
UNRESOLVED: objc/execute/object_is_meta_class.m execution, -O1 -fgnu-runtime
FAIL: objc/execute/object_is_meta_class.m compilation, -O2 -fgnu-runtime
UNRESOLVED: objc/execute/object_is_meta_class.m execution, -O2 -fgnu-runtime
FAIL: objc/execute/object_is_meta_class.m compilation, -O3 -fomit-frame-pointer -fgnu-runtime
UNRESOLVED: objc/execute/object_is_meta_class.m execution, -O3 -fomit-frame-pointer -fgnu-runtime
FAIL: objc/execute/object_is_meta_class.m compilation, -O3 -g -fgnu-runtime
UNRESOLVED: objc/execute/object_is_meta_class.m execution, -O3 -g -fgnu-runtime
FAIL: objc/execute/object_is_meta_class.m compilation, -Os -fgnu-runtime
UNRESOLVED: objc/execute/object_is_meta_class.m execution, -Os -fgnu-runtime
=== objc Summary ===
# of expected passes 1820
# of unexpected failures 28
# of expected failures 7
# of unresolved testcases 27
# of unsupported tests 24
/build/buildd-gcc-snapshot_20100117-1-armel-2QKPaq/gcc-snapshot-20100117/build/gcc/xgcc version 4.5.0 20100117 (experimental) [trunk revision 155979] (Debian 20100117-1)
Compiler version: 4.5.0 20100117 (experimental) [trunk revision 155979] (Debian 20100117-1)
Platform: arm-unknown-linux-gnueabi
configure flags: -v --with-pkgversion='Debian 20100117-1' --with-bugurl=file:///usr/share/doc/gcc-snapshot/README.Bugs --enable-languages=c,ada,c++,java,fortran,objc,obj-c++ --prefix=/usr/lib/gcc-snapshot --enable-shared --enable-multiarch --enable-linker-build-id --with-system-zlib --disable-nls --enable-clocale=gnu --enable-libstdcxx-debug --enable-plugin --disable-browser-plugin --enable-java-awt=gtk --enable-gtk-cairo --with-java-home=/usr/lib/jvm/java-1.5.0-gcj-4.5-snap/jre --enable-java-home --with-jvm-root-dir=/usr/lib/jvm/java-1.5.0-gcj-4.5-snap --with-jvm-jar-dir=/usr/lib/jvm-exports/java-1.5.0-gcj-4.5-snap --with-arch-directory=arm --with-ecj-jar=/usr/share/java/eclipse-ecj.jar --enable-objc-gc --disable-sjlj-exceptions --disable-werror --enable-checking=yes --build=arm-linux-gnueabi --host=arm-linux-gnueabi --target=arm-linux-gnueabi
BOOT_CFLAGS=
Build Dependencies:
Desired=Unknown/Install/Remove/Purge/Hold
| Status=Not/Inst/Cfg-files/Unpacked/Failed-cfg/Half-inst/trig-aWait/Trig-pend
|/ Err?=(none)/Reinst-required (Status,Err: uppercase=bad)
||/ Name Version Description
+++-====================================================-======================-==============================================
ii binutils 2.20-4 The GNU assembler, linker and binary utilities
ii g++-4.4 4.4.2-9 The GNU C++ compiler
ii libc6 2.10.2-5 Embedded GNU C Library: Shared libraries
pi libcloog-ppl-dev 0.15.7-1 the Chunky Loop Generator (development files)
pi libgmp3-dev 2:4.3.2+dfsg-1 Multiprecision arithmetic library developers t
pi libmpc-dev 0.8.1-1 multiple precision complex floating-point libr
pi libmpfr-dev 2.4.2-3 multiple precision floating-point computation
pi libppl0.10-dev 0.10.2-3 Parma Polyhedra Library (development)
pr40521-revert-workaround:
Revert the dwarf2cfi_asm workaround, obsoleted by PR debug/40521.
gcc-ice-hack:
Retry the build on an ice, save the calling options and preprocessed
source when the ice is reproducible.
gcc-ice-apport:
Report an ICE to apport (if apport is available
and the environment variable GCC_NOAPPORT is not set)
libjava-disable-static:
Disable building the static libjava.
libjava-fixed-symlinks:
Remove unneed '..' elements from symlinks in JAVA_HOME
libstdc++-arm-wno-abi:
Temporary work around:
On arm-linux-gnueabi run the libstdc++v3 testsuite with -Wno-abi
gcc-ldd-version:
Fix ldd version check.
libcpp-arm-workaround:
work around miscompilation on ARM -mthumb
ada-mips:
Improve support for mips.
arm-unbreak-eabi-armv4t:
Fix armv4t build on ARM
gcc-multiarch:
Add multiarch support to GCC.
Convert the multilib option to a target triplet,
add multiarch include directories and libraries path:
/usr/local/include/<arch>-linux-gnu
/usr/include/<arch>-linux-gnu
/usr/lib/<arch>-linux-gnu
to the system paths.
Counting all warnings,
there are 0 warnings in stage3 of this bootstrap.
Number of warnings per file:
Number of warning types: