This is the mail archive of the
gcc-testresults@gcc.gnu.org
mailing list for the GCC project.
Results for 4.4.3 20091224 (prerelease) [gcc-4_4-branch revision 155447] (GCC) testsuite on hppa64-hp-hpux11.11
- From: John David Anglin <dave at hiauly3 dot hia dot nrc dot ca>
- To: dave at hiauly3 dot hia dot nrc dot ca, gcc-testresults at gcc dot gnu dot org
- Date: Thu, 24 Dec 2009 15:36:32 -0500 (EST)
- Subject: Results for 4.4.3 20091224 (prerelease) [gcc-4_4-branch revision 155447] (GCC) testsuite on hppa64-hp-hpux11.11
LAST_UPDATED: Thu Dec 24 01:15:32 UTC 2009 (revision 155447)
Native configuration is hppa64-hp-hpux11.11
=== g++ tests ===
Running target unix
=== g++ Summary ===
# of expected passes 18506
# of expected failures 158
# of unsupported tests 203
/mnt/gnu/gcc/objdir/gcc/testsuite/g++/../../g++ version 4.4.3 20091224 (prerelease) [gcc-4_4-branch revision 155447] (GCC)
=== gcc tests ===
Running target unix
FAIL: gcc.dg/debug/dwarf2/inline2.c scan-assembler-times \\(DIE \\(.*?\\) DW_TAG_inlined_subroutine 6
FAIL: gcc.dg/debug/dwarf2/inline2.c scan-assembler-times \\(DIE \\(.*?\\) DW_TAG_lexical_block 6
XPASS: gcc.dg/funcorder.c scan-assembler-not link_error,%r
=== gcc Summary ===
# of expected passes 48788
# of unexpected failures 2
# of unexpected successes 1
# of expected failures 117
# of unsupported tests 623
/mnt/gnu/gcc/objdir/gcc/xgcc version 4.4.3 20091224 (prerelease) [gcc-4_4-branch revision 155447] (GCC)
=== gfortran tests ===
Running target unix
=== gfortran Summary ===
# of expected passes 28841
# of expected failures 10
# of unsupported tests 268
/mnt/gnu/gcc/objdir/gcc/testsuite/gfortran/../../gfortran version 4.4.3 20091224 (prerelease) [gcc-4_4-branch revision 155447] (GCC)
=== obj-c++ tests ===
Running target unix
XPASS: obj-c++.dg/comp-types-10.mm (test for excess errors)
WARNING: obj-c++.dg/lookup-2.mm compilation failed to produce executable
WARNING: obj-c++.dg/try-catch-2.mm compilation failed to produce executable
WARNING: obj-c++.dg/try-catch-9.mm compilation failed to produce executable
=== obj-c++ Summary ===
# of expected passes 425
# of unexpected successes 1
# of expected failures 20
# of unsupported tests 13
/mnt/gnu/gcc/objdir/gcc/testsuite/obj-c++/../../g++ version 4.4.3 20091224 (prerelease) [gcc-4_4-branch revision 155447] (GCC)
=== objc tests ===
Running target unix
=== objc Summary ===
# of expected passes 1864
# of expected failures 15
# of unsupported tests 25
/mnt/gnu/gcc/objdir/gcc/xgcc version 4.4.3 20091224 (prerelease) [gcc-4_4-branch revision 155447] (GCC)
=== libgomp tests ===
Running target unix
=== libgomp Summary ===
# of expected passes 2406
# of unsupported tests 9
=== libstdc++ tests ===
Running target unix
=== libstdc++ Summary ===
# of expected passes 5491
# of expected failures 71
# of unsupported tests 528
Compiler version: 4.4.3 20091224 (prerelease) [gcc-4_4-branch revision 155447] (GCC)
Platform: hppa64-hp-hpux11.11
configure flags: --with-gnu-as --with-as=/opt/gnu64/bin/as --with-ld=/usr/ccs/bin/ld --enable-shared --with-local-prefix=/opt/gnu64 --prefix=/opt/gnu64/gcc/gcc-4.4.3 --build=hppa64-hp-hpux11.11 --enable-threads=posix --disable-nls --with-gmp=/opt/gnu64/gcc/gcc-4.4.3 -enable-languages=c,c++,objc,obj-c++,fortran