This is the mail archive of the
gcc-testresults@gcc.gnu.org
mailing list for the GCC project.
Results for 4.5.0 20091202 (experimental) [trunk revision r154926] (GCC) on x86_64-unknown-freebsd7.2
- From: gcc at coreland dot ath dot cx
- To: gcc-testresults at gcc dot gnu dot org
- Date: Thu, 3 Dec 2009 23:43:59 +0000
- Subject: Results for 4.5.0 20091202 (experimental) [trunk revision r154926] (GCC) on x86_64-unknown-freebsd7.2
Last Updated: 2009-12-03 18:06:43 +0000 (revision r154926)
Native configuration is x86_64-unknown-freebsd7.2
=== libstdc++ Summary ===
FAIL: 27_io/basic_istream/extractors_arithmetic/char/12.cc execution test
FAIL: 27_io/basic_istream/extractors_arithmetic/wchar_t/12.cc execution test
FAIL: ext/profile/mutex_extensions.cc (test for errors, line 165)
# of expected passes 6366
# of unexpected failures 3
# of expected failures 90
# of unsupported tests 389
=== libmudflap Summary ===
FAIL: libmudflap.c/fail31-frag.c (-O3) output pattern test
FAIL: libmudflap.c/pass45-frag.c (-O3) execution test
FAIL: libmudflap.c/pass45-frag.c (-O3) output pattern test
FAIL: libmudflap.c/pass45-frag.c (-O3) execution test
FAIL: libmudflap.c/pass45-frag.c (-O3) output pattern test
FAIL: libmudflap.c++/pass41-frag.cxx execution test
FAIL: libmudflap.c++/pass41-frag.cxx (-static) execution test
FAIL: libmudflap.c++/pass41-frag.cxx ( -O) execution test
FAIL: libmudflap.c++/pass41-frag.cxx (-O2) execution test
FAIL: libmudflap.c++/pass41-frag.cxx (-O3) execution test
# of expected passes 1884
# of unexpected failures 10
=== libgomp Summary ===
FAIL: libgomp.c/atomic-2.c (test for excess errors)
WARNING: libgomp.c/atomic-2.c compilation failed to produce executable
FAIL: libgomp.c/atomic-5.c (test for excess errors)
WARNING: libgomp.c/atomic-5.c compilation failed to produce executable
FAIL: libgomp.fortran/condinc2.f -O (test for excess errors)
WARNING: libgomp.fortran/condinc2.f -O compilation failed to produce executable
FAIL: libgomp.fortran/condinc4.f90 -O (test for excess errors)
WARNING: libgomp.fortran/condinc4.f90 -O compilation failed to produce executable
FAIL: libgomp.fortran/omp_cond2.f -O (test for excess errors)
WARNING: libgomp.fortran/omp_cond2.f -O compilation failed to produce executable
FAIL: libgomp.fortran/omp_cond4.F90 -O (test for excess errors)
WARNING: libgomp.fortran/omp_cond4.F90 -O compilation failed to produce executable
# of expected passes 2410
# of unexpected failures 6
# of unsupported tests 2
=== gfortran Summary ===
FAIL: gfortran.dg/char_pack_2.f90 -O2 (test for excess errors)
WARNING: gfortran.dg/char_pack_2.f90 -O2 compilation failed to produce executable
# of expected passes 32869
# of unexpected failures 1
# of expected failures 30
# of unsupported tests 190
=== acats Summary ===
FAIL: c52103x
FAIL: c52104x
FAIL: c52104y
FAIL: c761007
FAIL: c85005c
FAIL: c85006c
FAIL: c910002
FAIL: c93004b
FAIL: c93004c
FAIL: c93004d
FAIL: c93005a
FAIL: c93005b
FAIL: c94001c
FAIL: c94002b
FAIL: c94002e
FAIL: c94002f
FAIL: c94002g
FAIL: c94007a
FAIL: c94007b
FAIL: c94008c
FAIL: c94008d
FAIL: c94020a
FAIL: c95040c
FAIL: c95085c
FAIL: c97203c
FAIL: c97303c
FAIL: c9a007a
FAIL: c9a009c
FAIL: c9a009g
FAIL: cb1010a
FAIL: cb1010c
FAIL: cb1010d
# of expected passes 2289
# of unexpected failures 32
=== gnat Summary ===
FAIL: gnat.dg/null_pointer_deref1.adb execution test
FAIL: gnat.dg/null_pointer_deref2.adb execution test
FAIL: gnat.dg/stack_check1.adb execution test
FAIL: gnat.dg/stack_check2.adb execution test
# of expected passes 742
# of unexpected failures 4
# of expected failures 5
=== gcc Summary ===
FAIL: gcc.c-torture/compile/20020303-1.c -O0 (test for excess errors)
FAIL: gcc.c-torture/execute/ashrdi-1.c compilation, -O2
UNRESOLVED: gcc.c-torture/execute/ashrdi-1.c execution, -O2
FAIL: gcc.c-torture/execute/va-arg-10.c compilation, -O0
UNRESOLVED: gcc.c-torture/execute/va-arg-10.c execution, -O0
FAIL: gcc.dg/debug/dwarf2-2.c -gdwarf-2 -g3 -O3 (test for excess errors)
FAIL: gcc.dg/20021014-1.c consider using `-pg' instead of `-p' with gprof(1) (test for warnings, line )
FAIL: gcc.dg/951130-1.c (test for excess errors)
XPASS: gcc.dg/Warray-bounds.c (test for warnings, line 59)
XPASS: gcc.dg/Warray-bounds.c (test for warnings, line 65)
XPASS: gcc.dg/Wunreachable-8.c (test for bogus messages, line 7)
FAIL: gcc.dg/asm-9.c (test for excess errors)
FAIL: gcc.dg/c99-stdint-1.c (test for excess errors)
FAIL: gcc.dg/c99-stdint-2.c (test for excess errors)
FAIL: gcc.dg/c99-stdint-5.c (test for excess errors)
FAIL: gcc.dg/c99-stdint-6.c (test for excess errors)
FAIL: gcc.dg/mallign.c execution test
FAIL: gcc.dg/pr34668-1.c (internal compiler error)
FAIL: gcc.dg/pr34668-1.c (test for excess errors)
FAIL: gcc.dg/utf-array-short-wchar.c (test for errors, line 39)
FAIL: gcc.dg/utf-array-short-wchar.c (test for errors, line 41)
FAIL: gcc.dg/utf-array-short-wchar.c (test for excess errors)
FAIL: largefile.c -O0 -g -I. (test for excess errors)
FAIL: gcc.dg/pch/largefile.c -O0 -g assembly comparison
FAIL: largefile.c -O0 -I. (test for excess errors)
FAIL: gcc.dg/pch/largefile.c -O0 assembly comparison
FAIL: largefile.c -O1 -I. (test for excess errors)
FAIL: gcc.dg/pch/largefile.c -O1 assembly comparison
FAIL: largefile.c -O2 -I. (test for excess errors)
FAIL: gcc.dg/pch/largefile.c -O2 assembly comparison
FAIL: largefile.c -O3 -fomit-frame-pointer -I. (test for excess errors)
FAIL: gcc.dg/pch/largefile.c -O3 -fomit-frame-pointer assembly comparison
FAIL: largefile.c -O3 -g -I. (test for excess errors)
FAIL: gcc.dg/pch/largefile.c -O3 -g assembly comparison
FAIL: largefile.c -Os -I. (test for excess errors)
FAIL: gcc.dg/pch/largefile.c -Os assembly comparison
XPASS: gcc.dg/struct/wo_prof_array_through_pointer.c scan-ipa-dump ipa_struct_reorg "Number of structures to transform is 1"
FAIL: gcc.dg/torture/fp-int-convert-float128-timode.c -O0 (test for excess errors)
WARNING: gcc.dg/torture/fp-int-convert-float128-timode.c -O0 compilation failed to produce executable
FAIL: gcc.dg/torture/fp-int-convert-float128-timode.c -O1 (test for excess errors)
WARNING: gcc.dg/torture/fp-int-convert-float128-timode.c -O1 compilation failed to produce executable
FAIL: gcc.dg/torture/fp-int-convert-float128-timode.c -O2 (test for excess errors)
WARNING: gcc.dg/torture/fp-int-convert-float128-timode.c -O2 compilation failed to produce executable
FAIL: gcc.dg/torture/fp-int-convert-float128-timode.c -O3 -fomit-frame-pointer (test for excess errors)
WARNING: gcc.dg/torture/fp-int-convert-float128-timode.c -O3 -fomit-frame-pointer compilation failed to produce executable
FAIL: gcc.dg/torture/fp-int-convert-float128-timode.c -O3 -g (test for excess errors)
WARNING: gcc.dg/torture/fp-int-convert-float128-timode.c -O3 -g compilation failed to produce executable
FAIL: gcc.dg/torture/fp-int-convert-float128-timode.c -Os (test for excess errors)
WARNING: gcc.dg/torture/fp-int-convert-float128-timode.c -Os compilation failed to produce executable
FAIL: gcc.dg/torture/fp-int-convert-float128.c -O0 (test for excess errors)
WARNING: gcc.dg/torture/fp-int-convert-float128.c -O0 compilation failed to produce executable
FAIL: gcc.dg/torture/fp-int-convert-float128.c -O1 (test for excess errors)
WARNING: gcc.dg/torture/fp-int-convert-float128.c -O1 compilation failed to produce executable
FAIL: gcc.dg/torture/fp-int-convert-float128.c -O2 (test for excess errors)
WARNING: gcc.dg/torture/fp-int-convert-float128.c -O2 compilation failed to produce executable
FAIL: gcc.dg/torture/fp-int-convert-float128.c -O3 -fomit-frame-pointer (test for excess errors)
WARNING: gcc.dg/torture/fp-int-convert-float128.c -O3 -fomit-frame-pointer compilation failed to produce executable
FAIL: gcc.dg/torture/fp-int-convert-float128.c -O3 -g (test for excess errors)
WARNING: gcc.dg/torture/fp-int-convert-float128.c -O3 -g compilation failed to produce executable
FAIL: gcc.dg/torture/fp-int-convert-float128.c -Os (test for excess errors)
WARNING: gcc.dg/torture/fp-int-convert-float128.c -Os compilation failed to produce executable
# of expected passes 57645
# of unexpected failures 43
# of unexpected successes 4
# of expected failures 170
# of unresolved testcases 2
# of unsupported tests 1514
=== g++ Summary ===
FAIL: g++.dg/eh/gcsec1.C (test for excess errors)
FAIL: g++.old-deja/g++.other/init18.C execution test
FAIL: g++.old-deja/g++.other/init19.C execution test
# of expected passes 21032
# of unexpected failures 3
# of expected failures 145
# of unsupported tests 286
Compiler version: 4.5.0 20091202 (experimental) [trunk revision r154926] (GCC)
Platform: x86_64-unknown-freebsd7.2
configure flags: --build=x86_64-unknown-freebsd7.2 --prefix=/gnat/builds/7.2/x86_64/svn-r154926 --enable-languages=ada,c,c++,fortran --program-suffix=-r154926 --with-system-zlib --disable-nls --enable-libstdcxx-debug
--
Extensive build logs available at: http://gcc.coreland.ath.cx/
RSS Feed: http://gcc.coreland.ath.cx/feed.xml