This is the mail archive of the
gcc-testresults@gcc.gnu.org
mailing list for the GCC project.
Results for 4.5.0 20091130 (experimental) [trunk revision 154756] (GCC) testsuite on ia64-suse-linux-gnu
- From: Andreas Schwab <schwab at linux-m68k dot org>
- To: gcc-testresults at gcc dot gnu dot org
- Date: Mon, 30 Nov 2009 12:43:32 +0100
- Subject: Results for 4.5.0 20091130 (experimental) [trunk revision 154756] (GCC) testsuite on ia64-suse-linux-gnu
LAST_UPDATED: Mon Nov 30 09:00:44 UTC 2009 (revision 154756)
=== acats tests ===
FAIL: cb1010a
FAIL: cb1010c
FAIL: cb1010d
=== acats Summary ===
# of expected passes 2318
# of unexpected failures 3
Native configuration is ia64-suse-linux-gnu
=== g++ tests ===
Running target unix
=== g++ Summary ===
# of expected passes 20019
# of expected failures 145
# of unsupported tests 171
/usr/local/gcc/gcc-20091130/Build/gcc/testsuite/g++/../../g++ version 4.5.0 20091130 (experimental) [trunk revision 154756] (GCC)
=== gcc tests ===
Running target unix
XPASS: gcc.dg/Warray-bounds.c (test for warnings, line 59)
XPASS: gcc.dg/Warray-bounds.c (test for warnings, line 65)
XPASS: gcc.dg/Wunreachable-8.c (test for bogus messages, line 7)
FAIL: gcc.dg/builtin-apply4.c execution test
FAIL: gcc.dg/pr34668-1.c (internal compiler error)
FAIL: gcc.dg/pr34668-1.c (test for excess errors)
XPASS: gcc.dg/guality/example.c -O0 execution test
WARNING: program timed out.
XPASS: gcc.dg/guality/guality.c -O0 execution test
WARNING: program timed out.
XPASS: gcc.dg/guality/pr41353-1.c -O0 line 28 j == 28 + 37
FAIL: gcc.dg/guality/pr41353-1.c -O3 -fomit-frame-pointer line 39 i == 12
FAIL: gcc.dg/guality/pr41353-1.c -O3 -g line 39 i == 12
XPASS: gcc.dg/guality/pr41447-1.c -O0 execution test
XPASS: gcc.dg/guality/pr41447-1.c -O2 execution test
XPASS: gcc.dg/guality/pr41447-1.c -O3 -fomit-frame-pointer execution test
XPASS: gcc.dg/guality/pr41447-1.c -O3 -g execution test
WARNING: program timed out.
XPASS: gcc.dg/guality/pr41616-1.c -O0 execution test
XPASS: gcc.dg/struct/wo_prof_array_through_pointer.c scan-ipa-dump ipa_struct_reorg "Number of structures to transform is 1"
XPASS: gcc.dg/tree-ssa/loop-1.c scan-assembler-times foo 5
=== gcc Summary ===
# of expected passes 53089
# of unexpected failures 5
# of unexpected successes 13
# of expected failures 254
# of unsupported tests 692
/usr/local/gcc/gcc-20091130/Build/gcc/xgcc version 4.5.0 20091130 (experimental) [trunk revision 154756] (GCC)
=== gfortran tests ===
Running target unix
FAIL: gfortran.dg/alloc_comp_assign_10.f90 -O3 -fomit-frame-pointer -funroll-loops execution test
FAIL: gfortran.dg/alloc_comp_assign_10.f90 -O3 -fomit-frame-pointer -funroll-all-loops -finline-functions execution test
FAIL: gfortran.dg/alloc_comp_assign_2.f90 -O3 -fomit-frame-pointer -funroll-loops execution test
FAIL: gfortran.dg/alloc_comp_assign_2.f90 -O3 -fomit-frame-pointer -funroll-all-loops -finline-functions execution test
FAIL: gfortran.dg/array_constructor_11.f90 -O3 -fomit-frame-pointer -funroll-loops execution test
FAIL: gfortran.dg/array_constructor_11.f90 -O3 -fomit-frame-pointer -funroll-all-loops -finline-functions execution test
FAIL: gfortran.dg/bound_6.f90 -O3 -fomit-frame-pointer -funroll-loops execution test
FAIL: gfortran.dg/bound_6.f90 -O3 -fomit-frame-pointer -funroll-all-loops -finline-functions execution test
FAIL: gfortran.dg/forall_1.f90 -O3 -fomit-frame-pointer -funroll-loops execution test
FAIL: gfortran.dg/forall_1.f90 -O3 -fomit-frame-pointer -funroll-all-loops -finline-functions execution test
FAIL: gfortran.dg/intrinsic_pack_1.f90 -O3 -fomit-frame-pointer -funroll-loops execution test
FAIL: gfortran.dg/intrinsic_pack_1.f90 -O3 -fomit-frame-pointer -funroll-all-loops -finline-functions execution test
FAIL: gfortran.dg/intrinsic_pack_3.f90 -O3 -fomit-frame-pointer -funroll-loops execution test
FAIL: gfortran.dg/intrinsic_pack_3.f90 -O3 -fomit-frame-pointer -funroll-all-loops -finline-functions execution test
FAIL: gfortran.dg/optional_dim_2.f90 -O3 -fomit-frame-pointer -funroll-loops execution test
FAIL: gfortran.dg/optional_dim_2.f90 -O3 -fomit-frame-pointer -funroll-all-loops -finline-functions execution test
FAIL: gfortran.dg/optional_dim_3.f90 -O3 -fomit-frame-pointer -funroll-loops execution test
FAIL: gfortran.dg/optional_dim_3.f90 -O3 -fomit-frame-pointer -funroll-all-loops -finline-functions execution test
FAIL: gfortran.dg/pack_mask_1.f90 -O3 -fomit-frame-pointer -funroll-loops execution test
FAIL: gfortran.dg/pack_mask_1.f90 -O3 -fomit-frame-pointer -funroll-all-loops -finline-functions execution test
FAIL: gfortran.dg/ret_pointer_2.f90 -O3 -fomit-frame-pointer -funroll-loops execution test
FAIL: gfortran.dg/ret_pointer_2.f90 -O3 -fomit-frame-pointer -funroll-all-loops -finline-functions execution test
FAIL: gfortran.dg/vector_subscript_1.f90 -O3 -fomit-frame-pointer -funroll-loops execution test
FAIL: gfortran.dg/vector_subscript_1.f90 -O3 -fomit-frame-pointer -funroll-all-loops -finline-functions execution test
FAIL: gfortran.dg/vector_subscript_2.f90 -O3 -fomit-frame-pointer -funroll-loops execution test
FAIL: gfortran.dg/vector_subscript_2.f90 -O3 -fomit-frame-pointer -funroll-all-loops -finline-functions execution test
FAIL: gfortran.dg/where_1.f90 -O3 -fomit-frame-pointer -funroll-loops execution test
FAIL: gfortran.dg/where_1.f90 -O3 -fomit-frame-pointer -funroll-all-loops -finline-functions execution test
FAIL: gfortran.dg/widechar_intrinsics_4.f90 -O3 -fomit-frame-pointer -funroll-loops execution test
FAIL: gfortran.dg/widechar_intrinsics_4.f90 -O3 -fomit-frame-pointer -funroll-all-loops -finline-functions execution test
FAIL: gfortran.dg/widechar_intrinsics_5.f90 -O3 -fomit-frame-pointer -funroll-loops execution test
FAIL: gfortran.dg/widechar_intrinsics_5.f90 -O3 -fomit-frame-pointer -funroll-all-loops -finline-functions execution test
FAIL: gfortran.dg/zero_sized_1.f90 -O3 -fomit-frame-pointer -funroll-loops execution test
FAIL: gfortran.dg/zero_sized_1.f90 -O3 -fomit-frame-pointer -funroll-all-loops -finline-functions execution test
FAIL: gfortran.fortran-torture/execute/intrinsic_pack.f90 execution, -O2 -fomit-frame-pointer -finline-functions -funroll-loops
=== gfortran Summary ===
# of expected passes 33038
# of unexpected failures 35
# of expected failures 31
# of unsupported tests 54
/usr/local/gcc/gcc-20091130/Build/gcc/testsuite/gfortran/../../gfortran version 4.5.0 20091130 (experimental) [trunk revision 154756] (GCC)
=== gnat tests ===
Running target unix
FAIL: gnat.dg/stack_check1.adb execution test
FAIL: gnat.dg/stack_check2.adb execution test
=== gnat Summary ===
# of expected passes 743
# of unexpected failures 2
# of expected failures 5
# of unsupported tests 1
=== obj-c++ tests ===
Running target unix
WARNING: obj-c++.dg/lookup-2.mm compilation failed to produce executable
WARNING: obj-c++.dg/try-catch-2.mm compilation failed to produce executable
WARNING: obj-c++.dg/try-catch-9.mm compilation failed to produce executable
=== obj-c++ Summary ===
# of expected passes 430
# of expected failures 18
# of unsupported tests 13
/usr/local/gcc/gcc-20091130/Build/gcc/testsuite/obj-c++/../../g++ version 4.5.0 20091130 (experimental) [trunk revision 154756] (GCC)
=== objc tests ===
Running target unix
=== objc Summary ===
# of expected passes 1865
# of expected failures 15
# of unsupported tests 25
/usr/local/gcc/gcc-20091130/Build/gcc/xgcc version 4.5.0 20091130 (experimental) [trunk revision 154756] (GCC)
=== libffi tests ===
Running target unix
FAIL: libffi.call/cls_longdouble_va.c -O0 -W -Wall output pattern test, is %.1f
FAIL: libffi.call/cls_longdouble_va.c -O2 output pattern test, is %.1f
FAIL: libffi.call/cls_longdouble_va.c -O3 output pattern test, is %.1f
FAIL: libffi.call/cls_longdouble_va.c -Os output pattern test, is %.1f
FAIL: libffi.call/cls_longdouble_va.c -O2 -fomit-frame-pointer output pattern test, is %.1f
=== libffi Summary ===
# of expected passes 1604
# of unexpected failures 5
# of expected failures 10
# of unsupported tests 15
=== libgomp tests ===
Running target unix
FAIL: libgomp.c/omp-loop03.c execution test
FAIL: libgomp.c++/loop-3.C -O execution test
FAIL: libgomp.fortran/reduction6.f90 -O3 -fomit-frame-pointer -funroll-loops execution test
FAIL: libgomp.fortran/reduction6.f90 -O3 -fomit-frame-pointer -funroll-all-loops -finline-functions execution test
=== libgomp Summary ===
# of expected passes 2422
# of unexpected failures 4
=== libjava tests ===
Running target unix
FAIL: getlocalvartable output
FAIL: Throw_3 -O3 output - source compiled test
FAIL: Throw_3 -O3 -findirect-dispatch output - source compiled test
=== libjava Summary ===
# of expected passes 2571
# of unexpected failures 3
=== libmudflap tests ===
Running target unix
FAIL: libmudflap.c/pass54-frag.c execution test
FAIL: libmudflap.c/pass54-frag.c execution test
FAIL: libmudflap.c/pass54-frag.c (-static) execution test
FAIL: libmudflap.c/pass54-frag.c (-static) execution test
FAIL: libmudflap.c/fail31-frag.c (-O3) crash test
FAIL: libmudflap.c/fail31-frag.c (-O3) output pattern test
FAIL: libmudflap.c/pass45-frag.c (-O3) execution test
FAIL: libmudflap.c/pass45-frag.c (-O3) output pattern test
FAIL: libmudflap.c/pass45-frag.c (-O3) execution test
FAIL: libmudflap.c/pass45-frag.c (-O3) output pattern test
FAIL: libmudflap.c++/pass41-frag.cxx execution test
FAIL: libmudflap.c++/pass41-frag.cxx (-static) execution test
FAIL: libmudflap.c++/pass41-frag.cxx ( -O) execution test
FAIL: libmudflap.c++/pass41-frag.cxx (-O2) execution test
FAIL: libmudflap.c++/pass41-frag.cxx (-O3) execution test
=== libmudflap Summary ===
# of expected passes 1879
# of unexpected failures 15
=== libstdc++ tests ===
Running target unix
XPASS: 26_numerics/headers/cmath/c99_classification_macros_c.cc (test for excess errors)
=== libstdc++ Summary ===
# of expected passes 7060
# of unexpected successes 1
# of expected failures 89
# of unsupported tests 13
Compiler version: 4.5.0 20091130 (experimental) [trunk revision 154756] (GCC)
Platform: ia64-suse-linux-gnu
configure flags: --prefix=/usr --build=ia64-suse-linux --host=ia64-suse-linux --enable-shared --enable-threads --enable-__cxa_atexit --with-system-zlib --with-system-libunwind