This is the mail archive of the
gcc-testresults@gcc.gnu.org
mailing list for the GCC project.
Results for 4.5.0 20091126 (experimental) (GCC) testsuite on i686-pc-cygwin
- From: "Timothy C Prince" <tprince at myrealbox dot com>
- To: gcc-testresults at gcc dot gnu dot org
- Date: Sat, 28 Nov 2009 07:09:43 +0000
- Subject: Results for 4.5.0 20091126 (experimental) (GCC) testsuite on i686-pc-cygwin
- Reply-to: tprince at computer dot org
LAST_UPDATED: Obtained from SVN: trunk revision 154692
Native configuration is i686-pc-cygwin
=== g++ tests ===
Running target unix
FAIL: g++.dg/abi/local1.C execution test
FAIL: g++.dg/abi/thunk5.C scan-assembler weak.*ZTv
FAIL: g++.dg/conversion/op5.C (test for errors, line 18)
FAIL: g++.dg/conversion/op5.C (test for excess errors)
FAIL: g++.dg/conversion/simd3.C (test for warnings, line 13)
FAIL: g++.dg/conversion/simd3.C (test for excess errors)
FAIL: g++.dg/cpp0x/initlist5.C (test for errors, line 25)
FAIL: g++.dg/cpp0x/initlist5.C (test for excess errors)
FAIL: g++.dg/cpp0x/lambda/lambda-in-class-neg.C (test for errors, line 31)
FAIL: g++.dg/cpp0x/lambda/lambda-in-class-neg.C (test for excess errors)
FAIL: g++.dg/cpp0x/lambda/lambda-in-class-neg.C (test for errors, line 31)
FAIL: g++.dg/cpp0x/lambda/lambda-in-class-neg.C (test for excess errors)
FAIL: g++.dg/cpp0x/pr39639.C (test for errors, line 8)
FAIL: g++.dg/cpp0x/pr39639.C (test for errors, line 9)
FAIL: g++.dg/cpp0x/pr39639.C (test for errors, line 10)
FAIL: g++.dg/cpp0x/pr39639.C (test for excess errors)
FAIL: g++.dg/cpp0x/variadic-crash2.C (test for errors, line 10)
FAIL: g++.dg/cpp0x/variadic-crash2.C (test for excess errors)
FAIL: g++.dg/cpp0x/variadic79.C (test for excess errors)
FAIL: g++.dg/eh/weak1.C execution test
FAIL: g++.dg/ext/bitfield2.C (test for warnings, line 7)
FAIL: g++.dg/ext/bitfield2.C (test for excess errors)
FAIL: g++.dg/ext/bitfield4.C (test for warnings, line 6)
FAIL: g++.dg/ext/bitfield4.C (test for excess errors)
FAIL: g++.dg/ext/dllimport7.C C++ specific error (test for errors, line 24)
FAIL: g++.dg/ext/is_class_error2.C (test for errors, line 5)
FAIL: g++.dg/ext/is_class_error2.C (test for errors, line 6)
FAIL: g++.dg/ext/is_class_error2.C (test for errors, line 7)
FAIL: g++.dg/ext/is_class_error2.C (test for errors, line 8)
FAIL: g++.dg/ext/is_class_error2.C (test for errors, line 9)
FAIL: g++.dg/ext/is_class_error2.C (test for errors, line 10)
FAIL: g++.dg/ext/is_class_error2.C (test for errors, line 11)
FAIL: g++.dg/ext/is_class_error2.C (test for errors, line 12)
FAIL: g++.dg/ext/is_class_error2.C (test for errors, line 13)
FAIL: g++.dg/ext/is_class_error2.C (test for errors, line 14)
FAIL: g++.dg/ext/is_class_error2.C (test for errors, line 15)
FAIL: g++.dg/ext/is_class_error2.C (test for errors, line 17)
FAIL: g++.dg/ext/is_class_error2.C (test for errors, line 18)
FAIL: g++.dg/ext/is_class_error2.C (test for errors, line 19)
FAIL: g++.dg/ext/is_class_error2.C (test for errors, line 20)
FAIL: g++.dg/ext/is_class_error2.C (test for errors, line 21)
FAIL: g++.dg/ext/is_class_error2.C (test for excess errors)
FAIL: g++.dg/ext/member-attr.C (test for warnings, line 12)
FAIL: g++.dg/ext/member-attr.C (test for warnings, line 13)
FAIL: g++.dg/ext/member-attr.C (test for excess errors)
FAIL: g++.dg/ext/raw-string-3.C (test for errors, line 6)
FAIL: g++.dg/ext/raw-string-3.C (test for errors, line 8)
FAIL: g++.dg/ext/raw-string-3.C (test for errors, line 10)
FAIL: g++.dg/ext/raw-string-3.C (test for errors, line 12)
FAIL: g++.dg/ext/raw-string-3.C (test for errors, line 14)
FAIL: g++.dg/ext/raw-string-3.C (test for errors, line 17)
FAIL: g++.dg/ext/raw-string-3.C (test for errors, line 19)
FAIL: g++.dg/ext/raw-string-3.C (test for errors, line 21)
FAIL: g++.dg/ext/raw-string-3.C (test for errors, line 23)
FAIL: g++.dg/ext/raw-string-3.C (test for errors, line 25)
FAIL: g++.dg/ext/raw-string-3.C (test for excess errors)
FAIL: g++.dg/ext/raw-string-4.C (test for errors, line 5)
FAIL: g++.dg/ext/raw-string-4.C (test for errors, line 7)
FAIL: g++.dg/ext/raw-string-4.C (test for errors, line 9)
FAIL: g++.dg/ext/raw-string-4.C (test for errors, line 11)
FAIL: g++.dg/ext/raw-string-4.C (test for errors, line 13)
FAIL: g++.dg/ext/raw-string-4.C (test for excess errors)
FAIL: g++.dg/ext/selectany1.C scan-assembler-dem \\nguard variable for x:
FAIL: g++.dg/ext/utf-cxx98.C (test for errors, line 10)
FAIL: g++.dg/ext/utf-cxx98.C (test for errors, line 12)
FAIL: g++.dg/ext/utf-cxx98.C (test for excess errors)
FAIL: g++.dg/ext/utf-dflt.C (test for errors, line 10)
FAIL: g++.dg/ext/utf-dflt.C (test for errors, line 12)
FAIL: g++.dg/ext/utf-dflt.C (test for excess errors)
FAIL: g++.dg/ext/utf-dflt2.C (test for errors, line 5)
FAIL: g++.dg/ext/utf-dflt2.C (test for excess errors)
FAIL: g++.dg/ext/utf-gnuxx98.C (test for errors, line 10)
FAIL: g++.dg/ext/utf-gnuxx98.C (test for errors, line 12)
FAIL: g++.dg/ext/utf-gnuxx98.C (test for excess errors)
FAIL: g++.dg/ext/va-arg1.C (test for errors, line 7)
FAIL: g++.dg/ext/va-arg1.C (test for excess errors)
FAIL: g++.dg/init/cleanup3.C scan-assembler-not _tcf
FAIL: g++.dg/init/ctor8.C (test for warnings, line 5)
FAIL: g++.dg/init/ctor8.C (test for excess errors)
FAIL: g++.dg/init/switch1.C (test for errors, line 5)
FAIL: g++.dg/init/switch1.C (test for excess errors)
FAIL: g++.dg/lookup/extern-c-redecl5.C (test for errors, line 9)
FAIL: g++.dg/lookup/extern-c-redecl5.C (test for excess errors)
FAIL: g++.dg/lookup/hidden-class15.C (test for errors, line 19)
FAIL: g++.dg/lookup/hidden-class15.C (test for excess errors)
FAIL: g++.dg/lookup/hidden-class16.C (test for errors, line 17)
FAIL: g++.dg/lookup/hidden-class16.C (test for excess errors)
FAIL: g++.dg/lookup/using12.C (test for errors, line 4)
FAIL: g++.dg/lookup/using12.C (test for excess errors)
FAIL: g++.dg/lookup/using16.C (test for excess errors)
FAIL: g++.dg/lookup/using17.C (test for excess errors)
FAIL: g++.dg/other/classkey1.C (test for errors, line 9)
FAIL: g++.dg/other/classkey1.C (test for errors, line 11)
FAIL: g++.dg/other/classkey1.C (test for errors, line 14)
FAIL: g++.dg/other/classkey1.C (test for errors, line 17)
FAIL: g++.dg/other/classkey1.C (test for excess errors)
FAIL: g++.dg/other/error17.C (test for errors, line 8)
FAIL: g++.dg/other/error17.C (test for errors, line 12)
FAIL: g++.dg/other/error17.C (test for excess errors)
FAIL: g++.dg/other/init1.C (test for errors, line 20)
FAIL: g++.dg/other/init1.C (test for excess errors)
FAIL: g++.dg/other/large-size-array.C (test for errors, line 19)
FAIL: g++.dg/other/large-size-array.C (test for excess errors)
FAIL: g++.dg/overload/pmf1.C (test for excess errors)
FAIL: g++.dg/parse/attr3.C (test for warnings, line 7)
FAIL: g++.dg/parse/attr3.C (test for warnings, line 10)
FAIL: g++.dg/parse/attr3.C (test for excess errors)
FAIL: g++.dg/parse/crash43.C (test for errors, line 7)
FAIL: g++.dg/parse/crash43.C (test for excess errors)
FAIL: g++.dg/parse/crash44.C (test for errors, line 11)
FAIL: g++.dg/parse/crash44.C (test for excess errors)
FAIL: g++.dg/parse/crash50.C (test for errors, line 5)
FAIL: g++.dg/parse/crash50.C (test for errors, line 9)
FAIL: g++.dg/parse/crash50.C (test for excess errors)
FAIL: g++.dg/parse/ctor7.C (test for excess errors)
FAIL: g++.dg/parse/ctor8.C (test for excess errors)
FAIL: g++.dg/parse/else-2.C (test for errors, line 7)
FAIL: g++.dg/parse/else-2.C (test for excess errors)
FAIL: g++.dg/parse/else.C (test for errors, line 9)
FAIL: g++.dg/parse/else.C (test for excess errors)
FAIL: g++.dg/parse/error-column.C (test for errors, line 8)
FAIL: g++.dg/parse/error-column.C (test for excess errors)
FAIL: g++.dg/parse/error1.C (test for errors, line 6)
FAIL: g++.dg/parse/error1.C (test for excess errors)
FAIL: g++.dg/parse/error10.C (test for errors, line 14)
FAIL: g++.dg/parse/error10.C (test for errors, line 14)
FAIL: g++.dg/parse/error10.C (test for excess errors)
FAIL: g++.dg/parse/error11.C 17-begin (test for errors, line 19)
FAIL: g++.dg/parse/error11.C 17-alt (test for warnings, line 19)
FAIL: g++.dg/parse/error11.C 39-begin (test for errors, line 19)
FAIL: g++.dg/parse/error11.C 39-alt (test for warnings, line 19)
FAIL: g++.dg/parse/error11.C error (test for errors, line 24)
FAIL: g++.dg/parse/error11.C note (test for warnings, line 24)
FAIL: g++.dg/parse/error11.C error (test for errors, line 27)
FAIL: g++.dg/parse/error11.C note (test for warnings, line 27)
FAIL: g++.dg/parse/error11.C begin (test for errors, line 33)
FAIL: g++.dg/parse/error11.C alt (test for warnings, line 33)
FAIL: g++.dg/parse/error11.C primary (test for errors, line 51)
FAIL: g++.dg/parse/error11.C backslash (test for errors, line 51)
FAIL: g++.dg/parse/error11.C semicolon (test for errors, line 51)
FAIL: g++.dg/parse/error11.C primary (test for errors, line 52)
FAIL: g++.dg/parse/error11.C backslash (test for errors, line 52)
FAIL: g++.dg/parse/error11.C semicolon (test for errors, line 52)
FAIL: g++.dg/parse/error11.C begin (test for errors, line 66)
FAIL: g++.dg/parse/error11.C -fpermissive (test for warnings, line 19)
FAIL: g++.dg/parse/error11.C (test for excess errors)
FAIL: g++.dg/parse/error12.C warning <:: (test for warnings, line 11)
FAIL: g++.dg/parse/error12.C note <: (test for warnings, line 11)
FAIL: g++.dg/parse/error12.C (test for excess errors)
FAIL: g++.dg/parse/error13.C (test for errors, line 4)
FAIL: g++.dg/parse/error13.C (test for errors, line 8)
FAIL: g++.dg/parse/error13.C (test for errors, line 12)
FAIL: g++.dg/parse/error13.C (test for excess errors)
FAIL: g++.dg/parse/error14.C at end of input (test for errors, line 22)
FAIL: g++.dg/parse/error14.C primary (test for errors, line 22)
FAIL: g++.dg/parse/error14.C semicolon (test for errors, line 22)
FAIL: g++.dg/parse/error14.C (test for excess errors)
FAIL: g++.dg/parse/error15.C (test for errors, line 13)
FAIL: g++.dg/parse/error15.C (test for errors, line 14)
FAIL: g++.dg/parse/error15.C (test for errors, line 15)
FAIL: g++.dg/parse/error15.C (test for errors, line 16)
FAIL: g++.dg/parse/error15.C 13 (test for errors, line 17)
FAIL: g++.dg/parse/error15.C 17 (test for errors, line 17)
FAIL: g++.dg/parse/error15.C (test for errors, line 23)
FAIL: g++.dg/parse/error15.C (test for errors, line 24)
FAIL: g++.dg/parse/error15.C (test for errors, line 25)
FAIL: g++.dg/parse/error15.C (test for errors, line 26)
FAIL: g++.dg/parse/error15.C 15 (test for errors, line 27)
FAIL: g++.dg/parse/error15.C (test for errors, line 34)
FAIL: g++.dg/parse/error15.C (test for errors, line 35)
FAIL: g++.dg/parse/error15.C (test for errors, line 36)
FAIL: g++.dg/parse/error15.C (test for errors, line 37)
FAIL: g++.dg/parse/error15.C (test for errors, line 38)
FAIL: g++.dg/parse/error15.C (test for excess errors)
FAIL: g++.dg/parse/error16.C (test for errors, line 6)
FAIL: g++.dg/parse/error16.C (test for errors, line 9)
FAIL: g++.dg/parse/error16.C (test for excess errors)
FAIL: g++.dg/parse/error17.C (test for errors, line 10)
FAIL: g++.dg/parse/error17.C 2 (test for errors, line 10)
FAIL: g++.dg/parse/error17.C (test for excess errors)
FAIL: g++.dg/parse/error18.C (test for errors, line 6)
FAIL: g++.dg/parse/error18.C (test for excess errors)
FAIL: g++.dg/parse/error19.C (test for errors, line 13)
FAIL: g++.dg/parse/error19.C (test for excess errors)
FAIL: g++.dg/parse/error2.C (test for errors, line 11)
FAIL: g++.dg/parse/error2.C (test for errors, line 11)
FAIL: g++.dg/parse/error2.C (test for errors, line 11)
FAIL: g++.dg/parse/error2.C (test for excess errors)
FAIL: g++.dg/parse/error20.C (test for errors, line 15)
FAIL: g++.dg/parse/error20.C (test for excess errors)
FAIL: g++.dg/parse/error21.C 6 (test for errors, line 10)
FAIL: g++.dg/parse/error21.C 8 (test for errors, line 10)
FAIL: g++.dg/parse/error21.C (test for excess errors)
FAIL: g++.dg/parse/error22.C (test for errors, line 5)
FAIL: g++.dg/parse/error22.C (test for excess errors)
FAIL: g++.dg/parse/error27.C (test for errors, line 4)
FAIL: g++.dg/parse/error27.C (test for errors, line 5)
FAIL: g++.dg/parse/error27.C (test for errors, line 6)
FAIL: g++.dg/parse/error27.C (test for errors, line 7)
FAIL: g++.dg/parse/error27.C (test for excess errors)
FAIL: g++.dg/parse/error28.C (test for errors, line 9)
FAIL: g++.dg/parse/error28.C (test for excess errors)
FAIL: g++.dg/parse/error29.C (test for errors, line 10)
FAIL: g++.dg/parse/error29.C (test for errors, line 11)
FAIL: g++.dg/parse/error29.C (test for errors, line 12)
FAIL: g++.dg/parse/error29.C (test for excess errors)
FAIL: g++.dg/parse/error3.C (test for errors, line 5)
FAIL: g++.dg/parse/error3.C (test for errors, line 5)
FAIL: g++.dg/parse/error3.C (test for excess errors)
FAIL: g++.dg/parse/error36.C (test for errors, line 14)
FAIL: g++.dg/parse/error36.C (test for errors, line 22)
FAIL: g++.dg/parse/error36.C (test for excess errors)
FAIL: g++.dg/parse/error4.C (test for errors, line 6)
FAIL: g++.dg/parse/error4.C (test for excess errors)
FAIL: g++.dg/parse/error5.C (test for errors, line 4)
FAIL: g++.dg/parse/error5.C (test for errors, line 4)
FAIL: g++.dg/parse/error5.C (test for errors, line 4)
FAIL: g++.dg/parse/error5.C (test for excess errors)
FAIL: g++.dg/parse/error6.C (test for errors, line 4)
FAIL: g++.dg/parse/error6.C (test for errors, line 5)
FAIL: g++.dg/parse/error6.C (test for excess errors)
FAIL: g++.dg/parse/error7.C (test for errors, line 5)
FAIL: g++.dg/parse/error7.C (test for excess errors)
FAIL: g++.dg/parse/error8.C (test for errors, line 4)
FAIL: g++.dg/parse/error8.C (test for excess errors)
FAIL: g++.dg/parse/error9.C (test for errors, line 5)
FAIL: g++.dg/parse/error9.C (test for errors, line 5)
FAIL: g++.dg/parse/error9.C (test for excess errors)
FAIL: g++.dg/parse/namespace-definition.C (test for errors, line 6)
FAIL: g++.dg/parse/namespace-definition.C (test for excess errors)
FAIL: g++.dg/parse/offsetof8.C (test for errors, line 15)
FAIL: g++.dg/parse/offsetof8.C (test for excess errors)
FAIL: g++.dg/parse/parser-pr28152-2.C (test for errors, line 9)
FAIL: g++.dg/parse/parser-pr28152-2.C (test for errors, line 11)
FAIL: g++.dg/parse/parser-pr28152-2.C (test for errors, line 11)
FAIL: g++.dg/parse/parser-pr28152-2.C (test for excess errors)
FAIL: g++.dg/parse/parser-pr28152.C (test for errors, line 9)
FAIL: g++.dg/parse/parser-pr28152.C (test for errors, line 11)
FAIL: g++.dg/parse/parser-pr28152.C (test for errors, line 11)
FAIL: g++.dg/parse/parser-pr28152.C (test for excess errors)
FAIL: g++.dg/parse/pr26997.C (test for errors, line 13)
FAIL: g++.dg/parse/pr26997.C (test for excess errors)
FAIL: g++.dg/template/crash81.C T (test for errors, line 5)
FAIL: g++.dg/template/crash81.C A::X (test for errors, line 5)
FAIL: g++.dg/template/crash81.C shadow (test for errors, line 5)
FAIL: g++.dg/template/crash81.C (test for excess errors)
FAIL: g++.dg/template/crash84.C (test for excess errors)
FAIL: g++.dg/template/error10.C (test for errors, line 13)
FAIL: g++.dg/template/error10.C (test for errors, line 14)
FAIL: g++.dg/template/error10.C (test for excess errors)
FAIL: g++.dg/template/error2.C void (test for errors, line 10)
FAIL: g++.dg/template/error2.C (test for excess errors)
FAIL: g++.dg/template/error25.C (test for warnings, line 15)
FAIL: g++.dg/template/error25.C (test for excess errors)
FAIL: g++.dg/template/meminit2.C (test for errors, line 10)
FAIL: g++.dg/template/meminit2.C (test for errors, line 11)
FAIL: g++.dg/template/meminit2.C (test for excess errors)
FAIL: g++.dg/template/qualttp20.C (test for errors, line 19)
FAIL: g++.dg/template/qualttp20.C (test for excess errors)
FAIL: g++.dg/template/spec16.C (test for errors, line 10)
FAIL: g++.dg/template/spec16.C (test for excess errors)
FAIL: g++.dg/template/typedef11.C (test for errors, line 8)
FAIL: g++.dg/template/typedef11.C (test for errors, line 14)
FAIL: g++.dg/template/typedef11.C (test for excess errors)
FAIL: g++.dg/template/typedef13.C (test for errors, line 7)
FAIL: g++.dg/template/typedef13.C (test for excess errors)
FAIL: g++.dg/template/typedef19.C (test for errors, line 7)
FAIL: g++.dg/template/typedef19.C (test for excess errors)
FAIL: g++.dg/template/typedef2.C (test for warnings, line 3)
FAIL: g++.dg/template/typedef2.C (test for excess errors)
FAIL: g++.dg/warn/Wsequence-point-pr18050.C (test for warnings, line 13)
FAIL: g++.dg/warn/Wsequence-point-pr18050.C (test for excess errors)
FAIL: g++.dg/warn/Wswitch-1.C enum e1 (test for warnings, line 22)
FAIL: g++.dg/warn/Wswitch-1.C enum e2 (test for warnings, line 22)
FAIL: g++.dg/warn/Wswitch-1.C enum e2 (test for warnings, line 29)
FAIL: g++.dg/warn/Wswitch-1.C (test for excess errors)
FAIL: g++.dg/warn/Wswitch-2.C enum e4 (test for warnings, line 16)
FAIL: g++.dg/warn/Wswitch-2.C enum e1 (test for warnings, line 25)
FAIL: g++.dg/warn/Wswitch-2.C (test for excess errors)
FAIL: g++.dg/warn/Wuninitializable-member.C (test for warnings, line 5)
FAIL: g++.dg/warn/Wuninitializable-member.C (test for warnings, line 11)
FAIL: g++.dg/warn/Wuninitializable-member.C (test for excess errors)
FAIL: g++.dg/warn/Wvla-1.C (test for warnings, line 6)
FAIL: g++.dg/warn/Wvla-1.C (test for excess errors)
FAIL: g++.dg/warn/Wvla-2.C (test for errors, line 6)
FAIL: g++.dg/warn/Wvla-2.C (test for excess errors)
FAIL: g++.dg/warn/deprecated-2.C (test for warnings, line 10)
FAIL: g++.dg/warn/deprecated-2.C (test for excess errors)
FAIL: g++.dg/warn/deprecated-3.C (test for warnings, line 13)
FAIL: g++.dg/warn/deprecated-3.C (test for excess errors)
FAIL: g++.dg/warn/deprecated-6.C (test for warnings, line 8)
FAIL: g++.dg/warn/deprecated-6.C (test for warnings, line 10)
FAIL: g++.dg/warn/deprecated-6.C (test for warnings, line 14)
FAIL: g++.dg/warn/deprecated-6.C (test for warnings, line 17)
FAIL: g++.dg/warn/deprecated-6.C (test for warnings, line 18)
FAIL: g++.dg/warn/deprecated-6.C (test for warnings, line 26)
FAIL: g++.dg/warn/deprecated-6.C (test for warnings, line 47)
FAIL: g++.dg/warn/deprecated-6.C (test for warnings, line 51)
FAIL: g++.dg/warn/deprecated-6.C (test for warnings, line 53)
FAIL: g++.dg/warn/deprecated-6.C y (test for warnings, line 53)
FAIL: g++.dg/warn/deprecated-6.C g2 (test for warnings, line 53)
FAIL: g++.dg/warn/deprecated-6.C g3 (test for warnings, line 53)
FAIL: g++.dg/warn/deprecated-6.C f1 (test for warnings, line 57)
FAIL: g++.dg/warn/deprecated-6.C (test for warnings, line 65)
FAIL: g++.dg/warn/deprecated-6.C (test for warnings, line 66)
FAIL: g++.dg/warn/deprecated-6.C (test for warnings, line 70)
FAIL: g++.dg/warn/deprecated-6.C (test for warnings, line 71)
FAIL: g++.dg/warn/deprecated-6.C field8 (test for warnings, line 71)
FAIL: g++.dg/warn/deprecated-6.C (test for warnings, line 77)
FAIL: g++.dg/warn/deprecated-6.C (test for warnings, line 80)
FAIL: g++.dg/warn/deprecated-6.C (test for warnings, line 84)
FAIL: g++.dg/warn/deprecated-6.C (test for warnings, line 87)
FAIL: g++.dg/warn/deprecated-6.C (test for warnings, line 92)
FAIL: g++.dg/warn/deprecated-6.C (test for warnings, line 97)
FAIL: g++.dg/warn/deprecated-6.C (test for warnings, line 101)
FAIL: g++.dg/warn/deprecated-6.C (test for warnings, line 103)
FAIL: g++.dg/warn/deprecated-6.C (test for warnings, line 104)
FAIL: g++.dg/warn/deprecated-6.C (test for warnings, line 105)
FAIL: g++.dg/warn/deprecated-6.C (test for warnings, line 106)
FAIL: g++.dg/warn/deprecated-6.C (test for warnings, line 109)
FAIL: g++.dg/warn/deprecated-6.C (test for excess errors)
FAIL: g++.dg/warn/deprecated.C (test for warnings, line 9)
FAIL: g++.dg/warn/deprecated.C (test for warnings, line 12)
FAIL: g++.dg/warn/deprecated.C (test for warnings, line 16)
FAIL: g++.dg/warn/deprecated.C (test for warnings, line 19)
FAIL: g++.dg/warn/deprecated.C (test for warnings, line 20)
FAIL: g++.dg/warn/deprecated.C (test for warnings, line 28)
FAIL: g++.dg/warn/deprecated.C (test for warnings, line 49)
FAIL: g++.dg/warn/deprecated.C (test for warnings, line 53)
FAIL: g++.dg/warn/deprecated.C (test for warnings, line 55)
FAIL: g++.dg/warn/deprecated.C y (test for warnings, line 55)
FAIL: g++.dg/warn/deprecated.C g2 (test for warnings, line 55)
FAIL: g++.dg/warn/deprecated.C g3 (test for warnings, line 55)
FAIL: g++.dg/warn/deprecated.C f1 (test for warnings, line 59)
FAIL: g++.dg/warn/deprecated.C (test for warnings, line 67)
FAIL: g++.dg/warn/deprecated.C (test for warnings, line 68)
FAIL: g++.dg/warn/deprecated.C (test for warnings, line 72)
FAIL: g++.dg/warn/deprecated.C (test for warnings, line 73)
FAIL: g++.dg/warn/deprecated.C field8 (test for warnings, line 73)
FAIL: g++.dg/warn/deprecated.C (test for warnings, line 79)
FAIL: g++.dg/warn/deprecated.C (test for warnings, line 82)
FAIL: g++.dg/warn/deprecated.C (test for warnings, line 86)
FAIL: g++.dg/warn/deprecated.C (test for warnings, line 89)
FAIL: g++.dg/warn/deprecated.C (test for warnings, line 96)
FAIL: g++.dg/warn/deprecated.C (test for warnings, line 101)
FAIL: g++.dg/warn/deprecated.C (test for warnings, line 105)
FAIL: g++.dg/warn/deprecated.C (test for warnings, line 107)
FAIL: g++.dg/warn/deprecated.C (test for warnings, line 108)
FAIL: g++.dg/warn/deprecated.C (test for warnings, line 109)
FAIL: g++.dg/warn/deprecated.C (test for warnings, line 110)
FAIL: g++.dg/warn/deprecated.C (test for warnings, line 113)
FAIL: g++.dg/warn/deprecated.C (test for excess errors)
FAIL: g++.dg/warn/forward-inner.C (test for warnings, line 20)
FAIL: g++.dg/warn/forward-inner.C (test for warnings, line 24)
FAIL: g++.dg/warn/forward-inner.C (test for warnings, line 25)
FAIL: g++.dg/warn/forward-inner.C (test for warnings, line 43)
FAIL: g++.dg/warn/forward-inner.C (test for warnings, line 46)
FAIL: g++.dg/warn/forward-inner.C (test for warnings, line 47)
FAIL: g++.dg/warn/forward-inner.C (test for excess errors)
FAIL: g++.dg/warn/ignored_typedef.C (test for warnings, line 18)
FAIL: g++.dg/warn/ignored_typedef.C (test for warnings, line 19)
FAIL: g++.dg/warn/ignored_typedef.C (test for warnings, line 20)
FAIL: g++.dg/warn/ignored_typedef.C (test for warnings, line 21)
FAIL: g++.dg/warn/ignored_typedef.C (test for warnings, line 22)
FAIL: g++.dg/warn/ignored_typedef.C (test for excess errors)
FAIL: g++.dg/warn/incomplete1.C (test for warnings, line 12)
FAIL: g++.dg/warn/incomplete1.C (test for warnings, line 14)
FAIL: g++.dg/warn/incomplete1.C (test for excess errors)
FAIL: g++.dg/warn/overflow-warn-1.C enum error (test for errors, line 15)
FAIL: g++.dg/warn/overflow-warn-1.C null (test for errors, line 51)
FAIL: g++.dg/warn/overflow-warn-1.C (test for excess errors)
FAIL: g++.dg/warn/overflow-warn-3.C enum error (test for errors, line 15)
FAIL: g++.dg/warn/overflow-warn-3.C null (test for warnings, line 55)
FAIL: g++.dg/warn/overflow-warn-3.C (test for excess errors)
FAIL: g++.dg/warn/overflow-warn-4.C enum error (test for errors, line 15)
FAIL: g++.dg/warn/overflow-warn-4.C null (test for errors, line 55)
FAIL: g++.dg/warn/overflow-warn-4.C (test for excess errors)
FAIL: g++.dg/warn/pr13358-2.C (test for errors, line 10)
FAIL: g++.dg/warn/pr13358-2.C long long (test for errors, line 12)
FAIL: g++.dg/warn/pr13358-2.C long long (test for errors, line 13)
FAIL: g++.dg/warn/pr13358-2.C long long (test for errors, line 14)
FAIL: g++.dg/warn/pr13358-2.C (test for errors, line 19)
FAIL: g++.dg/warn/pr13358-2.C (test for excess errors)
FAIL: g++.dg/warn/pr13358-4.C (test for warnings, line 10)
FAIL: g++.dg/warn/pr13358-4.C long long (test for warnings, line 12)
FAIL: g++.dg/warn/pr13358-4.C long long (test for warnings, line 13)
FAIL: g++.dg/warn/pr13358-4.C long long (test for warnings, line 14)
FAIL: g++.dg/warn/pr13358-4.C (test for warnings, line 19)
FAIL: g++.dg/warn/pr13358-4.C (test for excess errors)
FAIL: g++.dg/warn/pr16302.C (test for warnings, line 8)
FAIL: g++.dg/warn/pr16302.C (test for warnings, line 9)
FAIL: g++.dg/warn/pr16302.C (test for warnings, line 10)
FAIL: g++.dg/warn/pr16302.C (test for warnings, line 11)
FAIL: g++.dg/warn/pr16302.C (test for warnings, line 12)
FAIL: g++.dg/warn/pr16302.C (test for warnings, line 13)
FAIL: g++.dg/warn/pr16302.C (test for warnings, line 14)
FAIL: g++.dg/warn/pr16302.C (test for warnings, line 15)
FAIL: g++.dg/warn/pr16302.C (test for warnings, line 16)
FAIL: g++.dg/warn/pr16302.C (test for warnings, line 17)
FAIL: g++.dg/warn/pr16302.C (test for warnings, line 18)
FAIL: g++.dg/warn/pr16302.C (test for warnings, line 19)
FAIL: g++.dg/warn/pr16302.C (test for warnings, line 21)
FAIL: g++.dg/warn/pr16302.C (test for warnings, line 22)
FAIL: g++.dg/warn/pr16302.C (test for warnings, line 23)
FAIL: g++.dg/warn/pr16302.C (test for warnings, line 24)
FAIL: g++.dg/warn/pr16302.C (test for warnings, line 25)
FAIL: g++.dg/warn/pr16302.C (test for warnings, line 26)
FAIL: g++.dg/warn/pr16302.C (test for warnings, line 27)
FAIL: g++.dg/warn/pr16302.C (test for warnings, line 28)
FAIL: g++.dg/warn/pr16302.C (test for warnings, line 29)
FAIL: g++.dg/warn/pr16302.C (test for warnings, line 30)
FAIL: g++.dg/warn/pr16302.C (test for warnings, line 31)
FAIL: g++.dg/warn/pr16302.C (test for warnings, line 32)
FAIL: g++.dg/warn/pr16302.C (test for warnings, line 34)
FAIL: g++.dg/warn/pr16302.C (test for warnings, line 35)
FAIL: g++.dg/warn/pr16302.C (test for warnings, line 36)
FAIL: g++.dg/warn/pr16302.C (test for warnings, line 37)
FAIL: g++.dg/warn/pr16302.C (test for warnings, line 38)
FAIL: g++.dg/warn/pr16302.C (test for warnings, line 39)
FAIL: g++.dg/warn/pr16302.C (test for warnings, line 40)
FAIL: g++.dg/warn/pr16302.C (test for warnings, line 41)
FAIL: g++.dg/warn/pr16302.C (test for warnings, line 42)
FAIL: g++.dg/warn/pr16302.C (test for warnings, line 43)
FAIL: g++.dg/warn/pr16302.C (test for warnings, line 44)
FAIL: g++.dg/warn/pr16302.C (test for warnings, line 45)
FAIL: g++.dg/warn/pr16302.C (test for excess errors)
FAIL: g++.dg/warn/pr28943.C (test for errors, line 12)
FAIL: g++.dg/warn/pr28943.C (test for errors, line 13)
FAIL: g++.dg/warn/pr28943.C (test for excess errors)
FAIL: g++.dg/warn/pr35711.C (test for warnings, line 7)
FAIL: g++.dg/warn/pr35711.C (test for excess errors)
FAIL: g++.dg/warn/register-var-2.C (test for warnings, line 13)
FAIL: g++.dg/warn/register-var-2.C (test for excess errors)
=== g++ Summary ===
# of expected passes 10041
# of unexpected failures 433
# of expected failures 117
# of unsupported tests 201
/cygdrive/e/gnu/xp/gcc/testsuite/g++2/../../g++ version 4.5.0 20091126 (experimental) (GCC)
=== gcc tests ===
Running target unix
FAIL: gcc.dg/cpp/19990413-1.c error on this line (test for errors, line 12)
FAIL: gcc.dg/cpp/19990413-1.c (test for excess errors)
FAIL: gcc.dg/cpp/include2.c (test for excess errors)
FAIL: gcc.dg/cpp/pr28709.c (test for errors, line 6)
FAIL: gcc.dg/cpp/pr28709.c (test for excess errors)
WARNING: program timed out.
FAIL: gcc.dg/debug/20041219-1.c (test for excess errors)
FAIL: gcc.dg/dfp/Wbad-function-cast-1.c (test for warnings, line 37)
FAIL: gcc.dg/dfp/Wbad-function-cast-1.c (test for warnings, line 38)
FAIL: gcc.dg/dfp/Wbad-function-cast-1.c (test for warnings, line 39)
FAIL: gcc.dg/dfp/Wbad-function-cast-1.c (test for warnings, line 40)
FAIL: gcc.dg/dfp/Wbad-function-cast-1.c (test for warnings, line 41)
FAIL: gcc.dg/dfp/Wbad-function-cast-1.c (test for warnings, line 42)
FAIL: gcc.dg/dfp/Wbad-function-cast-1.c (test for warnings, line 43)
FAIL: gcc.dg/dfp/Wbad-function-cast-1.c (test for excess errors)
FAIL: gcc.dg/dfp/Wtraditional-conversion-2.c (test for warnings, line 28)
FAIL: gcc.dg/dfp/Wtraditional-conversion-2.c (test for warnings, line 29)
FAIL: gcc.dg/dfp/Wtraditional-conversion-2.c (test for warnings, line 30)
FAIL: gcc.dg/dfp/Wtraditional-conversion-2.c (test for warnings, line 31)
FAIL: gcc.dg/dfp/Wtraditional-conversion-2.c (test for warnings, line 32)
FAIL: gcc.dg/dfp/Wtraditional-conversion-2.c (test for warnings, line 33)
FAIL: gcc.dg/dfp/Wtraditional-conversion-2.c (test for warnings, line 34)
FAIL: gcc.dg/dfp/Wtraditional-conversion-2.c (test for warnings, line 35)
FAIL: gcc.dg/dfp/Wtraditional-conversion-2.c (test for warnings, line 36)
FAIL: gcc.dg/dfp/Wtraditional-conversion-2.c (test for warnings, line 37)
FAIL: gcc.dg/dfp/Wtraditional-conversion-2.c (test for warnings, line 38)
FAIL: gcc.dg/dfp/Wtraditional-conversion-2.c (test for warnings, line 39)
FAIL: gcc.dg/dfp/Wtraditional-conversion-2.c (test for warnings, line 40)
FAIL: gcc.dg/dfp/Wtraditional-conversion-2.c (test for warnings, line 41)
FAIL: gcc.dg/dfp/Wtraditional-conversion-2.c (test for warnings, line 42)
FAIL: gcc.dg/dfp/Wtraditional-conversion-2.c (test for warnings, line 43)
FAIL: gcc.dg/dfp/Wtraditional-conversion-2.c (test for warnings, line 44)
FAIL: gcc.dg/dfp/Wtraditional-conversion-2.c (test for warnings, line 45)
FAIL: gcc.dg/dfp/Wtraditional-conversion-2.c (test for excess errors)
FAIL: gcc.dg/dfp/composite-type.c (test for errors, line 35)
FAIL: gcc.dg/dfp/composite-type.c note: expected (test for warnings, line 35)
FAIL: gcc.dg/dfp/composite-type.c (test for errors, line 39)
FAIL: gcc.dg/dfp/composite-type.c note: expected (test for warnings, line 39)
FAIL: gcc.dg/dfp/composite-type.c (test for errors, line 43)
FAIL: gcc.dg/dfp/composite-type.c note: expected (test for warnings, line 43)
FAIL: gcc.dg/dfp/composite-type.c (test for excess errors)
FAIL: gcc.dg/dfp/fe-binop.c (test for excess errors)
FAIL: gcc.dg/dfp/fe-convert-1.c (test for excess errors)
FAIL: gcc.dg/dfp/fe-convert-2.c (test for excess errors)
FAIL: gcc.dg/dfp/fe-convert-3.c (test for excess errors)
FAIL: gcc.dg/dfp/wtr-conversion-1.c prototype conversion warning (test for warnings, line 30)
FAIL: gcc.dg/dfp/wtr-conversion-1.c prototype conversion warning (test for warnings, line 31)
FAIL: gcc.dg/dfp/wtr-conversion-1.c prototype conversion warning (test for warnings, line 32)
FAIL: gcc.dg/dfp/wtr-conversion-1.c prototype conversion warning (test for warnings, line 33)
FAIL: gcc.dg/dfp/wtr-conversion-1.c prototype conversion warning (test for warnings, line 35)
FAIL: gcc.dg/dfp/wtr-conversion-1.c prototype conversion warning (test for warnings, line 36)
FAIL: gcc.dg/dfp/wtr-conversion-1.c prototype conversion warning (test for warnings, line 38)
FAIL: gcc.dg/dfp/wtr-conversion-1.c prototype conversion warning (test for warnings, line 40)
FAIL: gcc.dg/dfp/wtr-conversion-1.c prototype conversion warning (test for warnings, line 41)
FAIL: gcc.dg/dfp/wtr-conversion-1.c (test for excess errors)
FAIL: c-c++-common/dfp/func-vararg-mixed-2.c (test for excess errors)
WARNING: c-c++-common/dfp/func-vararg-mixed-2.c compilation failed to produce executable
FAIL: c-c++-common/dfp/pr36800.c (test for excess errors)
WARNING: c-c++-common/dfp/pr36800.c compilation failed to produce executable
FAIL: c-c++-common/dfp/pr39034.c (test for excess errors)
WARNING: c-c++-common/dfp/pr39034.c compilation failed to produce executable
FAIL: c-c++-common/dfp/pr39035.c (test for excess errors)
WARNING: c-c++-common/dfp/pr39035.c compilation failed to produce executable
FAIL: gcc.dg/format/asm_fprintf-2.c (test for errors, line 9)
FAIL: gcc.dg/format/asm_fprintf-2.c (test for excess errors)
FAIL: gcc.dg/format/asm_fprintf-2.c (test for errors, line 9)
FAIL: gcc.dg/format/asm_fprintf-2.c (test for excess errors)
FAIL: gcc.dg/format/asm_fprintf-3.c (test for errors, line 10)
FAIL: gcc.dg/format/asm_fprintf-3.c (test for excess errors)
FAIL: gcc.dg/format/asm_fprintf-3.c (test for errors, line 10)
FAIL: gcc.dg/format/asm_fprintf-3.c (test for excess errors)
FAIL: gcc.dg/format/asm_fprintf-4.c (test for errors, line 10)
FAIL: gcc.dg/format/asm_fprintf-4.c (test for excess errors)
FAIL: gcc.dg/format/asm_fprintf-4.c (test for errors, line 10)
FAIL: gcc.dg/format/asm_fprintf-4.c (test for excess errors)
FAIL: gcc.dg/format/asm_fprintf-5.c (test for errors, line 10)
FAIL: gcc.dg/format/asm_fprintf-5.c (test for excess errors)
FAIL: gcc.dg/format/asm_fprintf-5.c (test for errors, line 10)
FAIL: gcc.dg/format/asm_fprintf-5.c (test for excess errors)
FAIL: gcc.dg/format/bitfld-1.c (test for warnings, line 49)
FAIL: gcc.dg/format/bitfld-1.c (test for excess errors)
FAIL: gcc.dg/format/bitfld-1.c (test for warnings, line 49)
FAIL: gcc.dg/format/bitfld-1.c (test for excess errors)
FAIL: gcc.dg/format/gcc_diag-3.c (test for errors, line 10)
FAIL: gcc.dg/format/gcc_diag-3.c (test for excess errors)
FAIL: gcc.dg/format/gcc_diag-3.c (test for errors, line 10)
FAIL: gcc.dg/format/gcc_diag-3.c (test for excess errors)
FAIL: gcc.dg/format/gcc_diag-4.c (test for errors, line 10)
FAIL: gcc.dg/format/gcc_diag-4.c (test for excess errors)
FAIL: gcc.dg/format/gcc_diag-4.c (test for errors, line 10)
FAIL: gcc.dg/format/gcc_diag-4.c (test for excess errors)
FAIL: gcc.dg/format/gcc_diag-6.c (test for errors, line 10)
FAIL: gcc.dg/format/gcc_diag-6.c (test for excess errors)
FAIL: gcc.dg/format/gcc_diag-6.c (test for errors, line 10)
FAIL: gcc.dg/format/gcc_diag-6.c (test for excess errors)
FAIL: gcc.dg/format/gcc_diag-8.c (test for errors, line 10)
FAIL: gcc.dg/format/gcc_diag-8.c (test for excess errors)
FAIL: gcc.dg/format/gcc_diag-8.c (test for errors, line 10)
FAIL: gcc.dg/format/gcc_diag-8.c (test for excess errors)
FAIL: gcc.dg/format/gcc_diag-9.c (test for errors, line 10)
FAIL: gcc.dg/format/gcc_diag-9.c (test for excess errors)
FAIL: gcc.dg/format/gcc_diag-9.c (test for errors, line 10)
FAIL: gcc.dg/format/gcc_diag-9.c (test for excess errors)
FAIL: gcc.dg/gomp/appendix-a/a.20.1.c (test for errors, line 10)
FAIL: gcc.dg/gomp/appendix-a/a.20.1.c (test for errors, line 14)
FAIL: gcc.dg/gomp/appendix-a/a.20.1.c (test for excess errors)
FAIL: gcc.dg/gomp/for-3.c (test for errors, line 9)
FAIL: gcc.dg/gomp/for-3.c (test for errors, line 12)
FAIL: gcc.dg/gomp/for-3.c (test for errors, line 36)
FAIL: gcc.dg/gomp/for-3.c (test for excess errors)
FAIL: gcc.dg/gomp/parallel-4.c (test for errors, line 8)
FAIL: gcc.dg/gomp/parallel-4.c (test for excess errors)
FAIL: gcc.dg/gomp/pr34694.c (test for warnings, line 12)
FAIL: gcc.dg/gomp/pr34694.c (test for excess errors)
FAIL: gcc.dg/gomp/sections-3.c (test for errors, line 8)
FAIL: gcc.dg/gomp/sections-3.c (test for excess errors)
FAIL: gcc.dg/gomp/vla-1.c (test for errors, line 9)
FAIL: gcc.dg/gomp/vla-1.c (test for excess errors)
FAIL: gcc.dg/noncompile/20020213-1.c note: expected (test for warnings, line 5)
FAIL: gcc.dg/noncompile/20020213-1.c note: expected (test for warnings, line 6)
FAIL: gcc.dg/noncompile/20020213-1.c note: expected (test for warnings, line 7)
FAIL: gcc.dg/noncompile/20020213-1.c (test for excess errors)
FAIL: gcc.dg/noncompile/20020213-1.c note: expected (test for warnings, line 5)
FAIL: gcc.dg/noncompile/20020213-1.c note: expected (test for warnings, line 6)
FAIL: gcc.dg/noncompile/20020213-1.c note: expected (test for warnings, line 7)
FAIL: gcc.dg/noncompile/20020213-1.c (test for excess errors)
FAIL: gcc.dg/noncompile/20020213-1.c note: expected (test for warnings, line 5)
FAIL: gcc.dg/noncompile/20020213-1.c note: expected (test for warnings, line 6)
FAIL: gcc.dg/noncompile/20020213-1.c note: expected (test for warnings, line 7)
FAIL: gcc.dg/noncompile/20020213-1.c (test for excess errors)
FAIL: gcc.dg/noncompile/20020213-1.c note: expected (test for warnings, line 5)
FAIL: gcc.dg/noncompile/20020213-1.c note: expected (test for warnings, line 6)
FAIL: gcc.dg/noncompile/20020213-1.c note: expected (test for warnings, line 7)
FAIL: gcc.dg/noncompile/20020213-1.c (test for excess errors)
FAIL: gcc.dg/noncompile/20020213-1.c note: expected (test for warnings, line 5)
FAIL: gcc.dg/noncompile/20020213-1.c note: expected (test for warnings, line 6)
FAIL: gcc.dg/noncompile/20020213-1.c note: expected (test for warnings, line 7)
FAIL: gcc.dg/noncompile/20020213-1.c (test for excess errors)
FAIL: gcc.dg/noncompile/20020213-1.c note: expected (test for warnings, line 5)
FAIL: gcc.dg/noncompile/20020213-1.c note: expected (test for warnings, line 6)
FAIL: gcc.dg/noncompile/20020213-1.c note: expected (test for warnings, line 7)
FAIL: gcc.dg/noncompile/20020213-1.c (test for excess errors)
FAIL: largefile.c (test for excess errors)
FAIL: gcc.dg/pch/largefile.c -O0 -g assembly comparison
FAIL: largefile.c (test for excess errors)
FAIL: gcc.dg/pch/largefile.c -O0 assembly comparison
FAIL: largefile.c (test for excess errors)
FAIL: gcc.dg/pch/largefile.c -O1 assembly comparison
FAIL: largefile.c (test for excess errors)
FAIL: gcc.dg/pch/largefile.c -O2 assembly comparison
FAIL: largefile.c (test for excess errors)
FAIL: gcc.dg/pch/largefile.c -O3 -fomit-frame-pointer assembly comparison
FAIL: largefile.c (test for excess errors)
FAIL: gcc.dg/pch/largefile.c -O3 -g assembly comparison
FAIL: largefile.c (test for excess errors)
FAIL: gcc.dg/pch/largefile.c -Os assembly comparison
XPASS: gcc.dg/struct/wo_prof_array_through_pointer.c scan-ipa-dump ipa_struct_reorg "Number of structures to transform is 1"
FAIL: gcc.dg/tls/diag-2.c (test for errors, line 4)
FAIL: gcc.dg/tls/diag-2.c (test for errors, line 5)
FAIL: gcc.dg/tls/diag-2.c (test for errors, line 6)
FAIL: gcc.dg/tls/diag-2.c (test for errors, line 7)
FAIL: gcc.dg/tls/diag-2.c (test for errors, line 11)
FAIL: gcc.dg/tls/diag-2.c (test for errors, line 12)
FAIL: gcc.dg/tls/diag-2.c (test for errors, line 13)
FAIL: gcc.dg/tls/diag-2.c (test for errors, line 14)
FAIL: gcc.dg/tls/diag-2.c (test for errors, line 20)
FAIL: gcc.dg/tls/diag-2.c (test for excess errors)
FAIL: gcc.dg/tls/diag-4.c (test for errors, line 5)
FAIL: gcc.dg/tls/diag-4.c (test for errors, line 9)
FAIL: gcc.dg/tls/diag-4.c (test for errors, line 10)
FAIL: gcc.dg/tls/diag-4.c (test for excess errors)
FAIL: gcc.dg/tls/diag-5.c (test for warnings, line 4)
FAIL: gcc.dg/tls/diag-5.c (test for excess errors)
FAIL: gcc.dg/torture/pr28045.c (test for excess errors)
WARNING: gcc.dg/torture/pr28045.c compilation failed to produce executable
FAIL: gcc.dg/tree-ssa/pr27781.c scan-tree-dump optimized "func \\(\\);"
FAIL: gcc.dg/tree-ssa/pr36881.c scan-assembler-not CSWTCH
FAIL: gcc.dg/tree-ssa/pr36881.c scan-tree-dump switchconv "need runtime relocations"
FAIL: gcc.dg/tree-ssa/ssa-store-ccp-2.c scan-tree-dump-times optimized "conststaticvariable" 1
FAIL: gcc.dg/tree-ssa/ssa-store-ccp-4.c scan-tree-dump-times optimized "conststaticvariable" 1
=== gcc Summary ===
# of expected passes 5348
/cygdrive/e/gnu/xp/gcc/xgcc version 4.5.0 20091126 (experimental) (GCC)
=== gfortran tests ===
Running target unix
=== gfortran Summary ===
# of expected passes 10158
# of expected failures 15
# of unsupported tests 160
/cygdrive/e/gnu/xp/gcc/testsuite/gfortran2/../../gfortran version 4.5.0 20091126 (experimental) (GCC)
Compiler version: 4.5.0 20091126 (experimental) (GCC)
Platform: i686-pc-cygwin
configure flags: --prefix=/usr/local/gcc45 --enable-languages='c c++ fortran objc' --enable-threads=posix --disable-sjlj-exceptions --enable-maintainer-mode --disable-shared --disable-mudflap --with-dwarf2 --enable-decimal-float
Tim Prince