This is the mail archive of the
gcc-testresults@gcc.gnu.org
mailing list for the GCC project.
Results for 4.5.0 20091121 (experimental) [trunk revision 154402] (GCC) testsuite on hppa-unknown-linux-gnu
- From: dave at mx3210 dot hia dot nrc dot ca (John David Anglin)
- To: dave dot anglin at nrc-cnrc dot gc dot ca, gcc-testresults at gcc dot gnu dot org
- Date: Sun, 22 Nov 2009 10:59:38 -0500 (EST)
- Subject: Results for 4.5.0 20091121 (experimental) [trunk revision 154402] (GCC) testsuite on hppa-unknown-linux-gnu
LAST_UPDATED: Sat Nov 21 05:09:26 UTC 2009 (revision 154402)
=== acats tests ===
FAIL: c24202d
FAIL: c32108b
FAIL: c34005a
FAIL: c34005i
FAIL: c340a02
FAIL: c35503h
FAIL: c35503p
FAIL: c36172b
FAIL: c37107a
FAIL: c41303n
FAIL: c41323a
FAIL: c43214b
FAIL: c45253a
FAIL: c45503a
FAIL: c45531b
FAIL: c45531l
FAIL: c46013a
FAIL: c46024a
FAIL: c46052a
FAIL: c48009e
FAIL: c48009g
FAIL: c4a006a
FAIL: c52103k
FAIL: c52103x
FAIL: c52104x
FAIL: c540001
FAIL: c55b11b
FAIL: c83b02a
FAIL: c83f03a
FAIL: c85011a
FAIL: c87b04b
FAIL: c87b62a
FAIL: c93001a
FAIL: c95085c
FAIL: c954011
FAIL: c97202a
FAIL: ca1003a
FAIL: ca1013a
FAIL: ca2008a
FAIL: cc3121a
FAIL: cc50a02
FAIL: cd1009f
FAIL: cd2a21a
FAIL: cd72a01
FAIL: ce2102y
FAIL: ce2201b
FAIL: ce2206a
FAIL: ce3402c
FAIL: ce3704b
FAIL: cxa3003
FAIL: cxb2002
FAIL: cxb3003
FAIL: cxb3008
FAIL: cxg2012
FAIL: cxh3003
FAIL: la14012
=== acats Summary ===
# of expected passes 2265
# of unexpected failures 56
Native configuration is hppa-unknown-linux-gnu
=== g++ tests ===
Running target unix
FAIL: g++.dg/lto/20081109 cp_lto_20081109_0.o-cp_lto_20081109_1.o execute -O2 -fwhopr
FAIL: g++.dg/lto/20081118-1 cp_lto_20081118-1_0.o-cp_lto_20081118-1_1.o link
UNRESOLVED: g++.dg/lto/20081118-1 cp_lto_20081118-1_0.o-cp_lto_20081118-1_1.o execute -O0 -fwhopr
FAIL: g++.dg/lto/20081118-1 cp_lto_20081118-1_0.o-cp_lto_20081118-1_1.o link
UNRESOLVED: g++.dg/lto/20081118-1 cp_lto_20081118-1_0.o-cp_lto_20081118-1_1.o execute -O2 -fwhopr
FAIL: g++.dg/lto/20081118-1 cp_lto_20081118-1_0.o-cp_lto_20081118-1_1.o link
UNRESOLVED: g++.dg/lto/20081118-1 cp_lto_20081118-1_0.o-cp_lto_20081118-1_1.o execute -O0 -flto
FAIL: g++.dg/lto/20081118-1 cp_lto_20081118-1_0.o-cp_lto_20081118-1_1.o link
UNRESOLVED: g++.dg/lto/20081118-1 cp_lto_20081118-1_0.o-cp_lto_20081118-1_1.o execute -O2 -flto
FAIL: g++.dg/lto/20090106 cp_lto_20090106_0.o-cp_lto_20090106_0.o link
UNRESOLVED: g++.dg/lto/20090106 cp_lto_20090106_0.o-cp_lto_20090106_0.o execute -O0 -fwhopr
FAIL: g++.dg/lto/20090106 cp_lto_20090106_0.o-cp_lto_20090106_0.o link
UNRESOLVED: g++.dg/lto/20090106 cp_lto_20090106_0.o-cp_lto_20090106_0.o execute -O0 -flto
FAIL: g++.dg/torture/pr34099.C -O1 (internal compiler error)
FAIL: g++.dg/torture/pr34099.C -O1 (test for excess errors)
UNRESOLVED: g++.dg/torture/pr34099.C -O1 compilation failed to produce executable
FAIL: g++.dg/torture/pr34099.C -O2 (internal compiler error)
FAIL: g++.dg/torture/pr34099.C -O2 (test for excess errors)
UNRESOLVED: g++.dg/torture/pr34099.C -O2 compilation failed to produce executable
FAIL: g++.dg/torture/pr34099.C -O3 -fomit-frame-pointer (internal compiler error)
FAIL: g++.dg/torture/pr34099.C -O3 -fomit-frame-pointer (test for excess errors)
UNRESOLVED: g++.dg/torture/pr34099.C -O3 -fomit-frame-pointer compilation failed to produce executable
FAIL: g++.dg/torture/pr34099.C -O3 -fomit-frame-pointer -funroll-loops (internal compiler error)
FAIL: g++.dg/torture/pr34099.C -O3 -fomit-frame-pointer -funroll-loops (test for excess errors)
UNRESOLVED: g++.dg/torture/pr34099.C -O3 -fomit-frame-pointer -funroll-loops compilation failed to produce executable
FAIL: g++.dg/torture/pr34099.C -O3 -fomit-frame-pointer -funroll-all-loops -finline-functions (internal compiler error)
FAIL: g++.dg/torture/pr34099.C -O3 -fomit-frame-pointer -funroll-all-loops -finline-functions (test for excess errors)
UNRESOLVED: g++.dg/torture/pr34099.C -O3 -fomit-frame-pointer -funroll-all-loops -finline-functions compilation failed to produce executable
FAIL: g++.dg/torture/pr34099.C -O3 -g (internal compiler error)
FAIL: g++.dg/torture/pr34099.C -O3 -g (test for excess errors)
UNRESOLVED: g++.dg/torture/pr34099.C -O3 -g compilation failed to produce executable
FAIL: g++.dg/torture/pr34099.C -Os execution test
FAIL: g++.dg/torture/pr34099.C -O2 -flto (internal compiler error)
FAIL: g++.dg/torture/pr34099.C -O2 -flto (test for excess errors)
UNRESOLVED: g++.dg/torture/pr34099.C -O2 -flto compilation failed to produce executable
FAIL: g++.dg/torture/pr34099.C -O2 -fwhopr (internal compiler error)
FAIL: g++.dg/torture/pr34099.C -O2 -fwhopr (test for excess errors)
UNRESOLVED: g++.dg/torture/pr34099.C -O2 -fwhopr compilation failed to produce executable
=== g++ Summary ===
# of expected passes 21371
# of unexpected failures 24
# of expected failures 152
# of unresolved testcases 14
# of unsupported tests 170
/home/dave/gnu/gcc/objdir/gcc/testsuite/g++/../../g++ version 4.5.0 20091121 (experimental) [trunk revision 154402] (GCC)
=== gcc tests ===
Running target unix
WARNING: program timed out.
FAIL: gcc.c-torture/compile/20001226-1.c -O3 -g (test for excess errors)
FAIL: gcc.c-torture/execute/builtins/memmove-2.c compilation, -O2 -fwhopr
UNRESOLVED: gcc.c-torture/execute/builtins/memmove-2.c execution, -O2 -fwhopr
FAIL: gcc.c-torture/execute/builtins/sprintf-chk.c execution, -O2 -fwhopr
FAIL: gcc.c-torture/execute/builtins/stpcpy-chk.c execution, -O2 -fwhopr
FAIL: gcc.c-torture/execute/builtins/strcpy-chk.c execution, -O2 -fwhopr
WARNING: program timed out.
FAIL: gcc.c-torture/execute/921202-2.c compilation, -O3 -fomit-frame-pointer
UNRESOLVED: gcc.c-torture/execute/921202-2.c execution, -O3 -fomit-frame-pointer
WARNING: program timed out.
FAIL: gcc.c-torture/execute/930527-1.c compilation, -O3 -g
UNRESOLVED: gcc.c-torture/execute/930527-1.c execution, -O3 -g
WARNING: program timed out.
FAIL: gcc.c-torture/execute/941101-1.c compilation, -O3 -g
UNRESOLVED: gcc.c-torture/execute/941101-1.c execution, -O3 -g
WARNING: program timed out.
FAIL: gcc.c-torture/execute/950621-1.c compilation, -O3 -fomit-frame-pointer
UNRESOLVED: gcc.c-torture/execute/950621-1.c execution, -O3 -fomit-frame-pointer
WARNING: program timed out.
FAIL: gcc.c-torture/execute/960116-1.c compilation, -Os
UNRESOLVED: gcc.c-torture/execute/960116-1.c execution, -Os
WARNING: program timed out.
FAIL: gcc.c-torture/execute/961004-1.c compilation, -O2 -flto
UNRESOLVED: gcc.c-torture/execute/961004-1.c execution, -O2 -flto
WARNING: program timed out.
FAIL: gcc.c-torture/execute/980505-1.c compilation, -O1
UNRESOLVED: gcc.c-torture/execute/980505-1.c execution, -O1
WARNING: program timed out.
FAIL: gcc.c-torture/execute/loop-2e.c compilation, -O3 -fomit-frame-pointer -funroll-all-loops -finline-functions
UNRESOLVED: gcc.c-torture/execute/loop-2e.c execution, -O3 -fomit-frame-pointer -funroll-all-loops -finline-functions
WARNING: program timed out.
FAIL: gcc.c-torture/execute/pr27671-1.c compilation, -O2
UNRESOLVED: gcc.c-torture/execute/pr27671-1.c execution, -O2
WARNING: program timed out.
FAIL: gcc.c-torture/execute/pr35231.c compilation, -O2
UNRESOLVED: gcc.c-torture/execute/pr35231.c execution, -O2
WARNING: program timed out.
FAIL: gcc.c-torture/execute/pr38048-2.c compilation, -O3 -g
UNRESOLVED: gcc.c-torture/execute/pr38048-2.c execution, -O3 -g
WARNING: program timed out.
FAIL: gcc.c-torture/execute/ieee/unsafe-fp-assoc.c compilation, -O3 -fomit-frame-pointer
UNRESOLVED: gcc.c-torture/execute/ieee/unsafe-fp-assoc.c execution, -O3 -fomit-frame-pointer
XPASS: gcc.dg/Warray-bounds.c (test for warnings, line 59)
XPASS: gcc.dg/Warray-bounds.c (test for warnings, line 65)
XPASS: gcc.dg/Wunreachable-8.c (test for bogus messages, line 7)
FAIL: gcc.dg/pr34668-1.c (internal compiler error)
FAIL: gcc.dg/pr34668-1.c (test for excess errors)
XPASS: gcc.dg/struct/wo_prof_array_through_pointer.c scan-ipa-dump ipa_struct_reorg "Number of structures to transform is 1"
FAIL: gcc.dg/torture/builtin-math-7.c -O2 -flto execution test
FAIL: gcc.dg/torture/builtin-math-7.c -O2 -fwhopr execution test
WARNING: program timed out.
FAIL: gcc.dg/torture/pr26587.c -Os (test for excess errors)
UNRESOLVED: gcc.dg/torture/pr26587.c -Os compilation failed to produce executable
XPASS: gcc.dg/tree-ssa/loop-1.c scan-assembler-times foo 5
ERROR: gcc.dg/tree-ssa/vrp47.c: syntax error in target selector "target ! mips*-*-* ! s390*-*-*" for " dg-do 6 compile { target { ! mips*-*-* ! s390*-*-* } } "
UNRESOLVED: gcc.dg/tree-ssa/vrp47.c: syntax error in target selector "target ! mips*-*-* ! s390*-*-*" for " dg-do 6 compile { target { ! mips*-*-* ! s390*-*-* } } "
=== gcc Summary ===
# of expected passes 61927
# of unexpected failures 22
# of unexpected successes 5
# of expected failures 87
# of unresolved testcases 15
# of unsupported tests 721
/home/dave/gnu/gcc/objdir/gcc/xgcc version 4.5.0 20091121 (experimental) [trunk revision 154402] (GCC)
=== gfortran tests ===
Running target unix
FAIL: gfortran.dg/pr41928.f90 -O (internal compiler error)
FAIL: gfortran.dg/pr41928.f90 -O (test for excess errors)
FAIL: gfortran.dg/lto/20091028-2 f_lto_20091028-2_0.o-f_lto_20091028-2_1.o link, (internal compiler error)
UNRESOLVED: gfortran.dg/lto/20091028-2 f_lto_20091028-2_0.o-f_lto_20091028-2_1.o execute -O2 -fwhopr
FAIL: gfortran.dg/lto/20091028-2 f_lto_20091028-2_0.o-f_lto_20091028-2_1.o link, (internal compiler error)
UNRESOLVED: gfortran.dg/lto/20091028-2 f_lto_20091028-2_0.o-f_lto_20091028-2_1.o execute -O2 -flto
FAIL: gfortran.dg/lto/pr40725 f_lto_pr40725_0.o-f_lto_pr40725_1.o execute -O2 -fwhopr
FAIL: gfortran.dg/lto/pr40725 f_lto_pr40725_0.o-f_lto_pr40725_1.o execute -O2 -flto
=== gfortran Summary ===
# of expected passes 32179
# of unexpected failures 6
# of expected failures 22
# of unresolved testcases 2
# of unsupported tests 279
/home/dave/gnu/gcc/objdir/gcc/testsuite/gfortran/../../gfortran version 4.5.0 20091121 (experimental) [trunk revision 154402] (GCC)
=== gnat tests ===
Running target unix
FAIL: gnat.dg/null_pointer_deref1.adb execution test
=== gnat Summary ===
# of expected passes 741
# of unexpected failures 1
# of expected failures 5
# of unsupported tests 1
=== obj-c++ tests ===
Running target unix
FAIL: obj-c++.dg/bad-receiver-type.mm (internal compiler error)
FAIL: obj-c++.dg/bad-receiver-type.mm (test for warnings, line 14)
FAIL: obj-c++.dg/bad-receiver-type.mm (test for excess errors)
FAIL: obj-c++.dg/basic.mm (internal compiler error)
FAIL: obj-c++.dg/basic.mm (test for excess errors)
UNRESOLVED: obj-c++.dg/basic.mm compilation failed to produce executable
FAIL: obj-c++.dg/bitfield-1.mm (internal compiler error)
FAIL: obj-c++.dg/bitfield-1.mm (test for warnings, line 26)
FAIL: obj-c++.dg/bitfield-1.mm (test for warnings, line 29)
FAIL: obj-c++.dg/bitfield-1.mm (test for warnings, line 76)
FAIL: obj-c++.dg/bitfield-1.mm (test for excess errors)
UNRESOLVED: obj-c++.dg/bitfield-1.mm compilation failed to produce executable
FAIL: obj-c++.dg/bitfield-2.mm (internal compiler error)
FAIL: obj-c++.dg/bitfield-2.mm (test for excess errors)
UNRESOLVED: obj-c++.dg/bitfield-2.mm compilation failed to produce executable
FAIL: obj-c++.dg/bitfield-4.mm (internal compiler error)
FAIL: obj-c++.dg/bitfield-4.mm (test for warnings, line 21)
FAIL: obj-c++.dg/bitfield-4.mm (test for warnings, line 33)
FAIL: obj-c++.dg/bitfield-4.mm (test for excess errors)
UNRESOLVED: obj-c++.dg/bitfield-4.mm compilation failed to produce executable
FAIL: obj-c++.dg/bitfield-5.mm (internal compiler error)
FAIL: obj-c++.dg/bitfield-5.mm (test for errors, line 21)
FAIL: obj-c++.dg/bitfield-5.mm (test for errors, line 13)
FAIL: obj-c++.dg/bitfield-5.mm (test for errors, line 23)
FAIL: obj-c++.dg/bitfield-5.mm (test for errors, line 14)
FAIL: obj-c++.dg/bitfield-5.mm (test for errors, line 26)
FAIL: obj-c++.dg/bitfield-5.mm (test for errors, line 16)
FAIL: obj-c++.dg/bitfield-5.mm (test for excess errors)
FAIL: obj-c++.dg/class-protocol-1.mm (internal compiler error)
FAIL: obj-c++.dg/class-protocol-1.mm (test for warnings, line 59)
FAIL: obj-c++.dg/class-protocol-1.mm (test for warnings, line 60)
FAIL: obj-c++.dg/class-protocol-1.mm (test for warnings, line 61)
FAIL: obj-c++.dg/class-protocol-1.mm (test for warnings, line 63)
FAIL: obj-c++.dg/class-protocol-1.mm (test for warnings, line 64)
FAIL: obj-c++.dg/class-protocol-1.mm (test for warnings, line 66)
FAIL: obj-c++.dg/class-protocol-1.mm (test for warnings, line 70)
FAIL: obj-c++.dg/class-protocol-1.mm (test for warnings, line 71)
FAIL: obj-c++.dg/class-protocol-1.mm (test for warnings, line 76)
FAIL: obj-c++.dg/class-protocol-1.mm (test for warnings, line 78)
FAIL: obj-c++.dg/class-protocol-1.mm (test for warnings, line 79)
FAIL: obj-c++.dg/class-protocol-1.mm (test for warnings, line 82)
FAIL: obj-c++.dg/class-protocol-1.mm (test for warnings, line 112)
FAIL: obj-c++.dg/class-protocol-1.mm (test for warnings, line 113)
FAIL: obj-c++.dg/class-protocol-1.mm (test for warnings, line 118)
FAIL: obj-c++.dg/class-protocol-1.mm (test for warnings, line 152)
FAIL: obj-c++.dg/class-protocol-1.mm (test for warnings, line 153)
FAIL: obj-c++.dg/class-protocol-1.mm (test for warnings, line 154)
FAIL: obj-c++.dg/class-protocol-1.mm (test for warnings, line 156)
FAIL: obj-c++.dg/class-protocol-1.mm (test for warnings, line 157)
FAIL: obj-c++.dg/class-protocol-1.mm (test for warnings, line 159)
FAIL: obj-c++.dg/class-protocol-1.mm (test for warnings, line 164)
FAIL: obj-c++.dg/class-protocol-1.mm (test for warnings, line 165)
FAIL: obj-c++.dg/class-protocol-1.mm (test for warnings, line 170)
FAIL: obj-c++.dg/class-protocol-1.mm (test for warnings, line 187)
FAIL: obj-c++.dg/class-protocol-1.mm (test for warnings, line 188)
FAIL: obj-c++.dg/class-protocol-1.mm (test for warnings, line 190)
FAIL: obj-c++.dg/class-protocol-1.mm (test for warnings, line 190)
FAIL: obj-c++.dg/class-protocol-1.mm (test for warnings, line 192)
FAIL: obj-c++.dg/class-protocol-1.mm (test for warnings, line 192)
FAIL: obj-c++.dg/class-protocol-1.mm (test for warnings, line 195)
FAIL: obj-c++.dg/class-protocol-1.mm (test for warnings, line 196)
FAIL: obj-c++.dg/class-protocol-1.mm (test for warnings, line 198)
FAIL: obj-c++.dg/class-protocol-1.mm (test for warnings, line 199)
FAIL: obj-c++.dg/class-protocol-1.mm (test for warnings, line 215)
FAIL: obj-c++.dg/class-protocol-1.mm (test for warnings, line 252)
FAIL: obj-c++.dg/class-protocol-1.mm (test for warnings, line 253)
FAIL: obj-c++.dg/class-protocol-1.mm (test for warnings, line 254)
FAIL: obj-c++.dg/class-protocol-1.mm (test for warnings, line 257)
FAIL: obj-c++.dg/class-protocol-1.mm (test for warnings, line 259)
FAIL: obj-c++.dg/class-protocol-1.mm (test for warnings, line 289)
FAIL: obj-c++.dg/class-protocol-1.mm (test for warnings, line 292)
FAIL: obj-c++.dg/class-protocol-1.mm (test for warnings, line 308)
FAIL: obj-c++.dg/class-protocol-1.mm (test for warnings, line 309)
FAIL: obj-c++.dg/class-protocol-1.mm (test for warnings, line 318)
FAIL: obj-c++.dg/class-protocol-1.mm (test for warnings, line 319)
FAIL: obj-c++.dg/class-protocol-1.mm (test for warnings, line 326)
FAIL: obj-c++.dg/class-protocol-1.mm (test for warnings, line 327)
FAIL: obj-c++.dg/class-protocol-1.mm (test for warnings, line 330)
FAIL: obj-c++.dg/class-protocol-1.mm (test for warnings, line 331)
FAIL: obj-c++.dg/class-protocol-1.mm (test for warnings, line 337)
FAIL: obj-c++.dg/class-protocol-1.mm (test for warnings, line 338)
FAIL: obj-c++.dg/class-protocol-1.mm (test for warnings, line 344)
FAIL: obj-c++.dg/class-protocol-1.mm (test for warnings, line 345)
FAIL: obj-c++.dg/class-protocol-1.mm (test for warnings, line 356)
FAIL: obj-c++.dg/class-protocol-1.mm (test for warnings, line 357)
FAIL: obj-c++.dg/class-protocol-1.mm (test for warnings, line 363)
FAIL: obj-c++.dg/class-protocol-1.mm (test for warnings, line 364)
FAIL: obj-c++.dg/class-protocol-1.mm (test for warnings, line 368)
FAIL: obj-c++.dg/class-protocol-1.mm (test for warnings, line 369)
FAIL: obj-c++.dg/class-protocol-1.mm (test for warnings, line 372)
FAIL: obj-c++.dg/class-protocol-1.mm (test for warnings, line 378)
FAIL: obj-c++.dg/class-protocol-1.mm (test for warnings, line 379)
FAIL: obj-c++.dg/class-protocol-1.mm (test for warnings, line 386)
FAIL: obj-c++.dg/class-protocol-1.mm (test for warnings, line 387)
FAIL: obj-c++.dg/class-protocol-1.mm (test for errors, line 390)
FAIL: obj-c++.dg/class-protocol-1.mm (test for errors, line 391)
FAIL: obj-c++.dg/class-protocol-1.mm (test for errors, line 394)
FAIL: obj-c++.dg/class-protocol-1.mm (test for warnings, line 397)
FAIL: obj-c++.dg/class-protocol-1.mm (test for warnings, line 398)
FAIL: obj-c++.dg/class-protocol-1.mm (test for warnings, line 401)
FAIL: obj-c++.dg/class-protocol-1.mm (test for warnings, line 405)
FAIL: obj-c++.dg/class-protocol-1.mm (test for warnings, line 406)
FAIL: obj-c++.dg/class-protocol-1.mm (test for warnings, line 408)
FAIL: obj-c++.dg/class-protocol-1.mm (test for warnings, line 409)
FAIL: obj-c++.dg/class-protocol-1.mm (test for errors, line 420)
FAIL: obj-c++.dg/class-protocol-1.mm (test for errors, line 421)
FAIL: obj-c++.dg/class-protocol-1.mm (test for errors, line 424)
FAIL: obj-c++.dg/class-protocol-1.mm (test for warnings, line 427)
FAIL: obj-c++.dg/class-protocol-1.mm (test for warnings, line 428)
FAIL: obj-c++.dg/class-protocol-1.mm (test for warnings, line )
FAIL: obj-c++.dg/class-protocol-1.mm (test for warnings, line )
FAIL: obj-c++.dg/class-protocol-1.mm (test for warnings, line )
FAIL: obj-c++.dg/class-protocol-1.mm (test for excess errors)
FAIL: obj-c++.dg/comp-types-1.mm (internal compiler error)
FAIL: obj-c++.dg/comp-types-1.mm (test for excess errors)
FAIL: obj-c++.dg/comp-types-11.mm (internal compiler error)
FAIL: obj-c++.dg/comp-types-11.mm (test for warnings, line 19)
FAIL: obj-c++.dg/comp-types-11.mm (test for warnings, line 25)
FAIL: obj-c++.dg/comp-types-11.mm (test for excess errors)
FAIL: obj-c++.dg/comp-types-12.mm (internal compiler error)
FAIL: obj-c++.dg/comp-types-12.mm (test for warnings, line 10)
FAIL: obj-c++.dg/comp-types-12.mm (test for excess errors)
FAIL: obj-c++.dg/comp-types-2.mm (internal compiler error)
FAIL: obj-c++.dg/comp-types-2.mm (test for warnings, line 36)
FAIL: obj-c++.dg/comp-types-2.mm (test for warnings, line 37)
FAIL: obj-c++.dg/comp-types-2.mm (test for warnings, line 38)
FAIL: obj-c++.dg/comp-types-2.mm (test for warnings, line 45)
FAIL: obj-c++.dg/comp-types-2.mm (test for warnings, line 47)
FAIL: obj-c++.dg/comp-types-2.mm (test for warnings, line 53)
FAIL: obj-c++.dg/comp-types-2.mm (test for warnings, line 55)
FAIL: obj-c++.dg/comp-types-2.mm (test for warnings, line 69)
FAIL: obj-c++.dg/comp-types-2.mm (test for warnings, line 70)
FAIL: obj-c++.dg/comp-types-2.mm (test for warnings, line 71)
FAIL: obj-c++.dg/comp-types-2.mm (test for warnings, line 72)
FAIL: obj-c++.dg/comp-types-2.mm (test for warnings, line 73)
FAIL: obj-c++.dg/comp-types-2.mm (test for warnings, line 74)
FAIL: obj-c++.dg/comp-types-2.mm (test for warnings, line 82)
FAIL: obj-c++.dg/comp-types-2.mm (test for warnings, line 83)
FAIL: obj-c++.dg/comp-types-2.mm (test for warnings, line 84)
FAIL: obj-c++.dg/comp-types-2.mm (test for warnings, line 85)
FAIL: obj-c++.dg/comp-types-2.mm (test for excess errors)
FAIL: obj-c++.dg/comp-types-3.mm (internal compiler error)
FAIL: obj-c++.dg/comp-types-3.mm (test for excess errors)
FAIL: obj-c++.dg/comp-types-5.mm (internal compiler error)
FAIL: obj-c++.dg/comp-types-5.mm (test for errors, line 31)
FAIL: obj-c++.dg/comp-types-5.mm (test for errors, line 32)
FAIL: obj-c++.dg/comp-types-5.mm (test for errors, line 34)
FAIL: obj-c++.dg/comp-types-5.mm (test for errors, line 35)
FAIL: obj-c++.dg/comp-types-5.mm (test for errors, line 37)
FAIL: obj-c++.dg/comp-types-5.mm (test for errors, line 38)
FAIL: obj-c++.dg/comp-types-5.mm (test for errors, line 40)
FAIL: obj-c++.dg/comp-types-5.mm (test for errors, line 41)
FAIL: obj-c++.dg/comp-types-5.mm (test for errors, line 43)
FAIL: obj-c++.dg/comp-types-5.mm (test for errors, line 44)
FAIL: obj-c++.dg/comp-types-5.mm (test for errors, line 45)
FAIL: obj-c++.dg/comp-types-5.mm (test for errors, line 46)
FAIL: obj-c++.dg/comp-types-5.mm (test for errors, line 48)
FAIL: obj-c++.dg/comp-types-5.mm (test for errors, line 49)
FAIL: obj-c++.dg/comp-types-5.mm (test for errors, line 50)
FAIL: obj-c++.dg/comp-types-5.mm (test for errors, line 51)
FAIL: obj-c++.dg/comp-types-5.mm (test for errors, line 53)
FAIL: obj-c++.dg/comp-types-5.mm (test for errors, line 54)
FAIL: obj-c++.dg/comp-types-5.mm (test for errors, line 55)
FAIL: obj-c++.dg/comp-types-5.mm (test for errors, line 56)
FAIL: obj-c++.dg/comp-types-5.mm (test for errors, line 58)
FAIL: obj-c++.dg/comp-types-5.mm (test for errors, line 59)
FAIL: obj-c++.dg/comp-types-5.mm (test for errors, line 60)
FAIL: obj-c++.dg/comp-types-5.mm (test for errors, line 61)
FAIL: obj-c++.dg/comp-types-5.mm (test for errors, line 63)
FAIL: obj-c++.dg/comp-types-5.mm (test for errors, line 64)
FAIL: obj-c++.dg/comp-types-5.mm (test for errors, line 65)
FAIL: obj-c++.dg/comp-types-5.mm (test for errors, line 66)
FAIL: obj-c++.dg/comp-types-5.mm (test for errors, line 68)
FAIL: obj-c++.dg/comp-types-5.mm (test for errors, line 69)
FAIL: obj-c++.dg/comp-types-5.mm (test for errors, line 70)
FAIL: obj-c++.dg/comp-types-5.mm (test for errors, line 71)
FAIL: obj-c++.dg/comp-types-5.mm (test for excess errors)
FAIL: obj-c++.dg/comp-types-6.mm (internal compiler error)
FAIL: obj-c++.dg/comp-types-6.mm (test for excess errors)
FAIL: obj-c++.dg/comp-types-7.mm (internal compiler error)
FAIL: obj-c++.dg/comp-types-7.mm (test for warnings, line 27)
FAIL: obj-c++.dg/comp-types-7.mm (test for warnings, line 28)
FAIL: obj-c++.dg/comp-types-7.mm (test for excess errors)
FAIL: obj-c++.dg/comp-types-8.mm (internal compiler error)
FAIL: obj-c++.dg/comp-types-8.mm (test for excess errors)
FAIL: obj-c++.dg/comp-types-9.mm (internal compiler error)
FAIL: obj-c++.dg/comp-types-9.mm (test for excess errors)
FAIL: obj-c++.dg/const-str-5.mm (internal compiler error)
FAIL: obj-c++.dg/const-str-5.mm (test for excess errors)
FAIL: obj-c++.dg/const-str-6.mm (internal compiler error)
FAIL: obj-c++.dg/const-str-6.mm (test for errors, line 27)
FAIL: obj-c++.dg/const-str-6.mm (test for excess errors)
FAIL: obj-c++.dg/cxx-ivars-1.mm (internal compiler error)
FAIL: obj-c++.dg/cxx-ivars-1.mm (test for warnings, line 22)
FAIL: obj-c++.dg/cxx-ivars-1.mm (test for warnings, line 22)
FAIL: obj-c++.dg/cxx-ivars-1.mm (test for excess errors)
UNRESOLVED: obj-c++.dg/cxx-ivars-1.mm compilation failed to produce executable
FAIL: obj-c++.dg/cxx-ivars-2.mm (internal compiler error)
FAIL: obj-c++.dg/cxx-ivars-2.mm (test for excess errors)
UNRESOLVED: obj-c++.dg/cxx-ivars-2.mm compilation failed to produce executable
FAIL: obj-c++.dg/cxx-scope-1.mm (internal compiler error)
FAIL: obj-c++.dg/cxx-scope-1.mm (test for excess errors)
UNRESOLVED: obj-c++.dg/cxx-scope-1.mm compilation failed to produce executable
FAIL: obj-c++.dg/cxx-scope-2.mm (internal compiler error)
FAIL: obj-c++.dg/cxx-scope-2.mm (test for warnings, line 14)
FAIL: obj-c++.dg/cxx-scope-2.mm (test for warnings, line 16)
FAIL: obj-c++.dg/cxx-scope-2.mm (test for excess errors)
FAIL: obj-c++.dg/defs.mm (internal compiler error)
FAIL: obj-c++.dg/defs.mm (test for excess errors)
UNRESOLVED: obj-c++.dg/defs.mm compilation failed to produce executable
FAIL: obj-c++.dg/empty-private-1.mm (internal compiler error)
FAIL: obj-c++.dg/empty-private-1.mm (test for excess errors)
FAIL: obj-c++.dg/encode-1.mm (internal compiler error)
FAIL: obj-c++.dg/encode-1.mm (test for excess errors)
ERROR: obj-c++.dg/encode-1.mm: error executing dg-final: couldn't open "encode-1.s": no such file or directory
UNRESOLVED: obj-c++.dg/encode-1.mm: error executing dg-final: couldn't open "encode-1.s": no such file or directory
FAIL: obj-c++.dg/encode-4.mm (internal compiler error)
FAIL: obj-c++.dg/encode-4.mm (test for excess errors)
UNRESOLVED: obj-c++.dg/encode-4.mm compilation failed to produce executable
FAIL: obj-c++.dg/encode-5.mm (internal compiler error)
FAIL: obj-c++.dg/encode-5.mm (test for excess errors)
UNRESOLVED: obj-c++.dg/encode-5.mm compilation failed to produce executable
FAIL: obj-c++.dg/encode-6.mm (internal compiler error)
FAIL: obj-c++.dg/encode-6.mm (test for excess errors)
UNRESOLVED: obj-c++.dg/encode-6.mm compilation failed to produce executable
FAIL: obj-c++.dg/encode-7.mm (internal compiler error)
FAIL: obj-c++.dg/encode-7.mm (test for warnings, line 31)
FAIL: obj-c++.dg/encode-7.mm (test for warnings, line 39)
FAIL: obj-c++.dg/encode-7.mm (test for excess errors)
FAIL: obj-c++.dg/except-1.mm (internal compiler error)
FAIL: obj-c++.dg/except-1.mm (test for excess errors)
UNRESOLVED: obj-c++.dg/except-1.mm compilation failed to produce executable
FAIL: obj-c++.dg/extern-c-1.mm (internal compiler error)
FAIL: obj-c++.dg/extern-c-1.mm (test for excess errors)
FAIL: obj-c++.dg/extra-semi.mm (internal compiler error)
FAIL: obj-c++.dg/extra-semi.mm (test for excess errors)
FAIL: obj-c++.dg/gnu-runtime-1.mm (internal compiler error)
FAIL: obj-c++.dg/gnu-runtime-1.mm (test for excess errors)
FAIL: obj-c++.dg/gnu-runtime-2.mm (internal compiler error)
FAIL: obj-c++.dg/gnu-runtime-2.mm (test for excess errors)
FAIL: obj-c++.dg/gnu-runtime-3.mm (internal compiler error)
FAIL: obj-c++.dg/gnu-runtime-3.mm (test for excess errors)
UNRESOLVED: obj-c++.dg/gnu-runtime-3.mm compilation failed to produce executable
FAIL: obj-c++.dg/isa-field-1.mm (test for excess errors)
FAIL: obj-c++.dg/ivar-list-semi.mm (internal compiler error)
FAIL: obj-c++.dg/ivar-list-semi.mm (test for excess errors)
FAIL: obj-c++.dg/layout-1.mm (internal compiler error)
FAIL: obj-c++.dg/layout-1.mm (test for excess errors)
FAIL: obj-c++.dg/local-decl-1.mm (internal compiler error)
FAIL: obj-c++.dg/local-decl-1.mm (test for warnings, line 23)
FAIL: obj-c++.dg/local-decl-1.mm (test for warnings, line 39)
FAIL: obj-c++.dg/local-decl-1.mm (test for warnings, line 41)
FAIL: obj-c++.dg/local-decl-1.mm (test for excess errors)
FAIL: obj-c++.dg/lookup-1.mm (internal compiler error)
FAIL: obj-c++.dg/lookup-1.mm (test for excess errors)
FAIL: obj-c++.dg/lookup-2.mm (test for excess errors)
UNRESOLVED: obj-c++.dg/lookup-2.mm compilation failed to produce executable
FAIL: obj-c++.dg/method-10.mm (internal compiler error)
FAIL: obj-c++.dg/method-10.mm (test for excess errors)
UNRESOLVED: obj-c++.dg/method-10.mm compilation failed to produce executable
FAIL: obj-c++.dg/method-11.mm (internal compiler error)
FAIL: obj-c++.dg/method-11.mm (test for excess errors)
ERROR: obj-c++.dg/method-11.mm: error executing dg-final: couldn't open "method-11.s": no such file or directory
UNRESOLVED: obj-c++.dg/method-11.mm: error executing dg-final: couldn't open "method-11.s": no such file or directory
FAIL: obj-c++.dg/method-12.mm (internal compiler error)
FAIL: obj-c++.dg/method-12.mm (test for warnings, line 21)
FAIL: obj-c++.dg/method-12.mm (test for warnings, line 9)
FAIL: obj-c++.dg/method-12.mm (test for warnings, line 14)
FAIL: obj-c++.dg/method-12.mm (test for warnings, line 25)
FAIL: obj-c++.dg/method-12.mm (test for warnings, line 25)
FAIL: obj-c++.dg/method-12.mm (test for warnings, line 25)
FAIL: obj-c++.dg/method-12.mm (test for warnings, line 25)
FAIL: obj-c++.dg/method-12.mm (test for errors, line 30)
FAIL: obj-c++.dg/method-12.mm (test for excess errors)
FAIL: obj-c++.dg/method-13.mm (internal compiler error)
FAIL: obj-c++.dg/method-13.mm (test for warnings, line 18)
FAIL: obj-c++.dg/method-13.mm (test for warnings, line 18)
FAIL: obj-c++.dg/method-13.mm (test for warnings, line 18)
FAIL: obj-c++.dg/method-13.mm (test for warnings, line 18)
FAIL: obj-c++.dg/method-13.mm (test for warnings, line 22)
FAIL: obj-c++.dg/method-13.mm (test for warnings, line 8)
FAIL: obj-c++.dg/method-13.mm (test for warnings, line 12)
FAIL: obj-c++.dg/method-13.mm (test for excess errors)
FAIL: obj-c++.dg/method-14.mm (internal compiler error)
FAIL: obj-c++.dg/method-14.mm (test for excess errors)
FAIL: obj-c++.dg/method-15.mm (internal compiler error)
FAIL: obj-c++.dg/method-15.mm (test for warnings, line 33)
FAIL: obj-c++.dg/method-15.mm (test for warnings, line 9)
FAIL: obj-c++.dg/method-15.mm (test for warnings, line 17)
FAIL: obj-c++.dg/method-15.mm (test for warnings, line 13)
FAIL: obj-c++.dg/method-15.mm (test for warnings, line 33)
FAIL: obj-c++.dg/method-15.mm (test for excess errors)
FAIL: obj-c++.dg/method-16.mm (internal compiler error)
FAIL: obj-c++.dg/method-16.mm (test for warnings, line 26)
FAIL: obj-c++.dg/method-16.mm (test for warnings, line 13)
FAIL: obj-c++.dg/method-16.mm (test for warnings, line 17)
FAIL: obj-c++.dg/method-16.mm (test for warnings, line 21)
FAIL: obj-c++.dg/method-16.mm (test for errors, line 26)
FAIL: obj-c++.dg/method-16.mm (test for excess errors)
FAIL: obj-c++.dg/method-17.mm (internal compiler error)
FAIL: obj-c++.dg/method-17.mm (test for excess errors)
UNRESOLVED: obj-c++.dg/method-17.mm compilation failed to produce executable
FAIL: obj-c++.dg/method-18.mm (internal compiler error)
FAIL: obj-c++.dg/method-18.mm (test for excess errors)
FAIL: obj-c++.dg/method-19.mm (internal compiler error)
FAIL: obj-c++.dg/method-19.mm (test for excess errors)
UNRESOLVED: obj-c++.dg/method-19.mm compilation failed to produce executable
FAIL: obj-c++.dg/method-2.mm (internal compiler error)
FAIL: obj-c++.dg/method-2.mm (test for excess errors)
FAIL: obj-c++.dg/method-20.mm (internal compiler error)
FAIL: obj-c++.dg/method-20.mm (test for excess errors)
ERROR: obj-c++.dg/method-20.mm: error executing dg-final: couldn't open "method-20.s": no such file or directory
UNRESOLVED: obj-c++.dg/method-20.mm: error executing dg-final: couldn't open "method-20.s": no such file or directory
FAIL: obj-c++.dg/method-21.mm (internal compiler error)
FAIL: obj-c++.dg/method-21.mm (test for errors, line 18)
FAIL: obj-c++.dg/method-21.mm (test for excess errors)
FAIL: obj-c++.dg/method-3.mm (internal compiler error)
FAIL: obj-c++.dg/method-3.mm (test for excess errors)
FAIL: obj-c++.dg/method-4.mm (internal compiler error)
FAIL: obj-c++.dg/method-4.mm (test for warnings, line 10)
FAIL: obj-c++.dg/method-4.mm (test for warnings, line 11)
FAIL: obj-c++.dg/method-4.mm (test for warnings, line 15)
FAIL: obj-c++.dg/method-4.mm (test for warnings, line 16)
FAIL: obj-c++.dg/method-4.mm (test for warnings, line 22)
FAIL: obj-c++.dg/method-4.mm (test for warnings, line 23)
FAIL: obj-c++.dg/method-4.mm (test for excess errors)
FAIL: obj-c++.dg/method-5.mm (internal compiler error)
FAIL: obj-c++.dg/method-5.mm (test for excess errors)
FAIL: obj-c++.dg/method-6.mm (internal compiler error)
FAIL: obj-c++.dg/method-6.mm (test for warnings, line 13)
FAIL: obj-c++.dg/method-6.mm (test for warnings, line )
FAIL: obj-c++.dg/method-6.mm (test for warnings, line )
FAIL: obj-c++.dg/method-6.mm (test for warnings, line )
FAIL: obj-c++.dg/method-6.mm (test for excess errors)
FAIL: obj-c++.dg/method-8.mm (internal compiler error)
FAIL: obj-c++.dg/method-8.mm (test for errors, line 6)
FAIL: obj-c++.dg/method-8.mm (test for errors, line 11)
FAIL: obj-c++.dg/method-8.mm (test for errors, line 19)
FAIL: obj-c++.dg/method-8.mm (test for errors, line 20)
FAIL: obj-c++.dg/method-8.mm (test for errors, line 28)
FAIL: obj-c++.dg/method-8.mm (test for errors, line 29)
FAIL: obj-c++.dg/method-8.mm (test for excess errors)
FAIL: obj-c++.dg/method-9.mm (internal compiler error)
FAIL: obj-c++.dg/method-9.mm (test for warnings, line 25)
FAIL: obj-c++.dg/method-9.mm (test for warnings, line 26)
FAIL: obj-c++.dg/method-9.mm (test for warnings, line )
FAIL: obj-c++.dg/method-9.mm (test for warnings, line )
FAIL: obj-c++.dg/method-9.mm (test for warnings, line )
FAIL: obj-c++.dg/method-9.mm (test for excess errors)
FAIL: obj-c++.dg/no-extra-load.mm (internal compiler error)
FAIL: obj-c++.dg/no-extra-load.mm (test for excess errors)
ERROR: obj-c++.dg/no-extra-load.mm: error executing dg-final: couldn't open "no-extra-load.s": no such file or directory
UNRESOLVED: obj-c++.dg/no-extra-load.mm: error executing dg-final: couldn't open "no-extra-load.s": no such file or directory
FAIL: obj-c++.dg/pragma-1.mm (internal compiler error)
FAIL: obj-c++.dg/pragma-1.mm (test for excess errors)
FAIL: obj-c++.dg/pragma-2.mm (internal compiler error)
FAIL: obj-c++.dg/pragma-2.mm (test for excess errors)
FAIL: obj-c++.dg/private-1.mm (internal compiler error)
FAIL: obj-c++.dg/private-1.mm (test for errors, line 39)
FAIL: obj-c++.dg/private-1.mm (test for errors, line 54)
FAIL: obj-c++.dg/private-1.mm (test for errors, line 55)
FAIL: obj-c++.dg/private-1.mm (test for excess errors)
FAIL: obj-c++.dg/private-2.mm (internal compiler error)
FAIL: obj-c++.dg/private-2.mm (test for warnings, line 32)
FAIL: obj-c++.dg/private-2.mm (test for warnings, line 33)
FAIL: obj-c++.dg/private-2.mm (test for warnings, line 34)
FAIL: obj-c++.dg/private-2.mm (test for warnings, line 53)
FAIL: obj-c++.dg/private-2.mm (test for warnings, line 54)
FAIL: obj-c++.dg/private-2.mm (test for excess errors)
FAIL: obj-c++.dg/proto-lossage-1.mm (internal compiler error)
FAIL: obj-c++.dg/proto-lossage-1.mm (test for warnings, line 38)
FAIL: obj-c++.dg/proto-lossage-1.mm (test for excess errors)
FAIL: obj-c++.dg/proto-lossage-2.mm (internal compiler error)
FAIL: obj-c++.dg/proto-lossage-2.mm (test for excess errors)
FAIL: obj-c++.dg/proto-lossage-3.mm (internal compiler error)
FAIL: obj-c++.dg/proto-lossage-3.mm (test for excess errors)
UNRESOLVED: obj-c++.dg/proto-lossage-3.mm compilation failed to produce executable
FAIL: obj-c++.dg/proto-lossage-4.mm (internal compiler error)
FAIL: obj-c++.dg/proto-lossage-4.mm (test for warnings, line 25)
FAIL: obj-c++.dg/proto-lossage-4.mm (test for warnings, line 26)
FAIL: obj-c++.dg/proto-lossage-4.mm (test for warnings, line 28)
FAIL: obj-c++.dg/proto-lossage-4.mm (test for errors, line 28)
FAIL: obj-c++.dg/proto-lossage-4.mm (test for warnings, line 34)
FAIL: obj-c++.dg/proto-lossage-4.mm (test for errors, line 34)
FAIL: obj-c++.dg/proto-lossage-4.mm (test for warnings, line 42)
FAIL: obj-c++.dg/proto-lossage-4.mm (test for warnings, line 42)
FAIL: obj-c++.dg/proto-lossage-4.mm (test for warnings, line )
FAIL: obj-c++.dg/proto-lossage-4.mm (test for warnings, line )
FAIL: obj-c++.dg/proto-lossage-4.mm (test for warnings, line )
FAIL: obj-c++.dg/proto-lossage-4.mm (test for excess errors)
FAIL: obj-c++.dg/proto-lossage-6.mm (internal compiler error)
FAIL: obj-c++.dg/proto-lossage-6.mm (test for excess errors)
FAIL: obj-c++.dg/proto-qual-1.mm (internal compiler error)
FAIL: obj-c++.dg/proto-qual-1.mm (test for excess errors)
UNRESOLVED: obj-c++.dg/proto-qual-1.mm compilation failed to produce executable
FAIL: obj-c++.dg/qual-types-1.mm (internal compiler error)
FAIL: obj-c++.dg/qual-types-1.mm (test for excess errors)
UNRESOLVED: obj-c++.dg/qual-types-1.mm compilation failed to produce executable
FAIL: obj-c++.dg/selector-1.mm (internal compiler error)
FAIL: obj-c++.dg/selector-1.mm (test for excess errors)
ERROR: obj-c++.dg/selector-1.mm: error executing dg-final: couldn't open "selector-1.s": no such file or directory
UNRESOLVED: obj-c++.dg/selector-1.mm: error executing dg-final: couldn't open "selector-1.s": no such file or directory
FAIL: obj-c++.dg/selector-2.mm (internal compiler error)
FAIL: obj-c++.dg/selector-2.mm (test for warnings, line )
FAIL: obj-c++.dg/selector-2.mm (test for excess errors)
FAIL: obj-c++.dg/selector-3.mm (internal compiler error)
FAIL: obj-c++.dg/selector-3.mm (test for warnings, line 25)
FAIL: obj-c++.dg/selector-3.mm (test for excess errors)
FAIL: obj-c++.dg/selector-4.mm (internal compiler error)
FAIL: obj-c++.dg/selector-4.mm (test for warnings, line 23)
FAIL: obj-c++.dg/selector-4.mm (test for excess errors)
FAIL: obj-c++.dg/selector-5.mm (internal compiler error)
FAIL: obj-c++.dg/selector-5.mm (test for excess errors)
ERROR: obj-c++.dg/selector-5.mm: error executing dg-final: couldn't open "selector-5.s": no such file or directory
UNRESOLVED: obj-c++.dg/selector-5.mm: error executing dg-final: couldn't open "selector-5.s": no such file or directory
FAIL: obj-c++.dg/selector-6.mm (internal compiler error)
FAIL: obj-c++.dg/selector-6.mm (test for excess errors)
ERROR: obj-c++.dg/selector-6.mm: error executing dg-final: couldn't open "selector-6.s": no such file or directory
UNRESOLVED: obj-c++.dg/selector-6.mm: error executing dg-final: couldn't open "selector-6.s": no such file or directory
FAIL: obj-c++.dg/super-class-1.mm (internal compiler error)
FAIL: obj-c++.dg/super-class-1.mm (test for excess errors)
FAIL: obj-c++.dg/super-class-2.mm (internal compiler error)
FAIL: obj-c++.dg/super-class-2.mm (test for errors, line 22)
FAIL: obj-c++.dg/super-class-2.mm (test for errors, line 26)
FAIL: obj-c++.dg/super-class-2.mm (test for excess errors)
FAIL: obj-c++.dg/super-dealloc-1.mm (internal compiler error)
FAIL: obj-c++.dg/super-dealloc-1.mm (test for warnings, line 38)
FAIL: obj-c++.dg/super-dealloc-1.mm (test for excess errors)
FAIL: obj-c++.dg/super-dealloc-2.mm (internal compiler error)
FAIL: obj-c++.dg/super-dealloc-2.mm (test for warnings, line 45)
FAIL: obj-c++.dg/super-dealloc-2.mm (test for excess errors)
FAIL: obj-c++.dg/template-1.mm (internal compiler error)
FAIL: obj-c++.dg/template-1.mm (test for excess errors)
UNRESOLVED: obj-c++.dg/template-1.mm compilation failed to produce executable
FAIL: obj-c++.dg/template-2.mm (internal compiler error)
FAIL: obj-c++.dg/template-2.mm (test for excess errors)
FAIL: obj-c++.dg/template-3.mm (internal compiler error)
FAIL: obj-c++.dg/template-3.mm (test for excess errors)
UNRESOLVED: obj-c++.dg/template-3.mm compilation failed to produce executable
FAIL: obj-c++.dg/template-4.mm (internal compiler error)
FAIL: obj-c++.dg/template-4.mm (test for excess errors)
UNRESOLVED: obj-c++.dg/template-4.mm compilation failed to produce executable
FAIL: obj-c++.dg/try-catch-1.mm (internal compiler error)
FAIL: obj-c++.dg/try-catch-1.mm (test for excess errors)
FAIL: obj-c++.dg/try-catch-11.mm (internal compiler error)
FAIL: obj-c++.dg/try-catch-11.mm (test for warnings, line 32)
FAIL: obj-c++.dg/try-catch-11.mm (test for excess errors)
FAIL: obj-c++.dg/try-catch-2.mm (test for excess errors)
UNRESOLVED: obj-c++.dg/try-catch-2.mm compilation failed to produce executable
FAIL: obj-c++.dg/try-catch-3.mm (internal compiler error)
FAIL: obj-c++.dg/try-catch-3.mm (test for excess errors)
FAIL: obj-c++.dg/try-catch-4.mm (internal compiler error)
FAIL: obj-c++.dg/try-catch-4.mm (test for excess errors)
FAIL: obj-c++.dg/try-catch-5.mm (internal compiler error)
FAIL: obj-c++.dg/try-catch-5.mm (test for warnings, line 22)
FAIL: obj-c++.dg/try-catch-5.mm (test for warnings, line 24)
FAIL: obj-c++.dg/try-catch-5.mm (test for excess errors)
FAIL: obj-c++.dg/try-catch-7.mm (internal compiler error)
FAIL: obj-c++.dg/try-catch-7.mm (test for excess errors)
FAIL: obj-c++.dg/try-catch-8.mm (internal compiler error)
FAIL: obj-c++.dg/try-catch-8.mm (test for excess errors)
UNRESOLVED: obj-c++.dg/try-catch-9.mm compilation failed to produce executable
FAIL: obj-c++.dg/typedef-alias-1.mm (internal compiler error)
FAIL: obj-c++.dg/typedef-alias-1.mm (test for excess errors)
FAIL: obj-c++.dg/va-meth-1.mm (internal compiler error)
FAIL: obj-c++.dg/va-meth-1.mm (test for excess errors)
UNRESOLVED: obj-c++.dg/va-meth-1.mm compilation failed to produce executable
=== obj-c++ Summary ===
# of expected passes 72
# of unexpected failures 427
# of expected failures 9
# of unresolved testcases 33
# of unsupported tests 13
/home/dave/gnu/gcc/objdir/gcc/testsuite/obj-c++/../../g++ version 4.5.0 20091121 (experimental) [trunk revision 154402] (GCC)
=== objc tests ===
Running target unix
=== objc Summary ===
# of expected passes 1867
# of expected failures 15
# of unsupported tests 24
/home/dave/gnu/gcc/objdir/gcc/xgcc version 4.5.0 20091121 (experimental) [trunk revision 154402] (GCC)
=== libffi tests ===
Running target unix
FAIL: libffi.call/cls_longdouble_va.c -O0 -W -Wall output pattern test, is %.1f
FAIL: libffi.call/cls_longdouble_va.c -O2 output pattern test, is %.1f
FAIL: libffi.call/cls_longdouble_va.c -O3 output pattern test, is %.1f
FAIL: libffi.call/cls_longdouble_va.c -Os output pattern test, is %.1f
FAIL: libffi.call/cls_longdouble_va.c -O2 -fomit-frame-pointer output pattern test, is %.1f
=== libffi Summary ===
# of expected passes 1604
# of unexpected failures 5
# of expected failures 10
# of unsupported tests 15
=== libgomp tests ===
Running target unix
=== libgomp Summary ===
# of expected passes 2396
# of unsupported tests 7
=== libjava tests ===
Running target unix
FAIL: PR218 -O3 execution - source compiled test
FAIL: Throw_3 -O3 execution - source compiled test
FAIL: Throw_3 -O3 -findirect-dispatch execution - source compiled test
=== libjava Summary ===
# of expected passes 2568
# of unexpected failures 3
# of untested testcases 3
=== libmudflap tests ===
Running target unix
FAIL: libmudflap.c/fail31-frag.c (-O3) crash test
FAIL: libmudflap.c/fail31-frag.c (-O3) output pattern test
FAIL: libmudflap.c/pass45-frag.c (-O3) execution test
FAIL: libmudflap.c/pass45-frag.c (-O3) output pattern test
FAIL: libmudflap.c/pass45-frag.c (-O3) execution test
FAIL: libmudflap.c/pass45-frag.c (-O3) output pattern test
FAIL: libmudflap.c++/pass41-frag.cxx execution test
FAIL: libmudflap.c++/pass41-frag.cxx (-static) execution test
FAIL: libmudflap.c++/pass41-frag.cxx ( -O) execution test
FAIL: libmudflap.c++/pass41-frag.cxx (-O2) execution test
FAIL: libmudflap.c++/pass41-frag.cxx (-O3) execution test
=== libmudflap Summary ===
# of expected passes 1883
# of unexpected failures 11
=== libstdc++ tests ===
Running target unix
FAIL: 22_locale/time_get/get_date/wchar_t/4.cc execution test
FAIL: ext/pb_ds/regression/tree_data_map_rand.cc execution test
=== libstdc++ Summary ===
# of expected passes 6925
# of unexpected failures 2
# of expected failures 88
# of unsupported tests 97
Compiler version: 4.5.0 20091121 (experimental) [trunk revision 154402] (GCC)
Platform: hppa-unknown-linux-gnu
configure flags: --with-gnu-as --with-gnu-ld --enable-shared --prefix=/home/dave/opt/gnu/gcc/gcc-4.5.0 --with-local-prefix=/home/dave/opt/gnu --enable-threads=posix --enable-__cxa_atexit --build=hppa-linux --enable-clocale=gnu --enable-java-gc=boehm --enable-java-awt=xlib --enable-languages=c,c++,objc,fortran,obj-c++,java,ada --without-cloog --without-ppl --disable-libstdcxx-pch